--
-- Host: localhost    Database: writein
-- ------------------------------------------------------


--
-- Table structure for table `areeinterne`
--

CREATE TABLE `areeinterne` (
  `id_areainterna` int(11) NOT NULL AUTO_INCREMENT,
  `Descrizione` varchar(50) DEFAULT NULL,
  PRIMARY KEY (`id_areainterna`)
) ENGINE=InnoDB AUTO_INCREMENT=13 DEFAULT CHARSET=latin1;

--
-- Dumping data for table `areeinterne`
--

INSERT INTO `areeinterne` VALUES (1,'Amministrazione'),(2,'Sviluppo software'),(3,'Assistenza Tecnica'),(4,'Callcenter'),(5,'Negozio'),(7,'Laboratorio Interno'),(8,'Direzione generale'),(10,'Consulenti esterni'),(11,'Area Commerciale'),(12,'WEB');

--
-- Table structure for table `assegnazione_ticket`
--

CREATE TABLE `assegnazione_ticket` (
  `id_ticket` int(11) NOT NULL,
  `id_user` int(11) NOT NULL,
  `priorita` int(11) NOT NULL DEFAULT '0',
  `note` varchar(1000) DEFAULT NULL,
  PRIMARY KEY (`id_ticket`,`id_user`),
  KEY `FK_assegnazione_ticket_users` (`id_user`),
  CONSTRAINT `FK_assegnazione_ticket_ticket` FOREIGN KEY (`id_ticket`) REFERENCES `ticket` (`id_ticket`) ON DELETE CASCADE,
  CONSTRAINT `FK_assegnazione_ticket_users` FOREIGN KEY (`id_user`) REFERENCES `users` (`id`) ON DELETE CASCADE
) ENGINE=InnoDB DEFAULT CHARSET=latin1;

--
-- Dumping data for table `assegnazione_ticket`
--

INSERT INTO `assegnazione_ticket` VALUES (35,10,3,NULL),(36,10,100000000,NULL),(37,10,100000000,NULL),(38,10,100000000,NULL),(39,10,100000000,NULL),(41,10,100000000,NULL),(42,10,100000000,NULL),(43,10,100000000,NULL),(44,10,100000000,NULL),(45,10,100000000,NULL),(46,10,100000000,NULL),(47,10,100000000,NULL),(49,10,100000000,NULL),(50,10,100000100,NULL),(51,10,100000000,NULL),(52,10,100000000,NULL),(53,10,100000000,NULL),(60,10,100000000,NULL),(63,18,100000000,NULL),(64,18,100000000,NULL),(66,18,100000000,NULL),(67,18,100000000,NULL),(68,18,100000000,NULL),(69,13,100000100,NULL),(70,13,100000100,NULL),(71,13,100000100,NULL),(74,13,100000100,NULL),(75,18,100000000,NULL),(76,18,100000000,NULL),(77,18,100000000,NULL),(78,18,100000000,NULL),(79,18,100000000,NULL),(80,13,100000100,NULL),(81,13,100000100,NULL),(84,18,100000000,NULL),(85,18,100000000,NULL),(86,18,100000000,NULL),(87,18,100000000,NULL),(88,18,100000000,NULL),(90,18,100000000,NULL),(92,18,100000000,NULL),(93,18,100000000,NULL),(94,18,100000000,NULL),(95,18,100000000,NULL),(96,18,100000000,NULL),(97,18,100000000,NULL),(98,18,100000000,NULL),(100,13,100000100,NULL),(101,13,100000100,NULL),(105,18,100000000,NULL),(110,18,100000000,NULL),(111,18,100000000,NULL),(125,18,100000100,NULL),(126,18,100000100,NULL),(127,18,100000100,NULL),(128,18,100000100,NULL),(129,18,100000100,NULL),(130,18,100000100,NULL),(133,18,100000100,NULL),(134,13,100000100,NULL),(136,18,10,NULL),(138,18,100000100,NULL),(139,18,100000100,NULL),(140,18,100000100,NULL),(141,13,100000100,NULL),(145,18,100000100,NULL),(146,18,100000100,NULL),(147,18,100000100,NULL),(148,18,100000100,NULL),(149,18,100000100,NULL),(150,18,100000100,NULL),(151,18,100000100,NULL),(152,18,100000100,NULL),(154,18,100000100,NULL),(155,18,100000100,NULL),(156,18,100000100,NULL),(157,18,100000100,NULL),(158,18,1,NULL),(159,12,100000100,NULL),(160,18,100000100,NULL),(161,18,100000100,NULL),(162,18,100000100,NULL),(163,18,100000100,NULL),(166,18,100000100,NULL),(167,18,100000100,NULL),(168,18,1,NULL),(169,18,100000100,NULL),(170,18,100000100,NULL),(171,18,100000100,NULL),(172,18,100000100,NULL),(173,18,1,NULL),(174,18,100000100,NULL),(175,18,100000100,NULL),(176,18,100000100,NULL),(177,13,100000100,NULL),(179,11,100000000,NULL),(180,18,100000100,NULL),(181,18,100000100,NULL),(182,18,100000100,NULL),(183,18,100000100,NULL),(184,18,100000100,NULL),(185,13,100000100,NULL),(186,18,100000100,NULL),(187,18,100000100,NULL),(188,18,100000100,NULL),(189,18,100000100,NULL),(190,18,1,NULL),(191,18,4,NULL),(192,18,100000100,NULL),(193,18,100000100,NULL),(194,18,1,NULL),(195,18,100000100,NULL),(196,18,100000100,NULL),(198,18,100000100,NULL),(199,18,100000100,NULL),(200,18,100000100,NULL),(202,18,100000100,NULL),(203,18,100000100,NULL),(204,18,100000100,NULL),(205,18,100000100,NULL),(206,18,100000100,NULL),(207,18,100000100,NULL),(208,18,100000100,NULL),(210,18,100000100,NULL),(211,18,100000100,NULL),(212,18,100000100,NULL),(213,18,100000100,NULL),(214,18,100000100,NULL),(215,18,100000100,NULL),(216,18,100000100,NULL),(217,18,100000100,NULL),(218,18,100000100,NULL),(219,18,1,NULL),(220,18,100000100,NULL),(221,18,100000100,NULL),(222,11,100000000,NULL),(224,11,100000000,NULL),(225,11,100000000,NULL),(226,18,100000100,NULL),(227,18,100000100,NULL),(228,18,100000100,NULL),(229,18,100000100,NULL),(230,18,100000100,NULL),(232,18,100000100,NULL),(233,18,100000100,NULL),(234,18,100000100,NULL),(235,18,100000100,NULL),(236,18,100000100,NULL),(238,18,100000100,NULL),(239,18,100000100,NULL),(240,11,100000000,NULL),(241,18,100000100,NULL),(242,18,100000100,NULL),(243,18,100000100,NULL),(244,18,100000100,NULL),(245,18,100000100,NULL),(246,18,100000100,NULL),(247,18,100000100,NULL),(248,18,100000100,NULL),(249,11,100000000,NULL),(250,18,100000100,NULL),(251,18,100000100,NULL),(252,18,1,NULL),(253,18,100000100,NULL),(254,18,100000100,NULL),(256,18,100000100,NULL),(257,13,100000100,NULL),(258,18,100000100,NULL),(259,18,100000100,NULL),(261,18,100000100,NULL),(262,18,100000100,NULL),(263,18,100000100,NULL),(264,18,100000100,NULL),(265,18,100000100,NULL),(266,18,100000100,NULL),(267,11,100000000,NULL),(269,18,100000100,NULL),(270,18,100000100,NULL),(271,18,100000100,NULL),(272,18,100000100,NULL),(273,13,100000100,NULL),(274,18,100000100,NULL),(275,18,100000100,NULL),(276,18,100000100,NULL),(277,18,100000100,NULL),(278,18,100000100,NULL),(279,18,100000100,NULL),(280,18,100000100,NULL),(281,18,100000100,NULL),(282,18,100000100,NULL),(284,18,100000100,NULL),(285,18,100000100,NULL),(286,18,100000100,NULL),(287,18,100000100,NULL),(288,18,100000100,NULL),(289,13,100000100,NULL),(290,18,100000100,NULL),(291,18,100000100,NULL),(292,18,100000100,NULL),(293,18,100000100,NULL),(294,18,100000100,NULL),(295,18,100000100,NULL),(296,18,100000100,NULL),(297,18,100000100,NULL),(298,18,100000100,NULL),(299,13,100000100,NULL),(300,18,100000100,NULL),(301,18,100000100,NULL),(302,18,100000100,NULL),(303,18,100000100,NULL),(304,18,100000100,NULL),(306,18,100000100,NULL),(307,18,100000100,NULL),(308,18,100000100,NULL),(309,18,100000100,NULL),(311,18,100000100,NULL),(312,18,100000100,NULL),(314,18,100000100,NULL),(315,18,100000100,NULL),(316,18,100000100,NULL),(317,18,100000100,NULL),(318,18,100000100,NULL),(319,18,100000100,NULL),(320,18,100000100,NULL),(322,18,100000100,NULL),(323,18,100000100,NULL),(324,18,100000100,NULL),(325,18,100000100,NULL),(326,18,100000100,NULL),(327,18,100000100,NULL),(328,18,100000100,NULL),(329,18,100000100,NULL),(330,18,100000100,NULL),(331,18,100000100,NULL),(332,18,100000100,NULL),(333,18,100000100,NULL),(334,18,100000100,NULL),(336,18,100000100,NULL),(337,18,100000100,NULL),(338,18,100000100,NULL),(339,18,100000100,NULL),(340,18,100000100,NULL),(342,18,100000100,NULL),(343,18,100000100,NULL),(344,18,100000100,NULL),(345,18,100000100,NULL),(346,18,100000100,NULL),(347,18,100000100,NULL),(348,18,100000100,NULL),(350,18,100000100,NULL),(351,18,100000100,NULL),(352,18,100000100,NULL),(353,18,100000100,NULL),(354,18,100000100,NULL),(355,18,100000100,NULL),(356,18,100000100,NULL),(357,18,100000100,NULL),(358,18,100000100,NULL),(359,18,100000100,NULL),(360,18,100000100,NULL),(361,18,100000100,NULL),(362,18,100000100,NULL),(363,13,100000100,NULL),(364,18,100000100,NULL),(365,18,100000100,NULL),(366,18,100000100,NULL),(367,18,100000100,NULL),(369,18,100000100,NULL),(370,18,100000100,NULL),(371,18,100000100,NULL),(372,18,100000100,NULL),(373,18,100000100,NULL),(374,18,100000100,NULL),(375,12,100000100,NULL),(376,11,100000000,NULL),(377,18,100000100,NULL),(378,18,100000100,NULL),(379,18,100000100,NULL),(380,18,100000100,NULL),(381,18,100000100,NULL),(382,18,100000100,NULL),(383,18,100000100,NULL),(384,18,100000100,NULL),(385,18,100000100,NULL),(386,18,100000100,NULL),(387,18,100000100,NULL),(388,18,100000100,NULL),(389,18,100000100,NULL),(390,18,100000100,NULL),(391,18,100000100,NULL),(392,18,100000100,NULL),(393,18,100000100,NULL),(394,18,100000100,NULL),(395,18,1,NULL),(396,18,100000100,NULL),(397,18,100000100,NULL),(398,18,100000100,NULL),(399,18,100000100,NULL),(400,18,100000100,NULL),(401,18,100000000,NULL),(404,18,100000000,NULL),(405,18,100000000,NULL),(409,12,100000100,NULL),(410,10,100000100,NULL),(411,10,100000000,NULL),(413,18,100000000,NULL),(414,18,100000000,NULL),(415,18,100000000,NULL),(416,18,100000000,NULL),(417,18,100000000,NULL),(418,18,100000000,NULL),(420,18,100000000,NULL),(421,18,100000000,NULL),(422,18,100000000,NULL),(423,18,100000000,NULL),(424,18,100000000,NULL),(425,18,100000000,NULL),(426,18,100000000,NULL),(427,18,100000000,NULL),(429,18,100000000,NULL),(430,18,100000000,NULL),(431,18,100000000,NULL),(432,18,100000000,NULL),(433,18,100000000,NULL),(434,18,100000000,NULL),(435,18,100000100,NULL),(436,18,100000000,NULL),(437,18,100000000,NULL),(438,18,100000000,NULL),(439,18,100000000,NULL),(440,18,100000000,NULL),(441,18,100000000,NULL),(442,18,100000000,NULL),(443,18,100000000,NULL),(444,18,100000100,NULL),(445,18,100000000,NULL),(446,18,100000000,NULL),(447,13,100000100,NULL),(448,18,100000000,NULL),(449,18,100000100,NULL),(450,18,100000000,NULL),(452,18,100000000,NULL),(453,18,100000100,NULL),(454,18,100000000,NULL),(455,18,100000000,NULL),(456,18,100000000,NULL),(457,18,100000000,NULL),(458,18,100000000,NULL),(459,18,100000000,NULL),(460,18,100000000,NULL),(461,18,100000000,NULL),(462,18,100000000,NULL),(463,18,100000000,NULL),(464,18,100000000,NULL),(465,18,100000000,NULL),(466,13,100000100,NULL),(467,18,100000000,NULL),(468,18,100000000,NULL),(469,18,100000000,NULL),(470,18,100000000,NULL),(471,18,100000000,NULL),(472,18,100000000,NULL),(473,18,100000000,NULL),(474,18,100000000,NULL),(475,18,100000000,NULL),(476,18,100000000,NULL),(477,18,100000000,NULL),(478,18,100000000,NULL),(479,18,100000000,NULL),(480,18,100000000,NULL),(481,18,100000000,NULL),(483,18,100000000,NULL),(484,18,100000000,NULL),(485,18,100000000,NULL),(487,18,100000000,NULL),(488,18,100000000,NULL),(489,18,100000000,NULL),(490,18,100000000,NULL),(491,18,100000000,NULL),(492,18,100000000,NULL),(493,18,100000000,NULL),(494,18,100000000,NULL),(496,18,100000000,NULL),(497,18,100000000,NULL),(498,18,100000000,NULL),(499,18,100000000,NULL),(500,18,100000000,NULL),(501,18,100000000,NULL),(502,18,100000000,NULL),(503,18,100000000,NULL),(504,18,100000000,NULL),(505,18,100000000,NULL),(506,17,100000000,NULL),(507,17,100000000,NULL),(508,17,100000000,NULL),(509,18,100000000,NULL),(511,17,100000000,NULL),(512,17,100000000,NULL),(513,17,100000000,NULL),(514,17,100000000,NULL),(515,17,100000000,NULL),(516,17,100000000,NULL),(518,17,100000000,NULL),(520,17,100000000,NULL),(521,17,100000000,NULL),(522,17,100000000,NULL),(546,17,100000000,NULL),(547,17,100000000,NULL),(548,17,100000000,NULL),(549,17,100000000,NULL),(552,18,100000000,NULL),(553,17,100000000,NULL),(554,17,100000000,NULL),(555,17,100000000,NULL),(556,17,100000000,NULL),(557,17,100000000,NULL),(559,17,100000000,NULL),(560,17,100000000,NULL),(561,17,100000000,NULL),(562,18,100000000,NULL),(563,17,100000000,NULL),(564,17,100000000,NULL),(565,17,100000000,NULL),(569,17,100000000,NULL),(570,17,100000000,NULL),(571,18,100000000,NULL),(572,17,100000000,NULL),(573,17,100000000,NULL),(574,17,100000000,NULL),(575,17,100000000,NULL),(576,17,100000000,NULL),(577,17,100000000,NULL),(579,17,100000000,NULL),(583,17,100000000,NULL),(584,17,100000000,NULL),(586,17,100000000,NULL),(589,17,100000000,NULL),(590,17,100000000,NULL),(591,17,100000000,NULL),(592,17,100000000,NULL),(593,17,100000000,NULL),(595,18,100000000,NULL),(596,17,100000000,NULL),(597,17,100000000,NULL),(598,17,100000000,NULL),(601,17,100000000,NULL),(602,17,100000000,NULL),(603,17,100000000,NULL),(604,17,100000000,NULL),(605,17,100000000,NULL),(607,17,100000000,NULL),(608,17,100000000,NULL),(609,17,100000000,NULL),(610,17,100000000,NULL),(611,17,100000000,NULL),(612,17,100000000,NULL),(613,17,100000000,NULL),(614,17,100000000,NULL),(615,17,100000000,NULL),(616,17,100000000,NULL),(617,17,100000000,NULL),(618,17,100000000,NULL),(619,17,100000000,NULL),(620,17,100000000,NULL),(621,17,100000000,NULL),(622,17,100000000,NULL),(623,17,100000000,NULL),(624,17,100000000,NULL),(625,17,100000000,NULL),(627,17,100000000,NULL),(628,17,100000000,NULL),(629,17,100000000,NULL),(633,17,100000000,NULL),(634,17,100000000,NULL),(635,17,100000000,NULL),(636,17,100000000,NULL),(637,17,100000000,NULL),(638,17,100000000,NULL),(639,18,100000100,NULL),(640,17,100000000,NULL),(641,17,100000000,NULL),(642,18,100000100,NULL),(643,17,100000000,NULL),(645,17,100000000,NULL),(646,17,100000000,NULL),(647,17,100000000,NULL),(648,17,100000000,NULL),(649,17,100000000,NULL),(650,17,100000000,NULL),(651,17,100000000,NULL),(653,17,100000000,NULL),(654,18,100000100,NULL),(655,17,100000000,NULL),(656,17,100000000,NULL),(657,17,100000000,NULL),(658,17,100000000,NULL),(660,17,100000000,NULL),(661,17,100000000,NULL),(662,17,100000000,NULL),(664,17,100000000,NULL),(667,17,100000000,NULL),(668,17,100000000,NULL),(669,17,100000000,NULL),(670,17,100000000,NULL),(673,17,100000000,NULL),(676,17,100000000,NULL),(677,17,100000000,NULL),(678,17,100000000,NULL),(679,17,100000000,NULL),(681,17,100000000,NULL),(682,17,100000000,NULL),(683,17,100000000,NULL),(684,17,100000000,NULL),(685,17,100000000,NULL),(687,17,100000000,NULL),(688,17,100000000,NULL),(689,17,100000000,NULL),(690,17,100000000,NULL),(691,17,100000000,NULL),(692,17,100000000,NULL),(694,17,100000000,NULL),(695,17,100000000,NULL),(696,17,100000000,NULL),(697,17,100000000,NULL),(698,17,100000000,NULL),(699,17,100000000,NULL),(700,17,100000000,NULL),(701,17,100000000,NULL),(703,17,100000000,NULL),(704,17,100000000,NULL),(705,17,100000000,NULL),(706,18,100000000,NULL),(707,17,100000000,NULL),(708,17,100000000,NULL),(709,17,100000000,NULL),(710,17,100000000,NULL),(711,17,100000000,NULL),(713,17,100000000,NULL),(714,17,100000000,NULL),(716,17,100000000,NULL),(717,17,100000000,NULL),(718,17,100000000,NULL),(719,17,100000000,NULL),(722,17,100000000,NULL),(725,17,100000000,NULL),(726,17,100000000,NULL),(727,17,100000000,NULL),(728,17,100000000,NULL),(729,17,100000000,NULL),(731,17,100000000,NULL),(734,17,100000000,NULL),(735,17,100000000,NULL),(738,17,100000000,NULL),(739,17,100000000,NULL),(741,17,100000000,NULL),(742,17,100000000,NULL),(744,17,100000000,NULL),(746,17,100000000,NULL),(747,17,100000000,NULL),(748,18,100000100,NULL),(749,17,100000000,NULL),(750,17,100000000,NULL),(751,17,100000000,NULL),(752,17,100000000,NULL),(755,17,100000000,NULL),(756,17,100000000,NULL),(757,17,100000000,NULL),(758,17,100000000,NULL),(759,17,100000000,NULL),(760,17,100000000,NULL),(761,17,100000000,NULL),(762,17,100000000,NULL),(764,17,100000000,NULL),(765,17,100000000,NULL),(766,17,100000000,NULL),(767,17,100000000,NULL),(768,17,100000000,NULL),(769,17,100000000,NULL),(770,17,100000000,NULL),(773,17,100000000,NULL),(774,17,100000000,NULL),(775,18,100000100,NULL),(776,18,100000100,NULL),(777,17,100000000,NULL),(778,17,100000000,NULL),(780,17,100000000,NULL),(781,17,100000000,NULL),(783,17,100000000,NULL),(784,17,100000000,NULL),(786,17,100000000,NULL),(787,18,100000100,NULL),(788,17,100000000,NULL),(789,17,100000000,NULL),(790,17,100000000,NULL),(795,17,100000000,NULL),(796,17,100000000,NULL),(797,17,100000000,NULL),(798,17,100000000,NULL),(799,17,100000000,NULL),(800,17,100000000,NULL),(801,17,100000000,NULL),(802,17,100000000,NULL),(803,17,100000000,NULL),(806,17,100000000,NULL),(807,17,100000000,NULL),(808,17,100000000,NULL),(809,17,100000000,NULL),(810,17,100000000,NULL),(811,17,100000000,NULL),(812,17,100000000,NULL),(818,17,100000000,NULL),(819,17,100000000,NULL),(820,17,100000000,NULL),(821,17,100000000,NULL),(822,17,100000000,NULL),(823,17,100000000,NULL),(824,17,100000000,NULL),(826,17,100000000,NULL),(829,17,100000000,NULL),(836,17,100000000,NULL),(837,17,100000000,NULL),(838,17,100000000,NULL),(839,17,100000000,NULL),(842,13,100000100,NULL),(849,17,100000000,NULL),(850,17,100000000,NULL),(852,17,100000000,NULL),(853,17,100000000,NULL),(854,17,100000000,NULL),(855,17,100000000,NULL),(856,17,100000000,NULL),(857,17,100000000,NULL),(858,17,100000000,NULL),(859,17,100000000,NULL),(860,22,100000100,NULL),(861,17,100000000,NULL),(863,17,100000000,NULL),(864,22,100000100,NULL),(865,13,100000100,NULL),(866,17,100000000,NULL),(867,13,100000100,NULL),(868,22,100000100,NULL),(869,22,100000100,NULL),(876,18,100000100,NULL),(877,13,100000100,NULL),(879,10,100000100,NULL),(881,14,100000000,NULL),(882,10,100000100,NULL),(883,11,100000100,NULL),(884,17,100000000,NULL),(885,11,100000100,NULL),(886,17,100000000,NULL),(887,11,100000100,NULL),(889,11,100000100,NULL),(890,17,100000000,NULL),(896,13,100000100,NULL),(1142,11,100000100,NULL),(1143,10,100000100,NULL),(1150,10,100000100,NULL),(1152,10,100000000,NULL),(1153,10,100000100,NULL),(1154,14,100000000,NULL),(1155,14,100000000,NULL),(1156,10,100000100,NULL),(1157,14,100000000,NULL),(1158,14,100000000,NULL),(1159,14,100000000,NULL),(1161,14,100000000,NULL),(1179,11,100000150,NULL),(1180,11,1,NULL),(1180,22,100000100,NULL),(1182,22,100000100,NULL),(1183,22,100000100,NULL),(1232,11,100000100,NULL),(1232,14,100000100,NULL),(1234,10,100000100,NULL),(1235,10,100000100,NULL),(1236,17,100000100,NULL),(1318,10,100000100,NULL),(1444,24,100000000,NULL),(1556,17,100000000,NULL),(1557,17,100000000,NULL),(1590,17,100000000,NULL),(1591,17,100000000,NULL),(1595,17,100000000,NULL),(1600,17,100000000,NULL),(1607,17,100000100,NULL),(1608,17,100000100,NULL),(1609,17,100000100,NULL),(1610,17,100000000,NULL),(1663,17,100000100,NULL),(1664,17,100000100,NULL);

--
-- Table structure for table `attivita`
--

CREATE TABLE `attivita` (
  `id_attivita` int(11) NOT NULL AUTO_INCREMENT,
  `descrizione` varchar(100) NOT NULL COMMENT 'Descrizione',
  `descrizioneEstesa` varchar(200) DEFAULT NULL COMMENT 'Descrizione estesa',
  PRIMARY KEY (`id_attivita`)
) ENGINE=InnoDB AUTO_INCREMENT=3 DEFAULT CHARSET=latin1 COMMENT='Attivita dello studio';

--
-- Dumping data for table `attivita`
--

INSERT INTO `attivita` VALUES (1,'Servizi alle aziende','Servizi alle aziende'),(2,'Organizzazione interna','Organizzazione interna');

--
-- Table structure for table `attivitaneicontratti`
--

CREATE TABLE `attivitaneicontratti` (
  `id` int(11) NOT NULL AUTO_INCREMENT,
  `id_attivita` int(11) NOT NULL,
  `id_contratto` int(11) NOT NULL,
  `durata` int(11) DEFAULT NULL,
  `prezzo` int(11) DEFAULT '0',
  `id_dettaglio_attivita` int(11) DEFAULT NULL,
  PRIMARY KEY (`id`),
  KEY `FK-attivita` (`id_attivita`),
  KEY `FK-contratti` (`id_contratto`),
  KEY `FK-dettagli` (`id_dettaglio_attivita`),
  CONSTRAINT `FK-attivita` FOREIGN KEY (`id_attivita`) REFERENCES `attivita` (`id_attivita`),
  CONSTRAINT `FK-contratti` FOREIGN KEY (`id_contratto`) REFERENCES `contratti` (`id_contratto`),
  CONSTRAINT `FK-dettagli` FOREIGN KEY (`id_dettaglio_attivita`) REFERENCES `dettaglioattivita` (`id_dettaglio_attivita`)
) ENGINE=InnoDB AUTO_INCREMENT=393 DEFAULT CHARSET=latin1;

--
-- Dumping data for table `attivitaneicontratti`
--

INSERT INTO `attivitaneicontratti` VALUES (5,1,44,NULL,NULL,3),(6,1,43,NULL,NULL,3),(8,1,5,NULL,NULL,2),(9,1,22,NULL,250,2),(10,1,22,NULL,150,5),(11,1,46,NULL,NULL,12),(12,1,46,NULL,NULL,3),(15,1,42,NULL,NULL,13),(16,1,46,NULL,NULL,13),(17,1,43,NULL,NULL,13),(18,2,43,NULL,NULL,6),(19,2,49,NULL,NULL,6),(20,2,49,NULL,NULL,9),(21,2,49,NULL,NULL,17),(22,1,49,NULL,NULL,14),(23,1,49,NULL,NULL,15),(24,1,50,NULL,NULL,14),(25,1,50,NULL,NULL,15),(26,2,50,NULL,NULL,9),(27,2,50,NULL,NULL,17),(28,2,50,NULL,NULL,6),(29,1,51,NULL,1300,15),(30,1,51,NULL,300,5),(31,1,52,NULL,600,14),(32,1,52,NULL,1200,15),(36,1,56,NULL,NULL,12),(37,2,56,NULL,NULL,6),(38,1,57,NULL,1500,15),(39,1,57,NULL,450,14),(40,1,57,NULL,400,11),(41,2,57,NULL,150,4),(42,1,50,NULL,NULL,15),(43,1,50,NULL,NULL,14),(45,1,63,NULL,3000,3),(46,1,63,NULL,500,2),(47,2,63,NULL,300,6),(48,1,63,NULL,1000,8),(49,2,64,NULL,1000,6),(50,1,64,NULL,5000,3),(51,1,60,NULL,7500,3),(52,2,60,NULL,500,6),(53,1,60,NULL,1000,2),(54,1,61,NULL,1400,3),(55,2,61,NULL,500,6),(56,1,61,NULL,500,2),(57,1,61,NULL,100,8),(58,1,65,NULL,600,14),(59,1,65,NULL,1800,15),(60,2,65,NULL,200,6),(61,1,66,NULL,1500,14),(62,1,66,NULL,1800,15),(63,2,66,NULL,200,4),(64,1,69,NULL,500,14),(65,1,69,NULL,1000,15),(66,1,72,NULL,350,14),(67,1,72,NULL,950,15),(68,1,84,NULL,960,3),(69,1,80,NULL,3360,3),(70,1,82,NULL,960,3),(71,1,83,NULL,1800,3),(72,1,81,NULL,960,3),(73,1,85,NULL,800,15),(74,1,87,NULL,350,14),(75,1,87,NULL,1250,15),(76,1,89,NULL,1000,15),(77,1,92,NULL,960,3),(78,1,93,NULL,800,15),(79,1,93,NULL,100,14),(80,1,95,NULL,3560,3),(81,1,95,NULL,800,8),(82,1,95,NULL,200,11),(83,1,96,NULL,1000,15),(84,1,96,NULL,300,14),(85,1,61,NULL,500,20),(86,1,104,NULL,NULL,3),(87,1,104,NULL,NULL,20),(88,2,104,NULL,NULL,17),(89,1,42,NULL,NULL,3),(90,1,42,NULL,NULL,20),(91,1,101,NULL,NULL,20),(92,1,101,NULL,NULL,3),(93,1,107,NULL,NULL,3),(94,1,107,NULL,NULL,20),(95,2,107,NULL,NULL,6),(96,1,117,NULL,NULL,3),(97,2,117,NULL,NULL,9),(98,1,117,NULL,NULL,2),(99,1,119,NULL,NULL,3),(100,1,119,NULL,NULL,20),(101,1,119,NULL,NULL,2),(102,1,125,NULL,NULL,14),(103,1,125,NULL,NULL,15),(104,1,127,NULL,NULL,3),(105,1,94,NULL,NULL,3),(106,1,94,NULL,NULL,20),(107,1,99,NULL,NULL,3),(108,1,99,NULL,NULL,20),(109,1,98,NULL,NULL,3),(110,1,98,NULL,NULL,20),(111,2,98,NULL,NULL,6),(112,1,129,NULL,NULL,3),(113,1,129,NULL,NULL,20),(115,1,84,NULL,NULL,20),(116,2,84,NULL,NULL,6),(117,1,84,NULL,NULL,8),(118,1,138,NULL,800,15),(119,1,140,NULL,NULL,8),(120,1,140,NULL,NULL,5),(121,1,140,NULL,NULL,12),(122,1,85,NULL,NULL,3),(123,1,137,NULL,NULL,3),(124,1,137,NULL,NULL,8),(125,1,137,NULL,NULL,20),(126,1,120,NULL,NULL,3),(127,1,120,NULL,NULL,2),(128,1,120,NULL,NULL,3),(129,1,120,NULL,NULL,20),(130,2,120,NULL,NULL,6),(131,1,163,NULL,NULL,20),(132,1,163,NULL,NULL,3),(133,1,163,NULL,NULL,2),(134,1,163,NULL,NULL,12),(135,1,165,NULL,NULL,3),(136,1,165,NULL,NULL,20),(137,1,166,NULL,NULL,15),(138,1,167,NULL,NULL,15),(139,1,168,NULL,NULL,15),(140,1,171,NULL,1700,15),(141,1,172,NULL,1700,1),(142,2,172,NULL,250,6),(143,1,181,NULL,700,15),(144,1,182,NULL,900,15),(145,1,176,NULL,NULL,15),(146,1,176,NULL,NULL,5),(147,1,176,NULL,NULL,12),(148,1,198,NULL,1500,15),(149,1,201,NULL,1500,15),(150,1,205,NULL,NULL,3),(151,1,205,NULL,NULL,2),(152,1,169,NULL,NULL,3),(153,1,169,NULL,NULL,20),(154,1,169,NULL,NULL,2),(155,1,208,NULL,13000,1),(156,1,208,NULL,2000,5),(157,2,208,NULL,1000,4),(158,1,211,NULL,NULL,3),(159,1,211,NULL,NULL,20),(160,2,211,NULL,NULL,6),(161,1,206,NULL,NULL,3),(162,1,218,NULL,1000,12),(163,1,222,NULL,960,3),(164,1,223,NULL,220,15),(165,1,217,NULL,1500,15),(166,1,228,NULL,2300,15),(167,1,228,NULL,400,14),(168,1,228,NULL,675,21),(169,1,229,NULL,450,3),(170,2,229,NULL,NULL,6),(172,1,230,NULL,NULL,3),(173,2,230,NULL,NULL,6),(174,1,230,NULL,NULL,20),(175,1,226,NULL,NULL,3),(176,1,240,NULL,NULL,12),(177,1,240,NULL,NULL,20),(178,1,239,NULL,NULL,15),(179,1,245,NULL,250,12),(180,1,247,NULL,1500,15),(181,1,250,NULL,NULL,8),(182,2,250,NULL,NULL,4),(183,1,250,NULL,NULL,3),(184,2,260,NULL,NULL,4),(185,1,260,NULL,NULL,1),(186,1,270,NULL,7500,15),(187,1,270,NULL,1000,8),(188,1,272,NULL,NULL,15),(190,1,274,NULL,NULL,1),(191,1,279,NULL,500,3),(192,1,279,NULL,180,20),(193,2,279,NULL,100,6),(194,1,173,NULL,NULL,1),(195,1,288,NULL,1200,15),(196,1,288,NULL,300,21),(197,2,288,NULL,100,4),(198,1,289,NULL,1600,15),(199,1,297,NULL,0,15),(201,1,298,NULL,0,3),(202,1,296,NULL,NULL,1),(203,1,299,NULL,0,3),(204,1,300,NULL,0,1),(205,1,301,NULL,0,3),(206,1,302,NULL,0,20),(207,1,267,NULL,NULL,3),(208,1,303,NULL,0,21),(209,1,304,NULL,0,21),(210,1,305,NULL,0,3),(211,1,306,NULL,0,12),(212,1,307,NULL,0,3),(213,1,308,NULL,0,20),(214,1,309,NULL,0,20),(215,1,310,NULL,0,3),(216,1,311,NULL,0,3),(217,1,249,NULL,500,3),(218,1,249,NULL,300,5),(219,1,312,NULL,0,20),(220,1,313,NULL,0,20),(221,1,314,NULL,0,3),(222,1,315,NULL,0,20),(223,1,316,NULL,0,20),(224,1,317,NULL,0,20),(225,1,318,NULL,0,20),(226,1,319,NULL,0,15),(227,1,320,NULL,0,12),(228,1,321,NULL,0,12),(229,1,322,NULL,0,3),(230,1,323,NULL,0,3),(231,1,324,NULL,0,3),(232,1,325,NULL,0,3),(233,1,326,NULL,0,1),(234,1,236,NULL,NULL,3),(235,1,327,NULL,0,3),(236,1,328,NULL,0,15),(237,1,329,NULL,0,3),(238,1,330,NULL,0,3),(239,1,331,NULL,0,3),(240,1,332,NULL,0,3),(241,1,333,NULL,0,3),(242,1,334,NULL,0,1),(243,1,335,NULL,0,3),(244,1,334,NULL,9000,20),(245,1,336,NULL,0,3),(246,1,337,NULL,0,3),(247,1,338,NULL,0,3),(248,1,339,NULL,0,3),(249,1,340,NULL,0,3),(250,1,341,NULL,0,3),(251,1,342,NULL,0,3),(252,1,343,NULL,0,20),(253,1,344,NULL,0,15),(254,1,345,NULL,0,3),(255,1,346,NULL,0,1),(256,1,347,NULL,0,3),(257,1,99,NULL,NULL,3),(258,1,348,NULL,0,1),(259,1,349,NULL,0,1),(260,1,350,NULL,0,15),(261,1,351,NULL,0,3),(262,1,352,NULL,0,15),(263,1,353,NULL,1000,20),(265,1,353,NULL,2600,3),(266,1,354,NULL,0,3),(267,1,355,NULL,0,20),(268,1,356,NULL,0,3),(269,1,357,NULL,0,3),(270,1,358,NULL,0,21),(271,1,359,NULL,0,3),(272,1,360,NULL,0,3),(273,1,361,NULL,0,20),(274,1,362,NULL,0,3),(275,1,363,NULL,0,3),(276,1,364,NULL,0,1),(277,1,365,NULL,0,15),(278,1,366,NULL,0,3),(279,1,367,NULL,0,3),(280,1,368,NULL,0,3),(281,1,369,NULL,0,3),(283,1,370,NULL,0,3),(285,1,372,NULL,0,3),(286,1,373,NULL,0,3),(287,1,374,NULL,0,3),(288,1,375,NULL,0,1),(290,1,377,NULL,0,3),(291,1,378,NULL,0,3),(292,1,379,NULL,0,3),(293,1,380,NULL,0,20),(294,1,381,NULL,0,3),(295,1,382,NULL,0,3),(296,1,383,NULL,0,3),(297,1,384,NULL,0,3),(298,1,385,NULL,0,1),(299,1,386,NULL,0,3),(300,1,387,NULL,0,3),(301,1,388,NULL,0,3),(303,1,390,NULL,0,3),(304,1,391,NULL,0,3),(305,1,392,NULL,0,21),(306,1,393,NULL,0,3),(307,1,394,NULL,0,3),(308,1,395,NULL,0,3),(310,1,397,NULL,0,3),(311,1,398,NULL,0,3),(312,1,399,NULL,0,1),(313,1,400,NULL,0,3),(314,1,401,NULL,0,1),(315,1,402,NULL,0,3),(316,1,403,NULL,0,1),(317,1,404,NULL,0,3),(318,1,405,NULL,0,3),(319,1,406,NULL,0,3),(320,1,407,NULL,0,3),(321,1,408,NULL,0,3),(322,1,409,NULL,0,3),(323,1,410,NULL,0,3),(324,1,411,NULL,0,3),(325,1,412,NULL,0,3),(326,1,413,NULL,0,1),(327,1,414,NULL,0,3),(328,1,415,NULL,0,1),(329,1,416,NULL,0,3),(330,1,417,NULL,0,3),(331,1,418,NULL,0,3),(332,1,419,NULL,0,3),(333,1,420,NULL,0,3),(334,1,421,NULL,0,3),(335,1,422,NULL,0,3),(336,1,423,NULL,0,3),(337,1,424,NULL,0,3),(338,1,425,NULL,0,3),(339,1,426,NULL,0,1),(340,1,427,NULL,0,3),(341,1,428,NULL,0,1),(342,1,429,NULL,0,1),(343,1,430,NULL,0,3),(344,1,431,NULL,0,3),(345,1,432,NULL,0,3),(346,1,433,NULL,0,3),(347,1,434,NULL,0,3),(348,1,435,NULL,0,3),(349,1,436,NULL,0,3),(350,1,437,NULL,0,1),(351,1,438,NULL,0,3),(352,1,439,NULL,0,1),(353,1,440,NULL,0,1),(354,1,441,NULL,0,1),(355,1,442,NULL,0,3),(356,1,443,NULL,0,3),(357,1,444,NULL,0,3),(358,1,445,NULL,0,3),(359,1,446,NULL,0,3),(360,1,447,NULL,0,15),(361,1,448,NULL,0,3),(362,1,449,NULL,0,3),(363,1,450,NULL,0,3),(364,1,451,NULL,0,3),(365,1,452,NULL,0,3),(366,1,453,NULL,0,3),(367,1,454,NULL,0,3),(368,1,455,NULL,0,20),(369,1,456,NULL,0,3),(370,1,457,NULL,0,3),(371,1,458,NULL,0,3),(372,1,459,NULL,0,3),(373,1,460,NULL,0,3),(374,1,461,NULL,0,20),(375,1,462,NULL,0,1),(376,1,463,NULL,0,3),(377,1,464,NULL,0,3),(378,1,465,NULL,0,3),(379,1,466,NULL,0,15),(380,1,467,NULL,0,3),(381,1,468,NULL,0,3),(382,1,469,NULL,0,3),(383,1,470,NULL,0,3),(384,1,471,NULL,0,15),(385,1,472,NULL,0,3),(386,1,473,NULL,0,3),(387,1,474,NULL,0,1),(388,1,475,NULL,0,3),(389,1,476,NULL,0,3),(390,1,477,NULL,0,3),(391,1,478,NULL,0,3),(392,1,479,NULL,0,2);

--
-- Table structure for table `chiamata`
--

CREATE TABLE `chiamata` (
  `id_chiamata` int(11) NOT NULL AUTO_INCREMENT,
  `stato` int(11) NOT NULL DEFAULT '0',
  `data_chiamata` date NOT NULL,
  `oggetto` varchar(400) DEFAULT NULL,
  `id_autore` int(11) NOT NULL,
  `id_cliente` smallint(6) DEFAULT NULL,
  `archiviata` int(11) NOT NULL DEFAULT '0',
  `refe_nome` varchar(50) DEFAULT NULL,
  `refe_email` varchar(50) DEFAULT NULL,
  `refe_tel` varchar(20) DEFAULT NULL,
  `ora_chiamata` time DEFAULT NULL,
  `vista` int(11) DEFAULT '0',
  PRIMARY KEY (`id_chiamata`),
  KEY `FK_chiamata_users` (`id_autore`),
  KEY `FK_chiamata_clienti` (`id_cliente`),
  CONSTRAINT `FK_chiamata_clienti` FOREIGN KEY (`id_cliente`) REFERENCES `clienti` (`id_cliente`),
  CONSTRAINT `FK_chiamata_users` FOREIGN KEY (`id_autore`) REFERENCES `users` (`id`)
) ENGINE=InnoDB AUTO_INCREMENT=317 DEFAULT CHARSET=latin1;

--
-- Dumping data for table `chiamata`
--

INSERT INTO `chiamata` VALUES (2,0,'2017-05-04','andare domani per aumento ram pc gli da errore memoria insufficiente mettetevi d\'accordo per chi va',11,205,1,'gabriele','','3357188207','16:26:00',1),(5,0,'2017-05-10','Quando andate dovete installare una versione aggiornata di Office nel PC della Silvia perchè dice che è vecchia e gli da problemi',11,533,1,'','','','11:27:00',1),(6,0,'2017-05-10','ha bisogno urgente di due cartuccia T7011 Nero da prendere da brevi ed andarci alle ore 15 per problemi anche su internet explorer.\r\n\r\ninseire intervento nel writein e cartuccia già fatto ddt io\r\n',11,508,1,'Alessio','','','12:53:00',1),(8,0,'2017-05-12','problema urgentissimo server. chiamare subito',17,NULL,1,'david della yellow','','335343974','17:32:00',1),(9,0,'2017-05-12','XXXXX',16,553,1,'','','','17:45:00',0),(10,0,'2017-05-13','Scuola Liceo Classico Sede Via Cavour, 44 \r\nHanno problemi con la posta, loro utilizzano un software per controllare la posta elettronica e qualche giorno che noi gliela scarica più. a casa la segretaria dove Ce l\'ha configurata su un altro pc gli funziona.\r\nGli ho detto che andiamo lunedì/martedì ',17,509,0,'Alessio','','3398938088','12:27:00',1),(11,0,'2017-05-15','La sig.ra Galassi desidera essere ricontattata dal sig. Galletti per una questione personale che non desidera specificare.',20,NULL,1,'Sig. Carla Galassi','','3400885261','09:21:00',1),(12,0,'2017-05-15','Necessita il codice di migrazione per il dominio \"Gazzarrini.eu\" dell\'azienda Gruppo GGM. Il codice già inviato (ARUM-27Z6-AL27-72QY) non è valido.',20,NULL,0,'Emilio Reppucci','emilio@brotherandbrothers.it','3473534454','10:09:00',1),(13,0,'2017-05-15','Il chiamante chiede cortesemente assistenza presso la sede di Biancospina perche si e bruciato il Computer. ',20,329,1,'Paolo Papini','','3356737315','11:12:00',1),(19,0,'2017-05-15','Il chiamante riferisce che sta andando a fare un versamento sul conto aziendale e uno sul Suo conto personale. Fa presente inoltre che è necessario parlare del pagamento dell\'IVA trimestrale. ',20,NULL,1,'sig. Cittadini','','3925739730','11:50:00',1),(21,0,'2017-05-15','Il sig. Brasini desidera essere ricontattato. Riferisce che sono diversigiorni che cerca di chiamarLa senza successo. Cade la linea durante la presa dati.',20,NULL,0,'Alessabdro Brasini','','3355886277','14:38:00',1),(24,0,'2017-05-15','Problema con bolletta Fastweb, loro vecchio gestore, in merito alla penale per contratto reciso. ',20,553,1,'Rachele Mancini','amministrazione@galileoprogettoedilizia.it','3453872172','18:51:00',0),(25,0,'2017-05-16','La sig.ra necessita della Sua Firma. ',20,NULL,0,'Barberio ','gerarda.barberio@gmail.com','3397672056','10:25:00',1),(26,0,'2017-05-16','La chiamante ha problemi con un\'icona',20,59,0,'Michela','','3471059000','12:49:00',1),(27,0,'2017-05-16','Il chiamante chiede di essere ricontattato perchè hya bisogno di un codice di migrazione.',20,NULL,0,'Emilio Reppucci','emilio@brotherandbrothers.it','3473534454','15:25:00',1),(28,0,'2017-05-17','Attende da circa un messe il Documento di trasporto. ',20,492,0,'Giulia','','','10:59:00',1),(29,0,'2017-05-17','Deve fare un\'operazione',20,NULL,0,'Fabio Arrigucci','','3337411999','11:42:00',1),(30,0,'2017-05-18','La chiamante chiede di essere ricontattata per ristabilire un collegamento da remoto che non funziona',20,263,0,'Laura','info@matteinistrade.it','0575381609','11:28:00',1),(31,0,'2017-05-18','Il sig. Russo desidera essere ricontattato per il contratto di agenzia.',20,NULL,0,'Michele Russo','m.russo@ecotrade.bio','3711384714','17:01:00',1),(32,0,'2017-05-19','Il sig. Michele, che chiama dal centro sicurezza, desidera essere ricontattato al telefono perché ha dei problemi con un programma per il MAC. Non specifica di quale Software si tratta, anche se richiesto; e non desidera lasciare la propria email.',20,NULL,0,'Michele','','3939321162','12:01:00',1),(33,0,'2017-05-19','Il sig. Michele, che chiama dal centro sicurezza, desidera essere ricontattato al telefono perché ha dei problemi con un programma per il MAC. Non specifica di quale Software si tratta, anche se richiesto; e non desidera lasciare la propria email.',20,NULL,0,'Michele','','3939321162','12:01:00',1),(34,0,'2017-05-19','Il sig. Giovanni chiede cortesemente di essere ricontattato in quanto comunica che in data 24 maggio scadrà la Norman Emil Protection. relativa all\'azienda in oggetto. Non fornisce email nonostante richiesta più Volte.',20,432,0,'Sig. Giovanni','','3332612425','15:54:00',0),(35,0,'2017-05-19','Il sig. Borgheresi, riferendo di essere il cardiologo di Suo padre, chiede cortesemente di essere ricontattato in quanto comunica di doverLe dare una comunicazione. Non sono state fornite ulteriori informazioni, nonostante richieste.',20,NULL,0,'Sig.  Paolo Borgheresi','','3479821734','16:59:00',0),(36,0,'2017-05-19','Prega richiamare quando possibile. Riferisce di aver ricevuto una Sua chiamata.',20,NULL,0,'Sig. Paolo Borgheresi','','3479821734','17:42:00',1),(37,0,'2017-05-19','Da consegnare cartucce nuove gia arrivate + La stampante gli fa qualche bizza.',17,123,0,'Alessio Galletti','','','20:11:00',1),(38,0,'2017-05-22','Il sig. Lapini chiede cortesemente di essere ricontattato in quanto necessita di assistenza con il suo computer, riferendo che gli è apparso un messagio di errore.\r\n',20,NULL,0,'Sig. Alessandro Lapini','info@studiopicinotti.it','0575488616','10:12:00',0),(39,0,'2017-05-22','Ha il sistema fermo. Chiede di essere chiamato con urgenza.',20,NULL,0,'Geom. Saverio Picinotti','','3333833205','10:18:00',1),(40,0,'2017-05-22','Computer bloccato',20,410,0,'Franchini','info@perlauto.eu','3384810068','11:56:00',1),(41,0,'2017-05-22','La sig.ra Barbagli chiede cortesemente di essere ricontattata in quanto ha necessità di assistenza con la posta elettronica al più presto.',20,205,0,'Sig.ra Laura Barbagli','laura.barbagli@openabs.it','0575901381','12:33:00',0),(42,0,'2017-05-22','Il sig. Lodovichi chiede cortesemente di essere ricontattato in quanto sbadatamente riferisce di aver perso la Password per accedere all\'indirizzo PEC agania@pec.it. Chiede un ricontatto appena possibile.',20,114,0,'Sig. Lapo Lodovichi','info@agania.com','335252270','12:50:00',1),(43,0,'2017-05-22','Il sig. Neri chiede cortesemente di essere  ricontattato in quanto riferisce di avere un problema tecnico; non aggiunge ulteriori dettagli nonostante richiesti, in quanto comunica che Lei già sa.',20,482,0,'Sig. Danilo Neri','info@neriromualdo.it','3357258720','15:42:00',1),(44,0,'2017-05-23','Il sig. Stefano chiede cortesemente di essere ricontattato. Non fornisce nessun dato richiesto. Riferisce soltanto che ha bisogno di parlare con Lei e nulla più.',20,NULL,0,'Sig. Stefano','','3202987594','09:31:00',1),(45,0,'2017-05-23','Il sig. Moreno chiede cortesemente di essere ricontattato in quanto riferisce di Dover parlare urgentemente con Lei; non sono state fornite ulteriori informazioni, nonostante richieste.',20,NULL,0,'Sig. Moreno','info@centrosicurezza.it','3357218173','10:01:00',1),(46,0,'2017-05-23','Il sig. Russo desidera essere ricontattato per definire alcune questioni non meglio specificate.',20,NULL,0,'Michele Russo','m.russo@ecotrade.bio','3711384714','11:01:00',1),(47,0,'2017-05-24','Il chiamante chiede l\'invio del logo della Numero 1.',20,535,0,'Gianluca Rosai','gianluca.rosai@confcommercio.ar.it','3316466780','09:09:00',1),(48,0,'2017-05-24','Desidera mettere sul sito una sorta di bigleitto di visita. Riferisce di aver mandato anche delle email a riguardo.\r\n',20,387,0,'Verneschi','morena@arghentia.it','3493173983','09:58:00',1),(49,0,'2017-05-25','Il sig. Barbugli chiede cortesemente di essere ricontattato in quanto comunica di essere ancora in attesa di ricevere una chiamata da parte Sua. Non fornisce ulteriori dati, nonostante richiesti.',20,226,0,'Sig. Paolo Barbugli','','3488601337','17:30:00',1),(50,0,'2017-05-25','Il sig. Barbugli chiede cortesemente di essere ricontattato in quanto comunica di essere ancora in attesa di ricevere una chiamata da parte Sua. Non fornisce ulteriori dati, nonostante richiesti.',20,226,0,'Sig. Paolo Barbugli','','3488601337','17:30:00',1),(51,0,'2017-05-26','Desidera potenziare il Computer che ha acquistato presso di Voi e inoltre riscontra problemi di navigazione da quando ha installato la fibra ottica. Riferisce che le pagine si ricaricano di continuo . ',20,NULL,0,'Picinotti Claudia','claudia.montalbano@tiscali.it','3396769956','09:14:00',1),(52,0,'2017-05-26','Studio dentistico Grifoni\r\nVia bottego, 25\r\nComputer portatile Lento\r\nHanno urgenza per oggi nel caso fanno orario continuato e non possono uscire quindi ha detto gli va bene anche se prendiamo noi il pc basta farlo oggi.\r\nPer favore è un cliente nuovo mandato da Giacomo Crocini almeno contattarlo subito ',17,509,0,'Alessio Galletti','','0575900098','10:56:00',1),(53,0,'2017-05-26','Il chiamante chiede di essere ricontattato telefonicamente per discutere di una questione che, anche se richiesta, non anticipa.',20,469,0,'Dott. Giulio Arrigucci','giulioarrigucci@hotmail.com','3482609577','16:06:00',1),(54,0,'2017-05-26','Conferma preventivo per la migrazione Gazzarini.eo',20,NULL,0,'Emilio Reppucci','emilio@brotherandbrothers.it','3473534454','16:25:00',1),(55,0,'2017-05-26','Il chiamante chiede di essere ricontattato in merito al preventivo della MyGroup Consulting.',20,NULL,0,'Massimo Morabito','m.morabito@mygroupconsulting.com','3477017183','17:11:00',1),(56,0,'2017-05-29','Si lamenta che da casa senza fili non riesce a connettersi al programma\r\nNon riesce a stampare da casa',17,231,0,'LUCA','','3345674841','12:43:00',1),(57,0,'2017-05-29','Hanno problemi con l\'accesso remoto. ',20,NULL,0,'Massimo Bragagnolo','bassano@fior.it','04242278723','14:58:00',1),(58,0,'2017-05-30','Il Sig. Calvani chiede assistenza tecnica, riferendo di non riuscire più ad entrare nel programma \"infoitalia\" e che la mail non funziona più.\r\n\r\n',20,21,0,'Sig. Calvani','ila@fior.it','3490982044','09:02:00',1),(59,0,'2017-05-30','non Hanno il wifi',20,408,0,'Paola','saionesaluteinfo@virgilio.it','0575907363','09:11:00',1),(60,0,'2017-05-30','Il programma attualmente utilizzato non funziona. Comunica che sono bloccati.',20,NULL,0,'sig. Enrico','amministrazione@fior.it','0575898341','09:15:00',1),(61,0,'2017-05-30','La signora Silvana non anticipa il motivo, dice solo di avere lì i tecnici. ',20,33,0,'Silvana','','0575901965','09:49:00',1),(62,0,'2017-05-30','ha problemi con il wifi e la stampante, se possibile passarci domani...',17,431,0,'luca','','3406974370','16:02:00',0),(63,0,'2017-05-31','espansione perchè il server è pieno',20,432,0,'Simona Frollini','simona.frollini@gecom.biz','3484286259','09:02:00',1),(64,0,'2017-05-31','La sig.ra Galli chiede di essere ricontattata urgentemente entro domani. Carica di solito da sola i testi, ma non riesce ad impostare un testo un po\' più lungo nella maniera desiderata. Glielo \"spagina\".',20,535,0,'Chiara Galli','chiara.galli@confcommercio.r.it','3351831962','17:37:00',1),(65,0,'2017-06-01','Cheide se possibile una ricarica Wind 3482543512 (numero del titolare) 30 o 40 euro.',20,33,0,'Lucia','amministrazione@caneschiarreda.it  ','0575901965','09:46:00',1),(66,0,'2017-06-01','desidera un ricontatto in merito alla GECOM DATA',20,432,0,'Valerio Carrieri','valerio.carrieri@gecom.biz','3484284938','12:13:00',1),(67,0,'2017-06-05','riferisce di avere un appuntamento tra 30 minuti. Non fornisce altri dati,.',20,NULL,0,'Gianluca Prisolini','','3355647241','09:27:00',1),(68,0,'2017-06-05','riferisce di avere un appuntamento tra 30 minuti. Non fornisce altri dati,.',20,NULL,0,'Gianluca Prisolini','','3355647241','09:27:00',1),(69,0,'2017-06-05','Il sig. Nello Vittoria chiama per avere dettagli riguardante un Ipad. comunica che sta cercando di mettersi in contatto con Lei dalla scorsa Settimana. Il chiamante si mostra adirato.',20,NULL,0,'Nello Vittoria','','3357111733','09:28:00',1),(70,0,'2017-06-05','La chiamante chiama dalla CreDem e chiede di essere ricontattattata. Non fornisce altri dati. ',20,NULL,0,'Cecilia','','3288444772','10:28:00',1),(71,0,'2017-06-05','La chiamante chiama dalla CreDem e chiede di essere ricontattattata. Non fornisce altri dati. ',20,NULL,0,'Cecilia','','3288444772','10:28:00',1),(72,0,'2017-06-05','Chiede una riparazione',20,NULL,0,'Tortorelli','','3474079391','17:18:00',1),(73,0,'2017-06-05','Mario Tortorelli ha un problema con la posta elettronica è configurata con Interfree e va contattato per un intervento l\'abitazione è situata in via Giotto. \r\nCredo vada anche riattivato o re installato Office.',11,509,0,'ALESSIO G','','347 4079391','18:08:00',1),(74,0,'2017-06-06','il sig. Sestini comunica che ha urgente bisogno delle telecamere in riparazione presso la Vs. ditta.',20,NULL,0,'Stefano Sestini','info@lotopreziosi.it','0575382737','10:39:00',1),(75,0,'2017-06-06','Il sig. Bigiarini chiama dalla PL RETAIL, riferisce di avere con Lei un appuntamento stamane alle ore 10:30, e che Lei però non è ancora arrivato. Chiede cortesemente di essere ricontattato al Numero in oggetto.',20,NULL,0,'Sig. Dario Bigiarini','','3333402208','10:47:00',1),(76,0,'2017-06-06','Desidera verificare quale sia la soluzione migliore per il servizio richiesto, ha dei problemi con dei video tool. ',20,519,0,'Giacomo','','3331600122','12:16:00',1),(77,0,'2017-06-06','Stampante Ricon MP C 3003 che rimane sempre offline.',20,131,0,'Alessandro Lapini','Info@studiopicinotti.it','0575488616','15:18:00',1),(78,0,'2017-06-06','Il SIg. Santinelli chiede di essere ricontattato poiché in una postazione manda tutta la posta indietro come non recapitata.',20,21,0,'Enrico Santinelli','amministrazione@fior.it','0575898341','17:47:00',1),(79,0,'2017-06-07','VALENTINI FRANCO CI SIETE STATI ALCUNE VOLTE, NON GLI RIFUNZIONA IL WIRELESS, GLI E\' ANDATA VIA LA LUCE E NON RIFUNZIONA. PRENDETEGLI QUALCOSA',17,NULL,0,'luca','','3488110564','10:27:00',1),(80,0,'2017-06-07','Segnala un problema di \"blocco di DB2\" in qunato i file sono pieni e necessita che vengano sbloccati urgentemente in quanto sono in Corso di aggiornamanto. chiede nello specifico del Sig. Galletti.  ',20,404,0,'Cristina Lucci','amministrazione@styleinitaly.it','0575411052','12:14:00',1),(81,0,'2017-06-07','CRISTINA DELLA YELLOW 0575381910 DA QUEL CHE HO CAPITO VORREBBE DIROTTARE LE EMAIL CHE VANNO DA EMANUELE NELLA SUA CASELLA DI POSTA',17,113,0,'LUCA','','','12:50:00',1),(82,0,'2017-06-07','Il chiamante chiede di essere ricontattato per discutere in merito alla email che ha ricevuto ieri circa l\'impianto fotovoltaico privato.',20,NULL,0,'Negri','l.negri@albasolar.it','0173285882','14:21:00',1),(83,0,'2017-06-07','Il chiamante chiede di essere ricontattato per discutere in merito al lavoro da effettuare. Riferisce che Lei è già al corrente.',20,NULL,0,'Francesco Chiarini','francesco.chairini@infoitalia.com','057523911','15:47:00',1),(84,0,'2017-06-07','Il chiamante chiede di essere ricontattato per discutere della collaborazione per il Mengo Music Fest.',20,NULL,0,'Scapecchi','scapa@email.it','3391876729','16:08:00',1),(85,0,'2017-06-07','Il chiamante chiede di essere ricontattato per discutere della collaborazione per il Mengo Music Fest.',20,NULL,0,'Scapecchi','scapa@email.it','3391876729','16:08:00',1),(86,0,'2017-06-07','La sig.ra Nada, segretaria del dott. Mario, chiede cortesemente di essere ricontattata, in merito ad un disguido di fatture. ',20,546,0,'Sig.ra Nada ( segretaria )',' marioscilla@inwind.it','057521970','17:43:00',1),(87,0,'2017-06-08','Assistenza per la linea internet',20,504,0,'Testerini','info@testerini.it','3483011971','16:40:00',0),(88,0,'2017-06-09','Il chiamante chiede di essere ricontattato appena possibile perchè non arriva la posta.',20,NULL,0,'Santinelli','amministrazione@fior.it','0575898341','17:15:00',0),(89,0,'2017-06-09','Il chiamante chiede di essere ricontattato appena possibile perchè non arriva la posta.',20,NULL,0,'Santinelli','amministrazione@fior.it','0575898341','17:15:00',1),(90,0,'2017-06-12','Non ha collegamento ad Internet e chiede un controllo sulla linea.',20,NULL,0,'Carlo Neri','carlo@neriromualdo.it','0575984307','09:47:00',1),(91,0,'2017-06-13','Orine effettuato con la precendente piattaforma con pick and pay, adesso non puó peró controllare piú dov\'é l\'ordine e a che punto sta. Desidera saperlo. ',20,2,0,'Valerio Iannicca','valerio.iannicca@gmail.com','3469430814','17:41:00',1),(92,0,'2017-06-14','Il Sig. Carrieri necessita di assistenza per la configuazione di un modem.',20,432,0,'Valerio Carrieri ','valerio.carrieri@gmail.com','3484284938','12:35:00',1),(93,0,'2017-06-14','Il chiamante chiede di essere ricontattato. Riferisce che deve chiederLe una cosa relativamente al lavoro di questa mattina.',20,1026,0,'Paolo Bracciali','paolo@biancaspina.it','3347611167','14:37:00',1),(94,0,'2017-06-15','Il chiamante la contatta per un ordine di materiale da mettere in produzione. ',20,468,0,'Gianluca','gianluca@crocesud.com','05751812010','10:12:00',0),(95,0,'2017-06-15','Il chiamante chiede di essere ricontattato entro le 14.30. Vuole sapere se avete a disposizione uno swich 48 porte. ',20,492,0,'Francesco Chiarini','francesco.chiarini@infoitalia.com','3351370670','13:35:00',0),(96,0,'2017-06-19','Chiama in merito a delle fatture. ',20,NULL,0,'Andrea Nocentini','info@centrosicurezzasrl.it','3929325358','12:50:00',1),(98,0,'2017-06-20','Riferisce di voler terminare il lavoro di assistenza in sospeso e saldare il tutto.',20,37,0,'Giacomo Lapini','rosticcerialabrace@gmail.com','3337002538','17:01:00',0),(99,0,'2017-06-21','Il sig. Moravico chiede di essere ricontattato per una discrepanza tra il conteggio ore di lavoro che ha ricevuto e quello che gli ha detto il tecnico.',20,1030,0,'Massimo Moravico','m.moravico@mygroupconsulting.com','3477017183','16:34:00',1),(100,0,'2017-06-23','ha detto se lo richiami',17,231,0,'luca','','','11:46:00',0),(101,0,'2017-06-27','Il signor Nespoli chiama in merito ad un\'offerta commerciale. Non lascia i suoi dati, riferendo che Lei ha già i suoi riferimenti. ',20,456,0,'','','','10:13:00',0),(102,0,'2017-06-27','Il Sig. Pierpaolo chiama per l\'attivazione della linea dati MS0148 di Vougue Hotel srl\r\nsede Arezzo, via Guido Monaco 54.',20,440,0,'Pierpaolo MC Link','segreteria@mclink.eu','0641892434','10:15:00',1),(103,0,'2017-06-27','Il signor Elvis dell\'azienda Yukatel chiede di essere richiamato per il pagamento di una fattura. ',20,NULL,0,'Elvis','','+4969838325258','12:34:00',0),(104,0,'2017-06-27','preventivo stampante per etichette Zebra ZT 410',20,516,0,'Valeria','nicola@nicolpreziosi.it','0575788494','16:50:00',1),(105,0,'2017-06-28','Il signor Massimiliano chiede di essere richiamato il prima possibile: riferisce che la password della posta elettronica risulta errata quando prova ad accedere ad una delle tre caselle postali. Riferisce che, per tutte e 3 le caselle postali, usano la stessa password. ',20,387,0,'','','3357701581','16:35:00',0),(106,0,'2017-06-29','Ariana gli dovevi collegare la stampante al computer',17,231,0,'luca','','','10:10:00',0),(107,0,'2017-06-29','BORRI, GIADA HA DETTO CHE L\'UPS E\' IN GIACENZA RICHIAMALA',17,2,0,'LUCA','','0575535272','11:28:00',0),(108,0,'2017-06-29','Il chiamante prega richiamare quando possibile. Non anticipa il motivo della chiamata.',20,NULL,0,'Sig. Marco Ricci \"Gibbo\"','','3351254605','12:02:00',0),(109,0,'2017-06-29','Allegretti non gli funziona il desktop remoto a casa è urgente.',17,231,0,'','','','16:29:00',0),(110,0,'2017-06-30','problema con l\'hardware (Server)',20,250,0,'Federica Cocci','lostudio@live.it','3356200961','15:08:00',1),(111,0,'2017-07-05','Il signor Cinelli chiede di essere richiamato per chiedere un preventivo. ',20,432,0,'Massimo Cinelli','massimo.cinelli@gecom.biz','3355225334','11:04:00',0),(112,0,'2017-07-05','necessitano di sapere se possibile effettuare la modifica della sabnet per il cliente MS0212.',20,440,0,'sig. Francesco','','0641892434','12:36:00',0),(113,0,'2017-07-05','REFI ALBINA deve attivare la linea infostrada, il modem ce l ha già. numero fisso: 0575903447',17,NULL,0,'LUCA','','3336104027','12:54:00',1),(114,0,'2017-07-05','La chiamante chiede di essere ricontattata con urgenza in merito al problema già segnalato sulla PEC. Sebbene richiesto si rifiuta di lasciare indirizzo email in quanto desidera essere ricontattata telefonicamente. ',20,494,0,'Federica','','0575299713','16:50:00',1),(115,0,'2017-07-06','La chiamante prega richiamare appena possibile.',20,NULL,0,'Alessandra','','0575411052','09:59:00',1),(118,0,'2017-07-07','Il disco del server é quasi pieno e crea problemi ai programmi.  ',20,NULL,0,'Luca','stile@dc69.it','0575411052','10:53:00',1),(119,0,'2017-07-07','Chiamare per mettersi d\'accordo per intervento sistemazione WiFi negozio e ritirare Mac da mettere ssd + riparazione case',17,37,0,'Alessio','','3337002538','18:36:00',0),(120,0,'2017-07-08','Gigli Maurizio +39 334 363 1034\r\nRiconfigurazione Power Line e Dice Virus',17,509,0,'Alessio','','+39 334 363 1034','19:30:00',1),(121,0,'2017-07-10','Da riconsegnare pc fisso nuovo e ripristinare backup tramite Nas loro',17,205,0,'Alessio','','','11:07:00',1),(122,0,'2017-07-10','Frido Guadagni: \r\nDa contattare per intervento il 12/07/17 (Dopo domani) per problema psw posta elettronica, stampante e Varie.\r\nPer favore chiamarlo oggi.',17,509,0,'Alessio','','3478702361','12:39:00',0),(124,0,'2017-07-13','Il sig. Vannuccini chiede di essere ricontattato urgentemente in merito ad un ordine effettuato.',20,468,0,'','gianluca@crocesud.com','05751812010','10:48:00',1),(125,0,'2017-07-14','assistenza sul Numero verde: chiede come fare il  trasfermiento di chiamata dal Numero verde al suo cellulare',20,533,0,'Miriam Bennardi','m.bennardi@ecotrade.bio','05751696061','10:10:00',1),(127,0,'2017-07-18','Il Signore riferisce che Hanno problemi di comunicazione con la sede di Arezzo. ',20,NULL,0,'F.I.O.R. Arezzo','bassano@fior.it ','0424231246','16:11:00',0),(128,0,'2017-07-18','La chiamante chiede un ricontatto telefonico per risolvere un problema legato alla mail.',20,231,0,'Arianna','info@voguehotel.it','057524361','19:03:00',0),(131,0,'2017-07-25','La sig.ra Alessandra chiama in merito al lavoro che Lei deve fare. ',20,404,0,'Alessandra','amministrazione@styleinitaly.it','0575411052','10:20:00',1),(133,0,'2017-08-01','HA PROBLEMI CON WIFI VIA GIAMBOLOGNA 23, 0575081837 FORSE C\'E\' DA CHIAMARE 155. SILLAH\r\nMOHAMMAD',17,509,0,'','','3342789250','10:33:00',0),(134,0,'2017-08-03','Il chiamante chiede di essere ricontattato, comunica che c\'è un lavoro da completare. Comunico che Lei è in ferie.',20,481,0,'Gianluca Gallorini ','','3933310150','17:18:00',0),(135,0,'2017-08-08','STUDI MEDICI NON GLI FUNZIONA IL MONITOR DI SALA, SE POSSIAMO SISTEMARE DA REMOTO O ANDARE.',17,408,0,'LUCA','','','11:06:00',1),(136,0,'2017-08-10','Chiamala oppure facci passare Luca, o te quando vieni a casa, nn gli funziona il fax sulla stampante che gli abbiamo dato',17,123,0,'Alessio G','','','21:52:00',1),(137,0,'2017-08-10',' C\'è un computer che Luca de Feo aveva già controllato che gli va lento, va sicuramente Montato un ssd',17,556,0,'Alessio G','','','21:56:00',0),(138,0,'2017-08-11','ROSSELLA CON UN INDIANO APRONO DITTA ORAFA, GLI SERVE IL GESTIONALE. ',17,509,0,'LUCA','','349773167','10:55:00',0),(139,0,'2017-08-16','Il server non funziona: errore nei parametri di connessione. ',20,432,0,'Sabrina Giuliattini','sabrina.giuliattini@gecom.biz','0575411166','10:54:00',1),(140,0,'2017-08-16','Il sig. Canti prega di essere richiamato in quanto necessita di assistenza per il telefono della moglie che non funziona.',20,NULL,0,'Gianluca Canti','','3357048655','17:57:00',1),(141,0,'2017-08-17','La sig.ra Valentina chiama per delle fatture insolute. Cerca il sig. Cittadini Fabio. ',20,2,0,'','crediti.eviva@advtrade.it','0350951756','09:23:00',1),(142,0,'2017-08-21','La sig.ra Stefania chiama dalla Banca Popolare di Spoleto, per una questione personale. ',20,NULL,0,'Stefania','dip009@bpspoleto.it','0575734606','12:48:00',1),(143,0,'2017-08-21','Il sig. Campobasso chiede di essere ricontattato in merito alla Gestione degli Access Point',20,479,0,'','paolo.campobasso@gmail.com','3482872007','16:53:00',1),(144,0,'2017-08-23','Il sig.  Carlo prega di essere richiamato perché necessita di assistenza per il suo problema ad una macchina.',20,NULL,0,'Carlo','','3452745471','11:22:00',1),(145,0,'2017-08-24',' Ha problemi a collegare la stampante Wi-Fi con il Mac \r\nLOC la pace\r\n\r\nUrgente almeno chiamarlo',17,509,0,'Alessio G','','+39 338 8009578','10:35:00',0),(146,0,'2017-08-24','Chiamare Fabio per preventivo sopstituzione DVR con possibilità di visualizzazione esterna su smartphone, le telecamere ci sono già.',17,556,0,'Alessio G','','3336349969','18:23:00',0),(147,0,'2017-08-26','Il chiamante si lamenta in quanto ha chiamato anche ieri per parlare con Francesco Galletti e non è stato richiamato. Non fornisce i dati richiesti e ribadisce che lo conoscono tutti bene.',20,NULL,0,'Andreini','','3355917078','09:48:00',1),(148,0,'2017-08-28','La Sig.ra Miriam  invita il Sig. Francesco Galletti contattare il Direttore aziendale, il Sig. Michele Rosso al Numero indicato in riferimento. ',20,533,0,'Miriam','m.bennardi@ecotrade.bio','05751696061','12:23:00',1),(149,0,'2017-08-29','La sig.ra Pannuzzi chiede di essere ricontattata dal sig. Galletti. Segnala un problema al suo I-Phone. Riferisce che chiama dall\'azienda DC69, non presente in lista clienti. ',20,NULL,0,'Serena','s.pannuzzi@dc69.it','3351210664','17:43:00',1),(150,0,'2017-09-04','URGENTE!! DEVI AGGIUNGERE L\'INDIRIZZO IP DEL PONTE RADIO NUOVO PER FAR FUNZIONARE L\'EMAIL.',17,494,0,'','','0575299713','12:52:00',1),(151,0,'2017-09-05','non gli funziona la posta',11,31,1,'Andrea','','3929325358','09:56:00',0),(152,0,'2017-09-05','effe 5 richiede appuntamento per parlare del sito dalle 13 alle 16 nei prossimi giorni.',17,481,0,'','','3803020601','16:03:00',0),(153,0,'2017-09-07','Richiamare il sig. Ciatti della Allianz, ha trovato la sua chiamata persa.',20,NULL,0,'Fabio ','','3459126312','11:41:00',0),(156,0,'2017-09-13','Alessandro Ghiandai\r\nChimare Subito per favore\r\nAttivazione Office\r\nPoi fa con me\r\n\r\nGrazie',17,509,0,'Alessio G','','','19:11:00',1),(157,0,'2017-09-16','kia preziosi .Vorrebbe un contratto di assistenza per la sua azienda.',17,509,0,'LUCA','','3319427110','12:35:00',0),(160,0,'2017-09-25','non gli funziona mclink, gli ho detto di chiamare l\'assistenza intanto',17,33,0,'luca','','3387699074','09:33:00',0),(161,0,'2017-09-28','Il chiamante chiede di essere ricontattato per parlare con il Sig. Galletti. Riferisce che hanno avuto uno scambio di messaggi su Whatsapp. Non lascia i suoi recapiti, anche se richiesti, in quanto già noti.',20,1033,0,'Alberto Pratese','','3476255758','09:04:00',1),(162,0,'2017-09-28','Ha problemi di connettività con un access point che gli stacca la linea ogni 5 minuti.\r\nContattarlo.\r\n',17,232,0,'Alessio G','','','10:59:00',0),(163,0,'2017-10-04','Ale Sp Costruzioni\r\nAzienda vicino a via vittorio veneto, credo sia via piave, hanno problemi di collegamento con la stampante ed il pc che gli abbiamo dato noi 1 mesetto fa.\r\nChiamare appena possibile.\r\nGrazie\r\n\r\nAlessio G',17,NULL,0,'Alessio Galletti','','3318230925','10:03:00',1),(164,0,'2017-10-04','DEVI RICHIAMARE GLORIA DI STUDIO BADIALI',17,509,0,'luca','','','18:24:00',0),(165,0,'2017-10-05','Ha chiesto di essere chiamata il prima possibile',17,535,0,'CLAUDIA','','3351831962','12:48:00',0),(166,0,'2017-10-05','Ha detto che aspetta il qualcuno da una settimana, richiamare urgente',17,131,0,'studio picinotti','','338207800','16:36:00',1),(167,0,'2017-10-05','ha detto di rpcedere con la fibra, attende tua chiamata',17,533,0,'miriam','','05751696061','17:04:00',1),(168,0,'2017-10-06','Si è bruciato il vecchio pc.',20,NULL,0,'Guido Mengoni','fabre1409@gmail.com','3920784335','12:40:00',1),(169,0,'2017-10-06','La sig.ra Paola desidera parlare con il sig. Francesco Galletti appena possibile. Non specifica il motivo di chiamata seppur richiesto. Non fornisce indirizzo mail',20,59,0,'sig.ra Paola','','3395798828','16:32:00',1),(170,0,'2017-10-09','Il sig. Ricci chiede di essere ricontattato per ricevere assistenza. Il chiamante non fornisce l\'indirizzo email affermando che ne siete già in possesso.',20,263,0,'Marco Ricci','','3351254605','09:15:00',1),(171,0,'2017-10-11','kia preziosi vuole preventivo per stampante multifunzione a3',17,509,0,'luca','','0575366119','15:53:00',1),(172,0,'2017-10-18','Contattare Andreini per intervento, non parte il computer perchè c\'è una password, così dice......\r\nGrazie',17,91,0,'Alessio G','','3355917078','11:10:00',1),(173,0,'2017-10-18','http://www.ebay.it/itm/BATTERIA-ORIGINALE-100-DA-2000Mah-7-4WH-PER-WIKO-MOBILE-RAINBOW-JAM-4G-/282630755370?hash=item41ce1b142a:g:TVIAAOSw1MBZzSNo',17,509,0,'LUCA','','','11:43:00',0),(174,0,'2017-10-21','Il chiamante chiede di essere ricontattato il prima possibile in merito ad un lavoro su un catologo per una Fiera che si sta tenendo questa mattina. ',20,521,0,'Felci','david@idealogy.it','3473381286','11:37:00',1),(175,0,'2017-10-23','Buondi Franci, C\'è questa cliente di Fattoria Montelucci, che chiede di parlare urgentemente con te..',17,NULL,0,'Oana  Fattoria Montelucci','','0575896525','12:23:00',1),(176,0,'2017-10-27','Il sig. Cutrona chiede se potete inviare il Numero del sig. Marco (non ricorda il cognome). Non fornisce la mail seppur richiesto.',20,NULL,0,'Rosario Cutrona','','3280254838','10:15:00',1),(177,0,'2017-10-27','Il cliente chiede di essere ricontattato senza specificare il motivo della chiamata.',20,1039,0,'Giulio Corsi ','corsiassicurazioni@gmail.com','3483219074','11:50:00',1),(178,0,'2017-10-30',' Intervento per sistemazione rete ed ADSL e disdetta della seconda compagnia ',17,232,0,'Alessio G','','','19:47:00',1),(179,0,'2017-11-02','La sig.ra Claudia vorrebbe avere un preventivo circa il noleggio sia di 4 che di 6 Computer per la giornata del 6/12 dalle ore 14 alle ore 18.',20,535,0,'Claudia Centrini','claudia.centrini@confcommercio.ar.it','3351831962','13:03:00',1),(180,0,'2017-11-06','FALTONI 0575362772 DEVE RINNOVARE LA PEC',17,NULL,0,'LUCA','','','09:47:00',1),(181,0,'2017-11-06','Il sig. Corsi chiede di essere ricontattato per fissare un appuntamento per l\'installazione delle linee telefoniche in ufficio.',20,1039,0,'Corsi','corsiassicurazioni@gmail.com','3483219074','10:44:00',1),(182,0,'2017-11-06','Il sig. Felci chiede di essere ricontattato perché dice che dovete prendere un appuntamento per un cliente. ',20,521,0,'Davide Felci','','3473381286','11:04:00',1),(183,0,'2017-11-06','Il sig. Felci chiede di essere ricontattato perché dice che dovete prendere un appuntamento per un cliente. ',20,521,0,'Davide Felci','','3473381286','11:04:00',1),(184,0,'2017-11-07','Il sig. Pisano della ditta Ibisco Srl chiede di essere ricontattato in quanto non trova piú una fattura da pagare.',20,NULL,0,'Fabrizio Pisano','fabrizio.pisano@laetitiabag.com','3471200262','12:32:00',1),(185,0,'2017-11-09','il 15 nOVEMBRE gli scade la PEC, rinnovagliela e mandare la fattura al commercialista',17,284,0,'luca','','3335284166','09:24:00',1),(186,0,'2017-11-09','il 15 nOVEMBRE gli scade la PEC, rinnovagliela e mandare la fattura al commercialista',17,284,0,'luca','','3335284166','09:26:00',1),(187,0,'2017-11-09','il 15 nOVEMBRE gli scade la PEC, rinnovagliela e mandare la fattura al commercialista',17,284,0,'luca','','3335284166','09:27:00',1),(188,0,'2017-11-09','kia preziosi.. vuole parlare con te, ha chiesto di chiamarla il prima possibile!\r\nchiedere di cristina',17,NULL,0,'Alessio','','0575366119','12:55:00',1),(189,0,'2017-11-13','Il sig. ha un problema con la linea Internet. ',20,NULL,0,'Dormi da re ','servizioclienti@materassireti.com ','057522789','17:16:00',1),(190,0,'2017-11-15','DAVERI VICENZA VUOL SAPERE SE LE SUE VECCHIE STAMPANTI ZEBRA SONO ADATTABILI AI NUOVI SISTEMI',17,509,0,'LUCA','','0575381851 PROPIZIA','10:27:00',1),(191,0,'2017-11-15','Il chiamante prega richiamare quando possibile. Riferisce di essere il Suo avvocato. Non lascia recapito telefonico anche se richiesto. Numero da Display.',20,NULL,0,'Avv, Cazzavacca','','3387150526','12:16:00',1),(192,0,'2017-11-15','La chiamante riferisce che in data odierna doveva ricevere la consegna di 3 Computer. \r\nSpecifica che necessita risolvere il problema al più presto.',20,535,0,'Claudia Semprini','claudia.semprini@confcommercio.ar.it','3351831962','16:04:00',1),(193,0,'2017-11-17','La chiamante chiede se fosse possibile modificare un ordine già effettuato. La chiamante non ha un incaricato specifico.',20,NULL,0,'Ilaria Mantegatta','ary.2006ary@yahoo.it','3664909125','09:15:00',1),(194,0,'2017-11-17','La sig.ra Mantegazza chiede se fosse possibile modificare un ordine già effettuato.',20,NULL,0,'Ilaria Mantegayya','ary.2006ary@yahoo.it','3664909125','10:42:00',1),(195,0,'2017-11-17','https://www.amazon.it/Samsung-MLT-D111S-ELS-Toner-111S/dp/B00E3MLHD0/ref=sr_1_2?ie=UTF8&qid=1510911948&sr=8-2&keywords=d111s&dpID=41Ci0m%252BXD1L&preST=_SX300_QL70_&dpSrc=srch',17,63,0,'LUCA','','','11:38:00',0),(196,0,'2017-11-24','Il chiamante riferisce che era in chiamata con Lei poco fa in merito al test del sistema Vcr.\r\nChide di essere ricontattato appena possibile.',20,NULL,0,'Valerio Lancia','','3403025712','11:54:00',1),(197,0,'2017-11-25','Il Sig. Piero chiede di essere ricontattato telefonicamente dal Sig. Galletti. Preferisce non comunicare: indirizzo email, cognome e motivo della chiamata.',20,1041,0,'Piero','','3662597746 ','13:51:00',1),(198,0,'2017-11-27','Il sig. Romano chiede di essere ricontattato, dice che vi dovete vedere mercoledì. Non lascia ulteriori informazioni anche se richieste perché dice che vuole parlare direttamente con Lei. ',20,NULL,0,'Piero Romano','','3662597746','08:54:00',1),(199,0,'2017-11-27','chiama per una polizza assicurativa',20,NULL,0,'Fabio Ciatti','','3459126312','12:10:00',1),(200,0,'2017-11-27','Intervento a casa per problema Wifi e sistemazione Pc portatile',17,25,0,'Alessio','','Gestionale','16:07:00',1),(201,0,'2017-11-28','La sig.ra Gloria vorrebbe fissare un appuntamento con Lei presso lo Studio Badiali.\r\nComunica che é disponibile il 4/12 e 5/12 sia di mattina che di pomeriggio.',20,NULL,0,'Gloria Zavagli','gloria.zavagli@badialiconsulting.it','0575299713','09:06:00',1),(202,0,'2017-11-29','DEVI ANDARE A CASA SUA E VEDERE COME MAI NON GLI FUNZIONA UN BOX WIFI WIND. DA NOI FUNZIONA, FORSE PROBLEMA SEGNALE. PRENDERE SUI 30€',17,509,0,'LUCA','','3247876093','11:02:00',1),(203,0,'2017-12-04','Prega Richiamare: Chiama per assistenza, Riferisce che deve fare un reso ma non trova il modulo da stampare per il reso, sulla pagina internet. Precisa che domani sarà l\'ultimo giorno per fare il reso.',20,NULL,0,'Maria Tessa','70mariatessa@gmail.com','3318000755','18:47:00',1),(204,0,'2017-12-06','Internet non funziona da alcuni giorni.',20,33,0,'Zanalitti','amministrazione@caneschiarreda.it','0575901965','10:27:00',1),(205,0,'2017-12-12','La Sig.ra Allinoro chiede di essere ricontattata per sapere quando verrà consegnato il prodotto ordinato.',20,NULL,0,'Valentina Allinoro','valentinaallinoro@hotmail.com','3314757630','09:10:00',1),(206,0,'2017-12-12','La chiamante riferisce che sta aspettando l\'ordine numero 120485669, che doveva arrivare il 1 dicembre. vuole avere informazioni.',20,NULL,0,'Valentina Allinoro','valentinaallinoro@hotmail.com','3314757630','12:07:00',1),(207,0,'2017-12-14','informazini relative all\'ordine 120485669',20,NULL,0,'Valentina','valentinaallinoro@hotmail.com','3314757630','11:00:00',1),(208,0,'2017-12-18','La Sig.ra Allinoro comunica che vuole ricevere subito il suo rimborso. Non vuole più ricevere il pacco, è molto adirata.',20,NULL,0,'Valentina Allinoro','valentinaallinoro@hotmail.com','3314757630','14:50:00',1),(210,0,'2017-12-28','Richiamare per preventivo writein',21,2,0,'Francesco Gaslleetii','','3927090765','12:55:00',1),(213,0,'2018-01-05','chiamare urgente per preventivo centralino, vuole spendere max 5000euro',21,2,0,'sig Mario Rossi','mariorossi@gmail','0575 123321','19:31:00',1),(217,0,'2018-01-09','Riferisce di aver effettuato in data 28 novembre il reso di due campagne ma non ha avuto alcun rimborso e sollecita un riscontro. Campagne: Oh My shoes; Lauve, \r\nRiferisce di aver trovato il vostro Numero sul sito \"Soldi Privati\" come contatto per problematiche e lamentele.',20,NULL,0,'Giusy Di Tursi','giusyditursi@tiscali.it','3281099831','12:46:00',0),(218,0,'2018-01-15','C\'è da fare un salto alla ferramenta di luca qui accanto per configuarre il back di un paio di programmini (Una stronzata).\r\nPer favore il prima possibile almeno ci paga.\r\nGrazie',17,18,0,'Alessio','','','21:33:00',1),(219,0,'2018-01-18','problema con il modem',20,33,0,'Cristian Caneschi','c.caneschi@caneschiarreda.it','3339270290','11:13:00',1),(220,0,'2018-01-18','Il Sig. Zavani prega essere ricontattato per sapere quando passerà da loro per l\'installazione.',20,258,0,'Zavani ','dzavani@sauer.com','0575966426','11:26:00',1),(221,0,'2018-01-25','Manca la fattura d\'ordine rif. 289',20,1033,0,'Giuliana','giuliana@unomaglia.it','0559199497','11:50:00',1),(222,0,'2018-01-29','Il sig. Dini  chiede di essere ricontattato per PALAZO DELLA FONTE, riferisce che hanno l\'outlook offline.',20,1050,0,'Dini','dzavani@sauer.com','3387230024','08:24:00',1),(223,0,'2018-01-29','VUOLE SAPERE LE SUE CREDENZIALI DI ARUBA.',17,49,0,'LUCA','','3356818662','17:29:00',1),(224,0,'2018-01-30','Urgente massimo benedetti  non gli funziona la email gli rimane al 2015',17,1050,0,'luca','','0575337251','09:55:00',1),(225,0,'2018-01-30','Il Sig. Massimo chiede di essere ricontattato per avere informazioni in merito allo status del cellulare. ',20,539,0,'Massimo Bonaccioni','massimo@grabat.it','335224452','18:27:00',1),(226,0,'2018-02-01','martina confcommercio ha problemi con il sito se la puoi chiamare',17,535,0,'luca','','','11:35:00',1),(227,0,'2018-02-02','Sistemazione Wifi ufficio mazzo e magazzino - non si naviga e si stacca\r\n\r\nSe puoi lunedi',17,2,0,'Alessio','','','16:09:00',1),(228,0,'2018-02-02','Non è un Privato, ma la Dott Simoina Lo Monaco, ci lavora Angela (quella che era all\'uno maglia).\r\nIl contatto trovi tutto sul ready, comunque ti segno il numero di Angela che ti darà tutto il dettaglio di quello che c\'è da fare.\r\nQuando ci vai mi raccomando passa da me che ti devo dare una busta per lei.\r\nAngela Matassoni 3349080035',17,509,0,'Alessio','','','21:39:00',1),(229,0,'2018-02-05','Chide di essere richiamato dal Sig. Corsi per una chiaccherata amichevole. Non comunica gli ulteriori dati anche se richiesti. ',20,NULL,0,'Giulio Corsi','','3483219074','12:28:00',1),(230,0,'2018-02-05','Ha bisogno di cambiare l\'intestazione di due fatture, n. 27 e 28 del 31.1.2018, che sono state intestate a Luca Arrigucci, e vanno invece intestate alla Eka.',20,486,0,'Sig.ra Antonella ','aministrazione@ekapro.it','3337199425','14:17:00',1),(231,0,'2018-02-07','Il Sig. Alessio Galletti, Suo fratello, chiede di parlare con Lei e riferisce poi di poter attendere il suo arrivo in ufficio.',20,NULL,0,'Sig. Alessio Galletti','','+393922286030','08:40:00',1),(232,0,'2018-02-12',' Alessandro Ghezzi ditta di marmi vicino a Colcitrone e, devi collegare un pc alla DSL quindi basta un cavo di rete chiama già il modem e tutto quanto, montare s.s. di su pc fisso, con ghost, sistemare dicitura anagrafica sul programma di contabilità della Cs informatica.',17,NULL,0,'Alessio ','','?+39 335 5427917?','09:17:00',1),(233,0,'2018-02-12','PORTARE CON SE ACCESS POINT PER AMPLIFICARE SEGNALE WIRELESS.   SINGH BEANT',17,509,0,'luca','','3292669786','18:23:00',1),(234,0,'2018-02-13','SONIA ROMITI VUOLE UNA STAMPANTE AFFIDABILE SUI 300€ PER STAMPARE FOTOCOPIARE',17,183,0,'LUCA','','','16:18:00',1),(235,0,'2018-02-21','hotel la  lanterna, giannotti, ha un nostro centralino, ora c\'ha la fibra.',17,509,0,'','','3398597808','09:50:00',0),(236,0,'2018-02-21','Gli abbiamo consegnato un computer portatile, deve configurare la posta elettronica, ha detto se quando passiamo di lì ci possiamo fermare noi. La ditta è Happy Days in via Trento e Trieste. Per favore chiamala e mettitici d’accordo, deve essere una cosa da un secondo che non gliel’abbiamo messa in conto mi raccomando grazie',17,509,0,'Alessio','','+39 335 656 0356','18:53:00',1),(237,0,'2018-02-26','Il chiamante chiede di essere ricontattato quando possibile per una delucidazione. Comunicato che Lei è bloccato nella neve. Non ha bisogno di assistenya tecnica.',20,219,0,'Alessio Tognaccini','info@lanticamacelleria.it','3342042089','10:17:00',1),(238,0,'2018-02-28','mi chiedono se noi facciamo tutto quello che ritiene la privacy... gemma o maura',17,1044,0,'luca','','0575324101 ','10:43:00',1),(239,0,'2018-03-05','non funziona posta elettronica',20,1050,0,'Ciabatti','amos.ciabatti@palazzofonte.it','0575337526','09:16:00',1),(240,0,'2018-03-05','La sig.ra Cimini chiede di essere ricontattata per un reso in corso da un mese , ha già rispedito la merce ed attende il rimborso.',20,NULL,0,'Cimini','manuela.cimini.77@gmail.com','3495114001','19:04:00',1),(241,0,'2018-03-13','La segretaria d\'ufficio Maria Grazia desidera essere richiamata appena possibile. Chiama per avere chiarimenti in merito alla fattura proforma numero 78 del 28/02, dice di non aver avuto la bolla di riferimento.',20,131,0,'Maria Grazia','info@studiopicinotti.it','0575421821','11:41:00',1),(242,0,'2018-04-05','La sig.ra Marzia chiede di essere richiamata appena possibile dal sig. Galletti. Comunica che eravate rimasti daccordo nel risentirvi Oggi per assistenza.',20,456,0,'Marzia','blt@bltenterprise.it','0575370366','12:38:00',1),(243,0,'2018-04-05','Il sig. Aloisi chiede di essere ricontattato in quanto avrebbe bisogno di una cartella condivisa.',20,330,0,'Alberto Aloisi','farmsaione@libero.it','3477504882','14:45:00',1),(244,0,'2018-04-05','Il sig. Soldani desidera essere richiamato appena possibile dal sig. Galletti, ha trovato una chiamata persa e comunica di essere ora reperibile.',20,1050,0,'Riccardo Soldani','','3397795000','15:01:00',1),(245,0,'2018-04-11','Carla Pelagatti - Happy Days per linea Internet',17,NULL,0,'','','+393356560356','20:56:00',1),(246,0,'2018-05-02','',20,NULL,0,'igriff Nobile','igriffnobile@hotmail.com','3475837344','13:13:00',1),(247,0,'2018-05-02','',20,NULL,0,'igriff Nobile','igriffnobile@hotmail.com','3475837344','13:13:00',1),(248,0,'2018-05-02','Chiede di configurare delle bilance e fiscalizzare delle stampanti in modo urgente in quanto ha il tecnico in sede che a breve andrà via.',20,130,0,'Mennini','valerio@mennini.it','3486688475','17:12:00',1),(249,0,'2018-05-02','Chiede di sapere quando parte l\'ordine del portatile ',20,256,0,'Salimbeni','info@trasportisalimbeni.it','3355766010','18:02:00',1),(250,0,'2018-05-03','Il Sig. Cinelli prega esseree ricontattato con urgenza, non fornisce altri dati.',20,NULL,0,'Cinelli Massimo','','3355225334','14:13:00',1),(251,0,'2018-05-03','Gestione Server assistenza.',20,478,0,'Mario Scarpato ','mario.scarpato@pulllove.com','3382270888','14:47:00',1),(252,0,'2018-05-03','problema di accesso al server',20,456,0,'Marzia Francioli','amministrazione@bltenterprise.it','0575370366','16:39:00',1),(253,0,'2018-05-07','Messo i power line gli si staccano, non funzionano bene.',17,NULL,0,'','','3476775415','15:10:00',1),(255,0,'2018-05-29','Hanno problemi con i telefoni , dicono che si sente male e glielo riferiscono anche i clienti. Bisogna fare delle prove e vedere la qualita del traffico.',22,533,1,'','','','09:40:00',0),(256,0,'2018-05-31','Vanno sostituite le batterie all\'ups della farmacia di saionr.\r\nE\' un daker da rack, il modello non c\'e\' scritto.\r\n\r\nPenso bisognera contattare anche l\'elettricista perche\' come collegavo il notebook alla ciabatta saltava la corrente.\r\nForse e\' la ciabatta da sostituire.',22,330,1,'','','','11:40:00',0),(257,0,'2018-08-22','Massi ho messo a te la chiamata\r\nCliente Parigi Rossano - 3356165514 oppure Cinzia 3473693813\r\nVia Sibilla Aleramo, 18 (Vicino a Garden AR)\r\nRibaltamento Prese.\r\nChiama Prima e Mettiti D\'accordo, Questa Settimana Max la Prossima, intantto chiamalo per metterti d\'accordo.\r\nGrazie',17,509,0,'Alessio','','3356165514','17:42:00',0),(258,0,'2018-09-12','La sig.ra Serena chiede di essere ricontattata quando possibile,in merito ad un ordine spedito il 17/08/2018 ma mai arrivato.',20,NULL,0,'Serena Zappalà','serena.zappala@alice.it','3470887224','14:20:00',1),(262,0,'2018-11-28','La Sig.ra Trappoliere sollecita di essere ricontattata quando possibile, si è appena ricordata di non aver inserito il numero civico per la consegna per nessuno degli ordini che ha effettuato. In particolare la chiamante è preoccupata per il pacco che le sarebbe dovuto arrivare il 20 , la chiamante riferisce che l\'indirizzo corretto è \"via Monte Cervaro n°104/a\".',20,NULL,1,'Sig.ra Paola Trappoliere','paola79tr@libero.it','3393244422','15:57:00',0),(276,0,'2018-11-28','La Sig.ra Trappoliere sollecita di essere ricontattata quando possibile, si è appena ricordata di non aver inserito il numero civico per la consegna per nessuno degli ordini che ha effettuato. In particolare la chiamante è preoccupata per il pacco che le sarebbe dovuto arrivare il 20 , la chiamante riferisce che l\'indirizzo corretto è \"via Monte Cervaro n°104/a\".',20,NULL,1,'Sig.ra Paola Trappoliere','paola79tr@libero.it','3393244422','15:57:00',0),(292,0,'2018-11-28','La Sig.ra Trappoliere sollecita di essere ricontattata quando possibile, si è appena ricordata di non aver inserito il numero civico per la consegna per nessuno degli ordini che ha effettuato. In particolare la chiamante è preoccupata per il pacco che le sarebbe dovuto arrivare il 20 , la chiamante riferisce che l\'indirizzo corretto è \"via Monte Cervaro n°104/a\".',20,NULL,0,'Sig.ra Paola Trappoliere','paola79tr@libero.it','3393244422','15:57:00',0),(293,0,'2018-11-28','La Sig.ra Trappoliere sollecita di essere ricontattata quando possibile, si è appena ricordata di non aver inserito il numero civico per la consegna per nessuno degli ordini che ha effettuato. In particolare la chiamante è preoccupata per il pacco che le sarebbe dovuto arrivare il 20 , la chiamante riferisce che l\'indirizzo corretto è \"via Monte Cervaro n°104/a\".',20,NULL,0,'Sig.ra Paola Trappoliere','paola79tr@libero.it','3393244422','15:57:00',0),(294,0,'2018-11-28','La Sig.ra Trappoliere sollecita di essere ricontattata quando possibile, si è appena ricordata di non aver inserito il numero civico per la consegna per nessuno degli ordini che ha effettuato. In particolare la chiamante è preoccupata per il pacco che le sarebbe dovuto arrivare il 20 , la chiamante riferisce che l\'indirizzo corretto è \"via Monte Cervaro n°104/a\".',20,NULL,0,'Sig.ra Paola Trappoliere','paola79tr@libero.it','3393244422','15:57:00',0),(295,0,'2018-11-28','La Sig.ra Trappoliere sollecita di essere ricontattata quando possibile, si è appena ricordata di non aver inserito il numero civico per la consegna per nessuno degli ordini che ha effettuato. In particolare la chiamante è preoccupata per il pacco che le sarebbe dovuto arrivare il 20 , la chiamante riferisce che l\'indirizzo corretto è \"via Monte Cervaro n°104/a\".',20,NULL,0,'Sig.ra Paola Trappoliere','paola79tr@libero.it','3393244422','15:57:00',0),(296,0,'2018-11-28','La Sig.ra Trappoliere sollecita di essere ricontattata quando possibile, si è appena ricordata di non aver inserito il numero civico per la consegna per nessuno degli ordini che ha effettuato. In particolare la chiamante è preoccupata per il pacco che le sarebbe dovuto arrivare il 20 , la chiamante riferisce che l\'indirizzo corretto è \"via Monte Cervaro n°104/a\".',20,NULL,0,'Sig.ra Paola Trappoliere','paola79tr@libero.it','3393244422','15:57:00',0),(297,0,'2018-11-28','La Sig.ra Trappoliere sollecita di essere ricontattata quando possibile, si è appena ricordata di non aver inserito il numero civico per la consegna per nessuno degli ordini che ha effettuato. In particolare la chiamante è preoccupata per il pacco che le sarebbe dovuto arrivare il 20 , la chiamante riferisce che l\'indirizzo corretto è \"via Monte Cervaro n°104/a\".',20,NULL,0,'Sig.ra Paola Trappoliere','paola79tr@libero.it','3393244422','15:57:00',0),(298,0,'2018-11-28','La Sig.ra Trappoliere sollecita di essere ricontattata quando possibile, si è appena ricordata di non aver inserito il numero civico per la consegna per nessuno degli ordini che ha effettuato. In particolare la chiamante è preoccupata per il pacco che le sarebbe dovuto arrivare il 20 , la chiamante riferisce che l\'indirizzo corretto è \"via Monte Cervaro n°104/a\".',20,NULL,0,'Sig.ra Paola Trappoliere','paola79tr@libero.it','3393244422','15:57:00',0),(299,0,'2018-11-28','La Sig.ra Trappoliere sollecita di essere ricontattata quando possibile, si è appena ricordata di non aver inserito il numero civico per la consegna per nessuno degli ordini che ha effettuato. In particolare la chiamante è preoccupata per il pacco che le sarebbe dovuto arrivare il 20 , la chiamante riferisce che l\'indirizzo corretto è \"via Monte Cervaro n°104/a\".',20,NULL,0,'Sig.ra Paola Trappoliere','paola79tr@libero.it','3393244422','15:57:00',0),(300,0,'2018-11-28','La Sig.ra Trappoliere sollecita di essere ricontattata quando possibile, si è appena ricordata di non aver inserito il numero civico per la consegna per nessuno degli ordini che ha effettuato. In particolare la chiamante è preoccupata per il pacco che le sarebbe dovuto arrivare il 20 , la chiamante riferisce che l\'indirizzo corretto è \"via Monte Cervaro n°104/a\".',20,NULL,0,'Sig.ra Paola Trappoliere','paola79tr@libero.it','3393244422','15:57:00',0),(301,0,'2018-11-28','La Sig.ra Trappoliere sollecita di essere ricontattata quando possibile, si è appena ricordata di non aver inserito il numero civico per la consegna per nessuno degli ordini che ha effettuato. In particolare la chiamante è preoccupata per il pacco che le sarebbe dovuto arrivare il 20 , la chiamante riferisce che l\'indirizzo corretto è \"via Monte Cervaro n°104/a\".',20,NULL,0,'Sig.ra Paola Trappoliere','paola79tr@libero.it','3393244422','15:57:00',0),(302,0,'2018-11-28','La Sig.ra Trappoliere sollecita di essere ricontattata quando possibile, si è appena ricordata di non aver inserito il numero civico per la consegna per nessuno degli ordini che ha effettuato. In particolare la chiamante è preoccupata per il pacco che le sarebbe dovuto arrivare il 20 , la chiamante riferisce che l\'indirizzo corretto è \"via Monte Cervaro n°104/a\".',20,NULL,0,'Sig.ra Paola Trappoliere','paola79tr@libero.it','3393244422','15:57:00',0),(303,0,'2018-11-28','La Sig.ra Trappoliere sollecita di essere ricontattata quando possibile, si è appena ricordata di non aver inserito il numero civico per la consegna per nessuno degli ordini che ha effettuato. In particolare la chiamante è preoccupata per il pacco che le sarebbe dovuto arrivare il 20 , la chiamante riferisce che l\'indirizzo corretto è \"via Monte Cervaro n°104/a\".',20,NULL,0,'Sig.ra Paola Trappoliere','paola79tr@libero.it','3393244422','15:57:00',0),(304,0,'2018-11-28','La Sig.ra Trappoliere sollecita di essere ricontattata quando possibile, si è appena ricordata di non aver inserito il numero civico per la consegna per nessuno degli ordini che ha effettuato. In particolare la chiamante è preoccupata per il pacco che le sarebbe dovuto arrivare il 20 , la chiamante riferisce che l\'indirizzo corretto è \"via Monte Cervaro n°104/a\".',20,NULL,0,'Sig.ra Paola Trappoliere','paola79tr@libero.it','3393244422','15:57:00',0),(305,0,'2018-11-28','La Sig.ra Trappoliere sollecita di essere ricontattata quando possibile, si è appena ricordata di non aver inserito il numero civico per la consegna per nessuno degli ordini che ha effettuato. In particolare la chiamante è preoccupata per il pacco che le sarebbe dovuto arrivare il 20 , la chiamante riferisce che l\'indirizzo corretto è \"via Monte Cervaro n°104/a\".',20,NULL,0,'Sig.ra Paola Trappoliere','paola79tr@libero.it','3393244422','15:57:00',0),(306,0,'2018-11-28','La Sig.ra Trappoliere sollecita di essere ricontattata quando possibile, si è appena ricordata di non aver inserito il numero civico per la consegna per nessuno degli ordini che ha effettuato. In particolare la chiamante è preoccupata per il pacco che le sarebbe dovuto arrivare il 20 , la chiamante riferisce che l\'indirizzo corretto è \"via Monte Cervaro n°104/a\".',20,NULL,0,'Sig.ra Paola Trappoliere','paola79tr@libero.it','3393244422','15:57:00',0),(307,0,'2018-11-28','La Sig.ra Trappoliere sollecita di essere ricontattata quando possibile, si è appena ricordata di non aver inserito il numero civico per la consegna per nessuno degli ordini che ha effettuato. In particolare la chiamante è preoccupata per il pacco che le sarebbe dovuto arrivare il 20 , la chiamante riferisce che l\'indirizzo corretto è \"via Monte Cervaro n°104/a\".',20,NULL,0,'Sig.ra Paola Trappoliere','paola79tr@libero.it','3393244422','15:57:00',0),(308,0,'2018-11-28','La Sig.ra Trappoliere sollecita di essere ricontattata quando possibile, si è appena ricordata di non aver inserito il numero civico per la consegna per nessuno degli ordini che ha effettuato. In particolare la chiamante è preoccupata per il pacco che le sarebbe dovuto arrivare il 20 , la chiamante riferisce che l\'indirizzo corretto è \"via Monte Cervaro n°104/a\".',20,NULL,0,'Sig.ra Paola Trappoliere','paola79tr@libero.it','3393244422','15:57:00',0),(309,0,'2018-11-28','La Sig.ra Trappoliere sollecita di essere ricontattata quando possibile, si è appena ricordata di non aver inserito il numero civico per la consegna per nessuno degli ordini che ha effettuato. In particolare la chiamante è preoccupata per il pacco che le sarebbe dovuto arrivare il 20 , la chiamante riferisce che l\'indirizzo corretto è \"via Monte Cervaro n°104/a\".',20,NULL,0,'Sig.ra Paola Trappoliere','paola79tr@libero.it','3393244422','15:57:00',0),(310,0,'2018-11-28','La Sig.ra Trappoliere sollecita di essere ricontattata quando possibile, si è appena ricordata di non aver inserito il numero civico per la consegna per nessuno degli ordini che ha effettuato. In particolare la chiamante è preoccupata per il pacco che le sarebbe dovuto arrivare il 20 , la chiamante riferisce che l\'indirizzo corretto è \"via Monte Cervaro n°104/a\".',20,NULL,0,'Sig.ra Paola Trappoliere','paola79tr@libero.it','3393244422','15:57:00',0),(311,0,'2018-11-28','La Sig.ra Trappoliere sollecita di essere ricontattata quando possibile, si è appena ricordata di non aver inserito il numero civico per la consegna per nessuno degli ordini che ha effettuato. In particolare la chiamante è preoccupata per il pacco che le sarebbe dovuto arrivare il 20 , la chiamante riferisce che l\'indirizzo corretto è \"via Monte Cervaro n°104/a\".',20,NULL,0,'Sig.ra Paola Trappoliere','paola79tr@libero.it','3393244422','15:57:00',0),(312,0,'2018-11-28','La Sig.ra Trappoliere sollecita di essere ricontattata quando possibile, si è appena ricordata di non aver inserito il numero civico per la consegna per nessuno degli ordini che ha effettuato. In particolare la chiamante è preoccupata per il pacco che le sarebbe dovuto arrivare il 20 , la chiamante riferisce che l\'indirizzo corretto è \"via Monte Cervaro n°104/a\".',20,NULL,0,'Sig.ra Paola Trappoliere','paola79tr@libero.it','3393244422','16:01:00',0),(313,0,'2018-11-28','prova',11,478,1,'prova','','','16:52:00',1),(314,0,'2018-11-30','Desidera avere aggiornamenti  sul suo ordine numero 154080029',20,NULL,0,'Paola Trappoliere','paola79tr@libero.it','3393244422','10:07:00',1),(315,0,'2018-11-30','Desidera avere aggiornamenti sul suo ordine numero 155310089. Riferisce che Bartolini le ha comunicato che quest\'ordine è tornato a Voi.',20,NULL,0,'Sig.ra Paola Trappoliere','paola79tr@libero.it','3393244422','10:34:00',1),(316,0,'2019-01-17','Richiamare per file p7m',14,1033,0,'Sonia','','','09:27:00',1);

--
-- Table structure for table `clienti`
--

CREATE TABLE `clienti` (
  `id_cliente` smallint(6) NOT NULL AUTO_INCREMENT,
  `nome` varchar(100) NOT NULL COMMENT 'Nome cliente',
  `nomecompleto` varchar(100) DEFAULT NULL COMMENT 'Nome completo',
  `codice_cliente` varchar(30) DEFAULT NULL,
  `tel` varchar(30) DEFAULT NULL,
  `fax` varchar(30) DEFAULT NULL,
  `referente` varchar(100) DEFAULT NULL,
  `indirizzo` varchar(300) DEFAULT NULL COMMENT 'Indirizzo',
  `piva` varchar(20) DEFAULT NULL COMMENT 'Partita iva',
  `email` varchar(50) DEFAULT NULL COMMENT 'Email',
  `pec` varchar(50) DEFAULT NULL COMMENT 'Email pec',
  `citta` varchar(50) DEFAULT NULL,
  `codfisc` varchar(50) DEFAULT NULL,
  `stato` int(11) DEFAULT NULL,
  `note_tecniche` text,
  `modified_by` varchar(50) DEFAULT NULL,
  `data` date DEFAULT NULL,
  PRIMARY KEY (`id_cliente`)
) ENGINE=InnoDB AUTO_INCREMENT=1255 DEFAULT CHARSET=latin1;

--
-- Dumping data for table `clienti`
--

INSERT INTO `clienti` VALUES (2,'NUMERO UNO SRL',NULL,'000','057521482','0575 1948799','','','','f.galletti@numerounosrl.it','','AREZZO','',1,NULL,NULL,NULL),(3,'ENERFIN HOLDING',NULL,'001','','',NULL,'',NULL,'',NULL,'','',1,NULL,NULL,NULL),(4,'NEW FACTORY SRL',NULL,'002','','',NULL,'',NULL,'',NULL,'','',1,NULL,NULL,NULL),(6,'GEOVISION SRL',NULL,'003','','',NULL,'',NULL,'',NULL,'','',1,NULL,NULL,NULL),(7,'BERTON PLISSE\' SNC DI BERTON ANNA E C.',NULL,'004','049-9365731','049-9365731',NULL,'VIA EDIFICIO, 2/III','00041740283','bertonplisse@libero.it',NULL,'PIOMBINO DESE','00041740283',1,NULL,NULL,NULL),(8,'F.LLI MUNICCHI SPA',NULL,'005','','',NULL,'VIA G.B. VICO, 16/18','00087740510','',NULL,'AREZZO','',1,NULL,NULL,NULL),(9,'BENEDETTO BURCHINI',NULL,'006','','',NULL,'VIA TRASIMENO, 7','00100298884','',NULL,'AREZZO','BRCBDT75L06A851K',1,NULL,NULL,NULL),(10,'GELLINI GIOVANNI & FIGLIO SNC',NULL,'007','575987031','',NULL,'LOC. INDICATORE, 78','00103210514','',NULL,'AREZZO','00103210514',1,NULL,NULL,NULL),(11,'AUTOTRASPORTI FALSETTI SANDRO & C. SNC',NULL,'008','','',NULL,'LOCALITA\' CALBENZANO 12','00104340518','',NULL,'CALBENZANO','00104340518',1,NULL,NULL,NULL),(12,'CAPACCIOLI SRL',NULL,'009','057520979','0575-299806',NULL,'VIA MAZZINI, 6','00112630512','info@capacciolisrl.com',NULL,'AREZZO','00112630512',1,NULL,NULL,NULL),(13,'GIORDINI SRL',NULL,'010','0575-497597','',NULL,'VIA DELL\'INDUSTRIA, 15','00145600516','',NULL,'PIEVE AL TOPPO','00145600516',1,NULL,NULL,NULL),(14,'FARMACIA RUFFINI FANFANI',NULL,'011','57522857','57528656',NULL,'VIA TRENTO E TRIESTE 34','00148990518','',NULL,'AREZZO','RFFGRL47H14I681V',1,NULL,NULL,NULL),(15,'CEMIT SRL',NULL,'012','0575-984146','0575-984172',NULL,'VIA MADAME CURIE, 2/A','00158510511','',NULL,'AREZZO','00158510511',1,NULL,NULL,NULL),(16,'LAZZARINI E RICCIARINI SNC',NULL,'013','','',NULL,'LOC. SAN ZENO STRADA A N?16','00163170517','',NULL,'AREZZO','00163170517',1,NULL,NULL,NULL),(17,'GEOMETRA MASSIMO ALFANI',NULL,'014','57522915','',NULL,'VIALE MICHELANGELO 100/2','00163600513','',NULL,'AREZZO','LFNMSM44C11D649X',1,NULL,NULL,NULL),(18,'FERRAMENTA 3 AREZZO SNC',NULL,'015','0575905781','',NULL,'VIA VITTORIO VENETO, 122','00170020515','',NULL,'AREZZO','',1,NULL,NULL,NULL),(19,'GORETTI MASSIMO',NULL,'016','','',NULL,'VIA TRENTO E TRIESTE, 58','00184390516','',NULL,'AREZZO','GRTMSM48E03A390C',1,NULL,NULL,NULL),(20,'STUDIO TECNICO GEOM. PIERA PAOLA LORENZINI',NULL,'017','575488627','',NULL,'VIA P. TOGLIATTI, 32/A','00184780518','',NULL,'SUBBIANO','LRNPPL52C68C102S',1,NULL,NULL,NULL),(21,'F.I.OR 250AR LAVORAZIONE METALLI PREZIOSI SPA',NULL,'018','0575 898341','0575 898798',NULL,'VIA XXV APRILE, 16','00188190516','fior@fior.it',NULL,'PONTICINO','00188190516',1,NULL,NULL,NULL),(22,'MAURILLI LORENTINO',NULL,'019','','',NULL,'PIAZZA S GIUSTO 3','00193790516','',NULL,'AREZZO','MRLLNT50R28A390S',1,NULL,NULL,NULL),(23,'STUDIO TECNICO DOTT. ING. GIAMPIERO PETRELLI',NULL,'020','575593361','',NULL,'VIA DEL CUCULO, 5','00193810512','',NULL,'BIBBIENA','PTRGPR34E12A851C',1,NULL,NULL,NULL),(24,'UNITESSILE S.P.A.',NULL,'021','04223277','',NULL,'VIA TERRAGLIO, 183','00198250268','',NULL,'PREGANZIOL','',1,NULL,NULL,NULL),(25,'AUTOFIDO DI GIGLI F., M. E C. SAS',NULL,'022','','',NULL,'VIA PAOLO UCCELLO, 15','00203010517','autofido.sas@pec.it',NULL,'AREZZO','00203010517',1,NULL,NULL,NULL),(26,'TORTORELLI MARIO',NULL,'023','0575-323313','',NULL,'PIAZZA GIOTTO, 20','00237620513','tortorellim@interfree.it',NULL,'AREZZO','TRTMRA48A17A390O',1,NULL,NULL,NULL),(27,'POLVERINI CLAUDIO',NULL,'024','','',NULL,'VIA DE\' CENCI, 23','00249910514','',NULL,'AREZZO','PLVCLD49M02C263Q',1,NULL,NULL,NULL),(28,'REGI TOMMASO MEDICO CHIRURGO',NULL,'025','','0575-1822162',NULL,'VIA XXV APRILE, 76/78','00270890510','info@tommasoregi.it',NULL,'AREZZO','RGETMS47H08A541R',1,NULL,NULL,NULL),(29,'DR. PATRIZIO GABUTTI',NULL,'026','057527851','',NULL,'VIA ASMARA, 3','00274920511','info@studiogabutti.it',NULL,'AREZZO','00274920511',1,NULL,NULL,NULL),(30,'ARDEC SAS',NULL,'027','0575353583','0575407462',NULL,'VIA DON LUIGI STURZO, 98','00287930515','info@ardecsas.com',NULL,'AREZZO','',1,NULL,NULL,NULL),(31,'C.S.GROUP SRL',NULL,'028','0575370562','','','V.LE GIOTTO, 61','00288350515','info@centrosicurezzasrl.it','','AREZZO','',1,NULL,NULL,NULL),(32,'PROF. DOTT. BARBERI LUIGI',NULL,'029','','',NULL,'VIA PIETRAMALA, 7','00289830515','',NULL,'AREZZO','BRBLGU52E12Z103V',1,NULL,NULL,NULL),(33,'ARREDAMENTI CANESCHI SRL',NULL,'030','0575-901965','0575-907207',NULL,'VIA PIEVAN LANDI, 30','00290200518','amministrazione@caneschiarreda.it',NULL,'AREZZO','00290200518',1,NULL,NULL,NULL),(34,'DOTT. PIER TOMMASO PICCARDI',NULL,'031','0575352942','',NULL,'VIA MARGARITONE, 32','00296320518','',NULL,'AREZZO','PCCPTM36H28A390P',1,NULL,NULL,NULL),(35,'PROGESTI SRL',NULL,'032','','',NULL,'VIA NICCOL? ARETINO, 21/F','00301100517','',NULL,'AREZZO','00301100517',1,NULL,NULL,NULL),(36,'F.LLI PIERAZZOLI SNC',NULL,'033','0575902547','',NULL,'VIA TRASIMENO, 8/M','00315380519','fratellipierazzoli@libero.it',NULL,'AREZZO','',1,NULL,NULL,NULL),(37,'ROSTICCERIA LA BRACE SAS DI LAPINI FRANCO E C.',NULL,'034','0575-324353','',NULL,'VIA LORENZETTI, 88','00343230512','',NULL,'AREZZO','00343230512',1,NULL,NULL,NULL),(38,'CONFEZIONI SABINA SNC',NULL,'035','575984210','575382975',NULL,'VIA RIGHI, 20','00355830514','',NULL,'AREZZO','00355830514',1,NULL,NULL,NULL),(39,'AVV. TOFI GABRIELE',NULL,'036','057522800','',NULL,'VIA ROMA, 18','00369520515','',NULL,'AREZZO','TFOGRL73H11A390G',1,NULL,NULL,NULL),(40,'MANTEX SRL MANUFACTURING TEXTILES INC.',NULL,'037','0575 - 381812','',NULL,'VIA GALILEO FERRARIS, 258','00429600836','marco.ghezzi74@gmail.com',NULL,'AREZZO','00429600836',1,NULL,NULL,NULL),(41,'UNIVERSITA\' DEGLI STUDI DI PERUGIA',NULL,'038','','755854644',NULL,'VIA DEL VERZARO, 49','00448820548','',NULL,'PERUGIA','00448820548',1,NULL,NULL,NULL),(42,'CASSIOLI MARCO',NULL,'039','0575355870','3337477244',NULL,'VIA LORENTINO D\'AREZZO 3/1','00699360525','',NULL,'AREZZO','CSSMRC55R12F592R',1,NULL,NULL,NULL),(43,'LAURENTI DOTTOR MAURIZIO E SALIN M.',NULL,'040','0575354829','',NULL,'VIALE EUROPA, 13','00779720523','info@mauriziolaurenti.com',NULL,'SARTEANO','',1,NULL,NULL,NULL),(44,'SISTED SRL',NULL,'041','0575-984060','',NULL,'VIA DEL GAVARDELLO','00856800511','',NULL,'AREZZO','00856800511',1,NULL,NULL,NULL),(45,'LAZZERI TAURO',NULL,'042','0575 324758','',NULL,'VIA DELLA FIORAIA, 3','00858360514','',NULL,'AREZZO','LZZTRA52A24I991O',1,NULL,NULL,NULL),(46,'ROMIZI ROBERTO',NULL,'043','0575 354310','',NULL,'VIA MINO DA POPPI, 18/2','00863010518','',NULL,'AREZZO','RMZRRT53S25A390R',1,NULL,NULL,NULL),(47,'RC TRADE SRL',NULL,'044','0575354849','',NULL,'VIA MONTEFALCO 50','00868430513','antonio.pagliaricci@rctrade.com',NULL,'AREZZO','',1,NULL,NULL,NULL),(48,'MARI MARIO',NULL,'045','','',NULL,'VIA MARCO PERENNIO, 69/E','00874520513','',NULL,'AREZZO','MRAMRA54E29A390S',1,NULL,NULL,NULL),(49,'MAURO MARIOTTINI DOTTOR - STUDIO MBA',NULL,'050','0575-22202','',NULL,'VIALE MICHELANGELO, 68','00874720519','info@studiomariottini.it',NULL,'AREZZO','MRTMRA50C07A390R',1,NULL,NULL,NULL),(50,'REPER BABY SRL',NULL,'051','0575-380465','0575-984852',NULL,'VIA GALVANI, 16/C','00875890519','',NULL,'AREZZO','00875890519',1,NULL,NULL,NULL),(51,'RAG. PAOLA ANDREUCCI',NULL,'052','057526517','057526136',NULL,'PIAZZA RISORGIMENTO, 11','00881980510','paola.andreucci@virgilio.it',NULL,'AREZZO','NDRPLA56P59A390L',1,NULL,NULL,NULL),(52,'PELAGATTI ARCH.MASSIMO',NULL,'053','0575 - 21065','',NULL,'VIA ROMA, 26','00904560513','',NULL,'AREZZO','00904560513',1,NULL,NULL,NULL),(53,'BARBAGLI NADIO NOTAIO',NULL,'054','0575-22698','',NULL,'VIA GUIDO MONACO, 80','00914250519','',NULL,'AREZZO','BRBNDA50R08D649Q',1,NULL,NULL,NULL),(54,'CONSUM.IT SPA',NULL,'055','','',NULL,'VIA VITTORIO EMANUELE, 10','00961380524','',NULL,'CALENZANO','00961380524',1,NULL,NULL,NULL),(55,'OFFICINA MECCANICA  DUE G SNC DI GRAZIANI D. & GRILLI G.',NULL,'056','0577-632121','0577-632635',NULL,'Via Trento, 180/C','00982000523','',NULL,'SINALUNGA','00982000523',1,NULL,NULL,NULL),(56,'SARA PREZIOSI SRL',NULL,'057','0575320904','0575320848','','LOC. LA CHIANICELLA, 50','01004020515','info@sarapreziosi.it','','AREZZO','01004020515',1,NULL,NULL,NULL),(57,'CROCE ROSSA ITALIANA',NULL,'058','','',NULL,'Via Dante, 50','01019341005','',NULL,'BIBBIENA','01019341005',1,NULL,NULL,NULL),(58,'CECCONI SRL',NULL,'059','0575903876','',NULL,'VIA MINCIO, 41/43','01023760513','',NULL,'AREZZO','',1,NULL,NULL,NULL),(59,'SABOT SRL',NULL,'060','0575-23995','0575-409634',NULL,'VIA CRISPI, 16-20/26','01030490518','info@sabot.tv','','AREZZO','01030490518',1,NULL,NULL,NULL),(60,'LA RUSTICA SNC',NULL,'061','0575 357712','',NULL,'VIA RISTORO D\'AREZZO, 98/100','01060980511','',NULL,'AREZZO','01060980511',1,NULL,NULL,NULL),(61,'GHIRONI FABRIZIO',NULL,'062','0575907531','',NULL,'PIAZZA ZUCCHI, 7','01070330459','',NULL,'AREZZO','GHRFRZ70H13D629V',1,NULL,NULL,NULL),(62,'CIRCOLO TENNIS AREZZO FEDERICO LUZZI A.S.D.',NULL,'063','','',NULL,'VIA VECCHIA, 15','01074210517','',NULL,'AREZZO','01074210517',1,NULL,NULL,NULL),(63,'SEVERI DOTTOR MARIO',NULL,'064','','',NULL,'VIA DELL\'OLIVETA, 41 LOC. POLICIANO','01079040513','severidottmario@katamail.com',NULL,'POLICIANO - AREZZO','SVRMRA54E17A390S',1,NULL,NULL,NULL),(64,'RECORD SPORT SRL',NULL,'065','0575-350425','',NULL,'VIA BENEDETTO CROCE, 39/A','01091990513','',NULL,'AREZZO','01091990513',1,NULL,NULL,NULL),(65,'AVVOCATO RAFFAELE MISURI',NULL,'066','','',NULL,'VIA OBERDAN, 75','01105900516','',NULL,'AREZZO','MSRRFL57A25A390I',1,NULL,NULL,NULL),(66,'BORSALINO ORO SRL',NULL,'067','0575356938 / 48','0575-23927',NULL,'VIA ALESSANDRO DAL BORRO, 86/9','01109180511','gabrio@oritalia.net',NULL,'AREZZO','01109180511',1,NULL,NULL,NULL),(67,'OROPROSPET SRL',NULL,'068','0575-959016','',NULL,'STRADA C N?23','01122340514','',NULL,'SAN ZENO - AREZZO','01122340514',1,NULL,NULL,NULL),(68,'PANDA SRL',NULL,'069','0575-299660/403','0575-353634',NULL,'VIA FONTANELLA','01125110518','',NULL,'AREZZO','01125110518',1,NULL,NULL,NULL),(69,'FRATELLI BARBAGLI SNC DI CLAUDIO E GIORGIO',NULL,'070','0575/905771','',NULL,'VIA BOTTEGO, 6','01137420517','fratellibarbagli@alice.it',NULL,'AREZZO','01137420517',1,NULL,NULL,NULL),(70,'AUTOFFICINA MECCANICA DI RISPOLI PIERO E FIGLIO',NULL,'071','','',NULL,'VIA PRV TRE RAGAZZI,38','01141590537','',NULL,'MONTE ARGENTARIO','RSPPRI45R09F437H',1,NULL,NULL,NULL),(71,'IL COMPASSO ARREDAMENTI S.R.L.',NULL,'072','57523892','57528663',NULL,'VIA BENEDETTO CROCE, 85','01143910519','',NULL,'AREZZO','01143910519',1,NULL,NULL,NULL),(72,'GEOMETRA MARIO CHIARENZA',NULL,'073','575355013','5751822543',NULL,'VIA GUIDO MONACO, 100','01148040510','',NULL,'AREZZO','CHRMRA62R28I155I',1,NULL,NULL,NULL),(73,'GAMBINELLI DR. CARLO',NULL,'074','0575-498476','',NULL,'VIA ROMANA, 35/A','01149960518','',NULL,'TEGOLETO (CIVITELLA DELLA CHIANA)','GMBCRL52E30A390P',1,NULL,NULL,NULL),(74,'ISSIMA S.N.C DI NIBBI STEFANIA SCATRAGLI TAMARA CECCHERINI MAURO',NULL,'075','0575908258','',NULL,'OMBRONE, 6','01155530510','',NULL,'AREZZO','',1,NULL,NULL,NULL),(75,'GOLDEN GATES SRL',NULL,'076','0575-401839','0575-404896',NULL,'VIA ERNESTO ROSSI, 13','01156800516','',NULL,'AREZZO','01156800516',1,NULL,NULL,NULL),(76,'OTTANTACINQUE AR SRL',NULL,'077','','',NULL,'VIA ERNESTO ROSSI, 11','01160540512','',NULL,'AREZZO','01160540512',1,NULL,NULL,NULL),(77,'PAPINI FALIERO SPA',NULL,'078','0575353171','0575383096',NULL,'VIA ISACCO NEWTON 10/12','01161600513','',NULL,'AREZZO','',1,NULL,NULL,NULL),(78,'EVENTI TOSCANI S.R.L.',NULL,'079','0575324389','',NULL,'CORSO ITALIA, 92','01167350527','',NULL,'AREZZO','',1,NULL,NULL,NULL),(79,'PICAR DI SALCINI FRANCO',NULL,'080','0575357410','',NULL,'VIA A. DAL BORRO, 77','01178480511','picarmanitaly@libero.it',NULL,'AREZZO','SLCFNC55S24A390J',1,NULL,NULL,NULL),(80,'ITALIAN STYLE SPA',NULL,'081','0575 411052','0575 411055',NULL,'VIA ROMA, 52','01191390515','',NULL,'BADIA AL PINO','01191390515',1,NULL,NULL,NULL),(81,'M.I.I. SPA',NULL,'082','0575 - 1943917','0575 - 324462',NULL,'LOC. SAN ZENO-STRADA E 31/A-B','01192350518','luciana@miispa.it',NULL,'AREZZO','01192350518',1,NULL,NULL,NULL),(82,'COMAS SRL',NULL,'083','0575 - 26125','',NULL,'VIA MARTIRI DI CIVITELLA, 11','01209940517','',NULL,'AREZZO','01209940517',1,NULL,NULL,NULL),(83,'F.LLI ORBITALI DI ORBATI GIORGIO & ALESSANDRO SNC',NULL,'084','0575365807','',NULL,'VIA A. DELLA ROBBIA, 144/15','01213940511','',NULL,'AREZZO','',1,NULL,NULL,NULL),(84,'HAPPY DAYS SRL',NULL,'085','575300264','575409115',NULL,'VIA TRENTO & TRIESTE, 33','01215460518','',NULL,'AREZZO','01215460518',1,NULL,NULL,NULL),(85,'PAPALINI STEFANO',NULL,'086','','',NULL,'VIA GIUSTI, 3/A','01223190529','',NULL,'AREZZO','PPLSFN68D29C608Z',1,NULL,NULL,NULL),(86,'FONDAZIONE A.N.T. ITALIA ONLUS',NULL,'087','575295172','575295172',NULL,'VIA JACOPO DI PAOLO 36','01229650377','',NULL,'BOLOGNA','01229650377',1,NULL,NULL,NULL),(87,'ALCA SNC',NULL,'088','','',NULL,'VIA DI VALLEROZZI 18','01235490529','naturhouse.arezzo@libero.it',NULL,'SIENA','01235490529',1,NULL,NULL,NULL),(88,'PJ S.R.L.',NULL,'089','05759850647','',NULL,'VIA CURIE 7/G','01236710511','',NULL,'AREZZO','',1,NULL,NULL,NULL),(89,'LA CHIMERA - OFFICINA MECCANICA DI FRANCIONI GIANFRANCO',NULL,'090','0575 966383','',NULL,'LOC. MOLIN BIANCO, 14/8','01238610511','lachimerastampi@virgilio.it',NULL,'AREZZO','FRNGFR50T20A390D',1,NULL,NULL,NULL),(90,'LETIZIA VIAGGI SRL',NULL,'091','0575-370646','0575-370166',NULL,'VIALE MICHELANGELO, 112','01257820512','',NULL,'AREZZO','01257820512',1,NULL,NULL,NULL),(91,'ANDREINI AUTO SRL',NULL,'092','0575-354400 / 3','',NULL,'VIA E. ROSSI, 21','01264970516','tiziana.giommoni@andreiniauto.service-bmw.com',NULL,'AREZZO','01264970516',1,NULL,NULL,NULL),(92,'M.G.F. IMPORT EXPORT SRL',NULL,'093','575354253','0575 - 294725',NULL,'VIA B. CROCE, 41/A','01265330512','',NULL,'AREZZO','01265330512',1,NULL,NULL,NULL),(93,'EXECUTIVE SRL',NULL,'094','','',NULL,'VIA DEI MONTANINI, 54','01270410523','',NULL,'SIENA','01270410523',1,NULL,NULL,NULL),(94,'A.S.D. BOCCE AREZZO   BOCCIODROMO COMUNALE',NULL,'095','57527841','575294773',NULL,'VIA DIVISIONE GARIBALDI.','01277220511','',NULL,'AREZZO','01277220511',1,NULL,NULL,NULL),(95,'PARISI GIULIANA',NULL,'096','','',NULL,'DIPARTIMENTO DI BIOTECNOLOGIE AGRARIE','01279680480','',NULL,'FIRENZE','',1,NULL,NULL,NULL),(96,'STUDIO ASSOCIATO RAG. CLAUDIO GUERRINI E RAG. CLAUDIO TENTI',NULL,'097','0575498401','',NULL,'Via Galileo Galilei, 17/A','01284360516','',NULL,'PIEVE AL TOPPO','01284360516',1,NULL,NULL,NULL),(97,'MARIA RITA SRL',NULL,'098','0575900088','',NULL,'VIA GARIBALDI, 14ABC','01289360511','',NULL,'AREZZO','01289360511',1,NULL,NULL,NULL),(98,'S.M.E.A. DI ULIVI ANNA MARIA',NULL,'099','0575-369321','0575-369321',NULL,'VIA BERNARDO TANUCCI, 24','01290130515','',NULL,'AREZZO','01290130515',1,NULL,NULL,NULL),(99,'RAG. DANIELA GUERRIERI',NULL,'100','','',NULL,'P.ZZA RISORGIMENTO, 11','01293230510','',NULL,'AREZZO','GRRDNL64B44A390T',1,NULL,NULL,NULL),(100,'KHOR SRL',NULL,'101','0575-324925','0575-27448',NULL,'VIA ERNESTO ROSSI, 13','01295380511','amministrazione@gruppograziella.it',NULL,'AREZZO','01295380511',1,NULL,NULL,NULL),(101,'SOILTEST SRL - INGEGNERIA GEOTECNICA',NULL,'102','575323644','57523230',NULL,'VIA A. GRANDI, 39','01304860511','',NULL,'AREZZO','01304860511',1,NULL,NULL,NULL),(102,'STUDIO COMMERCIALE TRIBUTARIO SESTINI',NULL,'103','','',NULL,'VIA P. CALAMANDREI, 133','01308490513','',NULL,'AREZZO','SSTGCR65M21A390Z',1,NULL,NULL,NULL),(103,'FINANCIAL SERVICES DI PAGLIACCI DIEGO',NULL,'104','0575-984699 / 9','0575-980770',NULL,'VIA GALVANI, 77/A','01312220518','',NULL,'AREZZO','PGLDGI64L27H294H',1,NULL,NULL,NULL),(104,'BAR CLUB AMARANTO S.N.C.',NULL,'105','057528840','',NULL,'VICOLO P. DA CORTONA, 12','01312600511','',NULL,'AREZZO','',1,NULL,NULL,NULL),(105,'PAOLO BRONZI',NULL,'106','','',NULL,'VIA PASQUI, 12','01315140515','',NULL,'AREZZO','',1,NULL,NULL,NULL),(106,'MORENO CECCHERINI',NULL,'107','0575984694','',NULL,'VIA DELLE BIOLE, 64','01318470513','',NULL,'AREZZO','CCCMRN65L21F628I',1,NULL,NULL,NULL),(107,'PROFUMERIA ORCHIDEA BLU DI CRISTINA PORCELLOTTI',NULL,'108','57526388','57526388',NULL,'VIA TRENTO E TRIESTE N?29','01321990515','',NULL,'AREZZO','PRCCST67T43A390S',1,NULL,NULL,NULL),(108,'PINU BAR DI PIEROZZI RENATO',NULL,'109','057521793','',NULL,'VIA VITTORIO VENETO, 109','01322430511','',NULL,'AREZZO','',1,NULL,NULL,NULL),(109,'ISA S.R.L.',NULL,'110','0575360175','',NULL,'VIA MODIGLIANI, 4','01325380515','',NULL,'AREZZO','01325380515',1,NULL,NULL,NULL),(110,'OLD FLORENCE S.R.L.',NULL,'111','0575 352234','',NULL,'VIA CALAMANDREI 63/A','01336810518','',NULL,'AREZZO','01336810518',1,NULL,NULL,NULL),(111,'SACCHETTI ALDO',NULL,'112','335-8481635','',NULL,'LOC. VITIANO, 197','01341150512','',NULL,'AREZZO','SCCLDA58P06A390P',1,NULL,NULL,NULL),(112,'ASTRA ELETTRONICA DI MISURI GIUSEPPE',NULL,'113','0575-383128','0575-383128',NULL,'VIA G. KONZ, 40','01342000518','astraelettronica@tin.it',NULL,'AREZZO','MSRGPP64C05A390S',1,NULL,NULL,NULL),(113,'YELLOW SRL',NULL,'114','0575381910','',NULL,'VIA DEL GAVARDELLO, 61/A','01350660518','',NULL,'AREZZO','01350660518',1,NULL,NULL,NULL),(114,'ANTICA OSTERIA AGANIA DI LODOVICHI ANTONIO',NULL,'115','','',NULL,'VIA MAZZINI, 10','01353020512','info@agania.com',NULL,'AREZZO','LDVNTN48L16D077S',1,NULL,NULL,NULL),(115,'HOBBY PESCA DI SARRI ELISABETTA',NULL,'116','','',NULL,'VIA MARTIRI DI NASSIRYA 10','01355880517','',NULL,'AREZZO','',1,NULL,NULL,NULL),(116,'MADALUS SRL',NULL,'117','0575-410250','',NULL,'STRADA C 11/D','01359850516','madalus@intefree.it',NULL,'AREZZO','01359850516',1,NULL,NULL,NULL),(117,'LUCHERINI ASSOCIATI ING.ARCH. CONSULTING SRL',NULL,'118','0575-354721','0575-20874',NULL,'VIA XXV APRILE, 6','01364790517','',NULL,'AREZZO','01364790517',1,NULL,NULL,NULL),(118,'EFFE IMPIANTI S.N.C. DI FARSETTI MAURO',NULL,'119','','',NULL,'VIA DELLA CELLA, 64','01370320515','',NULL,'AREZZO','01370320515',1,NULL,NULL,NULL),(119,'CENTRO UFFICIO SNC DI FORZONI CLAUDIA, SARA E C.',NULL,'120','0575-352684','0575-372569',NULL,'VIA CRISPI, 70/72','01376860514','',NULL,'AREZZO','01376860514',1,NULL,NULL,NULL),(120,'ELIOGRAFIE GIOTTO DI LUCIANO GHINAZZI',NULL,'121','0575350783','',NULL,'VIA GIOTTO, 140','01382770517','',NULL,'AREZZO','',1,NULL,NULL,NULL),(121,'AVV. STEFANO SACCHI',NULL,'122','0575906985','',NULL,'VIA CRISPI 23/1','01383490511','',NULL,'AREZZO','',1,NULL,NULL,NULL),(122,'GRAFFITI SRL',NULL,'123','0575-364734','0575-364763',NULL,'VIA ERNESTO ROSSI, 5','01384820518','amministrazione@gruppograziella.it',NULL,'AREZZO','01384820518',1,NULL,NULL,NULL),(123,'OROLOGERIA NERI DI BARDASSINI DANIELA',NULL,'124','0575352231','',NULL,'VIA DE MANNINI, 4-6','01386940512','',NULL,'AREZZO','',1,NULL,NULL,NULL),(124,'GRAZIELLA GROUP SPA',NULL,'125','0575326416','',NULL,'VIA ERNESTO ROSSI, 9','01388540518','amministrazione@gruppograziella.it',NULL,'AREZZO','01388540518',1,NULL,NULL,NULL),(125,'DANIELE PADOVANI SRL',NULL,'126','0575380049 - 05','575986858',NULL,'VIA DEL GAVARDELLO, 24','01402540510','',NULL,'AREZZO','01402540510',1,NULL,NULL,NULL),(126,'NEMESI SRL',NULL,'127','0575-441407/441','575441442',NULL,'VIA PESCAIOLA 85/S1','01403200510','info@nemesioro.it',NULL,'VICIOMAGGIO','01403200510',1,NULL,NULL,NULL),(127,'PIZZERIA SOTTOLEMURA',NULL,'128','','',NULL,'VIA ANDREA SANSOVINO, 18','01404370510','',NULL,'AREZZO','01404370510',1,NULL,NULL,NULL),(128,'LUCIA PARISI DOTTORESSA',NULL,'129','0575898968','',NULL,'VIA CAVI 52','01407510518','',NULL,'PONTICINO','PRSLCU56D59F656E',1,NULL,NULL,NULL),(129,'ANTICA CORTONA SRL',NULL,'130','575603355','',NULL,'SCALI OLANDESI 12','01412300491','',NULL,'LIVORNO','01412300491',1,NULL,NULL,NULL),(130,'BM CONSULTING DI BERNARDO MENNINI',NULL,'131','','',NULL,'VIA SAN PIETRO A CEGLIOLO, 56','01412900514','',NULL,'CORTONA','MNNBNR68T15C319P',1,NULL,NULL,NULL),(131,'STUDIO TECNICO CIABATTI ALDO (EX PICINOTTI)',NULL,'132','0575488616','0575410128',NULL,'VIA G. TORTELLI, 64','01414340511','amministrazionestaciabatti@gmail.com','','CAPOLONA','01414340511',1,'',NULL,NULL),(132,'ERREDUE MACCHINE SRL',NULL,'133','575845614','',NULL,'VIA CULLE, SNC','01419720519','amministrazione@erreduemacchine.it',NULL,'MARCIANO DELLA CHIANA','01419720519',1,NULL,NULL,NULL),(133,'PAOLA PISANI SAS',NULL,'134','','',NULL,'P.ZZA GUIDO MONACO, 11','01421410513','',NULL,'AREZZO','01421410513',1,NULL,NULL,NULL),(134,'OTTICA FRESCURA DI SARA GIUSEPPINA',NULL,'135','0575902413','',NULL,'VIA VITTORIO VENETO, 12/C','01423690518','',NULL,'AREZZO','FRSSGS50E41G642T',1,NULL,NULL,NULL),(135,'STAMPA INDIPENDENTE S.C.R.L.',NULL,'136','0575-333010','0575-333010',NULL,'VIA CAMPO DI MARTE 20','01424350518','info@liminaedizioni.it',NULL,'AREZZO','01424350518',1,NULL,NULL,NULL),(136,'CINIMED DI CINI GILBERTO',NULL,'137','','',NULL,'VIA DEI PIANETI, 27','01430180511','info@biokim.it',NULL,'AREZZO','CNIGBR54L26A390L',1,NULL,NULL,NULL),(137,'STUDIO DOTT. RASCHI GIANLUCA',NULL,'138','0575-352228','0575/22284',NULL,'VIA XXV APRILE, 12','01430190510','gianluca@studioraschi.it',NULL,'AREZZO','RSCGLC59D12A390R',1,NULL,NULL,NULL),(138,'PACCHIAROTTI GIANCARLO',NULL,'139','575911181','',NULL,'VIA MINCIO, 50','01435250517','gpacchia@gpacchia.f2n.it; bocciomax@gmail.com',NULL,'AREZZO','PCCGCR63B21A390X',1,NULL,NULL,NULL),(139,'LENARDON BARBARA',NULL,'140','0575401577','057526136',NULL,'PIAZZA RISORGIMENTO, 11','01436060519','',NULL,'AREZZO','LNRBBR69S70A390A',1,NULL,NULL,NULL),(140,'COIBA SRL UNIPERSONALE',NULL,'141','0575-383131','0575-98446',NULL,'VIA SERGIO RAMELLI, 55','01443620511','',NULL,'AREZZO','01443620511',1,NULL,NULL,NULL),(141,'NARDUCCI EMILIO & C. SAS',NULL,'142','','',NULL,'VIA TRASIMENO, 4','01443730518','',NULL,'AREZZO','',1,NULL,NULL,NULL),(142,'LE IDEE PREZIOSE DI ROBERTO PASINI',NULL,'143','0575-966446','0575-966877',NULL,'LOC. MOLIN BIANCO, 14/12','01443740517','',NULL,'AREZZO','01443740517',1,NULL,NULL,NULL),(143,'BIVIGNANELLI DR. ELENA',NULL,'144','0575/908271','',NULL,'VIA VITTORIO VENETO 185','01444450512','',NULL,'AREZZO','BVGLNE66T46A390M',1,NULL,NULL,NULL),(144,'MENCHETTI DONATELLA',NULL,'145','','',NULL,'VIA DI SAN LEO, 67','01445760513','',NULL,'AREZZO','MNCDTL63A65A390P',1,NULL,NULL,NULL),(145,'TUSCAN GOLD DI ZAMPETTI PASQUALE',NULL,'146','','',NULL,'VIA SAN QUIRICO, 1A','01453160515','MANU2@INWIND.IT',NULL,'POZZO DELLA CHIANA','ZMPPQL59L13A390R',1,NULL,NULL,NULL),(146,'ARIS SRL',NULL,'147','055/9789930','',NULL,'VIA VENERE, 7','01462490515','info@aris-srl.it',NULL,'LEVANE','01462490515',1,NULL,NULL,NULL),(147,'FEDELI LUCIO',NULL,'148','0575323568','',NULL,'VIA AVIGNONE, 15','01468430515','luciofedeli@ymail.com',NULL,'AREZZO','FDLLCU63E27A390P',1,NULL,NULL,NULL),(148,'TRAVISANI LUCA PERITO',NULL,'149','','559102204',NULL,'VIA CADORNA, 28','01469900516','',NULL,'MONTEVARCHI','TRVLCU71D28F656H',1,NULL,NULL,NULL),(149,'GAB SRL',NULL,'150','0575-326432','0575-326468',NULL,'VIA ERNESTO ROSSI 3/A','01473500518','amministrazione@gruppograziella.it',NULL,'AREZZO','01473500518',1,NULL,NULL,NULL),(150,'CENTRO SERVIZI COMMERCIALI DI CIVITELLI MASSIMO',NULL,'151','057528440','',NULL,'VIA ERBOSA, 19','01473980512','',NULL,'AREZZO','',1,NULL,NULL,NULL),(151,'STUDIO COMMERCIALE TRIBUTARIO/CARLA TAVANTI',NULL,'152','575351588','57526012',NULL,'VIALE MICHELANGELO 48','01477160517','',NULL,'AREZZO','TVNCRL66S61A390C',1,NULL,NULL,NULL),(152,'IMMOBILIARE CDG SRL',NULL,'153','','',NULL,'PIAZZA GIOTTO, 32','01477600512','gtarchiani@alice.it',NULL,'AREZZO','01477600512',1,NULL,NULL,NULL),(153,'STUDIO TECNICO GEOM. FAVILLI LAMBERTO',NULL,'154','575369311','',NULL,'LOC. PALAZZO DEL PERO 59/D','01483620512','',NULL,'AREZZO','FVLLBR56B27A390R',1,NULL,NULL,NULL),(154,'CARTOLERIA EDICOLA INNOCENTI DI INNOCENTI MASSIMO',NULL,'155','0575-488049','',NULL,'VIA ROMA, 94/96','01489860518','',NULL,'SUBBIANO','NNCMSM72A29I991Z',1,NULL,NULL,NULL),(155,'STUDIO RADICCHI',NULL,'156','0575389099','',NULL,'VIA DEL MASPINO, 9','01500970510','',NULL,'AREZZO','RDCLCU63C20L833O',1,NULL,NULL,NULL),(156,'PROFER SRL',NULL,'157','0575-511347','575531507',NULL,'VIA PIANA, 6','01502290511','',NULL,'CORSALONE (CHIUSI DELLA VERNA)','01502290511',1,NULL,NULL,NULL),(157,'ALL ITALIA SRL',NULL,'158','0575 - 984804','0575 - 984826',NULL,'VIA DEL GAVARDELLO, 59/F','01502860511','',NULL,'AREZZO','01502860511',1,NULL,NULL,NULL),(158,'SASSOLI ROSSANA',NULL,'159','','',NULL,'PIAZZA GUIDO MONACO, 6','01508110515','',NULL,'AREZZO','SSSRSN70M59A390G',1,NULL,NULL,NULL),(159,'AZ. AGR. POLTRI TANUCCI GIOVANNI',NULL,'160','','',NULL,'VIA TANUCCI, 3','01509660518','',NULL,'STIA','PLTGNN76T22F205E',1,NULL,NULL,NULL),(160,'MASTER INFORMATICA SNC DI FARSETTI D. E NICCHI R.',NULL,'161','0575 - 901621','0575 0130885',NULL,'VIA G. FERRARIS, 186','01509880512','',NULL,'AREZZO','01509880512',1,NULL,NULL,NULL),(161,'BARBATO AVV. CRISTINA',NULL,'162','057522943','',NULL,'VIA BEATO ANGELICO, 1','01514250511','',NULL,'AREZZO','',1,NULL,NULL,NULL),(162,'I GIRASOLI DI PERNICI ANNA - ERBORISTERIA',NULL,'163','0575497837','0575497837',NULL,'VIA V. VENETO, 98','01521530517','',NULL,'AREZZO','',1,NULL,NULL,NULL),(163,'ANTONIO ROMAGNOLO',NULL,'164','0575-20999','',NULL,'VIA DEI TIGLI, 24','01522420510','',NULL,'AREZZO','RMGNTN64R23A390Y',1,NULL,NULL,NULL),(164,'PAOLO TAGLIARENI RAPPRESENTANZE EDITORIALI',NULL,'165','','',NULL,'LOC. SCOPETO, 11','01522760519','',NULL,'AREZZO','TGLPLA63D03A390O',1,NULL,NULL,NULL),(165,'ANGIOLI GIOVANNI',NULL,'166','3356396885','',NULL,'VIA DEI PINI 8','01537650515','',NULL,'TEGOLETO','NGLGNN72H11D649T',1,NULL,NULL,NULL),(166,'STUDIO ALTERINI ANDREA',NULL,'167','0575-302708','0575-399215',NULL,'VIA MADONNA DEL PRATO, 116','01541050512','',NULL,'AREZZO','LTRNDR64H23A390A',1,NULL,NULL,NULL),(167,'SCROCCA MARCO',NULL,'168','','',NULL,'VIA SANZIO 62','01548050515','',NULL,'AREZZO','SCRMRC59S04A390A',1,NULL,NULL,NULL),(168,'INDUSTRIAL ENGINEERING',NULL,'169','','',NULL,'VIA UMBRIA, 54','01555100518','massimo.grotti1@tin.it',NULL,'AREZZO','GRTMSM56E31D649A',1,NULL,NULL,NULL),(169,'MINERVA 97 SAS DI RONDONI ROBERTO',NULL,'170','0575374415','',NULL,'VIA GUADAGNOLI, 35','01555490513','','','AREZZO','',0,'',NULL,NULL),(170,'FROSINI DOTT. SIMONE',NULL,'171','0575356754','',NULL,'VIA VIGNONE,15','01559030513','',NULL,'AREZZO','FRSSMN70H15A390A',1,NULL,NULL,NULL),(171,'MAGNANINI SRL',NULL,'172','0575907797','',NULL,'VIA ARNO, 26','01563830510','',NULL,'AREZZO','01563830510',1,NULL,NULL,NULL),(172,'CASA DEL CANE 2 DI MORI LUCA',NULL,'173','0575-350616','',NULL,'VIA SICILIA, 10','01564160511','',NULL,'AREZZO','MROLCU70H17A390V',1,NULL,NULL,NULL),(173,'NEON ASSOCIATE AREZZO COOP. SOC.',NULL,'174','575381541','',NULL,'VIA DEL MASPINO, 8','01564370516','',NULL,'AREZZO','01564370516',1,NULL,NULL,NULL),(174,'CONTROSENSO SNC',NULL,'175','0575300025','',NULL,'VIA DEL PANTANO 40/A','01566730519','',NULL,'AREZZO','01566730519',1,NULL,NULL,NULL),(175,'LANDI FRANCO AUTOTRASPORTI',NULL,'176','','',NULL,'VIA F. PETRARCA, 17','01574930549','',NULL,'CITTA\' DI CASTELLO','',1,NULL,NULL,NULL),(176,'SCATENI DR. FABRIZIO',NULL,'177','0575-24630','',NULL,'VIA XX SETTEMBRE, 3','01575450513','emanuela@studioscateni.com',NULL,'AREZZO','SCTFRZ70P09A390U',1,NULL,NULL,NULL),(177,'DOG OPERATORI DI STRADA',NULL,'178','','',NULL,'VIA CORSO ITAIA, 25','01576030512','enzoiovino@virgilio.it',NULL,'AREZZO','',1,NULL,NULL,NULL),(178,'LIBERTY SRL',NULL,'179','0575 - 320852','',NULL,'LOC.CASENUOVE DI CECILIANO, 73/11-73/13','01578780510','info@madfashion.it',NULL,'AREZZO','01578780510',1,NULL,NULL,NULL),(179,'FINECO LEASING SPA - AGENZIA DI AREZZO TAMFIN SRL',NULL,'180','0575-908170','',NULL,'VIA MARSALA, 42/A','01582970172','',NULL,'BRESCIA','01582970172',1,NULL,NULL,NULL),(180,'PISANESCHI GIANNANDREA',NULL,'181','','',NULL,'VIA MINO DA POPPI, 14','01587090513','pisaneschig@alice.it',NULL,'AREZZO','PSNGNN53T25C313M',1,NULL,NULL,NULL),(181,'L\'ART DI PATRIZIO RINALDI',NULL,'182','0575-300686','',NULL,'VIA B.TANUCCI, 24','01590460513','',NULL,'AREZZO','01590460513',1,NULL,NULL,NULL),(182,'CORTONAWEB DI MARCO MARCELLINI',NULL,'183','','',NULL,'VIA GINO SEVERINI, 107','01592680514','',NULL,'CORTONA','MRCMRC71E21D077P',1,NULL,NULL,NULL),(183,'EDIL MACCHINE SPA',NULL,'184','575845614','575845622',NULL,'VIA CULLE, SNC','01593640517','',NULL,'MARCIANO DELLA CHIANA','01593640517',1,NULL,NULL,NULL),(184,'GREINER MICHELE JULIETTE MARIETTE',NULL,'185','','',NULL,'VIA ASMARA, 6','01600660516','greinermich@teletu.it',NULL,'AREZZO','GRNMHL63B54Z110V',1,NULL,NULL,NULL),(185,'SALA GIAMPIERO',NULL,'186','','',NULL,'VIA BURRAIA, 17','01605730512','',NULL,'BIBBIENA','SLAGPR44L14C038Y',1,NULL,NULL,NULL),(186,'EUROIMPIANTI SRL',NULL,'187','0575-846094','0575-846094',NULL,'VIA GIACOMO MATTEOTTI, 13','01608240519','euroimpianti1999@virgilio.it',NULL,'MONTAGNANO','01608240519',1,NULL,NULL,NULL),(187,'FALLAI ROBERTO',NULL,'188','0575/907700','0575/1822480',NULL,'VIA VITTORIO VENETO, 132/B','01611290519','fallairoberto@tin.it',NULL,'AREZZO','FLLRRT64C15A390X',1,NULL,NULL,NULL),(188,'COOPERATIVA 4V COOP.',NULL,'189','0575488616','',NULL,'VIA G. TORTELLI, 60','01613430519','amministrazione@studiopicinotti.it',NULL,'CAPOLONA','01613430519',1,NULL,NULL,NULL),(189,'ASK SRL',NULL,'190','','','','VIA TAGLIAMENTO, 14','01614590519','','','PIEVE AL TOPPO','01614590519',1,NULL,NULL,NULL),(190,'DESIRE\' SRL',NULL,'191','0575-295584','0575/259546',NULL,'PIAZZA ALESSANDRO VOLTA, 24/25','01615530514','info@desiregioielli.com',NULL,'PIEVE AL TOPPO','01615530514',1,NULL,NULL,NULL),(191,'ENRICO AUSTORGI ARCHITETTO',NULL,'192','','',NULL,'VIA PETRARCA, 26','01616050512','',NULL,'AREZZO','01616050512',1,NULL,NULL,NULL),(192,'REMAKE SNC',NULL,'193','0575371626','',NULL,'VIA FRANCESCO REDI, 7/E','01618250516','',NULL,'AREZZO','01618250516',1,NULL,NULL,NULL),(193,'CIRCOLO BAOBAB',NULL,'194','','',NULL,'VIA FRANCESCO REDI, 76','01618280513','',NULL,'AREZZO','',1,NULL,NULL,NULL),(194,'M.G. FALEGNAMERIA DI MASSIMO G',NULL,'195','','',NULL,'VIA ANCONETANA, 129/A 10 11','01621770518','',NULL,'AREZZO','GLLMSM61M01A390N',1,NULL,NULL,NULL),(195,'GIUSTI ANDREA',NULL,'196','','',NULL,'VIA GIOVANNI PASCOLI, 24','01622390514','',NULL,'AREZZO','GSTNDR63P17A390K',1,NULL,NULL,NULL),(196,'ARNO ENGINEERING SRL',NULL,'197','','',NULL,'VIA DEL TANNINO, 6','01625670516','info@studiopicinotti.it',NULL,'BIBBIENA','01625670516',1,NULL,NULL,NULL),(197,'RAPPRESENTANZE TOSCANE DI PELLITTERI MARCO',NULL,'198','','',NULL,'LOC. PALAZZO DEL PERO S. DONNINO 273','01626110512','',NULL,'AREZZO','',1,NULL,NULL,NULL),(198,'STUDIO MDR - DOTT. ARCH. MARCO DELLA RATTA',NULL,'199','0575 352999','',NULL,'VIA MARCO PERENNIO, 82','01626180515','',NULL,'AREZZO','DLLMRC69P29A390H',1,NULL,NULL,NULL),(199,'M.G.G. SRL',NULL,'200','','',NULL,'P.ZZA RISORGIMENTO, 11','01626680514','',NULL,'AREZZO','',1,NULL,NULL,NULL),(200,'BOTTIGLIERIA AL PINO DI ANDREA MAFUCCI',NULL,'201','','',NULL,'VIA VITTORIO VENETO, 127/A','01638500510','info@bottiglieria.eu',NULL,'AREZZO','',1,NULL,NULL,NULL),(201,'PANARELLI ANNAROSA',NULL,'202','','',NULL,'VIA TRENTO E TRIESTE 104D','01648370516','',NULL,'AREZZO','01648370516',1,NULL,NULL,NULL),(202,'AREA IMMOBILIARE DI MARIO LANDINI',NULL,'203','575401080','',NULL,'VIALE GIOTTO, 7','01659060519','',NULL,'AREZZO','LNDMRA51P12A390G',1,NULL,NULL,NULL),(203,'ETRUSCA COSTRUZIONI SRL',NULL,'204','','',NULL,'VIA DEL TANNINO, 6','01660760511','',NULL,'BIBBIENA','01660760511',1,NULL,NULL,NULL),(204,'CENTRO SERRAMENTI 2000 SNC',NULL,'205','0575900420','0575900420',NULL,'VIA VITTORIO VENETO, 172','01673040513','info@centroserramenti2000.f2n.it',NULL,'AREZZO','',1,NULL,NULL,NULL),(205,'OPEN ABS SNC DI A.BRASINI E G.MELICIANI SNC',NULL,'206','0575901381','',NULL,'VIA V.VENETO, 104','01675880510','laura.barbagli@openabs.it',NULL,'AREZZO','',1,NULL,NULL,NULL),(206,'EDIL 2000 SRL',NULL,'207','','',NULL,'VIA TORTELLI, 60','01676310517','',NULL,'CAPOLONA','01676310517',1,NULL,NULL,NULL),(207,'FOR SALE STOCK HOUSE DI BASSINI M. , TIBERI L. E C. SNC',NULL,'208','0575 - 350778','',NULL,'VIA GUIDO MONACO, 39/B','01678120518','',NULL,'AREZZO','01678120518',1,NULL,NULL,NULL),(208,'IL VIANDANTE S.A.S.',NULL,'209','055 9194015','055 9736470',NULL,'VIA DI POGGILUPI, 668','01680080510','',NULL,'TERRANUOVA BRACCIOLINI','01680080510',1,NULL,NULL,NULL),(209,'GEOSURVEY SNC DI ALESSANDRO BANCHETTI E SCOTTI STEFANO',NULL,'210','57597366','575412956',NULL,'LOC. RIGUTINO OVEST, 276','01680280516','',NULL,'AREZZO','01680280516',1,NULL,NULL,NULL),(210,'SISAR SRL',NULL,'211','0575351854','',NULL,'VIA CESALPINO, 29','01682210511','',NULL,'AREZZO','01682210511',1,NULL,NULL,NULL),(211,'RENATO SPOSA SRL',NULL,'212','0575294005','',NULL,'CORSO ITALIA, 205','01684120510','sposa@renatostore.it',NULL,'AREZZO','01684120510',1,NULL,NULL,NULL),(212,'ASTOLFI GEOMETRA MASSIMILIANO',NULL,'213','0575-1821710','',NULL,'VIA GUADAGNOLI, 11','01687850519','astolfi@me.com',NULL,'AREZZO','STLMSM75H09A390S',1,NULL,NULL,NULL),(213,'COOP.AM.I.CO. S.C.R.L.',NULL,'214','057523121','0575354144',NULL,'VIA MINO DA POPPI 11','01692370511','info@amicoarezzo.it',NULL,'AREZZO','',1,NULL,NULL,NULL),(214,'PROFUMERIE JOLIE DI DINI LAURA',NULL,'215','0575-905671','',NULL,'VIA VITTORIO VENETO, 84','01693950519','jolieprofumerie@gmail.com',NULL,'AREZZO','DNILRA61M61I991G',1,NULL,NULL,NULL),(215,'IDROLTERMICA DI FILI MARCO',NULL,'216','0575333197','0575333197',NULL,'VIA DEL NINFEO, 16/18','01695290518','info@idroltermica.com',NULL,'AREZZO','',1,NULL,NULL,NULL),(216,'TORTOLI SAURO',NULL,'217','','',NULL,'VIA GINO CAPPONI 30','01697000519','',NULL,'AREZZO','TRTSRA63C05H901F',1,NULL,NULL,NULL),(217,'FARALLI SRL',NULL,'218','575352391- 4017','',NULL,'VIA B. DI  SER GORELLO, 12','01702300516','',NULL,'AREZZO','01702300516',1,NULL,NULL,NULL),(218,'BARBINI ROBERTO',NULL,'219','','',NULL,'VIA MADONNA DEL PRATO, 119','01703670511','',NULL,'AREZZO','BRBRRT58B27A390O',1,NULL,NULL,NULL),(219,'ANTICA MACELLERIA SRL',NULL,'220','0575-903555','',NULL,'VIA ROMANA, 48','01704120516','INFO@LANTICAMACELLERIA.IT',NULL,'AREZZO','01704120516',1,NULL,NULL,NULL),(220,'CENTRO SERVIZI DI CARLO LAZZERI',NULL,'221','0575300021','0575300021',NULL,'VIA TRASIMENO, 35','01705410510','',NULL,'AREZZO','',1,NULL,NULL,NULL),(221,'NUOVI MAGLIFICI SPA',NULL,'222','575380465','575382523',NULL,'Via Galvani Luigi, 16/C','01709940512','',NULL,'AREZZO','01709940512',1,NULL,NULL,NULL),(222,'CONTI SICUREZZA SRL',NULL,'223','','',NULL,'VIA DELL\'ARTIGIANATO, 2/E','01710560515','',NULL,'MONTERCHI','01710560515',1,NULL,NULL,NULL),(223,'BER.MAR. SRL',NULL,'224','575497374','',NULL,'VIA CULLE, 58','01711440519','',NULL,'MARCIANO DELLA CHIANA','92037040513',1,NULL,NULL,NULL),(224,'MEDIACOM S.N.C.',NULL,'225','','',NULL,'VIA ACHILLE GRANDI N.10','01713800512','',NULL,'AREZZO','01713800512',1,NULL,NULL,NULL),(225,'DRAGONI LUCIA DOTTORESSA',NULL,'226','','',NULL,'VIA MONTE GRAPPA, 13','01715400519','',NULL,'AREZZO','DRGLCU73D50F628T',1,NULL,NULL,NULL),(226,'BARBERIA PETRUZZI',NULL,'227','','',NULL,'VIA TRENTO E TRIESTE, 10','01718660515','',NULL,'AREZZO','',1,NULL,NULL,NULL),(227,'LEO BRA SRL IN LIQUIDAZIONE',NULL,'228','575984138','575981687',NULL,'VIA F.LLI LUMIERE 88/A','01720970514','',NULL,'AREZZO','01720970514',1,NULL,NULL,NULL),(228,'RAINBOW SRL',NULL,'229','0575488616','',NULL,'VIA TORTELLI, 44','01721050514','',NULL,'CAPOLONA','01721050514',1,NULL,NULL,NULL),(229,'SERVIZI MEDICI MODERNI SRL',NULL,'230','0575-401595','0575 - 409589',NULL,'VIA ROMA, 7','01721320511','',NULL,'AREZZO','01721320511',1,NULL,NULL,NULL),(230,'AGNELLO NICOLA PERITO INDUSTRIALE',NULL,'231','','',NULL,'VIA MARCO PERENNIO, 23A','01721940516','',NULL,'AREZZO','GNLNCL79L24A390P',1,NULL,NULL,NULL),(231,'VOGUE HOTEL SRL',NULL,'232','057524361','',NULL,'VIA GUIDO MONACO, 54','01723450514','info@voguehotel.it',NULL,'AREZZO','01723450514',1,NULL,NULL,NULL),(232,'NO FEAR 79 DI BIDINI FRANCESCO & C. SNC',NULL,'233','0575294038','',NULL,'CORSO ITALIA, 187','01723890511','',NULL,'AREZZO','01723890511',1,NULL,NULL,NULL),(233,'ROYAL GEMS SRL',NULL,'234','0575 - 20365','',NULL,'VIA DON LUIGI STURZO, 118','01724390511','royalgems@virgilio.it',NULL,'AREZZO','01724390511',1,NULL,NULL,NULL),(234,'SEVERIBROS S.R.L.',NULL,'235','','',NULL,'VIA VITTORIO VENETO, 196','01725860512','',NULL,'AREZZO','01725860512',1,NULL,NULL,NULL),(235,'EFFETRE PREZIOSI SRL',NULL,'236','0575 - 300270','',NULL,'VIA CALAMANDREI, 98','01726480518','info@effetrepreziosi.com',NULL,'AREZZO','01726480518',1,NULL,NULL,NULL),(236,'CASINI ALBERTO S.R.L.',NULL,'237','057545997','',NULL,'CA DI BUFFA, 40/O','01728600519','',NULL,'SUBBIANO','',1,NULL,NULL,NULL),(237,'LORENZO LORENZONI',NULL,'238','5751822988','',NULL,'VIA TRENTO E TRIESTE 8','01733450512','',NULL,'AREZZO','LRNLNZ77R10A390S',1,NULL,NULL,NULL),(238,'ARCH. NICOLA MAFUCCI',NULL,'239','','',NULL,'VIA PIETRO LEOPOLDO 17','01733480519','',NULL,'AREZZO','MFCNCL74M26D612H',1,NULL,NULL,NULL),(239,'IPERAUTO SRL',NULL,'240','0575-302904','',NULL,'VIA DEL GAVARDELLO, 18','01733990517','amministrazione@iperautosrl.it',NULL,'AREZZO','01733990517',1,NULL,NULL,NULL),(240,'NUMERO TRE AREZZO SRL',NULL,'241','575380114','575380115',NULL,'VIA GALVANI, 59-61','01735100511','numerotrearezzo@gmail.com',NULL,'AREZZO','01735100511',1,NULL,NULL,NULL),(241,'K.M. DI KARPINSKA ALICJA',NULL,'242','','',NULL,'VIA A. DAL BORRO, 59','01735220517','',NULL,'AREZZO','',1,NULL,NULL,NULL),(242,'EUROCOSTRUZIONI SRL',NULL,'243','','',NULL,'VIA TANNINO','01736330513','',NULL,'BIBBIENA','01736330513',1,NULL,NULL,NULL),(243,'SORDI GIANCARLO STUDIO DISEGNO E PROGETTAZIONE',NULL,'244','0575-323841','0575-323841',NULL,'VIA DELLA SOCIET? OPERAIA, 2','01737130516','',NULL,'AREZZO','SRDGCR48T13C309D',1,NULL,NULL,NULL),(244,'EMOZIONI S.R.L.',NULL,'245','','',NULL,'VIA ARNO, 16','01738200516','emozionisrl@gmail.com',NULL,'AREZZO','01738200516',1,NULL,NULL,NULL),(245,'BARBAGLI DI SENNATI GIULIANO',NULL,'246','0575498589','0575416601',NULL,'VIA DELLE PISCINE 1/N','01738340510','info@barbagli.info',NULL,'PIEVE AL TOPPO','01738340510',1,NULL,NULL,NULL),(246,'GEOMETRA ANDREA BANCHETTI',NULL,'247','057522943','',NULL,'VIA BEATO ANGELICO, 1','01745560514','info@arezzocasa.it',NULL,'AREZZO','',1,NULL,NULL,NULL),(247,'ARETINA PONTEGGI METALLICI SRL',NULL,'248','','',NULL,'VALLE DEL VINGONE','01745920510','',NULL,'AREZZO','',1,NULL,NULL,NULL),(248,'D\'IPPOLITO MARIA',NULL,'249','','',NULL,'VIA GUIDO MONACO, 65','01747650511','',NULL,'AREZZO','',1,NULL,NULL,NULL),(249,'TABACCHERIA DURANTE ACHILLE',NULL,'250','','',NULL,'VIA G.BRUNO, 36/38','01750710517','',NULL,'AREZZO','DRNCLL78A21C349T',1,NULL,NULL,NULL),(250,'LO STUDIO DI FEDERICA COCCI E FABIANELLI ROBERTA - STUDIO ASSOCIATO',NULL,'251','0575 - 20970','',NULL,'VIA XXV APRILE, 6','01751800515','LOSTUDIO@LIVE.IT',NULL,'AREZZO','01751800515',1,NULL,NULL,NULL),(251,'EMME GROUP SRL',NULL,'252','575370576','',NULL,'VIA DE\'CENCI, 10','01753520517','',NULL,'AREZZO','01753520517',1,NULL,NULL,NULL),(252,'SERIAR DI ANTONIO COCCO',NULL,'253','0575906602','',NULL,'VIA C. BATTISTI, 15','01753970514','',NULL,'AREZZO','',1,NULL,NULL,NULL),(253,'POLVERINI ARREDAMENTI SRL',NULL,'254','0575-899636','0575-809935',NULL,'VIA PIERO CALAMANDREI, 5','01759070517','silviac@polveriniarredamenti.com',NULL,'PERGINE VALDARNO','01759070517',1,NULL,NULL,NULL),(254,'ATO 7  - CONSORZIO COMUNITA\' DI AMBITO N.7 DI AREZZO',NULL,'255','0575401342','0575403623',NULL,'PIAZZA SANTA MARIA IN GRADI, 4','01768380519','',NULL,'AREZZO','01768380519',1,NULL,NULL,NULL),(255,'AMBULATORIO VETERINARIO ASSOCIATO VITTORIO VENETO',NULL,'256','0575-908285','0575-908285',NULL,'VIA UBALDO PASQUI, 44','01771270517','amb.vittorioveneto@virgilio.it',NULL,'AREZZO','01771270517',1,NULL,NULL,NULL),(256,'AUTOTRASPORTI E TRASPORTI ECCEZIONALI SALIMBENI SRL',NULL,'257','','0575-980833',NULL,'VIA SETTEPONTI, 52','01772790513','amministrazione@trasportisalimbeni.it',NULL,'AREZZO','01772790513',1,NULL,NULL,NULL),(257,'LUCA AMENDOLA',NULL,'258','','',NULL,'VIA S. B. DA SIENA 10','01773450513','',NULL,'AREZZO','MNDLCU76E25A390I',1,NULL,NULL,NULL),(258,'ZAVANI DANIELE',NULL,'259','0575040236','',NULL,'LOC. VIGNALE 10/C','01775750514','dzavani@ross-simons.com',NULL,'AREZZO','01775750514',1,NULL,NULL,NULL),(259,'MANNELLI GIUSEPPE SRL DISTRIBUTORE IP',NULL,'260','0575-497257','',NULL,'VIA GRAMSCI, 45','01776590513','mannel04@mannelligiuseppesrl.191.it',NULL,'BADIA AL PINO','01776590513',1,NULL,NULL,NULL),(260,'SATTA ETTORE',NULL,'261','','',NULL,'VIA DELLA RESISTENZA, 11','01777230515','',NULL,'MARCIANO DELLA CHIANA','',1,NULL,NULL,NULL),(261,'ALESSIA STOCK HOUSE',NULL,'262','0575908488','',NULL,'VIA VITTORIO VENETO, 88','01778890515','stockhouse@f2n.it',NULL,'AREZZO','',1,NULL,NULL,NULL),(262,'PARADISO SRL',NULL,'263','','',NULL,'VIA GUIDO MONACO, 58','01779620515','',NULL,'AREZZO','01779620515',1,NULL,NULL,NULL),(263,'IMPRESA EDILE STRADALE MATTEINI SRL',NULL,'264','0575 383418','',NULL,'VIA DELLA CELLA, 132','01781310519','info@matteini.it',NULL,'AREZZO','01781310519',1,NULL,NULL,NULL),(264,'LINGUA-IT',NULL,'265','0575-1822064','0575-1822088',NULL,'VIA CABOTO, 38','01784450510','',NULL,'AREZZO','01784450510',1,NULL,NULL,NULL),(265,'PMI SERVICE SRL',NULL,'266','','',NULL,'VIA TIZIANO, 32','01787690518','',NULL,'AREZZO','01787690518',1,NULL,NULL,NULL),(266,'LORO S.R.L.',NULL,'267','','',NULL,'VIA FRANCESCO BARACCA, 51/A','01788260519','',NULL,'AREZZO','01788260519',1,NULL,NULL,NULL),(267,'SOCIETA\' AGRICOLA SHOWGARDEN DI PIOMBONI MARA E C. S.S.',NULL,'268','0575-320532','',NULL,'VIA CASENTINESE SNC   LOC.CECILIANO','01795830510','',NULL,'AREZZO','01795830510',1,NULL,NULL,NULL),(268,'DANA SRL',NULL,'269','','',NULL,'VIA ERNESTO ROSSI, 21/23','01799340516','tiziana.giommoni@andreiniauto.conc-bmw.com',NULL,'AREZZO','01799340516',1,NULL,NULL,NULL),(269,'SINTESI TOSCANA SERVIZI SRL',NULL,'270','0575360693/3697','1784415300',NULL,'VIA ANCONETANA, 129','01807910516','amministrazione@sintesitoscana.it',NULL,'AREZZO','01807910516',1,NULL,NULL,NULL),(270,'BRIO S.R.L. UNIPERSONALE',NULL,'271','0575410178','',NULL,'VIA MOLINARA, 87/E','01808690513','',NULL,'CIVITELLA DELLA CHIANA','',1,NULL,NULL,NULL),(271,'CORRADO DE MICHELE',NULL,'272','0575383082','',NULL,'VIA C. MONTEVERDI, 7','01808890519','',NULL,'AREZZO','DMCCRD62A30A390Y',1,NULL,NULL,NULL),(272,'ECCEZIONI SRL',NULL,'273','0575-902613','',NULL,'VIA G. CHIARINI, 6/A','01808960510','info@eccezioni.it',NULL,'AREZZO','01808960510',1,NULL,NULL,NULL),(273,'ALESSANDRO MAURILLI',NULL,'274','','',NULL,'VIA DEL CASTELLARE 61','01810810513','',NULL,'FOIANO DELLA CHIANA','MRLLSN80B04D649Q',1,NULL,NULL,NULL),(274,'EUROSOLE DI FOBERT ROBERTO',NULL,'275','0575-354389','',NULL,'VIA MARGARITONE, 7','01811450830','eurosole@alice.it',NULL,'AREZZO','FBRRRT71B23F158S',1,NULL,NULL,NULL),(275,'CAFF? 2 GIUGNO DI GAROFANO PATRIZIA',NULL,'276','','',NULL,'VIA VITTORIO VENETO 129/G','01814000517','',NULL,'AREZZO','',1,NULL,NULL,NULL),(276,'CLICHE\' DI RANDELLINI DANIELA',NULL,'277','','',NULL,'LOC. RUSCELLO, 15','01827250513','',NULL,'AREZZO','RNDDNL65C64A390P',1,NULL,NULL,NULL),(277,'GIANNI MICHELI PERFORMER',NULL,'278','','',NULL,'VIA PIAVE, 42/B','01828180511','',NULL,'AREZZO','MCHGNN70B27A390Z',1,NULL,NULL,NULL),(278,'P AND B CONSULTING DI BARTOLUCCI PAOLO',NULL,'279','0575-441263','0575-441263',NULL,'VIA MALPERTUSO, 67/A','01832550519','',NULL,'VICIOMAGGIO (CIVITELLA IN VAL DI CHIANA)','BRTPLA60E08A390G',1,NULL,NULL,NULL),(279,'FLORICOLTURA MADDII SAS',NULL,'280','','',NULL,'VIA DI TERRANOVA, 94','01833150517','',NULL,'MONTEVARCHI','01833150517',1,NULL,NULL,NULL),(280,'BIOKIM DI CINI ALESSIA',NULL,'281','','',NULL,'VIA DEI PIANETI, 27','01834030510','',NULL,'AREZZO','CNILSS83D47A390P',1,NULL,NULL,NULL),(281,'AURORA SERVIZI SRL',NULL,'282','0575-21223','0575-24920',NULL,'VIA BALDACCIO D\'ANGHIARI 27/31','01835870518','',NULL,'AREZZO','01835870518',1,NULL,NULL,NULL),(282,'PRIMITIVI GRAZIANO',NULL,'283','','',NULL,'VIA ROMANA, 156','01839260518','',NULL,'AREZZO','PRMGZN66E20A291X',1,NULL,NULL,NULL),(283,'GRAZIELLA IMMOBILIARE SRL SOCIET? UNIPERSONALE',NULL,'284','','',NULL,'VIA ERNESTO ROSSI, 9','01839660519','',NULL,'AREZZO','01839660519',1,NULL,NULL,NULL),(284,'IL NOSTRO BAR SNC DI PIERGIOVANNI B. E C.',NULL,'285','0575-333089','',NULL,'VIA TRENTO E TRIESTE, 21','01841680513','ilnostrobar@pec.it',NULL,'AREZZO','01841680513',1,NULL,NULL,NULL),(285,'ETRURIA BURRACO',NULL,'286','','',NULL,'CORSO ITALIA, 108','01842100511','',NULL,'AREZZO','92043230512',1,NULL,NULL,NULL),(286,'CHIUCHINI AVV. GIACOMO',NULL,'287','','',NULL,'PIAZZA GUIDO MONACO, 41','01843020510','',NULL,'AREZZO','CHCGCM79C25A390Z',1,NULL,NULL,NULL),(287,'DE JULIIS PAOLA',NULL,'288','','',NULL,'VIALE SIGNORELLI, 21','01847660519','',NULL,'AREZZO','DJLPLA61B66E625G',1,NULL,NULL,NULL),(288,'DIEFFEGI S.R.L.',NULL,'289','','',NULL,'VIA FRANCESCO CRISPI 23/17','01847850516','',NULL,'AREZZO','01847850516',1,NULL,NULL,NULL),(289,'FABBRI REFRIGERAZIONE DI FABIO FABBRI',NULL,'290','0575844799','',NULL,'VIA XXV APRILE, 87','01862280516','',NULL,'MONTE SAN SAVINO','FBBFBA59L09A461D',1,NULL,NULL,NULL),(290,'CIABINI',NULL,'291','05752244524','0575-1785545 an',NULL,'VIA ANCONETANA, 129/A6','01862420518','',NULL,'AREZZO','01862420518',1,NULL,NULL,NULL),(291,'MARRAGHINI DOTT. ING. GIULIA',NULL,'292','','',NULL,'VIA TRENTO E TRIESTE, 118','01863820518','',NULL,'AREZZO','01863820518',1,NULL,NULL,NULL),(292,'STUDIO BOCCIOLESI LUANA',NULL,'293','0758557734','',NULL,'VIA ALFONSINE, 5','01867370544','studiobocciolesi@interfree.it',NULL,'CITTA\' DI CASTELLO','BCCLNU41C41C745J',1,NULL,NULL,NULL),(293,'MARY DI MUGNAI MIRKO',NULL,'294','0575259933','',NULL,'VIA CHIARI, 70/F','01867400515','',NULL,'AREZZO','MGNMRK75C17A390G',1,NULL,NULL,NULL),(294,'FIRENZE ASFALTI',NULL,'295','','',NULL,'VIA LEO VALIANI','01867980516','',NULL,'AREZZO','',1,NULL,NULL,NULL),(295,'CESALPINO CONSULTING SRL',NULL,'296','0575302845','0575302847',NULL,'VIA CESALPINO, 15','01870510516','gianluca.gallorini@studiogallorini.it',NULL,'AREZZO','01870510516',1,NULL,NULL,NULL),(296,'GARAGE\'S FOOTWEAR SRL',NULL,'297','0575680166','',NULL,'VIA TEVERE, 1/E','01870670518','',NULL,'CASTIGLION FIORENTINO','01870670518',1,NULL,NULL,NULL),(297,'STUDIO AVVOCATO OCCHINI',NULL,'298','0575354491/3600','',NULL,'VIALE MICHELANGELO, 26','01873000515','',NULL,'AREZZO','CCHDNL70L24A390D',1,NULL,NULL,NULL),(298,'EDIL SIMA COSTRUZIONI DI GALICEANU  STEFAN',NULL,'299','0575369863','',NULL,'LOC. SALCETA, 15','01876370519','',NULL,'PALAZZO DEL PERO','01876370519',1,NULL,NULL,NULL),(299,'NOCENTINI ILARIA',NULL,'300','','',NULL,'VIA FOLLI, 28','01877320513','',NULL,'AREZZO','NCNLRI73E44A390Y',1,NULL,NULL,NULL),(300,'OROGI SRL',NULL,'301','05751780811','05751780811',NULL,'LOC. MOLIN BIANCO 14/15','01882180514','',NULL,'AREZZO','01882180514',1,NULL,NULL,NULL),(301,'AVV. ALESSANDRO BENOCCI',NULL,'302','057521594','',NULL,'VIA MARGATONE, 32','01882930512','alessandro.benocci@bnclaw.it',NULL,'AREZZO','BNCLSN77D25A390N',1,NULL,NULL,NULL),(302,'LA BOTTEGA DELL\'ORO DI MERCURI SILVANO',NULL,'303','057526969','057526969',NULL,'VIA ALESSANDRO DAL BORRO, 31','01883840512','info@labottegadelloroarezzo.it',NULL,'AREZZO','MRCSVN60T12A390D',1,NULL,NULL,NULL),(303,'ESTETICA UNIVERSO DEL BENESSERE',NULL,'304','0575942042','',NULL,'VIA DEL VINGONE, 11','01887980512','',NULL,'AREZZO','LSZBTR68C43Z127E',1,NULL,NULL,NULL),(304,'RIPARAZIONI ANDREANI',NULL,'305','0575363071','',NULL,'LOC. CHIANI 136','01891000513','',NULL,'AREZZO','',1,NULL,NULL,NULL),(305,'MG PREZIOSI DI ALBANO ROSALBA',NULL,'306','0575040634','',NULL,'VIA TRENTO E TRIESTE, 6/B','01892030519','',NULL,'AREZZO','LBNRLB62R57Z110R',1,NULL,NULL,NULL),(306,'ANTONIO CHINI',NULL,'307','0575353843','',NULL,'LOC. POLICIANO','01895880514','',NULL,'AREZZO','CHNNTN63M28A390Q',1,NULL,NULL,NULL),(307,'CIAROFOLI MARTA',NULL,'308','0575511177','0575511914',NULL,'LOC. PIAN DEL CONTE, 46','01895920518','',NULL,'CASTEL FOCOGNANO','CRFMRT82B46A851I',1,NULL,NULL,NULL),(308,'RISTORANTE L\'ARCHETTO DI NESI VIVENZ',NULL,'309','0575440259','',NULL,'VIA DI SOLAIA, 41','01899710519','',NULL,'MONTE SAN SAVINO','NSEVNZ76C15F656N',1,NULL,NULL,NULL),(309,'IO ES & CAPPUCCINO DI SIMONA RUFFINI',NULL,'310','','',NULL,'V.LE MICHELANGELO, 14','01903360517','',NULL,'AREZZO','RFFSMN73M61H501J',1,NULL,NULL,NULL),(310,'FRANCESCHI PAOLO',NULL,'311','','',NULL,'VIA CITTADINI, 9','01906560519','info@franceschipaolo.it',NULL,'AREZZO','FRNPLA48D27D077K',1,NULL,NULL,NULL),(311,'NM DI NICOLA MANNESCHI',NULL,'312','','',NULL,'VIALE DELLA RESISTENZA, 14','01908470519','',NULL,'FOIANO DELLA CHIANA','',1,NULL,NULL,NULL),(312,'CENTRO GUIDE AREZZO E PROVINCIA',NULL,'313','0575403319','0575403319',NULL,'C.SO ITALIA, 156','01908890518','info@centroguidearezzo.it',NULL,'AREZZO','',1,NULL,NULL,NULL),(313,'ROGGI ROBERTA',NULL,'314','0575410523','',NULL,'VIA BERLINGUER, 44','01911320511','roberta.roggi@alice.it',NULL,'TEGOLETO - CIVITELLA DELLA CHIANA','RGGRRT67D65A390I',1,NULL,NULL,NULL),(314,'TECNOSPECIAL SRL',NULL,'315','05751787870','05751949320',NULL,'VIA ANCONETANA, 203','01912730510','info@tecnospecial.com',NULL,'AREZZO','01912730510',1,NULL,NULL,NULL),(315,'FABIO CIATTI',NULL,'316','0575498648','',NULL,'VIA MUGLIANO, 19','01913670517','fabiociatti_cattolica@hotmail.it',NULL,'AREZZO','CTTFBA82S05A390C',1,NULL,NULL,NULL),(316,'L\'ACCENTI SRL',NULL,'317','0575984622','',NULL,'VIA DEL GAVARDELLO 43','01914290513','','','AREZZO','',1,'<p>Seriale Firewall sn160 :&nbsp; SN160A29J7503A7</p>',NULL,NULL),(317,'VENTUNO INVEST SRL',NULL,'318','0575411166','',NULL,'VIA MADONNA DEL PRATO, 119','01919140515','laura@gecom.biz',NULL,'AREZZO','01919140515',1,NULL,NULL,NULL),(318,'DISMASTAR SNC DI MARONGIU E URSU',NULL,'319','','',NULL,'VIA FIORENTINA, 87','01920240510','',NULL,'AREZZO','01920240510',1,NULL,NULL,NULL),(319,'ITAL-TRACTOR SERVICE DI P. CARUSO',NULL,'320','0575497245','0575497245',NULL,'VIA ALDO MORO, 12','01920670518','mariocobretti87@yahoo.it',NULL,'PIEVE AL TOPPO','CRSPLG61T09A783M',1,NULL,NULL,NULL),(320,'2BSERVICES DI ANTONIO BERTI',NULL,'321','','',NULL,'VIA DELLA MAGNANINA 2/T','01923710519','',NULL,'AREZZO','BRTNTN77P01A390L',1,NULL,NULL,NULL),(321,'TEAM FASHION SRL',NULL,'322','055977392','',NULL,'VIA MORAVIA, 15','01923770513','info@teamfashion2007.it',NULL,'SAN GIUSTINO VALDARNO','01923770513',1,NULL,NULL,NULL),(322,'MILLACCI SRL',NULL,'323','05751610412/324','0575324476',NULL,'VIA CADUTI SUL LAVORO, 1','01926400514','',NULL,'AREZZO','01926400514',1,NULL,NULL,NULL),(323,'CLIENTES SRL',NULL,'324','','',NULL,'VIA TORTELLI, 60','01926490515','',NULL,'CAPOLONA','01926490515',1,NULL,NULL,NULL),(324,'AM INTERNATIONAL SRL',NULL,'325','0575984336','0575984521',NULL,'VIA DEL GAVARDELLO, 60','01928210515','info@am-international.it',NULL,'AREZZO','01928210515',1,NULL,NULL,NULL),(325,'M.P.M. DI GOBBATO ENZO SRL',NULL,'326','0444611382','044410260',NULL,'VIA LAGO DI MOLVENO, 4','01929890240','mpm@gobbato.com',NULL,'VICENZA','01929890240',1,NULL,NULL,NULL),(326,'TM SISTEMI DI MORACCI TITO',NULL,'327','0559102088','',NULL,'VIA DI TERRANUOVA, 110','01930380512','',NULL,'MONTEVARCHI','MRCTTI58S13F656G',1,NULL,NULL,NULL),(327,'VALERIA ALBERA S.R.L UNIPERSONALE',NULL,'328','0575355746','0575355746',NULL,'VIA FONTANELLA, 6','01930840515','',NULL,'AREZZO','01930840515',1,NULL,NULL,NULL),(328,'GALASSIA COOP. SOC. ONLUS',NULL,'329','05751824333','05751824333',NULL,'VIA TRENTO TRIESTE 84','01936530516','info@galassia.f2n.it',NULL,'AREZZO','01936530516',1,NULL,NULL,NULL),(329,'PAPINI REAL ESTATE SRL',NULL,'330','0575352620','',NULL,'VIA CESALPINO, 10','01937460515','',NULL,'AREZZO','01937460515',1,NULL,NULL,NULL),(330,'FARMACIA DI SAIONE',NULL,'331','057521713','0575907516',NULL,'VIA VITTORIO VENETO, 115','01937710513','farmsaione@libero.it',NULL,'AREZZO','LGLLRT71H27E388O',1,NULL,NULL,NULL),(331,'GHOST SRL',NULL,'332','0575902761','',NULL,'VIA LUNGARNO DON MINZONI, 1','01938510516','guidopieraccini@alice.it',NULL,'SAN GIOVANNI VALDARNO','01938510516',1,NULL,NULL,NULL),(332,'BONECHI SRL',NULL,'333','0575984848','0575980874',NULL,'VIA A. RIGHI, 48','01938590518','info@bonechi-ar.it',NULL,'AREZZO','01938590518',1,NULL,NULL,NULL),(333,'LATTONERIA GUERRINI SNC DI GUERRINI ANGELINO E C.',NULL,'334','','',NULL,'LOC. CASTELNUOVO 173/6','01938730510','',NULL,'SUBBIANO','01938730510',1,NULL,NULL,NULL),(334,'I MERCANTI D\'ARGENTO SNC DI SETTEMBRINI R. & GUDINI M.',NULL,'335','0575942358','0575940386',NULL,'VIA F. MAGELLANO, 40','01941780510','',NULL,'AREZZO','01941780510',1,NULL,NULL,NULL),(335,'HOTEL CAVALIERE PALACE SRL',NULL,'336','0575294003','057523134',NULL,'VIA MADONNA DEL PRATO, 83','01942820513','hotelaretino@gmail.com',NULL,'AREZZO','01942820513',1,NULL,NULL,NULL),(336,'SISI RINALDO',NULL,'337','0575351854','',NULL,'VIA TULLIO LEVI CIVITA, 11','01945490512','',NULL,'AREZZO','SSIRLD62L26A390Y',1,NULL,NULL,NULL),(337,'STUDIO LEGALE ASSOCIATO BENINCASA',NULL,'338','0575323030','',NULL,'VIA GUIDO MONACO, 65','01946430517','',NULL,'AREZZO','',1,NULL,NULL,NULL),(338,'NDC SRL',NULL,'339','0575324479/8001','',NULL,'VIA TEOFILO TORRI, 12/14','01948470511','',NULL,'AREZZO','01948470511',1,NULL,NULL,NULL),(339,'PISCINE BARBERIS SNC DI S. POLVERINI E T. CORADESCHI',NULL,'340','3382432873','05753595238',NULL,'P.ZA A. VOLTA, 37','01953600515','',NULL,'PIEVE AL TOPPO (CIVITELLA DELLA CHIANA)','01953600515',1,NULL,NULL,NULL),(340,'TRETTRE SRL',NULL,'341','0575410419','',NULL,'VIA MOLINARA, 85/R','01961150511','amministrazione@trettre.it',NULL,'TEGOLETO - CIVITELLA DELLA CHIANA','01961150511',1,NULL,NULL,NULL),(341,'DANISH CALL & NET CENTER DI AHMED WAQUAR',NULL,'342','0575360816','',NULL,'VIA MONTEGRAPPA, 23','01963280514','',NULL,'AREZZO','HMDWQR81D10Z236C',1,NULL,NULL,NULL),(342,'PROGETTO IMMOBILIARE S.R.L',NULL,'343','','',NULL,'VIA VITTORIO VENETO, 133','01963890510','',NULL,'AREZZO','',1,NULL,NULL,NULL),(343,'CHIMERA INVESTIGAZIONI SRL',NULL,'344','0575355960','',NULL,'VIA XXV APRILE, 6','01966470518','carlo.goti@chimerainvestigazioni.it',NULL,'AREZZO','01966470518',1,NULL,NULL,NULL),(344,'STUDIO SERVIZI ENERGIA DI ALESSANDRA GUIDOTTI',NULL,'345','','057528336','','LOC. MADONNA DI MEZZASTRADA, 96','01968470516','','','AREZZO','GDTLSN75C59A390I',1,NULL,NULL,NULL),(345,'IAZZOLINO ROSSELLA',NULL,'346','3385930543','',NULL,'BORGO SANTA CROCE, 54','01969770518','',NULL,'AREZZO','ZZLRSL68R62A390V',1,NULL,NULL,NULL),(346,'GRECHI GIACOMO',NULL,'347','','',NULL,'VIA DELLA CENTRALE 36/2','01972930513','',NULL,'CIVITELLA VAL DICHIANA','',1,NULL,NULL,NULL),(347,'ARCHITETTO SARA TANGANELLI',NULL,'348','05751821144','',NULL,'VIA TRENTO E TRIESTE 4C','01973380510','',NULL,'AREZZO','TNGSRA75C50A390O',1,NULL,NULL,NULL),(348,'ARTE DI PERICCHI NICO & C. SAS',NULL,'349','057522789','',NULL,'VIA FIORENTINA, 248','01979870514','',NULL,'AREZZO','',1,NULL,NULL,NULL),(349,'MARINANGELI  FABIO',NULL,'350','','',NULL,'VIA FERROVIA DELL\'APPENNINO 28  S. SEPOLCRO AREZZO','01984940542','',NULL,'S. SEPOLCRO','MRNFBA68S20D653Y',1,NULL,NULL,NULL),(350,'MIMOSA ORO DI PERUZZI PIERO',NULL,'351','','',NULL,'LOC. QUARATA, 258','01985110517','piero_peruzzi@libero.it',NULL,'AREZZO','',1,NULL,NULL,NULL),(351,'ETRURIA ADVISING SRL',NULL,'352','','',NULL,'VIALE MICHELANGELO N?58','01988070510','',NULL,'AREZZO','01988070510',1,NULL,NULL,NULL),(352,'G & G SALDATURA DI MARTA GIARDINI',NULL,'353','0559148334','0559148630',NULL,'Localita Botriolo Km 5, 100','01989590516','info@gegsaldatura.com',NULL,'CASTELFRANCO DI SOPRA','GRDMRT84L55F656H',1,NULL,NULL,NULL),(353,'TABACCHERIA RICEVITORIA CASUCCI ALESSANDRO',NULL,'354','0575299259','',NULL,'VIA GARIBALDI, 7','01990340513','',NULL,'AREZZO','CSCLSN72P30A390D',1,NULL,NULL,NULL),(354,'FABIANE SRL',NULL,'355','0575350473','0575299893',NULL,'VIA ARTURO CHIARI, 70/F','01991000512','',NULL,'AREZZO','01991000512',1,NULL,NULL,NULL),(355,'DIVINO PROSCIUTTERIA WINE COCKTAIL BAR',NULL,'356','','',NULL,'VIA DEI CENCI, 14','01992090512','fradecenci@gmail.com',NULL,'AREZZO','',1,NULL,NULL,NULL),(356,'SGS LUCENOVA SRL',NULL,'357','','',NULL,'LOC. INDICATORE, 78/D','01996040513','',NULL,'AREZZO','01996040513',1,NULL,NULL,NULL),(357,'MASSIMILIANO NICCOLINI',NULL,'358','','',NULL,'VIA DEI PIOPPI, 35','01999430513','',NULL,'AREZZO','01999430513',1,NULL,NULL,NULL),(358,'PIER PAOLO TABOGA',NULL,'359','','',NULL,'VIA A. MALASPINA','02000220513','ptaboga@yahoo.it',NULL,'AREZZO','TBGPPL54M14L483J',1,NULL,NULL,NULL),(359,'CASINI GIANCARLO',NULL,'360','3475733186','',NULL,'VIA DEL TONACATO, 6/8','02001010517','',NULL,'MONTAGNANO','CSNGCR71D09A390E',1,NULL,NULL,NULL),(360,'CENTRO ENERGIA SRL',NULL,'361','0575370562','',NULL,'V.LE GIOTTO, 61','02001850516','',NULL,'AREZZO','02001850516',1,NULL,NULL,NULL),(361,'FABIO FRANGIPANI',NULL,'362','','',NULL,'LOC. OLMO, 211','02002470512','',NULL,'AREZZO','FRNFBA63B09A390H',1,NULL,NULL,NULL),(362,'B & G INFORMATICA SNC DI GALLETTI FRANCESCO & C.',NULL,'363','05751824402','',NULL,'VIA VITTORIO VENETO, 129/E','02005800517','info@framacomputer.com',NULL,'AREZZO','02005800517',1,NULL,NULL,NULL),(363,'NOIDELLESCARPEDIVERSE',NULL,'364','','',NULL,'LOC. TREGOZZANO-BENEDUCI, 3','02008500510','noidellescarpediverse@hotmail.com',NULL,'AREZZO','92035810511',1,NULL,NULL,NULL),(364,'BIDPLACE',NULL,'365','','',NULL,'VIA ANTONIO CECCHI, 23','02010680516','',NULL,'AREZZO','02010680516',1,NULL,NULL,NULL),(365,'VIOLETTA ALESSANDRA',NULL,'366','','',NULL,'VIA MONTE CERVINO 14/A','02012780512','',NULL,'AREZZO','VLTLSN82L41A433P',1,NULL,NULL,NULL),(366,'LIBRERIA ROSSANO',NULL,'367','05751824416','',NULL,'VIA FONTE VENEZIANA, 7','02013170515','',NULL,'AREZZO','RSSMLA52M49G813P',1,NULL,NULL,NULL),(367,'SA&MA SERVICES SRL',NULL,'368','0575360724','0575944190',NULL,'VIA CHIARINI, 71/F','02013480518','info@samaservices.it',NULL,'AREZZO','02013480518',1,NULL,NULL,NULL),(368,'MIXER SRL',NULL,'369','','',NULL,'VIA BOTTEGO, 32','02014460519','',NULL,'AREZZO','',1,NULL,NULL,NULL),(369,'TOO CUBE SRL',NULL,'370','05751483963','05751483963','','VIA CALMANDREI, 24','02014920512','ask@gazzarrini.eu','','AREZZO','02014920512',1,NULL,NULL,NULL),(370,'STERCORARIO SERVICE DI CHERUBINI SANTI E C. - SNC',NULL,'371','','',NULL,'LOC. CHIANI, 6','02019010517','',NULL,'AREZZO','',1,NULL,NULL,NULL),(371,'BET GAMING 2009 SRL',NULL,'372','0575371670','',NULL,'VIA M. PERENNIO, 16','02019230511','',NULL,'AREZZO','02019230511',1,NULL,NULL,NULL),(372,'AREATRE SRL',NULL,'373','0559122486','',NULL,'PIAZZA DELLA LIBERT?, 22','02019700513','',NULL,'S. GIOVANNI VALDARNO','',1,NULL,NULL,NULL),(373,'B & N SRL OSPITALITA\' E BENESSERE PSICO FISICO',NULL,'374','0575440353/4409','',NULL,'P.ZZA S. AGOSTINO, 11','02023470517','info@pec.nardonesolaia.it',NULL,'AREZZO','02023470517',1,NULL,NULL,NULL),(374,'INFOTECH DI NICO CEROFOLINI',NULL,'375','0575489371','',NULL,'LARGO ALDO MORO, 13','02023780519','nicocerofolini@hotmail.com',NULL,'SUBBIANO','CRFNCI85M27A390J',1,NULL,NULL,NULL),(375,'STUDIO R DI ROBERTO ROSSI',NULL,'376','0575299802','',NULL,'VIA CALAMANDREI, 133','02026440517','rstudio@live.com',NULL,'AREZZO','RSSRRT74P23A390C',1,NULL,NULL,NULL),(376,'BURRONI GIOVANNI',NULL,'377','057521363','0575408521',NULL,'VIA TRENTO ETRIESTE, 43','02031870518','',NULL,'AREZZO','BRRGNN42B15A390C',1,NULL,NULL,NULL),(377,'GRAZIELLA GREEN SPA',NULL,'378','057532641','0575326464',NULL,'VIA ERNESTO ROSSI, 9','02033840519','info@graziellagreen.it',NULL,'AREZZO','02033840519',1,NULL,NULL,NULL),(378,'SAMARCANDA DI ROGIALLI DANIELA',NULL,'379','057599161','',NULL,'LOC. RIPA DI OLMO, 31/A-B','02035760517','',NULL,'AREZZO','RGLDNL66H43A390O',1,NULL,NULL,NULL),(379,'ALVEOS DI CARLO GOTI',NULL,'380','05753555960','',NULL,'VIA XXV APRILE, 6','02037250517','carlo.goti@alveos.it',NULL,'AREZZO','GTOCRL58R03A390P',1,NULL,NULL,NULL),(380,'EUROSOLE DI FOTI MARIA',NULL,'381','0575354389','',NULL,'VIA MARGARITONE, 7','02039860511','eurosole@alice.it',NULL,'AREZZO','FTOMRA83B42F206P',1,NULL,NULL,NULL),(381,'ORO E ORO DI DONATI MARCO SAS',NULL,'382','0575658310','',NULL,'PIAZZA EMANUELE PETRI, 156','02042470514','',NULL,'CASTIGLION FIORENTINO','02042470514',1,NULL,NULL,NULL),(382,'YKEY DI KETTY CASTIGLI',NULL,'383','057522158','057522158',NULL,'CORSO ITALIA, 98','02046730517','info@ykey.it',NULL,'AREZZO','CSTKTY73H65A390C',1,NULL,NULL,NULL),(383,'COCKTAIL ACCADEMY DI FRANCESCO BANELLI',NULL,'384','','',NULL,'VIA COSTA DEL GIARDINO 4','02049480516','info@cocktailintheworld.it',NULL,'MONTE SAN SAVINO','BNLFNC85C24D077I',1,NULL,NULL,NULL),(384,'SERVICE TECHNOLOGY SNC DI CEROFOLINI E MATERAZZI',NULL,'385','0575849396','',NULL,'VIA DELLA COSTITUZIONE, 7','02050620513','info@servicetechnology.it',NULL,'MONTE SAN SAVINO','02050620513',1,NULL,NULL,NULL),(385,'PESPA CONCORD DI KASAJ ALI',NULL,'386','0575958194','0575410581',NULL,'VIA DI PESCAIOLA, 9','02053770513','',NULL,'BADIA AL PINO','KSJLAI66D28Z100G',1,NULL,NULL,NULL),(386,'ONDA ORO DI ALESSIO DIONI',NULL,'387','0575498440','',NULL,'VIA EMILIO SEGRE\' 27/29','02060570518','info@ondaoro.com',NULL,'PIEVE AL TOPPO','',1,NULL,NULL,NULL),(387,'ARGHENTIA SRL',NULL,'388','0575300449','',NULL,'VIA CHIARI, 70/C','02060710510','',NULL,'AREZZO','02060710510',1,NULL,NULL,NULL),(388,'FERRAMENTA ANDREANI SNC DI ANDREANI FABRIZIO E C.',NULL,'389','0575906212','',NULL,'VIA VITTORIO VENETO, 129/M','02060780513','andreanipaionni@alice.it',NULL,'AREZZO','02060780513',1,NULL,NULL,NULL),(389,'BAR PIZZERIA SANTACROCE DI FORNACIARI MIRIA',NULL,'390','057523172','',NULL,'BORGO DI S. CROCE, 39/41','02061760514','',NULL,'AREZZO','',1,NULL,NULL,NULL),(390,'BBL SRL',NULL,'391','0575320678','',NULL,'LOC. CECILIANO, 67/69','02063620518','carlo.bernabei@bblar.it',NULL,'AREZZO','02063620518',1,NULL,NULL,NULL),(391,'YELLOW ITALIA A.J. GROUP SRL',NULL,'392','0575381910','0575981836',NULL,'VIA DEL GAVARDELLO, 61/A','02065350510','emanuele@yellow-srl.com',NULL,'AREZZO','02065350510',1,NULL,NULL,NULL),(392,'AGENZIA ETRUSCO IMMOBILIARE DI ZELLI PRIMETTA',NULL,'393','0575299026','0575296260',NULL,'VIA RISTORO D\'AREZZO, 164','02066640513','info@etruscoimmobiliare.com',NULL,'AREZZO','02066640513',1,NULL,NULL,NULL),(393,'MILLEMOLLICHE SNC DI TRONTI STEFANO E C.',NULL,'394','0575302005','',NULL,'VIALE MICHELANGELO BUONARROTI, 108','02067770517','',NULL,'AREZZO','02067770517',1,NULL,NULL,NULL),(394,'ROUNDABOUT SAS',NULL,'395','','',NULL,'VIA DI MANTIGNANO, 160/21','02073710978','m.ciampalini@gazzarrini.eu',NULL,'FIRENZE','02073710978',1,NULL,NULL,NULL),(395,'JWA SRL UNIPERSONALE',NULL,'396','0575380049','',NULL,'VIA DEL GAVARDELLO, 24','02075040515','l.ralli@jwa-srl.it',NULL,'AREZZO','02075040515',1,NULL,NULL,NULL),(396,'BRUNI GEOMETRA ALESSANDRA',NULL,'397','','',NULL,'VIA DIVISIONE GARIBALDI, 7','02075270518','',NULL,'SUBBIANO','',1,NULL,NULL,NULL),(397,'GM INTERMEDIAZIONI ASSICURATIVE DI GHIRONI EMERKEL SRL',NULL,'398','0575907531','',NULL,'VIA PIAZZA ZUCCHI, 7','02077110514','ag0805@saraagenzie.it',NULL,'AREZZO','',1,NULL,NULL,NULL),(398,'MAR.EX DI MARIO DITRIA',NULL,'399','','',NULL,'LOC. MONTECCHIO 5/I','02090200516','',NULL,'CORTONA','DTRMWL58B07Z114W',1,NULL,NULL,NULL),(399,'TABACCHERIA N.5 DI CASUCCI TOMMASO',NULL,'400','','',NULL,'VIA GARIBALDI, 7','02093020515','',NULL,'AREZZO','CSCTMS47C07A390I',1,NULL,NULL,NULL),(400,'ROSE ROSSE SRL',NULL,'401','','',NULL,'VIA MARCO PERENNIO, 59 - 59/A','02100340518','',NULL,'AREZZO','',1,NULL,NULL,NULL),(401,'PATRY SRL',NULL,'402','0575300270','',NULL,'VIA CALAMANDREI 98','02100610514','info@patry.eu',NULL,'AREZZO','02100610514',1,NULL,NULL,NULL),(402,'ECOELETTRONICA SAS',NULL,'403','','',NULL,'VIA DELLA FIORANDOLA, 70','02102040512','ecoelettronica@gmail.com',NULL,'AREZZO','',1,NULL,NULL,NULL),(403,'DANIELA D\'AGOSTINO',NULL,'404','','',NULL,'VIA VECCHIA SENESE, 49','02108750510','',NULL,'AREZZO','',1,NULL,NULL,NULL),(404,'STYLE IN ITALY SRL',NULL,'405','0575411052',' 0575 411055','','VIA ROMA 52','02110400518','l.paggetti@styleinitaly.it','','BADIA AL PINO','02110400518',1,NULL,NULL,NULL),(405,'MAP GENERAL CONTRACTS SRL',NULL,'406','0575900132','',NULL,'VIALE DELLA RESISTENZA, 6','02113580514','segreteriamap@live.it',NULL,'FOIANO DELLA CHIANA','02113580514',1,NULL,NULL,NULL),(406,'A.S.C. SRL',NULL,'407','','',NULL,'VIA B.DOVIZI, 40/D','02113680512','info@asc-fashion.com',NULL,'AREZZO','02113680512',1,NULL,NULL,NULL),(407,'MIDA RAPPRESENTANZE SAS DI TENUTA DANIELE E C.',NULL,'408','','',NULL,'LOC. CASENUOVE DI CECILIANO , 147','02120690512','daniele@midasas.it',NULL,'AREZZO','02120690512',1,NULL,NULL,NULL),(408,'SAIONE SALUTE SOCIETA COOPERATIVA',NULL,'409','0575900271','0575900271',NULL,'VIA VITTORIO VENETO, 70','02123150514','saionesaluteinfo@virgilio.it',NULL,'AREZZO','02123150514',1,NULL,NULL,NULL),(409,'DONNINI SABINA',NULL,'410','','',NULL,'VIA ROMANA, 125/13','02124390416','',NULL,'AREZZO','DNNSBN70D59A390I',1,NULL,NULL,NULL),(410,'PERLAUTO SRL',NULL,'411','0575302904',' 05751820226',NULL,'VIA DEL GAVARDELLO, 18','02130680511','info@perlauto.eu',NULL,'AREZZO','02130680511',1,NULL,NULL,NULL),(411,'TUSCANY4HOME',NULL,'412','0575420128','0575488616',NULL,'VIA G. TORTELLI, 64','02133590519','tuscany4home@pec.it',NULL,'CAPOLONA','02133590519',1,NULL,NULL,NULL),(412,'ROSSO POMODORO S.R.L.',NULL,'413','','',NULL,'VIA CURTATONE, 6','02133910519','',NULL,'AREZZO','',1,NULL,NULL,NULL),(413,'ASSOCIAZIONE SPORTIVA DILETTANTISTICA PAD FOOTBALL PROJECTS',NULL,'414','0575080953','0575080953',NULL,'VIA XXV APRILE, 12','02134300512','paolokaiser@yahoo.it/info@padfootballprojects.com',NULL,'AREZZO','02134300512',1,NULL,NULL,NULL),(414,'ZIBETTI IMMOBILIARE DI ZIBETTI',NULL,'415','0575081768','',NULL,'VIA MONTEGRAPPA, 42','02134850516','immobiliarezibetti@gmail.com',NULL,'AREZZO','ZBTPLA56D25D077W',1,NULL,NULL,NULL),(415,'GIANNA CENTRO ESTETICO DI RUSSO GIANNA',NULL,'416','','',NULL,'LOC. PULICIANO, 51','02135470512','ESTETICAGIANNA@HOTMAIL.IT',NULL,'AREZZO','RSSGNN86M67Z112S',1,NULL,NULL,NULL),(416,'EUROTARGET S.R.L',NULL,'417','','0350662209',NULL,'VIA F.LLI CALVI, 2','02172580165','',NULL,'BERGAMO','',1,NULL,NULL,NULL),(417,'EXHIBO S.P.A.',NULL,'418','0394984259','',NULL,'VIA LEONARDO DA VINCI, 6','02260900960','customer.service@exhibo.it',NULL,'VEDANO AL LAMBRO','00406220483',1,NULL,NULL,NULL),(418,'ALBERGUCCI GIUSEPPINA SILVANA',NULL,'419','','',NULL,'VIA DEI QUERCIOLI, 3','02314730488','',NULL,'IMPRUNETA','LBRGPP55A50G393N',1,NULL,NULL,NULL),(419,'MORGANTI DOTTORESSA VALENTINA',NULL,'420','072299242','',NULL,'VIA ALDO MORO, 4C','02381870415','valemorganti@libero.it',NULL,'APECCHIO','MRGVNT83D56L500C',1,NULL,NULL,NULL),(420,'CAVALLOTTI DANIELE',NULL,'421','','',NULL,'GALLERIA MANZONI, 29','02396640183','danielecavallotti@gmail.com',NULL,'PAVIA','CVLDNL69C13G388L',1,NULL,NULL,NULL),(421,'BETON TRASPORTI DI FALCINELLI FABIO',NULL,'422','','',NULL,'VIA S. EGIDIO 98/A','02469260547','',NULL,'TREVI','02469260547',1,NULL,NULL,NULL),(422,'ITALSAN SRL',NULL,'423','0331850186','0331850357',NULL,'VIA MAZZINI, 5','02472150123','italsan@italsan.it',NULL,'VENEGONO SUPERIORE (VARESE)','02472150123',1,NULL,NULL,NULL),(423,'UP GRADE di Marco Bioli',NULL,'424','0332744041','',NULL,'VIA DEL CHIOSTRO, 17/A','02954200123','fullse@tin.it',NULL,'GAVIRATE','BLIMRC62E17L682F',1,NULL,NULL,NULL),(424,'STUDIO TECNICO MALENA ING. DARIO MALENA',NULL,'425','','',NULL,'VIA DEI GELSI, 4','03105940799','info@studiotecnicomalena.it/dario.melena@tiscali.i',NULL,'AREZZO','MLNDRA84H15C352D',1,NULL,NULL,NULL),(425,'IN.TEL CONSULTING ITALIA SRL',NULL,'426','','',NULL,'VIA A. VICI, 12','03115540548','',NULL,'FOLIGNO','03115540548',1,NULL,NULL,NULL),(426,'2M DIGITECH SRL',NULL,'427','0362306557','0362306148',NULL,'VIA L. EINAUDI, 2','03256480967','',NULL,'DESIO','03256480967',1,NULL,NULL,NULL),(427,'SELEX COMMUNICATIONS SPA',NULL,'428','01060021','',NULL,'VIA R.PIERAGOSTINI, 80','03299110100','info@selex-comms.com',NULL,'GENOVA','',1,NULL,NULL,NULL),(428,'NOVAMONDO SERVICE DI NOVAKOVIC PREDRAG',NULL,'429','444905934','444909881',NULL,'VIA MARCONI, 96','03347810248','',NULL,'CALDOGNO','NVKPDR67L22Z118E',1,NULL,NULL,NULL),(429,'IMPRESA EDILE FAMILIARE DI MORGILLO GIOVANNI',NULL,'430','','',NULL,'VIA MANZONI, 3','03650760717','',NULL,'LESINA','MRGGNN82C30G596G',1,NULL,NULL,NULL),(430,'MADISON SRL',NULL,'431','','',NULL,'VIALE REDI, 107','03994830481','',NULL,'FIRENZE','03994830481',1,NULL,NULL,NULL),(431,'ACUTECH SRL',NULL,'432','0575942357','',NULL,'VIA VITTORIO VENETO, 168','04211350485','arezzo@acutech.it',NULL,'AREZZO','',1,NULL,NULL,NULL),(432,'GECOM SPA',NULL,'433','0575411166','1784414020','','VIA AVV. FULVIO CROCE, 14','04574750966','michela.corazzesi@gecom.biz','','AREZZO','04574750966',1,NULL,NULL,NULL),(433,'BIEFFE MUSICA SCRL',NULL,'434','','',NULL,'PIAZZA SAN LORENZO 1','04777160484','',NULL,'FIRENZE','04777160484',1,NULL,NULL,NULL),(434,'CIEMME IMMOBILIARE SPA',NULL,'435','','',NULL,'VIA GIUSEPPE LUNATI, 34','04973521000','',NULL,'FRASCATI','04973521000',1,NULL,NULL,NULL),(435,'MPF GROUP S.P.A.',NULL,'436','0556499470','0556499469',NULL,'VIA DI SCOLIVIGNE 2/A','05017620484','info@mpfgroup.com',NULL,'GRASSINA','05017620484',1,NULL,NULL,NULL),(436,'STUDIO LEGALE ASSOCIATO PISANI PASSIATORE PARIGI',NULL,'437','055486463','',NULL,'VIA XX SETTEMBRE, 6','05087790480','',NULL,'FIRENZE','05087790480',1,NULL,NULL,NULL),(437,'MIMMINA SRL',NULL,'438','057566954','',NULL,'LOC. CASTELNUOVO DI SUBBIANO, 67/C','05479211004','michele.catalani@mimmina.net',NULL,'SUBBIANO','05479211004',1,NULL,NULL,NULL),(438,'ZOOT SISTEMI SRL',NULL,'439','0552313466','0552314631',NULL,'VIA CODACCI, 3/A','05501050487','info@zoot.it',NULL,'IMPRUNETA','05501050487',1,NULL,NULL,NULL),(439,'LIFE STYLE SRL',NULL,'440','0575403314','',NULL,'CORSO ITALIA, 164','05599110482','firenzelagalleria@libero.it',NULL,'AREZZO','05599110482',1,NULL,NULL,NULL),(440,'MC-LINK SPA',NULL,'441','0641892434','',NULL,'VIA FERSINA 23','05646921006','amministrazione@mclink.eu',NULL,'TRENTO','05646921006',1,NULL,NULL,NULL),(441,'EFFECI SPETTACOLI SRL',NULL,'442','0559544091','',NULL,'VIA BORRATINO VALLEREMPOLI, 56','05673180484','info@effecispettacoli.it',NULL,'FIGLINE VALDARNO','05673180484',1,NULL,NULL,NULL),(442,'ENEL DISTRIBUZIONE S.P.A. ZONA DI TERNI',NULL,'443','0744692811','',NULL,'VIA GABELLETTA, 9','05779711000','',NULL,'TERNI','05779711000',1,NULL,NULL,NULL),(443,'ETC SAS HOQUE LUCKY',NULL,'444','0552302692','',NULL,'VIA PANICALE 20 R','05898500482','',NULL,'FIRENZE','05898500482',1,NULL,NULL,NULL),(444,'TELIMA ITALIA SRL',NULL,'445','0200620930','285424141',NULL,'CORSO MAGENTA, 32','06141270964','',NULL,'MILANO','06141270964',1,NULL,NULL,NULL),(445,'I GIOIELLI DI GRACE DI GRAZIELLA SCATTARELLA',NULL,'446','055854271','',NULL,'VIA ROMA, 17','06161720484','corrado.zappani@alice.it',NULL,'GREVE IN CHIANTI','SCTGZL69M68A940F',1,NULL,NULL,NULL),(446,'MAKE ME SRL',NULL,'447','','',NULL,'VIA ARNOLFO, 32 PIANO V','06165290484','',NULL,'FIRENZE','06165290484',1,NULL,NULL,NULL),(447,'ITALIAN LUXURY GROUP SRL',NULL,'448','0556499360','',NULL,'VIA DI SCOLIVIGNE, 2/A','06194620487','info@italianluxurygroup.eu',NULL,'BAGNO A RIPOLI','06194620487',1,NULL,NULL,NULL),(448,'AREZZO UNO S.R.L',NULL,'449','0575042150','0575042169',NULL,'VIA VITTORIO VENETO, 60-62','06204650961','',NULL,'AREZZO','',1,NULL,NULL,NULL),(449,'NETWARE SRL',NULL,'450','03927178202','',NULL,'VIA AURELIO SAFFI, 12','06392900962','',NULL,'MILANO','06392900962',1,NULL,NULL,NULL),(450,'INDESIGN SRL',NULL,'451','','',NULL,'PIAZZA CAVOUR, 7','06810530961','info@indesignsrl.it',NULL,'MILANO','06810530961',1,NULL,NULL,NULL),(451,'EUROPE SECURITY SRL',NULL,'452','','',NULL,'VIA DON MAESTRINI, 47','07059770961','europesecurity@virgilio.it',NULL,'FLERO','07059770961',1,NULL,NULL,NULL),(452,'EPSON ITALIA SPA',NULL,'453','','',NULL,'VIA M. VIGANO\' DI VIZZI, 93/95','07511580156','',NULL,'CINISELLO BALSAMO','07511580156',1,NULL,NULL,NULL),(453,'FWG SRL',NULL,'454','','',NULL,'VIA VOLTA, 22/2','07828421003','',NULL,'TEOLO','07828421003',1,NULL,NULL,NULL),(454,'ECONOCOM INTERNATIONAL ITALIA SPA',NULL,'455','','',NULL,'PIAZZALE STEFANO TURR, 5','07933030152','',NULL,'MILANO','07933030152',1,NULL,NULL,NULL),(455,'GUSTO RISTORERIA SRL',NULL,'456','0575040413','',NULL,'PIAZZA DELLA REPUBBLICA 2/A','08175221004','',NULL,'AREZZO','08175221004',1,NULL,NULL,NULL),(456,'BLT ENTERPRISE SRL',NULL,'457','0575370366','0575370900',NULL,'VIA DI FONTE VENEZIANA, 6','10200520152','amministrazione@bltenterprise.it',NULL,'AREZZO','10200520152',1,NULL,NULL,NULL),(457,'NOVA ELECTRA SRL',NULL,'458','','',NULL,'VIA G. NICOTERA, 24','11009521003','',NULL,'ROMA','11009521003',1,NULL,NULL,NULL),(458,'COOPER CASA BIBBIENA',NULL,'459','','',NULL,'VIA G. TORTELLI, 60','80002690511','',NULL,'CAPOLONA','80002690511',1,NULL,NULL,NULL),(459,'DIREZIONE DIDATTICA 6? CIRCOLO DIDATTICO',NULL,'460','0575360077','',NULL,'VIA TRICCA, 19','80002820514','segr@direzionedidatticavicircolo.191.it',NULL,'AREZZO','80002820514',1,NULL,NULL,NULL),(460,'G.S. PALAZZO DEL PERO A.S.D.',NULL,'461','0575369385','',NULL,'LOC. PALAZZO DEL PERO, 62','92005500514','',NULL,'AREZZO','',1,NULL,NULL,NULL),(461,'ACME INEX',NULL,'462','','',NULL,'',NULL,'',NULL,'','',1,NULL,NULL,NULL),(462,'MAGI IMMOBILIARE SRL',NULL,'463','','',NULL,'',NULL,'',NULL,'','',1,NULL,NULL,NULL),(463,'BORGO D USCIANO',NULL,'464','','',NULL,'',NULL,'',NULL,'','',1,NULL,NULL,NULL),(464,'GRANDIGUSTI',NULL,'465','','',NULL,'',NULL,'',NULL,'','',1,NULL,NULL,NULL),(465,'SCORTECCI MARIA GRAZIA',NULL,'466','da Picinotti','',NULL,'LOC. CASTELNUOVO, 123',NULL,'',NULL,'SUBBIANO (AREZZO)','SCRMGR56A01I991U',1,NULL,NULL,NULL),(466,'LABORATORIO 28A',NULL,'467','0575984135','',NULL,'',NULL,'info@laboratorio28a.it',NULL,'','',1,NULL,NULL,NULL),(467,'DINA SRL',NULL,'468','0575906255 ','',NULL,'VIA VITTORIO VENETO, 76/78',NULL,'',NULL,'AREZZO','01162260515',1,NULL,NULL,NULL),(468,'CROCE DEL SUD SRL -    Gianluca Vannuccini ',NULL,'469','0575299555','',NULL,'VIA CALAMANDREI, 249/M/L',NULL,'gianluca@crocesud.com; amministrazione@crocesud.it',NULL,'AREZZO','02153030511',1,NULL,NULL,NULL),(469,'ARRIGUCCI',NULL,'470','','',NULL,'',NULL,'',NULL,'','',1,NULL,NULL,NULL),(470,'FDMWEBSOLUTION TEST',NULL,'471','','',NULL,'VIA A. PIZZUTO',NULL,'info@fdmwebsolution.com',NULL,'','',1,NULL,NULL,NULL),(471,'ERRECI AMMINISTRAZIONI IMMOBILIARI',NULL,'472','0575324102','',NULL,'VIA ROMA',NULL,'info@erreciamministrazioni.it',NULL,'AREZZO','01380790517',1,NULL,NULL,NULL),(472,'MAGNOLIA CONSULTING DI BARBARA PISANO',NULL,'473','0575360693','1784415300',NULL,'VIA MARIANA, 137',NULL,'amministrazione@sintesitoscana.it',NULL,'CESENA','04079880409',1,NULL,NULL,NULL),(473,'PACCHIAROTTI',NULL,'474','3922213961','',NULL,'',NULL,'iss@email.it',NULL,'','',1,NULL,NULL,NULL),(474,'G.OR.A. SRL',NULL,'475','','',NULL,'VIA CALAMANDREI, 253A/17',NULL,'gorasrl@tin.it',NULL,'AREZZO','01159320512',1,NULL,NULL,NULL),(476,'MACELLERIA GASTRONOMIA BEPPE E ALESSIO DI NOFERI GIUSEPPE & C. SAS',NULL,'476','0575295205 ','',NULL,'VIA FIORENTINA, 68',NULL,'',NULL,'AREZZO','02050760517',1,NULL,NULL,NULL),(477,'AVVOCATO CARLO BARSOTTI',NULL,'477','0575300617','0575300617',NULL,'VIA CRISPI 15',NULL,'STUDIO.BARSOTTI@INWIND.IT',NULL,'AREZZO','BRSCRL69L09G224R',1,NULL,NULL,NULL),(478,'03 PLASTIC SRL',NULL,'478','','','','','','info@03plastic.it','','','',1,NULL,NULL,NULL),(479,'PAOLO CAMPOBASSO',NULL,'479','','','','','','paolo.campobasso@gmail.com','','','',1,NULL,NULL,NULL),(480,'LUCA ARRIGUCCI',NULL,'480','','',NULL,'',NULL,'l.arrigucci@ekapro.it',NULL,'','',1,NULL,NULL,NULL),(481,'EFFE 5 FOTO OTTICA',NULL,'481','','',NULL,'',NULL,'',NULL,'','',1,NULL,NULL,NULL),(482,'NERI ROMUALDO S.R.L',NULL,'482','','',NULL,'','','','','','',1,NULL,NULL,NULL),(483,'SCUOLA G.GHIZZI',NULL,'483','','',NULL,'',NULL,'',NULL,'','',1,NULL,NULL,NULL),(484,'TENUTA VITERETA',NULL,'484','','',NULL,'',NULL,'vitereta@inwind.it',NULL,'','',1,NULL,NULL,NULL),(485,'VIOLA SRL',NULL,'485','','',NULL,'Via Calamandrei 249/M','','','','Arezzo','',1,'',NULL,NULL),(486,'EKA SRL',NULL,'486','05751696053','',NULL,'VIA MADONNA DEL PRATO 119','02141960514','amministrazione@ekapro.it','','AREZZO','',1,NULL,NULL,NULL),(487,'MARKET EXPRESS',NULL,'487','','',NULL,'VIA FILIPPO TURATI',NULL,'',NULL,'','',1,NULL,NULL,NULL),(488,'ANDREA TROJANIS',NULL,'488','','',NULL,'',NULL,'',NULL,'','',1,NULL,NULL,NULL),(489,'INNOCENTI DINO SRL',NULL,'489','','',NULL,'',NULL,'',NULL,'','',1,NULL,NULL,NULL),(491,'07 GIOIELLI',NULL,'491','','','','','','','','','',1,NULL,NULL,NULL),(492,'INFOITALIA SRL',NULL,'492','','',NULL,'',NULL,'',NULL,'','',1,NULL,NULL,NULL),(493,'SOSTA PALMIZI',NULL,'493','','',NULL,'',NULL,'produzione@sostapalmizi.it',NULL,'','',1,NULL,NULL,NULL),(494,'BADIALI CONSULTING',NULL,'494','','',NULL,'',NULL,'',NULL,'','',1,NULL,NULL,NULL),(495,'CARROZZERIA LUCCI',NULL,'495','','',NULL,'',NULL,'',NULL,'','',1,NULL,NULL,NULL),(496,'LUIGI DAL TROZZO DI CARLO ALESSANDRO MAZZARI & C.S.A.S',NULL,'496','0575357716','',NULL,'VIA P.CALAMANDREI 81',NULL,'info@luigidaltrozzo.it',NULL,'AREZZO','08015150157',1,NULL,NULL,NULL),(497,'MYRA BY ALESSANDRO BENASSAI',NULL,'497','3774567307','',NULL,'VIA DELLA MINERVA 23',NULL,'info@myrashop.it',NULL,'AREZZO','',1,NULL,NULL,NULL),(498,'ASSOCIAZIONE ARCHEOSOFICA',NULL,'498','3774567307','',NULL,'VIALE EUROPA 66',NULL,'marina.ceccherini@gonlinet.com',NULL,'TERRANUOVA BRACCIOLINI','94070510485',1,NULL,NULL,NULL),(499,'TERRAZZANI SNC',NULL,'499','','',NULL,'',NULL,'',NULL,'','',1,NULL,NULL,NULL),(500,'ETRURIALLARMI SRL',NULL,'500','','',NULL,'',NULL,'',NULL,'','',1,NULL,NULL,NULL),(502,'CULLIGAN ITALIANA SPA',NULL,'501','','',NULL,'',NULL,'ipaffetti@culligan.it',NULL,'','',1,NULL,NULL,NULL),(503,'DR. GEOM. ROBERTO PETRUCCIOLI',NULL,'502','','',NULL,'VIALE MICHELANGELO 48',NULL,'condomini.petruccioli@gmail.com',NULL,'AREZZO','01670800513',1,NULL,NULL,NULL),(504,'TESTERINI DONATELLO',NULL,'503','','',NULL,'VIA XXV APRILE, 38',NULL,'',NULL,'AREZZO','',1,NULL,NULL,NULL),(505,'M.C.A S.R.L',NULL,'504','0575383292','',NULL,'VIA G.FERRARIS 82',NULL,'mcasrl@virgilio.it',NULL,'AREZZO','02159000518',1,NULL,NULL,NULL),(506,'MARO\'S DI BRACCIALI MANUELA',NULL,'505','0575900970','',NULL,'VIA VITTORIO VENETO 28',NULL,'',NULL,'AREZZO','01414380517',1,NULL,NULL,NULL),(507,'SAPAS PET S.R.L. ',NULL,'506','0575 984788','',NULL,'VIA DEL GAVARDELLO',NULL,' info@sapaspet.it',NULL,'AREZZO','02052430515',1,NULL,NULL,NULL),(508,'CRISTIANO CAZZAVACCA',NULL,'507','','',NULL,'VIA FULVIO CROCE',NULL,'cazzavacca@interfree.it',NULL,'AREZZO','',1,NULL,NULL,NULL),(509,'PRIVATO GENERICO',NULL,'508','','',NULL,'',NULL,'viaveneto@numerounosrl.it',NULL,'','',1,NULL,NULL,NULL),(510,'LABORATORIO INTERNO',NULL,'509','','',NULL,'',NULL,'',NULL,'','',1,NULL,NULL,NULL),(511,'SOLUTIONS 30 ITALIA',NULL,'510','','',NULL,'',NULL,'',NULL,'','',1,NULL,NULL,NULL),(512,'BEBI DOTT. CARLO',NULL,'511','','',NULL,'',NULL,'',NULL,'','',1,NULL,NULL,NULL),(513,'CREANDO RECREDO DI BARBARA LA MASTRA',NULL,'512','','',NULL,'VIA PO',NULL,'',NULL,'AREZZO','02200310510',1,NULL,NULL,NULL),(514,'ARCH. BONECHI GUIDO',NULL,'513','','',NULL,'VIA S.CLEMENTE 18',NULL,'',NULL,'AREZZO','BNCGDU48M16A390P',1,NULL,NULL,NULL),(515,'Dott. ABBATE LUCA',NULL,'514','','',NULL,'VIA VITTORIO VENETO 49/A',NULL,'abbatedottorluca@libero.it',NULL,'AREZZO','bbtlcu52e20d801w',1,NULL,NULL,NULL),(516,'NICOL PREZIOSI SNC',NULL,'515','','',NULL,'',NULL,'nicola@nicolpreziosi.it',NULL,'ANGHIARI','',1,NULL,NULL,NULL),(517,'ANTARES 3 S.R.L.',NULL,'516','0575403170','',NULL,'VIA DEI SETTE PONTI',NULL,'',NULL,'AREZZO','02673710543',1,NULL,NULL,NULL),(518,'DOTT. CARLO BEBI',NULL,'517','','',NULL,'VIA MARGARITORE 47/A',NULL,'carlo.bebi@gmail.com',NULL,'AREZZO','00860640515',1,NULL,NULL,NULL),(519,'MAD FASHION',NULL,'518','0575 320852','',NULL,'LOCALITÃ  CASE NUOVE DI CECILIANO, 73',NULL,'info@madfashion.it',NULL,'AREZZO','04501580965',1,NULL,NULL,NULL),(520,'ZERO 1 RE S.R.L',NULL,'519','','',NULL,'VIA MICHELANGELO 134',NULL,'zero1@gmail.com',NULL,'AREZZO','02243330517',1,NULL,NULL,NULL),(521,'IDEALOGY SRL',NULL,'520','','',NULL,'',NULL,'',NULL,'','',1,NULL,NULL,NULL),(522,'AVV. LISA CARLOMAGNO',NULL,'521','','',NULL,'VIA FULVIO CROCE13',NULL,'',NULL,'AREZZO','01911070512',1,NULL,NULL,NULL),(524,'FOTO OTTICA MARUCCIA ANTONIO',NULL,'522','057523743','',NULL,'VIA GUIDO MOANCO 27',NULL,'',NULL,'AREZZO','00024360513',1,NULL,NULL,NULL),(525,'LIGHT GOLD AND SILVER',NULL,'523','','',NULL,'',NULL,'info@lightgold.it',NULL,'','',1,NULL,NULL,NULL),(526,'SALCA SRL - HOTEL ALBATROS',NULL,'524',' 055 8873607','',NULL,'VIA DI PRATO, 62',NULL,'albatros.salca@gmail.com',NULL,'CALENZANO','04003700483',1,NULL,NULL,NULL),(527,'B&B BIBIAREZZO DI TREMOLINI GALLETTI EDI ',NULL,'525','','',NULL,'VIA FONTANELLA, 9',NULL,'',NULL,'AREZZO','TRMDEI66T58A390P',1,NULL,NULL,NULL),(528,'MARCO SALVINI -SEGRETARIO GENERALE- CISL',NULL,'526','3483815965','',NULL,'VIALE MICHELANGELO 116',NULL,'marco.salvini@cisl.it',NULL,'AREZZO','',1,NULL,NULL,NULL),(529,'GIARA S.R.L.',NULL,'527','0575 324450 ','',NULL,'38, VIA CALAMANDREI PIETRO',NULL,'giarasrl@tin.it',NULL,'AREZZO','01327780514',1,NULL,NULL,NULL),(530,'Avvocato Lorenzo Valdambrini',NULL,'528','','',NULL,'VIA CAMPO DI MARTE',NULL,'',NULL,'AREZZO','',1,NULL,NULL,NULL),(531,'AVVOCATO LORENZO VALDARNINI',NULL,'529','','',NULL,'VIA VITTORIO VENETO 33/18',NULL,'lorenzovaldarnini@virgilio.it',NULL,'AREZZO','01934350511',1,NULL,NULL,NULL),(532,'SCUOLA ELEMENTARE PERTINI VECCHIO PLESSO',NULL,'530','0575 488046','',NULL,'VIA GARIBALDI 1',NULL,'',NULL,'SUBBIANO','',1,NULL,NULL,NULL),(533,'ECOTRADE SRL',NULL,'531','','',NULL,'Zona Ind.le Rigutino Ovest n. 253/B, 52100','','','','Arezzo','',1,'<p>Indirizzo di spedizione: Zona Ind.le Rigutino Ovest n. 253/B, 52100 Arezzo (AR), Italy</p>',NULL,NULL),(534,'GANNONI ANDREA',NULL,'532','','',NULL,'PIAZZA RISORGIMENTO 11',NULL,'',NULL,'AREZZO','',1,NULL,NULL,NULL),(535,'CONFCOMMERCIO',NULL,'533','','',NULL,'',NULL,'',NULL,'AREZZO','',1,NULL,NULL,NULL),(536,'LAPI CHIMICI SRL',NULL,'534','','',NULL,'',NULL,'',NULL,'','',1,NULL,NULL,NULL),(537,'ESSEMME S.R.L.',NULL,'535','','',NULL,'VIA ALDO MORO, 31',NULL,'info@essemme-srl.com',NULL,'CAPOLONA','01140160514',1,NULL,NULL,NULL),(538,'AMMINISTRAZIONE IMMOBILI SEVERI DOTT. LUCA',NULL,'536','','',NULL,'VIA VITTORIO VENETO 109 ',NULL,'',NULL,'AREZZO','',1,NULL,NULL,NULL),(539,'GRABAT S.R.L.',NULL,'537','0575 250821','','','LOC. PONTE A CHIANI, 34/17','','info@grabat.it','','AREZZO','00952050516',1,NULL,NULL,NULL),(540,'UNISYS',NULL,'538','','',NULL,'',NULL,'',NULL,'','',1,NULL,NULL,NULL),(541,'PULL LOVE FIRENZE',NULL,'539','0575 323355','',NULL,'VIA GIULIO PASTORE, 4','','david@idealogy.it','','AREZZO','',0,'',NULL,NULL),(542,'PAVIO BIJOUX',NULL,'540','0575 959121','',NULL,'Loc. San Zeno 55',NULL,'',NULL,'','',1,NULL,NULL,NULL),(543,'STUDIO LAURITA ANTONELLA',NULL,'541','','',NULL,'PIAZZA SAIONE 6',NULL,'',NULL,'AREZZO','01968940518',1,NULL,NULL,NULL),(544,'Dormi da Re - Materassi Letti',NULL,'542','0575 22789','',NULL,'Via Petrarca, 37',NULL,'',NULL,'AREZZO','03970540963.',1,NULL,NULL,NULL),(545,'MERCATINO COMPRA E VENDI',NULL,'543','','',NULL,'VIA PETRARCA 55',NULL,'',NULL,'AREZZO','',1,NULL,NULL,NULL),(546,'STUDIO DENTISTICO DR.MARIO SCILLA MEDICO CHIRURGO SPECIALISTA IN ODONTOSTOMATOLOGIA',NULL,'544','3806600055','',NULL,'VIA XXV APRILE 12',NULL,'marioscilla@gmail.com',NULL,'AREZZO','',1,NULL,NULL,NULL),(547,'AFFIANCAMENTO LUCA ',NULL,'545','','',NULL,'',NULL,'',NULL,'','',1,NULL,NULL,NULL),(548,'LIFE ACADEMY',NULL,'546','','',NULL,'PIAZZA SAN JACOPO 294',NULL,'arezzo@lifeacademy.it',NULL,'AREZZO','05365910487',1,NULL,NULL,NULL),(549,'ARNIA SOC. COOPERATIVA',NULL,'547','0572773849','',NULL,'MONTECATINI','','ufficioamministrativocontabile@arniacoop.me','','','',1,'',NULL,NULL),(550,'MCA S.R.L',NULL,'548','0575383292','0575983928',NULL,'VIA G.FERRARIS 142-144',NULL,'info@attrezzaturemca.it',NULL,'AREZZO','02159000518',1,NULL,NULL,NULL),(551,'MONTELUCCI COUNTRY RESORT & AGRITURISMO DI CHARME',NULL,'549','0575896525','0575896315',NULL,'LOCALITA MONTELUCCI 8',NULL,'info@montelucci.it',NULL,'PERGINE VALDARNO','',1,NULL,NULL,NULL),(552,'EGGAM ',NULL,'550','','',NULL,'',NULL,'',NULL,'','',1,NULL,NULL,NULL),(553,'GALILEO PROGETTO EDILIZIA',NULL,'551','','',NULL,'',NULL,'',NULL,'','',1,NULL,NULL,NULL),(554,'LAETITIABAG',NULL,'552','','',NULL,'',NULL,'',NULL,'','',1,NULL,NULL,NULL),(555,'AUTOCARROZZERIA F.LLI DRAGONI',NULL,'553','0575 299762','',NULL,'VIA DELLA FIORANDOLA, 70',NULL,'fllidragoni@tin.it',NULL,'','',1,NULL,NULL,NULL),(556,'TECNOMEC UTENSILERIA',NULL,'554','','',NULL,'VIA CHIARINI 71',NULL,'',NULL,'AREZZO','',1,NULL,NULL,NULL),(557,'GABRIELLA GEMINI',NULL,'555','3479141550','',NULL,'LOC POGGIO CILIEGIO 1',NULL,'',NULL,'AREZZO','02271910511',1,NULL,NULL,NULL),(1025,'SOLARYS SRL',NULL,'556','',NULL,'',NULL,'','francesca@solarysnrg.it','',NULL,'',1,NULL,NULL,NULL),(1026,'BIANCASPINA',NULL,'557','',NULL,'',NULL,'','','',NULL,'',1,NULL,NULL,NULL),(1027,'CANOPO VIAGGI',NULL,'558','',NULL,'',NULL,'','','',NULL,'',1,NULL,NULL,NULL),(1028,'Farnetani Group S.a.s.',NULL,'559','335345603',NULL,'Via del Trionfo, 16 - 52100 Arezzo','Via Vincenzo Monti','IT01942090513','farnetanieassociati@gmail.com','','Milano','',1,'',NULL,NULL),(1029,'AMA PREZIOSI di ADRIANA SEVERI ',NULL,'560','0575356657',NULL,'Via Arturo Chiari 70/f',NULL,'01603960517','amapreziosi@libero.it','',NULL,'',1,NULL,NULL,NULL),(1030,'MY GROUP CONSULTING',NULL,'561','0558348678',NULL,'Via F.lli Cervi 51 50065 Pontassieve FIRENZE',NULL,'06350950488','m.morabito@mygroupconsulting.com','',NULL,'',1,NULL,NULL,NULL),(1031,'ASSOCIAZIONE DEGLI INDUSTRIALI DI AREZZO, GROSSETO E SIENA',NULL,'562','',NULL,'VIA ROMA, 2 AREZZO',NULL,'','s.sandroni@confindustriatoscanasud.it','',NULL,'',1,NULL,NULL,NULL),(1032,'SECUREX SRL',NULL,'563','0575.959267',NULL,'Via Martiri di Civitella 7',NULL,' 01400240519',' info@securex.it','',NULL,'',1,NULL,NULL,NULL),(1033,'UNO MAGLIA SPA',NULL,'564','',NULL,'','','','fornitori@unomaglia.it','','','',1,NULL,NULL,NULL),(1035,'HOTEL CHIMERA',NULL,'565','',NULL,'',NULL,'','','',NULL,'',1,NULL,NULL,NULL),(1036,'Meccatronica srls',NULL,'566','3394467567',NULL,'Via Fiorentina, 371, 52100 Arezzo AR',NULL,'02260160516','','',NULL,'',1,NULL,NULL,NULL),(1037,'GIOIELLERIA NASI',NULL,'567','',NULL,'',NULL,'','','',NULL,'',1,NULL,NULL,NULL),(1038,'CARLO GRIFONI ODONTOIATRA',NULL,'568','',NULL,'',NULL,'','','',NULL,'',1,NULL,NULL,NULL),(1039,'CORSI ASSICURAZIONI SNC',NULL,'569','',NULL,'PIAZZA GUIDO MONACO, 5',NULL,'','','',NULL,'',1,NULL,NULL,NULL),(1040,'STUDIO TECNICO ASSOCIATO G.M.',NULL,'570','0575370472',NULL,'VIA MARCO PERENNIO 69',NULL,'02033870516','guidomengoni@libero.it','',NULL,'02033870516',1,NULL,NULL,NULL),(1041,'ISTITUTO SUPERIORE VASARI FIGLINE',NULL,'571','',NULL,'',NULL,'','','',NULL,'',1,NULL,NULL,NULL),(1042,'KIA Preziosi di Chowdhury Nazmul',NULL,'572','0575',NULL,'Arezzo',NULL,'02086990518','','',NULL,'',1,NULL,NULL,NULL),(1043,'TIMELINE S.A.S Salvini bruno',NULL,'573','0575351854',NULL,'via del gavardello ','Via del Gavardello 60','01597320512','eclet@eclet.net','','Arezzo','',1,'',NULL,NULL),(1044,'Chianucci Maurizio s.r.l',NULL,'574','0575355365',NULL,'Via Francesco Baracca 7 - AREZZO',NULL,'01744400514','Info@chianucci.it','',NULL,'01744400514',1,NULL,NULL,NULL),(1045,'ORO FIAMMA GIOIELLI SRL',NULL,'575','',NULL,'',NULL,'','info@orofiamma.it','',NULL,'',1,NULL,NULL,NULL),(1046,'EMOTIONS DELIVERY',NULL,'576','0575 23456',NULL,'Via A Pizzato',NULL,'02215432305','mmsmmms@kkkk','mmmee @pec',NULL,'02215432305',1,NULL,NULL,NULL),(1047,'DAMIANO PARATI SRL',NULL,'577','',NULL,'AREZZO','','','','','','',1,NULL,NULL,NULL),(1048,'CLIENTE DEMO PER DIMOSTRAZIONE',NULL,'578','057521482',NULL,'VIA VITTORIO VENETO, 126B AREZZO',NULL,'02138320516','info@numerounosrl.it','pec@pec.numerounosrl.it',NULL,'02138320516',1,NULL,NULL,NULL),(1050,'PALAZZO DELLA FONTE SCPA',NULL,'579','',NULL,NULL,'CORSO ITALIA, 177','02133470514','','','AREZZO','',1,NULL,NULL,NULL),(1051,'ISTITUTO COMPRENSIVO STATALE 4 NOVEMBRE',NULL,'580','',NULL,NULL,'','','','','AREZZO','',1,NULL,NULL,NULL),(1052,'GIE EMME S.N.C.',NULL,'581','+39 0575 382521',NULL,NULL,'Via F.lli Lumiere 88/C 52100 ','01426120513','info@gieemme.it ','','Arezzo (AR) Italia','',1,NULL,NULL,NULL),(1053,'Andrea Coradeschi',NULL,'582','3343306776',NULL,NULL,'localita fraterna 24','CRDNDR69T19A390N','','','arezzo','CRDNDR69T19A390N',1,NULL,NULL,NULL),(1054,'Chimera Marmi S.R.L. ',NULL,'583','0575 27614',NULL,NULL,'Borgo Santa Croce, 105,','','','','arezzo','',1,NULL,NULL,NULL),(1055,'LO MONACO SIMONA',NULL,'584','',NULL,NULL,'via g. leopardi 31/b','02233511209','','','montevarchi','lmnsmn74r59a944s',1,NULL,NULL,NULL),(1056,'TENUTE SAN FABIANO CONTE BORGHINI',NULL,'585','',NULL,NULL,'','','info@fattoriasanfabiano.it','','','',1,NULL,NULL,NULL),(1057,'IRIS srl',NULL,'586','0575 194 8039',NULL,NULL,'Zona Ind.le Rigutino Ovest 253/C','',' info@irisnrg.com ','','arezzo','',1,NULL,NULL,NULL),(1058,'Basagni general contractor',NULL,'587','',NULL,NULL,'','','','','','',1,NULL,NULL,NULL),(1059,'SMART RETAIL',NULL,'588','',NULL,NULL,'VIA G FERRARIS','','','','AREZZO','',1,NULL,NULL,NULL),(1060,'Residence Le Gagliarde',NULL,'589','',NULL,NULL,'v. Delle Gagliarde, 17',' 0123456789','info@residencelegagliarde.com','','Arezzo','',1,NULL,NULL,NULL),(1061,'Macelleria Bonini',NULL,'590','05755498269',NULL,NULL,'via aretina nord pieve al toppo 44','01853340319','info@macelleriabonini.com','','arezzo','',1,NULL,NULL,NULL),(1062,'IMMAGINE ORO DIAMON FIRE',NULL,'591','',NULL,NULL,'Arezzo','','','','Arezzo','',1,NULL,NULL,NULL),(1063,'POLI OPPOSTI SRL ',NULL,'592','',NULL,NULL,'VIA DONLUIGI STURZO 14','','','','AREZZO','',1,'',NULL,NULL),(1064,'Terra spa',NULL,'593','',NULL,NULL,'','','','','','',1,NULL,NULL,NULL),(1066,'Eurosole 1',NULL,'594','',NULL,NULL,'Via Margheritone 7','06827870483','','','AREZZO','WUXHGL62M42Z210U',1,NULL,NULL,NULL),(1067,'Fashion services srl',NULL,'595','',NULL,NULL,'','','','','','',1,NULL,NULL,NULL),(1068,'Mia boutique',NULL,'596','',NULL,NULL,'via garibaldi','','','','arezzo','',1,NULL,NULL,NULL),(1069,'Hotel Pitti Palace',NULL,'597','',NULL,NULL,'','','','','Firenze','',1,NULL,NULL,NULL),(1070,'Wall Street English Arezzo',NULL,'598','0575 299494',NULL,NULL,'Piazza guido monaco 2/c','07238710961','','','Arezzo','07238710961',1,NULL,NULL,NULL),(1071,'GIDUE SRL',NULL,'599','',NULL,NULL,'','','cinzia@giduesrl.com','','AREZZO','',1,NULL,NULL,NULL),(1072,'Frido Guadagni',NULL,'600','',NULL,NULL,'','','','','','',1,NULL,NULL,NULL),(1073,'IL SOGNO DI TUTTI',NULL,'601','',NULL,NULL,'PIAZZA GIOTTO AREZZO','','info@ilsognoditutti.it','','AREZZO','',1,NULL,NULL,NULL),(1074,'CAMPING LE GINESTRE',NULL,'606','',NULL,NULL,'Loc. Ruscello','','info@campingleginestre.it','','Arezzo','',1,'',NULL,NULL),(1075,'STUDIO DENTISTICO FRANCESCO SCILLA',NULL,'478','',NULL,NULL,'','','','','arezzo','',1,'',NULL,NULL),(1076,'VISUALPLEX',NULL,'607','',NULL,NULL,'Levanella','','','','Montevarchi','',1,'',NULL,NULL),(1077,'Albero La Posta s.n.c',NULL,'608','0575410527',NULL,NULL,'Via Roma, 8','01635740515','info@albergo-laposta.it','','arezzo','01635740515',1,'',NULL,NULL),(1078,'Dei Elettroimpianti',NULL,'609','348 4087361',NULL,NULL,'Via Calamandrei Pietro, 129',' 	IT01830700512','','','AREZZO',' 	IT01830700512',1,'',NULL,NULL),(1079,'OAK FINANCE SRL',NULL,'610','',NULL,NULL,'','','crovere@oakfinance.it','','TORINO','',1,'',NULL,NULL),(1080,'L\'Officina della Bicicletta',NULL,'611','0575 27540',NULL,NULL,'Via Guido Tarlati, 88-90','','','','AREZZO','',1,'',NULL,NULL),(1081,'O2 SSD A.R.L',NULL,'612','0575 302036',NULL,NULL,'Via Piero Calamandrei, 99','01480140514','','M5UXCR1','AREZZO','01480140514',1,'',NULL,NULL),(1082,'Giulio Arrigucci UPPER Consulting',NULL,'613','',NULL,NULL,'','','','','','',1,'',NULL,NULL),(1083,'Qualita Aretina',NULL,'614','3341161912',NULL,NULL,'via arno 136','02286190513','davide@qualitaaretina.com','','Castiglion Fiorentino','02286190513',1,'',NULL,NULL),(1084,'StylDENT',NULL,'615','0575294059',NULL,NULL,'via donat cattin 57','','info@styldent.com','','arezzo','',1,'',NULL,NULL),(1085,'SAMPA SPA',NULL,'617','',NULL,NULL,'','','','','','',1,'',NULL,NULL),(1086,'SERI CAR SERVICE srl',NULL,'618','0575/984500 ',NULL,NULL,'via Matteucci 9 Arezzo','','sericar@seriauto.com','','AREZZO','',1,'',NULL,NULL),(1087,'TS Pellitteri Marco',NULL,'619','',NULL,NULL,'Via Culle snc Marciano della Chiana','','','','','',1,'',NULL,NULL),(1088,'BLU ORO SRL',NULL,'620','',NULL,NULL,'VIA LEOPOLDO DI TOSCANA','','','','ALBERORO','',1,'',NULL,NULL),(1089,'Quadra-ba',NULL,'621','',NULL,NULL,'','','','','arezzo','',1,'',NULL,NULL),(1090,'NERONE SRLS',NULL,'622','',NULL,NULL,'VIA FAENZA, 93R','','','','FIRENZE','',1,'',NULL,NULL),(1091,'Ristoburger by Crispi\'s',NULL,'623','',NULL,NULL,'Via Francesco Crispi, 10','','','','AREZZO','',1,'',NULL,NULL),(1092,'S.M.A. S.n.c. Ferro Creato',NULL,'624','0575 324056',NULL,NULL,'Via del Tramarino, 17','','info@smaferro.it','','AREZZO','',1,'',NULL,NULL),(1095,'prova cliente con contatti',NULL,'625','prova',NULL,NULL,'via prova','000000000','prova','prova','prova','00000000000000',1,'<p><strong>thththtfhttfhtht modificate<br /></strong></p>','Valeria Mori','2019-12-09'),(1096,'OMBRA INVESTIGAZIONI',NULL,'626','',NULL,NULL,'','','','','','',1,'',NULL,NULL),(1097,'Cocoa Ristorante',NULL,'627','3281090348',NULL,NULL,'Via Alcide De Gasperi, 40','','felicitas1976@hotmail.com','','Arezzo','',1,'',NULL,NULL),(1098,'CLIENTE DA INSERIRE',NULL,'628','',NULL,NULL,'','','','','','',1,'',NULL,NULL),(1099,'TAMFIN SRL',NULL,'604','',NULL,NULL,'VIA ROMANA','','','','AREZZO','',1,'',NULL,NULL),(1122,'MIR RACE LINE',NULL,'629','',NULL,NULL,'AREZZO','','','','','',1,'',NULL,NULL),(1123,'P TRADE SRL',NULL,'630','',NULL,NULL,'VIALE DEI MONFORTANI 45','12544011005','ptradesrl@legalmail.it','ptradesrl@legalmail.it','ROMA','12544011005',1,'',NULL,NULL),(1124,'DEXMA GROUP',NULL,'631','',NULL,NULL,'','','falsinicristiano@virgilio.it','','AREZZO','',1,'',NULL,NULL),(1125,'Dott. Roberto Rondoni',NULL,'632','0575 20970',NULL,NULL,'via xxv aprile 6','00164620510','','','AREZZO','00164620510',1,'',NULL,NULL),(1126,'Il Vaso srl di Galli Marco',NULL,'633','',NULL,NULL,'Loc. Sitorni 12/c ','02233610514','','','AREZZO','02233610514',1,'',NULL,NULL),(1127,'Pucci Gift',NULL,'634','057528974',NULL,NULL,'via guido monaco 41/b','01183950516','','','AREZZO','01183950516',1,'',NULL,NULL),(1128,'Caffetteria Sandy s.r.l',NULL,'635','',NULL,NULL,'via garibaldi 67','02155490515','','','arezzo','02155490515',1,'',NULL,NULL),(1129,'MDS IMPIANTI SRL',NULL,'605','',NULL,NULL,'','','','','','',1,'',NULL,NULL),(1130,'EMILIO sas',NULL,'636','',NULL,NULL,'viale michelangelo 132/A','02328260514','','','arezzo','02328260514',1,'',NULL,NULL),(1131,'EVOLUTION SRL GASPERINI ANDREA',NULL,'637','',NULL,NULL,'','','','','AREZZO','',1,'',NULL,NULL),(1132,'IN MY SHOES CASTELLO',NULL,'638','',NULL,NULL,'','','info@inmyshoescastello.it','','','',1,'',NULL,NULL),(1133,'ARETINA TOURS SAS',NULL,'639','0575902564',NULL,NULL,'VIA LEON BATTISTA ALBERTI ','01478940511','gruppi@aretinatours.com','aretinatours@legalmail.it','AREZZO','',1,'',NULL,NULL),(1134,'DUAR GROUP SRL',NULL,'640','3209087339',NULL,NULL,'VIA ANCONETANA 129/A12','02192660518','INFO@DUARGROUP.IT','','AREZZO','02192660518',1,'',NULL,NULL),(1135,'Tenuta Sette Ponti',NULL,'641','0575 477857',NULL,NULL,'Via Provinciale dei Sette Ponti','01288500513','','','Castiglion Fibocchi','01288500513',1,'',NULL,NULL),(1136,'Studio Dentistico Fracassi',NULL,'642','',NULL,NULL,' Via Giovanni Berchet, 3','','studiodentistico.fracassi@gmail.com','','AREZZO','',1,'',NULL,NULL),(1137,'IL CAFFE SRL',NULL,'643','3398826982',NULL,NULL,'via Lumiere','02169570518','info@arezzocaffe.it','','','',1,'',NULL,NULL),(1139,'COGEPAF SRL',NULL,'644','',NULL,NULL,'CORREGOLARI, 4A','05656380491','','','FERRARA','05656380491',1,'',NULL,NULL),(1140,'Voy srl',NULL,'603','',NULL,NULL,'','','','','','',1,'',NULL,NULL),(1141,'SU.MA.NI SRL - SUMANISPA',NULL,'645','',NULL,NULL,'VIA ERNESTO ROSSI, 2D','02351280512','','sumani@pec.it','AREZZO','02351280512',1,'',NULL,NULL),(1142,'STORE & STORE SRL',NULL,'646','0687155100',NULL,NULL,'Piazzale Luigi Sturzo, 15','14344211009','','storestore@legalmail.it','roma','14344211009',1,'',NULL,NULL),(1143,'RETAIL SHOP',NULL,'647','',NULL,NULL,'Via S. Anselmo, 107','01206080077','','','AOSTA','01206080077',1,'',NULL,NULL),(1144,'Palestra Life Arezzo',NULL,'648',' 0575 302036',NULL,NULL,'Via Piero Calamandrei, 99','','','','AREZZO','',1,'',NULL,NULL),(1145,'NUOVA ENERGIA SRL',NULL,'649','3295316232',NULL,NULL,'VIA LEONE LOENI, 1','0223580511','info@nuovaenergiaitalia.com','','AREZZO','0223580511',1,'',NULL,NULL),(1146,'Canti formaggi rocca toscana',NULL,'650','',NULL,NULL,'','','','','','',1,'',NULL,NULL),(1147,'Boxe Nicchi',NULL,'651','',NULL,NULL,'','','','','','',NULL,'',NULL,NULL),(1148,'Boxe Nicchi',NULL,'652','',NULL,NULL,'','','','','','',NULL,'',NULL,NULL),(1149,'Extragold',NULL,'653','',NULL,NULL,'','','','','','',NULL,'',NULL,NULL),(1150,'A.m.oro Di Lateef Shahid',NULL,'654','',NULL,NULL,'VIA TANUCCI, 13','','','','AREZZO','',1,'',NULL,NULL),(1151,'DONATI CARLO SARTORIA E SPORTSWEAR',NULL,'655','',NULL,NULL,'','01595520519','sportswear@donaticarlo.com','','','',1,'',NULL,NULL),(1152,'Lp Provider di Laurita Paolo',NULL,'656','',NULL,NULL,'Via Sacco e Vanzetti 18/6 ','','','','Laterina','',1,'',NULL,NULL),(1153,'Loto Preziosi Spa',NULL,'657','0575 382737',NULL,NULL,'Via del Gavardello, 57','','','','AREZZO','',1,'',NULL,NULL),(1154,'NATALYA SHEPELINA SUPERVISO',NULL,'658','',NULL,NULL,'','','','','','',1,'',NULL,NULL),(1155,'TECNODESIGN SRL',NULL,'659','',NULL,NULL,'','','','','','',1,'',NULL,NULL),(1156,'Studio Tecnico Geometra Guido Pisani e Geometra Massimo Cambi',NULL,'660',' 055 992551',NULL,NULL,'ia del Risorgimento, 9/A','','','','Bucine AR','',1,'',NULL,NULL),(1157,'NUMERO UNO NEGOZIO',NULL,'661','',NULL,NULL,'','','','','','',1,'',NULL,NULL),(1158,'PROMOD SRL',NULL,'662','0575913212',NULL,NULL,'','','','','','',1,'',NULL,NULL),(1159,'EDIN SRL',NULL,'663','',NULL,NULL,'Via Venezia, 195','02130170349','','','Parma','',1,'<p>Attivato Exchange Online piano 1 x 5 licenze ed office 365 business x 1 licenza</p>\r\n<p>&nbsp;</p>\r\n<table class=\"MsoNormalTable\" style=\"mso-cellspacing: 0cm; mso-yfti-tbllook: 1184; mso-padding-alt: 0cm 0cm 0cm 0cm;\" border=\"0\" cellspacing=\"0\" cellpadding=\"0\">\r\n<tbody>\r\n<tr style=\"mso-yfti-irow: 0; mso-yfti-firstrow: yes;\">\r\n<td style=\"padding: 0cm 0cm 0cm 0cm;\">\r\n<p class=\"MsoNormal\" style=\"text-align: right;\" align=\"right\"><span style=\"font-size: 10.0pt; font-family: \'Arial\',sans-serif; mso-fareast-font-family: \'Times New Roman\'; color: #555555;\">username: </span></p>\r\n</td>\r\n<td style=\"padding: 0cm 0cm 0cm 0cm;\">\r\n<p class=\"MsoNormal\"><span style=\"font-size: 10.0pt; font-family: \'Arial\',sans-serif; mso-fareast-font-family: \'Times New Roman\'; color: #555555;\">&nbsp;<strong><span style=\"font-family: \'Arial\',sans-serif;\"><a href=\"mailto:admin@edinsrl.onmicrosoft.com\"><span style=\"font-weight: normal;\">admin@edinsrl.onmicrosoft.com</span></a></span></strong>&nbsp; </span></p>\r\n</td>\r\n</tr>\r\n<tr style=\"mso-yfti-irow: 1; mso-yfti-lastrow: yes;\">\r\n<td style=\"padding: 0cm 0cm 0cm 0cm;\">\r\n<p class=\"MsoNormal\"><span style=\"font-size: 10.0pt; font-family: \'Arial\',sans-serif; mso-fareast-font-family: \'Times New Roman\'; color: #555555;\">password: </span></p>\r\n</td>\r\n<td style=\"padding: 0cm 0cm 0cm 0cm;\">\r\n<p class=\"MsoNormal\"><strong><span style=\"font-size: 10.0pt; font-family: \'Arial\',sans-serif; mso-fareast-font-family: \'Times New Roman\'; color: #555555;\">&nbsp;uNg&amp;K]sY9</span></strong><span style=\"font-size: 10.0pt; font-family: \'Arial\',sans-serif; mso-fareast-font-family: \'Times New Roman\'; color: #555555;\">&nbsp; </span></p>\r\n</td>\r\n</tr>\r\n</tbody>\r\n</table>',NULL,NULL),(1160,'TEKNOMET LEM',NULL,'664','',NULL,NULL,'','','','','','',1,'',NULL,NULL),(1161,'I.S.S. Intelligence Security Service S.r.l.',NULL,'665','0575 908540',NULL,NULL,'Via Ombrone, 22',' 01703360519','mingrone@isstecnologie.it','isstecnologie@pec.it','AREZZO',' 01703360519',1,'',NULL,NULL),(1162,'PRIMO FILO SRL - ANTONELLA RIZZA',NULL,'4556','',NULL,NULL,'','','','','','',1,'',NULL,NULL),(1163,'ORIGINAL GOLD 2000',NULL,'666','',NULL,NULL,'','','','','','',1,'',NULL,NULL),(1164,'MIGNINI E PERTRINI SPA',NULL,'602','',NULL,NULL,'','','','','','',1,'',NULL,NULL),(1165,'G.B. SALDATURE DI GACCIONE',NULL,'667','0559955577',NULL,NULL,'via del risorgimento 11 1','','info@gbsaldature.it','info@gbsaldature.it','BUCINE','',1,'',NULL,NULL),(1166,'FORMAT 4.0 SRL MATTEO FORTUNATI',NULL,'668','',NULL,NULL,'VIA LEONE LEONI - CASA DELL\'ENERGIA','','','','','',1,'',NULL,NULL),(1167,'FERIE O ASSENZA O MALATTIA',NULL,'669','',NULL,NULL,'','','','','','',1,'',NULL,NULL),(1169,'PANE E COMPANATICO SNC ',NULL,'670','',NULL,NULL,'VIA COMO SOPRA','02897290546','','pane.companatico@legalmail.it','PERUGIA','02897290546',1,'<p>accesso register.it</p>\r\n<p>MZ14560-EURO</p>\r\n<p>Briccolasanto12</p>\r\n<p>&nbsp;</p>\r\n<p>le email sono su gustavo365.it</p>',NULL,NULL),(1170,'QUELLI DEL 2000 SRL - FABIO ROMANO',NULL,'671','',NULL,NULL,'','','','','','',1,'<table class=\"gridview\" style=\"font-family: Arial; font-size: 12px; margin: 0px; padding: 0px; width: 782px; border-collapse: collapse; border-style: none; color: #2d2d2d; font-style: normal; font-variant-ligatures: normal; font-variant-caps: normal; font-weight: 400; letter-spacing: normal; orphans: 2; text-align: start; text-indent: 0px; text-transform: none; white-space: normal; widows: 2; word-spacing: 0px; -webkit-text-stroke-width: 0px; background-color: #f5f5f5; text-decoration-style: initial; text-decoration-color: initial;\">\r\n<tbody style=\"font-family: Arial; font-size: 12px; margin: 0px; padding: 0px;\">\r\n<tr class=\"\" style=\"font-family: Arial; font-size: 12px; margin: 0px; padding: 0px;\">\r\n<th style=\"font-family: Arial; font-size: 12px; margin: 0px; padding: 2px 6px; border-width: 0px 0px 1px; border-bottom-style: solid; border-bottom-color: #aaaaaa; background: #f5f5f5; vertical-align: top; text-align: left; font-weight: bold; width: 250px;\"><label style=\"font-family: Arial; font-size: 12px; margin: 0px 0px 5px; padding: 0px; display: block; font-weight: bold; color: #434343; text-shadow: rgba(255, 255, 255, 0.65) 1px 1px 0px;\" for=\"companyDirectorModel_Forename\">Nome</label></th>\r\n<td class=\"\" style=\"font-family: Arial; font-size: 12px; margin: 0px; padding: 2px 6px 2px 0px; border-width: 0px 0px 1px; border-bottom-style: solid; border-bottom-color: #aaaaaa; background: #f5f5f5;\"><a style=\"font-family: Arial; font-size: 12px; margin: 0px; padding: 0px; color: #1459a7; text-decoration: underline; transition-property: color; transition-duration: 200ms; transition-timing-function: linear;\" href=\"https://app.creditsafe.it/LIVE/ItalyWebsite/Officers/Report/RMNFBA74P16F656V\">FABIO</a></td>\r\n</tr>\r\n<tr class=\"\" style=\"font-family: Arial; font-size: 12px; margin: 0px; padding: 0px;\">\r\n<th style=\"font-family: Arial; font-size: 12px; margin: 0px; padding: 2px 6px; border-width: 0px 0px 1px; border-bottom-style: solid; border-bottom-color: #aaaaaa; background: #f5f5f5; vertical-align: top; text-align: left; font-weight: bold; width: 250px;\"><label style=\"font-family: Arial; font-size: 12px; margin: 0px 0px 5px; padding: 0px; display: block; font-weight: bold; color: #434343; text-shadow: rgba(255, 255, 255, 0.65) 1px 1px 0px;\" for=\"companyDirectorModel_Surname\">Cognome</label></th>\r\n<td class=\"\" style=\"font-family: Arial; font-size: 12px; margin: 0px; padding: 2px 6px 2px 0px; border-width: 0px 0px 1px; border-bottom-style: solid; border-bottom-color: #aaaaaa; background: #f5f5f5;\"><a style=\"font-family: Arial; font-size: 12px; margin: 0px; padding: 0px; color: #1459a7; text-decoration: underline; transition-property: color; transition-duration: 200ms; transition-timing-function: linear;\" href=\"https://app.creditsafe.it/LIVE/ItalyWebsite/Officers/Report/RMNFBA74P16F656V\">ROMANO</a></td>\r\n</tr>\r\n<tr class=\"TaxCode\" style=\"font-family: Arial; font-size: 12px; margin: 0px; padding: 0px;\">\r\n<th style=\"font-family: Arial; font-size: 12px; margin: 0px; padding: 2px 6px; border-width: 0px 0px 1px; border-bottom-style: solid; border-bottom-color: #aaaaaa; background: #f5f5f5; vertical-align: top; text-align: left; font-weight: bold; width: 250px;\"><label style=\"font-family: Arial; font-size: 12px; margin: 0px 0px 5px; padding: 0px; display: block; font-weight: bold; color: #434343; text-shadow: rgba(255, 255, 255, 0.65) 1px 1px 0px;\" for=\"companyDirectorModel_TaxCode\">Codice fiscale</label></th>\r\n<td class=\"\" style=\"font-family: Arial; font-size: 12px; margin: 0px; padding: 2px 6px 2px 0px; border-width: 0px 0px 1px; border-bottom-style: solid; border-bottom-color: #aaaaaa; background: #f5f5f5;\">RMNFBA74P16F656V</td>\r\n</tr>\r\n<tr class=\"Gender\" style=\"font-family: Arial; font-size: 12px; margin: 0px; padding: 0px;\">\r\n<th style=\"font-family: Arial; font-size: 12px; margin: 0px; padding: 2px 6px; border-width: 0px 0px 1px; border-bottom-style: solid; border-bottom-color: #aaaaaa; background: #f5f5f5; vertical-align: top; text-align: left; font-weight: bold; width: 250px;\"><label style=\"font-family: Arial; font-size: 12px; margin: 0px 0px 5px; padding: 0px; display: block; font-weight: bold; color: #434343; text-shadow: rgba(255, 255, 255, 0.65) 1px 1px 0px;\" for=\"companyDirectorModel_Gender\">Sesso</label></th>\r\n<td class=\"\" style=\"font-family: Arial; font-size: 12px; margin: 0px; padding: 2px 6px 2px 0px; border-width: 0px 0px 1px; border-bottom-style: solid; border-bottom-color: #aaaaaa; background: #f5f5f5;\">M</td>\r\n</tr>\r\n<tr class=\"Date\" style=\"font-family: Arial; font-size: 12px; margin: 0px; padding: 0px;\">\r\n<th style=\"font-family: Arial; font-size: 12px; margin: 0px; padding: 2px 6px; border-width: 0px 0px 1px; border-bottom-style: solid; border-bottom-color: #aaaaaa; background: #f5f5f5; vertical-align: top; text-align: left; font-weight: bold; width: 250px;\"><label style=\"font-family: Arial; font-size: 12px; margin: 0px 0px 5px; padding: 0px; display: block; font-weight: bold; color: #434343; text-shadow: rgba(255, 255, 255, 0.65) 1px 1px 0px;\" for=\"companyDirectorModel_BirthInformation_Date\">Data di nascita</label></th>\r\n<td class=\"\" style=\"font-family: Arial; font-size: 12px; margin: 0px; padding: 2px 6px 2px 0px; border-width: 0px 0px 1px; border-bottom-style: solid; border-bottom-color: #aaaaaa; background: #f5f5f5;\">16/09/1974</td>\r\n</tr>\r\n<tr class=\"Municipality\" style=\"font-family: Arial; font-size: 12px; margin: 0px; padding: 0px;\">\r\n<th style=\"font-family: Arial; font-size: 12px; margin: 0px; padding: 2px 6px; border-width: 0px 0px 1px; border-bottom-style: solid; border-bottom-color: #aaaaaa; background: #f5f5f5; vertical-align: top; text-align: left; font-weight: bold; width: 250px;\"><label style=\"font-family: Arial; font-size: 12px; margin: 0px 0px 5px; padding: 0px; display: block; font-weight: bold; color: #434343; text-shadow: rgba(255, 255, 255, 0.65) 1px 1px 0px;\" for=\"companyDirectorModel_BirthInformation_Municipality\">Comune di nascita</label></th>\r\n<td class=\"\" style=\"font-family: Arial; font-size: 12px; margin: 0px; padding: 2px 6px 2px 0px; border-width: 0px 0px 1px; border-bottom-style: solid; border-bottom-color: #aaaaaa; background: #f5f5f5;\">MONTEVARCHI</td>\r\n</tr>\r\n<tr class=\"Province\" style=\"font-family: Arial; font-size: 12px; margin: 0px; padding: 0px;\">\r\n<th style=\"font-family: Arial; font-size: 12px; margin: 0px; padding: 2px 6px; border-width: 0px 0px 1px; border-bottom-style: solid; border-bottom-color: #aaaaaa; background: #f5f5f5; vertical-align: top; text-align: left; font-weight: bold; width: 250px;\"><label style=\"font-family: Arial; font-size: 12px; margin: 0px 0px 5px; padding: 0px; display: block; font-weight: bold; color: #434343; text-shadow: rgba(255, 255, 255, 0.65) 1px 1px 0px;\" for=\"companyDirectorModel_BirthInformation_Province\">Provincia di nascita</label></th>\r\n<td class=\"\" style=\"font-family: Arial; font-size: 12px; margin: 0px; padding: 2px 6px 2px 0px; border-width: 0px 0px 1px; border-bottom-style: solid; border-bottom-color: #aaaaaa; background: #f5f5f5;\">AREZZO</td>\r\n</tr>\r\n<tr class=\"FullAddress\" style=\"font-family: Arial; font-size: 12px; margin: 0px; padding: 0px;\">\r\n<th style=\"font-family: Arial; font-size: 12px; margin: 0px; padding: 2px 6px; border-width: 0px 0px 1px; border-bottom-style: solid; border-bottom-color: #aaaaaa; background: #f5f5f5; vertical-align: top; text-align: left; font-weight: bold; width: 250px;\"><label style=\"font-family: Arial; font-size: 12px; margin: 0px 0px 5px; padding: 0px; display: block; font-weight: bold; color: #434343; text-shadow: rgba(255, 255, 255, 0.65) 1px 1px 0px;\" for=\"companyDirectorModel_TaxPurposesAddress_FullAddress\">Indirizzo</label></th>\r\n<td class=\"\" style=\"font-family: Arial; font-size: 12px; margin: 0px; padding: 2px 6px 2px 0px; border-width: 0px 0px 1px; border-bottom-style: solid; border-bottom-color: #aaaaaa; background: #f5f5f5;\">VIA CAMPAGNA 42, 52025 MONTEVARCHI AR</td>\r\n</tr>\r\n</tbody>\r\n</table>',NULL,NULL),(1171,'ROSARIO DE MARCO HOOMI IMMOBILIARE',NULL,'672','',NULL,NULL,'','','','','','',1,'',NULL,NULL),(1172,'TL ACADEMY SRL',NULL,'673','0575370366',NULL,NULL,'','','tla@tlacademy.it','','Arezzo','',1,'',NULL,NULL),(1173,'GOLDMOON AKFA UZBEKISTAN TMA CARBONI LUIGI',NULL,'674','',NULL,NULL,'','','','','','',1,'',NULL,NULL),(1174,'Lumachi & Vasca Snc',NULL,'675','0575 356217',NULL,NULL,' Via Francesco Baracca, 44,','','','','AREZZO','',1,'',NULL,NULL),(1175,'MD FORMAZIONE MARCO DONATI',NULL,'676','',NULL,NULL,'','','','','','',1,'',NULL,NULL),(1176,'DUE AERRE SRL',NULL,'677','',NULL,NULL,'','02208890513','info@dueaerre.com','dueaerre@pec.it','','',1,'',NULL,NULL),(1177,'AREA CREATIVA GIANLUCA RICCI',NULL,'678','',NULL,NULL,'','','info@area-creativa.it','','','',1,'',NULL,NULL),(1178,'ALTERINI A. METALFERRO SRL',NULL,'679',' 0575 959174',NULL,NULL,'Strada A, 43 Zona Ind.le San Zeno','','','','AREZZO','',1,'',NULL,NULL),(1179,'SENSIBLE CAPITAL SILVIA ROVERE',NULL,'680','',NULL,NULL,'','','','','','',1,'',NULL,NULL),(1180,'JUNIOR TENNIS CLUB RESTAURANT E CAFè',NULL,'681','',NULL,NULL,'VIA DELLA CELLA, 60B','02359910516','mgocce19@gmail.com','','AREZZO','02359910516',1,'',NULL,NULL),(1181,'Confederazione Italiana Agricoltori',NULL,'682','0575 21223',NULL,NULL,'Via Baldaccio D\'Anghiari, 27','','','','AREZZO','',1,'',NULL,NULL),(1182,'T.S. Macchine Lavorazione Lamiera',NULL,'683','0575 998033',NULL,NULL,'Via culle, 58, 52047 Marciano della Chiana AR','','','','monte san savino','',1,'',NULL,NULL),(1183,'CENTRO ARREDO CERAMICHE GROUP S.R.L.',NULL,'684','0575380861',NULL,NULL,'VIA LUMIÈRE FRATELLI N° 102 52100 ','IT07023241214','','','AREZZO','',1,'',NULL,NULL),(1185,'Dottor Agostino Massaini',NULL,'686',' 0575 420017',NULL,NULL,'via dante 74/5','','','','Capolona','',1,'',NULL,NULL),(1186,'Modus Srl',NULL,'687','0575 353693',NULL,NULL,' Località Rigutino Ovest, 222','','','','AREZZO','',1,'',NULL,NULL),(1187,'EVENTI SOCIALI SRL',NULL,'688','',NULL,NULL,'VIA GUIDO MONACO','','','','AREZZO','',1,'',NULL,NULL),(1188,'G.p.a. Consulting S.r.l.',NULL,'689','',NULL,NULL,'Viale Armando Diaz, 36','','','','sansepolcro','',1,'',NULL,NULL),(1189,'Anna Titova Russi Monte San Savino Lucignano',NULL,'690','',NULL,NULL,'Loc. Calcione Lucignano','','','','Monte san Savino','',1,'',NULL,NULL),(1190,'SECURSHOP SRL (GECOM)',NULL,'691','',NULL,NULL,'','','','','','',1,'',NULL,NULL),(1191,'PEF POWER SRL',NULL,'692','',NULL,NULL,'','','','','','',1,'',NULL,NULL),(1192,'LICEO PETRARCA AREZZO CLASSICO MUSICALE',NULL,'693','',NULL,NULL,'VIA CAVOUR 44 AREZZO','','','','','80002440511',1,'',NULL,NULL),(1193,'BORGO SANTA LUCIA CASTIGLION FIORENTINO',NULL,'694','',NULL,NULL,'','','','','','',1,'',NULL,NULL),(1194,'Etruria Augustea Srl',NULL,'695',' 0575 194 3390',NULL,NULL,'Via Pisano Giovanni e Nicola, 20,','','etruria.augustea@virgilio.it','','AREZZO','',1,'',NULL,NULL),(1195,'Fondazione ITS Energia e Ambiente',NULL,'696','',NULL,NULL,'','01314280528','','','','',1,'',NULL,NULL),(1196,'F.LLI FABBRI snc',NULL,'697','0575911451',NULL,NULL,'via romana 13','00867210510','info@fratellifabbri.it','','AREZZO','00867210510',1,'<p>SDI&nbsp;&nbsp;&nbsp; KRRH6B9</p>',NULL,NULL),(1197,'BTT IMPIANTI SRL',NULL,'698','',NULL,NULL,'','','','','','',1,'',NULL,NULL),(1198,'Conte Gioielli Di Conte Angelo',NULL,'699','',NULL,NULL,'VIA BUONCONTE DA MONTEFELTRO, 4/21','','','','arezzo','',1,'',NULL,NULL),(1199,'ANTES SRL',NULL,'700','',NULL,NULL,'','','','','MONSUMMANO TERME','',1,'',NULL,NULL),(1200,'Raffaele Cherubini',NULL,'701','3487299252',NULL,NULL,'LOC. QUARATA 376/F','','marketing@sampaspa.it','','AREZZO','CHRRFL76S06A390Y',1,'',NULL,NULL),(1201,'FLEXINN srl',NULL,'702','0574 720629',NULL,NULL,'Via Brescia, 1/3, 59013','01590960975','commerciale@flexinn.it','','Montemurlo (PO)','01590960975',1,'',NULL,NULL),(1202,'MODA DI LUSSO RUSSIA',NULL,'703','',NULL,NULL,'','','','','MOSCA RUSSIA','',1,'',NULL,NULL),(1203,'Studio TRe Tecnologia e Restauro ',NULL,'704',' 0575 182 0304',NULL,NULL,'Via Giulio Salvadori, 56','','','','arezzo','',1,'',NULL,NULL),(1204,'Scilla Francesco',NULL,'705','0575 21970',NULL,NULL,'Via XXV Aprile','','','','arezzo','',1,'',NULL,NULL),(1205,'Massimo Scaioli',NULL,'706','',NULL,NULL,'','','','','arezzo','',1,'',NULL,NULL),(1206,'BRAMO BORGHESE FINE COLLECTION',NULL,'707','',NULL,NULL,'','02393220518','','','','',1,'',NULL,NULL),(1207,'Confagricoltura Arezzo',NULL,'708','0575 905355',NULL,NULL,'Via Lazzaro Spallanzani, 13','','','','arezzo','',1,'',NULL,NULL),(1208,'FABBRICA DIGITALE',NULL,'709','',NULL,NULL,'Via Pio Borri, 14 (dietro autorimessa San’t Agostino)','02362380517','','','Arezzo','',1,'',NULL,NULL),(1209,'DISPINSERI SNC',NULL,'710','',NULL,NULL,'Loc. Filarone,121 ','03891510483','','f.lli-dispinseri@boxpec.it','Reggello','03891510483',1,'',NULL,NULL),(1210,'SIELNA SPA',NULL,'711','',NULL,NULL,'','','','','','',1,'',NULL,NULL),(1211,'MG21 ACCOUNTING SRL GIOMMONI ANDREA',NULL,'712','',NULL,NULL,'Viale Armando Diaz, 36,','','','','Sansepolcro','',1,'',NULL,NULL),(1212,'ASTROLAB PANE AMORE E FANTASIA MATTIA MORI MILLEMOLLICHE',NULL,'713','',NULL,NULL,'','','','','','',1,'',NULL,NULL),(1213,'HOTEL ARETINO PL CREMA SRL',NULL,'714','',NULL,NULL,'','','','','AREZZO','',1,'',NULL,NULL),(1214,'WETECH MATICMIND',NULL,'715','',NULL,NULL,'','','','','','',1,'',NULL,NULL),(1215,'LUX\'S SONS',NULL,'716','3400686228',NULL,NULL,'VIA DI CASTELSECCO 8','02381220512','info@luxssons.com','','AREZZO','02381220512',1,'',NULL,NULL),(1216,'SCUDIERI INTERNATIONAL SRL DEL GRUPPO SIELNA',NULL,'717','',NULL,NULL,'','','','','FIRENZE','',1,'',NULL,NULL),(1217,'DOLCI NANNINI SRL GRUPPO SIELNA',NULL,'718','',NULL,NULL,'','','','','','',1,'',NULL,NULL),(1218,'CHANTELLLE SRL',NULL,'719','',NULL,NULL,'VIA DEI ROSSI,68','01500350523','','','SIENA','',1,'<p>LINEA INTERNET PER MAGAZZINO DI CHANTELLE SRL ,CHIESTA DALLA PL RETAIL</p>',NULL,NULL),(1219,'SKYNET TECHNOLOGY',NULL,'720','',NULL,NULL,'MONTEVARCHI','','','','','',1,'',NULL,NULL),(1220,'ITALFIMET SRL',NULL,'721','',NULL,NULL,'VIA XXV APRILE','','','','MONTE SAN SAVINO','',1,'',NULL,NULL),(1221,'Pantarei Srl (Brain Out)',NULL,'722','',NULL,NULL,'Via Barsani 23','02393540519','','','52037 Sansepolcro (AR) IT ','02393540519',1,'',NULL,NULL),(1222,'SILVER METAL SRL',NULL,'723','0575 1827302',NULL,NULL,'VIA PIERO CALAMANDREI, 63/B, 52100, Arezzo, Arezzo ','','','silvermetal@pec.it','Arezzo','',1,'',NULL,NULL),(1223,'Saturnia Tours',NULL,'724','055 282100',NULL,NULL,'Via Faenza, 93r','','','','firenze','',1,'',NULL,NULL),(1224,'FIN-TES SRL',NULL,'725','',NULL,NULL,'VIA RAMELLI,62','01116150515 ','','','AREZZO','01116150515',1,'<p>Uffici dove si &egrave; spostato Pull-Love</p>',NULL,NULL),(1225,'PRONTO GREEN SPA',NULL,'726','',NULL,NULL,'','','','','Perugia','',1,'',NULL,NULL),(1226,'Stilnovo S.R.L.',NULL,'727',' 0575 380013',NULL,NULL,'','','','','arezzo','',1,'',NULL,NULL),(1227,'Giordini',NULL,'728','0575497597',NULL,NULL,'via dell\'industria 15','00145600516','giordini@giordini.it','','arezzo','00145600516',1,'<p>codice KRRH6B9</p>',NULL,NULL),(1228,'CONFORTO HOLDING',NULL,'729','',NULL,NULL,'','02355330511','','','arezzo','',1,'',NULL,NULL),(1229,'De Stasio Carlo & Cancelmo',NULL,'730','3401184512',NULL,NULL,'Residenza: Via delle Terme 19 Firenze Studio: Via Bonifacio Lupi 7','IT03994020711','destasio.carlo@yahoo.it','destasio.carlo@yahoo.it','Firenze','DSTCRL83B23D643Q',1,'',NULL,NULL),(1230,'LEVORO SRL',NULL,'731','',NULL,NULL,'','','','','','',1,'',NULL,NULL),(1231,'LUSSO SPA',NULL,'732','',NULL,NULL,'','','','','','',1,'',NULL,NULL),(1232,'ARCO CONSORZIO AREZZO COSTRUZIONI',NULL,'733','',NULL,NULL,'VIA XXV APRILE,20','00125710517','','','AREZZO','',1,'',NULL,NULL),(1233,'Matty Gioielli',NULL,'734','0575959126',NULL,NULL,'Strada A,104 - 52100 San Zeno','02068160510','sales@mattygioielli.it','','Arezzo','CLVMRK70R02D077K',1,'',NULL,NULL),(1234,'LEM S.r.l.',NULL,'735','',NULL,NULL,'','','','','','',1,'',NULL,NULL),(1235,'Studio TRe Tecnologia e Restauro di Tiziana Conti e Tommaso Sensini S.r.l.',NULL,'736','',NULL,NULL,'Via Giulio Salvadori, 56','','','','arezzo','',1,'',NULL,NULL),(1236,'Trattoria Pizzeria Nerone Firenze',NULL,'737','',NULL,NULL,'Via Faenza, 95/97R','','','','firenze','',1,'',NULL,NULL),(1237,'Ambulatorio Veterinario Setteponti',NULL,'738','',NULL,NULL,' Via del Maspino, 19','','','','arezzo','',1,'',NULL,NULL),(1238,'Unika Consulting LLC',NULL,'739','+39 347 3232691',NULL,NULL,'Via Bartolomeo Grazioli, 21, 06132','','','','Perugia','',1,'<p><span style=\"color: #ffffff; font-family: Raleway, sans-serif; font-size: 13px; font-style: normal; font-variant-ligatures: normal; font-variant-caps: normal; font-weight: 400; letter-spacing: 0.65px; orphans: 2; text-align: start; text-indent: 0px; text-transform: none; white-space: normal; widows: 2; word-spacing: 0px; -webkit-text-stroke-width: 0px; background-color: rgba(17, 33, 52, 0.8); text-decoration-thickness: initial; text-decoration-style: initial; text-decoration-color: initial; display: inline !important; float: none;\">&nbsp;</span></p>',NULL,NULL),(1240,'Squarcialupi Marmi S.r.l.',NULL,'740','',NULL,NULL,'Loc, Località Ponte a Chiani, 33/f,','','','','arezzo','',1,'',NULL,NULL),(1241,'Albachiara Srl',NULL,'741','',NULL,NULL,'Via Isidoro Bazzanti 9','','','','','',1,'',NULL,NULL),(1242,'Innbiotec Pharma',NULL,'742','',NULL,NULL,'Via Martiri di Civitella, 5','','','','arezzo','',1,'',NULL,NULL),(1243,'Alfa 80 Centro Vetrine',NULL,'743','',NULL,NULL,'','','','','','',1,'',NULL,NULL),(1244,'I Portici Hotel Residenza d\'Epoca',NULL,'744','',NULL,NULL,'','','','','','',1,'',NULL,NULL),(1245,'DITRIA CARLO ANDREA',NULL,'745','',NULL,NULL,'2/LOC PONTEROSSO 59','01513310522','','','SINALUNGA','DTRCLN70C15Z114U',1,'',NULL,NULL),(1246,'TESFIN SRL ANDREA E MARCO FINI - NUOVA FIN-TES',NULL,'746','',NULL,NULL,'','','','','','',1,'',NULL,NULL),(1247,'moda.it srl',NULL,'747','',NULL,NULL,'Via Tommaso Edison, 35','','','','arezzo','',1,'',NULL,NULL),(1249,'MG ADVISOR SRL',NULL,'748','',NULL,NULL,'piazza San Jacopo','','','','arezzo','',1,'',NULL,NULL),(1250,'Francesco Fracassi',NULL,'749','',NULL,NULL,'','','','','','',1,'',NULL,NULL),(1251,'MGM Photovideo - Sabino Mazzini',NULL,'750','+39 3334695716',NULL,NULL,'Via Eugenio Battisti 15','02204130518','info@mgmphotovideo.it','','Sansepolcro (AR)','02204130518',1,'<p>Hosting e dominio</p>',NULL,NULL),(1252,'giuliamazzini.it - Giulia Mazzini',NULL,'751','+39 3386207921',NULL,NULL,'Via E. Battisti 15','02350730517','info@giuliamazzini.it','','Sansepolcro','02350730517',1,'<p>Hosting e Dominio</p>',NULL,NULL),(1253,'GIANTO SRL - GIVOVA',NULL,'752','',NULL,NULL,'','','','','','',1,'',NULL,NULL),(1254,'GIMET SPA',NULL,'753','',NULL,NULL,'','','','','','',1,'',NULL,NULL);

--
-- Table structure for table `codice_articolo`
--

CREATE TABLE `codice_articolo` (
  `id_codice` int(11) NOT NULL AUTO_INCREMENT,
  `descrizione` varchar(50) DEFAULT '0',
  PRIMARY KEY (`id_codice`),
  KEY `id_codice` (`id_codice`)
) ENGINE=InnoDB AUTO_INCREMENT=9 DEFAULT CHARSET=latin1;

--
-- Dumping data for table `codice_articolo`
--

INSERT INTO `codice_articolo` VALUES (1,'COVER ST'),(2,'PELLICOLA ST'),(3,'AHCL'),(4,'RICAMBIO'),(5,'RIC GEN'),(6,'RIC GEN ORD'),(7,'BAT GEN ORD'),(8,'ACC SMT ABV');

--
-- Table structure for table `contatti`
--

CREATE TABLE `contatti` (
  `id_contatto` int(11) NOT NULL AUTO_INCREMENT,
  `nome` varchar(50) DEFAULT NULL,
  `cognome` varchar(50) DEFAULT NULL,
  `telefono` varchar(50) DEFAULT NULL,
  `email` varchar(50) DEFAULT NULL,
  `id_cliente` smallint(6) DEFAULT NULL,
  PRIMARY KEY (`id_contatto`),
  KEY `id_contatto` (`id_contatto`),
  KEY `FK_cliente_contatti` (`id_cliente`),
  CONSTRAINT `FK_cliente_contatti` FOREIGN KEY (`id_cliente`) REFERENCES `clienti` (`id_cliente`)
) ENGINE=InnoDB AUTO_INCREMENT=34 DEFAULT CHARSET=latin1;

--
-- Dumping data for table `contatti`
--

INSERT INTO `contatti` VALUES (4,'','','','',1096),(5,'prova','prova','prova','prova',1095),(6,'','','','',1097),(7,'','','','',1098),(8,'','','','',1099),(23,'','','','',1123),(24,'Cristiano','Falsini','3341171483','',1124),(25,'','','','',1099),(26,'','','','',1132),(27,'','','','',1132),(29,'','','','',549),(30,'','','','',1081),(31,'Fabio ','','3337368022','',1169),(32,'SILVIA','ROVERE','','',1179),(33,'MATTIA','BRANCHI','','',1206);

--
-- Table structure for table `contattileads`
--

CREATE TABLE `contattileads` (
  `id_contatto` int(11) NOT NULL AUTO_INCREMENT,
  `nome` varchar(50) DEFAULT NULL,
  `cognome` varchar(50) DEFAULT NULL,
  `telefono` varchar(50) DEFAULT NULL,
  `email` varchar(50) DEFAULT NULL,
  `id_leads` smallint(6) DEFAULT NULL,
  PRIMARY KEY (`id_contatto`),
  KEY `FK_leads_contatti` (`id_leads`),
  CONSTRAINT `FK_leads_contatti` FOREIGN KEY (`id_leads`) REFERENCES `leads` (`id_leads`)
) ENGINE=InnoDB AUTO_INCREMENT=16 DEFAULT CHARSET=latin1;

--
-- Dumping data for table `contattileads`
--

INSERT INTO `contattileads` VALUES (4,'FRANCESCO','BERTOLOTTI','','',2),(5,'MARCO','','','',3),(6,'STEFANO','SECCI','','',4),(7,'ROBERTO','MARTELLINI','','',5),(10,'Devil','Bracci','3485110032','',7),(11,'Mauro','Palazzini','','',8),(12,'Lucia','Bani','3939869824','',9),(13,'Antonio','CACCIAPUOTI','3347162965','',11),(14,'Guido','Rossini','055973214','',12),(15,'Alessio','','','',13);

--
-- Table structure for table `contratti`
--

CREATE TABLE `contratti` (
  `id_contratto` int(11) NOT NULL AUTO_INCREMENT,
  `data_contratto` date DEFAULT NULL COMMENT 'Data',
  `ultima_modifica` date DEFAULT NULL COMMENT 'usato per la scadenza contratto',
  `valore` int(11) DEFAULT '0',
  `frequenza_minima` int(11) DEFAULT '0',
  `descrizione` varchar(500) DEFAULT NULL,
  `note_contratto` text,
  `id_cliente` smallint(6) NOT NULL COMMENT 'Cliente',
  `stato_contratto` int(11) DEFAULT NULL,
  `codice_contratto` varchar(50) DEFAULT NULL,
  `data_decorrenza` date DEFAULT NULL,
  `id_spesa` int(11) DEFAULT NULL,
  `id_fattura` int(11) DEFAULT NULL,
  `id_reparto` int(11) DEFAULT NULL,
  `id_tipo` int(11) DEFAULT NULL,
  PRIMARY KEY (`id_contratto`),
  KEY `FK-contratti-clienti` (`id_cliente`),
  KEY `FK_contratti_statilavori` (`stato_contratto`),
  KEY `FK_contratto_reparto` (`id_reparto`),
  KEY `FK_contratto_tipo` (`id_tipo`),
  CONSTRAINT `FK_contratti_clienti` FOREIGN KEY (`id_cliente`) REFERENCES `clienti` (`id_cliente`),
  CONSTRAINT `FK_contratti_statilavori` FOREIGN KEY (`stato_contratto`) REFERENCES `statilavori` (`id_stato`),
  CONSTRAINT `FK_contratto_reparto` FOREIGN KEY (`id_reparto`) REFERENCES `reparto` (`id_reparto`),
  CONSTRAINT `FK_contratto_tipo` FOREIGN KEY (`id_tipo`) REFERENCES `tipocontratto` (`id_tipo`)
) ENGINE=InnoDB AUTO_INCREMENT=480 DEFAULT CHARSET=latin1 COMMENT='Contratti dei clienti';

--
-- Dumping data for table `contratti`
--

INSERT INTO `contratti` VALUES (1,'2022-05-01','2023-04-30',NULL,0,'HOSTING ANNUALE EXCHANGE + VADE RETRO CLOUD + KASPERSKY ANTIVIRUS','12 CASELLE ANTISPAM / EXCHANGE / KASPERSKY 12 PC\r\n17/1/23 Davide aggiunta nuova mail finitura@fior.it  aggiunto canone 40,8 /anno',21,1,NULL,'2022-05-01',NULL,NULL,1,3),(2,'2022-05-23','2023-04-30',465,0,'EXCHANGE ONLINE + VADERETRO CLOUD','5 CASELLE',245,1,NULL,'2022-05-23',NULL,NULL,1,3),(3,'2018-01-01','2019-12-31',350,0,'CALENDARI ONLINE ASSISTENZA ONEDRIVE','ASSISTENZA ONEDRIVE 150 €\r\nEXCHANGE ONLINE CALENDARI 150 €\r\nAttivato un ulteriore calendario 16.06.2017 50 €\r\nAttivati 11 calendari in totale il 10.07.2017',1025,1,NULL,'2018-01-01',NULL,NULL,NULL,NULL),(4,'2018-01-01','2019-12-31',200,0,'EXCHANGE CLOUD','2 CASELLE DI POSTA',263,1,NULL,'2018-01-01',NULL,NULL,NULL,NULL),(5,'2017-07-01','2018-07-01',500,0,'ASSISTENZA ANNUALE SISTEMISTICA','INTERVENTI TECNICI ENTRO 24 ORE ED ASSISTENZA TELEFONICA E DA REMOTO',432,3,NULL,'2017-07-01',NULL,NULL,NULL,NULL),(6,'2022-06-01','2023-05-31',520,0,'MAINTENANCE SN210 SN210A17H2727A7 + SN310 SN310A17D3025A7 ','LICENZE ANNUALI FIREWALL SN310 € 310 SN210 € 210',432,1,NULL,'2022-06-01',NULL,NULL,1,3),(7,'2022-06-06','2023-05-31',350,0,'KASPERSKY ENDPOINT SECURITY 10 POSTAZIONI','',245,1,NULL,'2022-06-06',NULL,NULL,1,3),(8,'2022-07-01','2023-06-30',341,0,'KASPERSKY ENDPOINT 11 POSTAZIONI','',166,1,NULL,'2022-07-01',NULL,NULL,1,3),(9,'2021-02-01','2022-01-31',225,0,'HOSTING MACCHINA VIRTUALE dal 2021 sconto 50% (225 invece di 450)','',494,3,NULL,'2021-02-01',NULL,NULL,1,2),(10,'2022-06-10','2023-05-31',175,0,'KASPERSKY ENDPOINT 5 POSTAZIONI','35 euro a postazione',132,1,NULL,'2022-06-10',NULL,NULL,1,3),(11,'2022-05-27','2023-04-30',NULL,0,'KASPERSKY 15 POSTI (FARE DDT E FATTURA A IN ITALY SRL)','35 euro a postazione',404,1,NULL,'2022-05-27',NULL,NULL,1,3),(15,'2022-08-01','2023-07-31',250,0,'HOSTING SCADENZARIO ED SMS','',31,1,NULL,'2022-08-01',NULL,NULL,0,2),(17,'2022-10-01','2023-09-30',350,0,'KASPERSKY ENDPOINT 10 POSTI','',330,1,NULL,'2022-10-01',NULL,NULL,1,3),(19,'2017-06-01','2018-06-01',NULL,0,'KASPERSKY 3 POSTI','35 euro ognuna',486,1,NULL,'2017-06-01',NULL,NULL,NULL,NULL),(20,'2022-12-01','2023-11-30',920,0,'VM CLOUD GESTIONALE','Upograde 20GB di disco 21.09.2020 20 € al mese',504,1,NULL,'2022-12-01',NULL,NULL,1,2),(21,'2019-05-01','2020-04-30',160,0,'Hosting Applicazione GEMS','',1026,6,NULL,'2019-05-01',NULL,NULL,NULL,NULL),(22,'2018-05-01','2019-04-30',400,0,'Centrale Operativa 7 su 7 h24','€ 400 per disponibilità h24 / 365 giorni l’anno / 7 giorni su 7 ed intervento entro le 3 ore dalla segnalazione',432,3,NULL,'2018-05-01',NULL,NULL,NULL,NULL),(23,'2018-05-01','2019-04-30',300,0,'Macchina Virtuale dedicata','Macchina Virtuale Linux CentOS 6 x64 con 1 vCpu / 1Gb di Ram / 20Gb',1028,3,NULL,'2018-05-01',NULL,NULL,NULL,NULL),(24,'2023-02-01','2024-01-31',450,0,'Canone assistenza gestionale','CONTRATTO ASSISTENZA ANNUALE SOFTWARE GESTIONE STUDIO',494,1,NULL,'2023-02-01',NULL,NULL,3,1),(28,'2022-06-15','2023-05-31',800,0,'Kaspersky Endpoint 30 Posti','',432,1,NULL,'2022-06-15',NULL,NULL,1,3),(29,'2023-01-08','2023-12-31',235,0,'Licenza Firewall Stormshield SN210 Monsummano SN210A17B0808A7','',1199,1,NULL,'2023-01-08',NULL,NULL,1,3),(30,'2017-08-01','2019-07-31',350,0,'ASSISTENZA ANNUALE VRU','',1031,3,NULL,'2017-08-01',NULL,NULL,NULL,NULL),(32,'2023-01-01','2023-12-31',NULL,0,'LICENZA FIREWALL SN200 SN200A14J0785A7','',404,1,NULL,'2023-01-01',NULL,NULL,1,3),(33,'2023-02-22','2024-01-31',518,0,'KASPERSKY 20 POSTAZIONI','25,90 caduna',482,1,NULL,'2023-01-24',NULL,NULL,1,3),(36,'2022-07-11','2023-06-30',495,0,'KASPERSKY ENDPOINT 15 POSTAZIONI','33 € a pc',533,1,NULL,'2022-07-11',NULL,NULL,1,3),(42,'2017-01-01','2050-12-31',NULL,0,'IDEALOGY - ASSISTENZA TECNICA','',1033,3,NULL,'2017-01-01',NULL,NULL,NULL,NULL),(43,'2017-01-01','2050-12-31',NULL,0,'IDEALOGY - ASSISTENZA TECNICA','',541,1,NULL,'2017-01-01',NULL,NULL,NULL,NULL),(44,'2017-01-01','2050-12-31',NULL,0,'INFOITALIA - ASSISTENZA TECNICA','',21,3,NULL,'2017-01-01',NULL,NULL,NULL,NULL),(46,'2017-10-17','2018-10-17',NULL,0,'IDEALOGY - CENTRALINO E VOIP','',551,1,NULL,'2017-10-17',NULL,NULL,NULL,NULL),(47,'2022-10-01','2023-09-30',220,0,'MAINTENANCE STORMSHIELD SN160 SN160A17B0052A7','',31,1,NULL,'2022-10-01',NULL,NULL,1,3),(48,'2022-11-01','2023-10-31',225,0,'MAINTENANCE STORMSHIELD SN160 SN160A17D1783A7','',1045,1,NULL,'2022-11-01',NULL,NULL,1,3),(49,'2018-01-01',NULL,1600,0,'SITO WEB E FOTO','',1044,3,NULL,'2018-01-01',NULL,NULL,NULL,NULL),(50,'2017-12-15','2018-01-31',1600,0,'SERVIZIO FOTO E SITO','',1045,3,NULL,'2017-12-15',NULL,NULL,NULL,NULL),(51,'2017-08-01','2018-03-31',1600,0,'Sito web e corso formazione ','',1032,3,NULL,'2017-08-01',NULL,NULL,NULL,NULL),(52,'2017-05-01','2018-03-31',1800,0,'SITO WEB E FOTO 2017','',245,3,NULL,'2017-05-01',NULL,NULL,NULL,NULL),(56,'2018-01-10','2018-02-28',NULL,0,'IMPIANTO WIFI CASA 01/18','IMPIANTO WIFI NUOVO A CASA COMPLETO',178,3,NULL,'2018-01-10',NULL,NULL,NULL,NULL),(57,'2018-01-01','2018-02-28',2500,0,'REALIZZAZIONE SITO WEB E FOTO OFFERTA 26/2018','',1048,1,NULL,'2018-01-01',NULL,NULL,NULL,NULL),(58,'2020-01-01','2021-01-31',NULL,0,'KASPERSKY ENDPOINT 12PC','',1050,3,NULL,'2020-01-01',NULL,NULL,1,3),(59,'2023-02-01','2024-01-31',250,0,'HOSTING SITO SENZA DOMINIO 250 €','SENZA DOMINO E SENZA POSTA',1045,1,NULL,'2023-02-01',NULL,NULL,1,2),(60,'2018-02-01','2021-01-31',3000,15,'FATTURAZIONE MENSILE OMNICOMPRENSIVO ASSISTENZA','',1050,3,NULL,'2018-02-01',NULL,NULL,1,1),(61,'2018-01-01','2050-12-31',3000,20,'CONTRATTO OMNICOMPRENSIVO ASSISTENZA','',404,1,NULL,'2018-01-01',NULL,NULL,1,1),(62,'2020-09-01','2021-08-31',350,0,'HOSTING SITO SENZA DOMINIO + CERTIFICATO SSL','',1032,3,NULL,'2020-09-01',NULL,NULL,0,2),(63,'2018-02-01','2050-02-01',4500,15,'Omnicomprensivo assistenza e consulenza','',432,1,NULL,'2018-02-01',NULL,NULL,1,1),(64,'2018-01-01','2050-12-31',2000,30,'FATTURAZIONE TRIMESTRALE - ASSISTENZA OMNICOMPRENSIVA','',456,1,NULL,'2018-01-01',NULL,NULL,1,1),(65,'2018-02-20','2018-03-31',2600,0,'SITO WEB E SERVIZIO FOTO','',1056,3,NULL,'2018-02-20',NULL,NULL,NULL,NULL),(66,'2018-02-20','2018-04-30',3500,0,'SITO WEB E FOTO','',1047,3,NULL,'2018-02-20',NULL,NULL,NULL,NULL),(67,'2023-03-01','2024-02-28',235,0,'STORMSHIELD SN210 MANTEINANCE SN210A17C2101A7 SCADENZA GENNAIO 2021','',245,1,NULL,'2023-03-01',NULL,NULL,1,3),(68,'2023-03-01','2024-02-28',235,0,'MAINTENANCE STORMSHIELD SN210 SN210A17C2106A7','',533,1,NULL,'2023-03-01',NULL,NULL,1,3),(69,'2018-04-10','2018-05-30',1500,0,'Sito web e foto.','',1061,3,NULL,'2018-04-10',NULL,NULL,NULL,NULL),(70,'2022-04-01','2023-03-31',35,0,'dominio gecom.biz','rinnovo dominio con altra login 2930134@aruba.it - v3q4hv47',432,1,NULL,'2022-04-01',NULL,NULL,0,2),(72,'2018-03-31','2018-05-31',1300,0,'Servizio foto e sito.','',1060,3,NULL,'2018-04-26',NULL,NULL,NULL,NULL),(73,'2022-04-01','2023-03-31',580,0,'KASPERSKY ANTIVIRUS 20 PC ENDPOINT','',1047,1,NULL,'2022-04-01',NULL,NULL,1,3),(74,'2021-04-01','2022-03-31',1145,0,'KASPERSKY ENDPOIINT PL RETAIL 26 UTENTI + LICENZA STORMSHIELD SN210','',1063,3,NULL,'2021-04-01',NULL,NULL,1,3),(76,'2022-04-01','2023-03-31',230,0,'LICENZA FIREWALL SN160W SN160W16J0098A7\r\n','',1059,1,NULL,'2022-04-01',NULL,NULL,1,3),(77,'2022-05-22','2023-04-30',35,0,'vaderetro-cloud 1 utente','',263,1,NULL,'2022-05-22',NULL,NULL,1,3),(78,'2022-05-02','2023-04-30',1250,0,'kaspersky endpoint 40 pc','Davide: 2/05/22 Rinnovate licenze  ',1033,1,NULL,'2023-05-31',NULL,NULL,1,3),(79,'2020-05-23','2021-04-30',215,0,'PEC fashionservices@gigapec.it + DOMINIO fashionservices.eu + HOSTING Splash page + EXCHANGE CLOUD 1 ACCOUNT + VADESECURE','',1067,3,NULL,'2020-05-23',NULL,NULL,1,3),(80,'2018-05-01','2040-04-30',3360,30,'FATTURAZIONE MENSILE - ASSISTENZA OMNICOMPRENSIVA','',1047,1,NULL,'2018-05-01',NULL,NULL,1,1),(81,'2018-02-01','2019-01-31',960,20,'FATTURAZIONE MENSILE - ASSISTENZA OMNICOMPRENSIVA','',486,1,NULL,'2018-02-01',NULL,NULL,1,1),(82,'2018-05-01','2040-04-30',960,20,'FATTURAZIONE SEMESTRALE ASSISTENZA OMNICOMPRENSIVA','PAGA CASH LUGLIO E DICEMBRE',504,1,NULL,'2018-05-01',NULL,NULL,1,1),(83,'2018-05-01','2040-04-30',1800,15,'FATTURAZIONE MENSILE - ASSISTENZA OMNICOMPRENSIVA','',245,1,NULL,'2018-05-01',NULL,NULL,1,1),(84,'2018-07-01','2050-06-30',1920,10,'FATTURAZIONE MENSILE - ASSISTENZA OMNICOMPRENSIVA','160 mensile',549,1,NULL,'2018-07-01',NULL,NULL,1,1),(85,'2018-06-01','2018-07-31',800,0,'Creazione Sito','',256,3,NULL,'2018-06-30',NULL,NULL,NULL,NULL),(86,'2021-06-13','2022-05-31',225,0,'kaspersky 5 pc endpoint','',526,3,NULL,'2021-06-13',NULL,NULL,1,3),(87,'2018-06-01','2018-07-31',1600,0,'Sviluppo sito','',1068,3,NULL,'2018-06-15',NULL,NULL,NULL,NULL),(88,'2022-06-27','2023-05-31',250,0,'HOSTING SITO WEB no DOMINIO giduesrl.com','',1071,1,NULL,'2022-06-27',NULL,NULL,0,2),(89,'2018-06-27','2018-08-31',1000,0,'SITO WEB','',1071,3,NULL,'2018-06-27',NULL,NULL,NULL,NULL),(90,'2022-05-15','2023-04-30',310,0,'Stormshield SN310 Maintenance SN310A17D3134A7\r\n','',21,1,NULL,'2022-05-15',NULL,NULL,1,3),(91,'2022-07-03','2023-06-30',175,0,'Kaspersky Endpoint Security 5 postazioni','',495,1,NULL,'2022-07-03',NULL,NULL,1,3),(92,'2018-07-01','2050-06-30',960,20,'FATTURAZIONE MENSILE ASSISTENZA OMNICOMPRENSIVA','',21,1,NULL,'2018-07-01',NULL,NULL,1,1),(93,'2018-07-05','2018-07-31',900,0,'SITO WEB E FOTO','',1073,1,NULL,'2018-07-05',NULL,NULL,NULL,NULL),(94,'2018-06-01','2050-05-31',480,30,'CONTRATTO ASSISTENZA ANNUALE OMNICOMPRENSIVO (paga ogni 6 mesi)','',546,1,NULL,'2018-06-01',NULL,NULL,1,1),(95,'2018-07-09','2019-06-30',4560,0,'CONTRATTO ASSISTENZA OMNICOMPRENSIVA','',533,4,NULL,'2018-07-01',NULL,NULL,NULL,NULL),(96,'2018-07-07','2018-07-31',1300,0,'SITO WEB NUOVO E FOTO','',1074,3,NULL,'2018-07-07',NULL,NULL,NULL,NULL),(98,'2018-06-01','2018-12-31',240,0,'contratto assistenza omnicomprensiva paga ogni 6 mesi','',546,3,NULL,'2018-06-01',NULL,NULL,NULL,NULL),(99,'2018-07-01','2018-12-31',480,25,'CONTRATTO ASSISTENZA ANNUALE OMNICOMPRENSIVO (PAGA OGNI 6 MESI) ','',1075,1,NULL,'2018-07-01',NULL,NULL,1,1),(100,'2019-07-12','2020-06-30',200,0,'KASPERSKY ENDPOINT - ACRONIS CLOUD','kASPERSKY ENDPOINT 3 PC + ACRONIS CLOUD 1 PC',32,3,NULL,'2019-07-12',NULL,NULL,1,3),(101,'2018-06-28','2050-06-30',1800,15,'CONTRATTO ASSISTENZA ANNUALE OMNICOMPRENSIVO','',330,1,NULL,'2018-07-01',NULL,NULL,1,1),(102,'2020-08-26','2021-08-26',275,0,'Kaspersky 5 postazioni SCADENZA AGOSTO 2021','',525,1,NULL,'2020-08-26',NULL,NULL,1,3),(103,'2022-07-23','2023-06-30',175,0,'Kaspersky Endpoint 5pc SCADENZA AGOSTO 2020','',1044,1,NULL,'2022-07-23',NULL,NULL,1,3),(104,'2018-07-01','2050-07-01',NULL,0,'IDEALOGY ASSISTENZA TECNICA','',1076,1,NULL,'2018-07-01',NULL,NULL,NULL,NULL),(105,'2022-07-25','2023-06-30',250,0,'STORMSHIELD SN160 UTM PACK 1 YEAR SN160A28C4048A7','',256,1,NULL,'2022-07-25',NULL,NULL,1,3),(106,'2019-09-04','2020-08-31',350,0,'HOSTING LENTIACONTATTOESHOP.IT','',481,3,NULL,'2019-09-04',NULL,NULL,0,2),(107,'2018-07-01','2050-06-30',600,30,'ASSISTENZA OMNICOMPRENSIVA MENSILE','',32,1,NULL,'2018-07-01',NULL,NULL,1,1),(108,'2022-09-11','2023-08-31',198,0,'EXCHANGE ONLINE 3 CASELLE OFFICE365 + VADERETRO 2 ACCOUNT','',1079,1,NULL,'2022-09-11',NULL,NULL,0,2),(109,'2022-09-11','2023-09-30',104,0,'EXCHANGE ONLINE PIANO 1 PER 3 UTENTI','Davide: 25/7/22 Eliminate 2 caselle come richiesto dal cliente, modificato il canone annuale\r\n\r\n',456,1,NULL,'2022-09-11',NULL,NULL,1,3),(111,'2020-09-26','2021-08-31',100,0,'CERTIFICATO SSL 1 ANNO','',245,1,NULL,'2020-09-26',NULL,NULL,0,2),(112,'2022-09-10','2023-08-31',600,0,'HOSTING STOCK CLOUD','',1047,1,NULL,'2022-09-10',NULL,NULL,0,2),(113,'2022-10-01','2023-09-30',675,0,'ANTISPAM VADERETRO 27 CASELLE','',1047,1,NULL,'2022-10-01',NULL,NULL,1,3),(114,'2023-03-15','2024-02-28',200,0,'FEMAR - MAINTENANCE STORMSHIELD SN160 SN160A17D1886A7','prezzo infoitalia 160 al cliente 200',492,1,NULL,'2023-03-15',NULL,NULL,1,3),(115,'2022-06-21','2023-05-31',310,0,'MAINTENANCE STORMSHIELD SN310 SN310A17D3133A7','',492,1,NULL,'2022-06-21',NULL,NULL,1,3),(116,'2018-10-10','2019-09-30',145,0,'EXCHANGE CLOUD E DOMINIO INITALYSRL.EU E HOSTING','',404,3,NULL,'2018-10-10',NULL,NULL,NULL,NULL),(117,'2018-07-01','2050-07-31',600,0,'FATTURAZIONE MENSILE ASSISTENZA','',59,3,NULL,'2018-07-01',NULL,NULL,1,1),(118,'2022-11-01','2023-10-31',265,0,'SN210 MAINTENANCE ANNUALE SN210A18E4392A7','',1084,1,NULL,'2022-11-01',NULL,NULL,1,3),(119,'2018-11-01','2018-12-31',360,20,'CONTRATTO ASSISTENZA ANNUALE OMNICOMPRENSIVO ','GIà FATTURATO NOVEMBRE E DICEMBRE',245,3,NULL,'2018-11-01',NULL,NULL,1,1),(120,'2018-11-01','2050-10-31',4200,15,'CONTRATTO ASSISTENZA ANNUALE OMNICOMPRENSIVO','',1033,1,NULL,'2018-11-01',NULL,NULL,1,1),(121,'2021-12-05','2050-11-30',704,0,'CANONE ANNUALE READY PRO MODULI','',388,1,NULL,'2021-12-05',NULL,NULL,1,3),(122,'2022-12-05','2023-11-30',195,0,'CANONE ANNUALE PIATTAFORMA FATTURAZIONE ELETTRONICA E MODULI READY','',163,1,NULL,'2022-12-05',NULL,NULL,1,3),(123,'2018-12-05','2019-11-30',150,0,'CANONE ANNUALE PROGRAMMA READY','',401,3,NULL,'2018-12-05',NULL,NULL,NULL,NULL),(124,'2022-12-05','2023-11-30',635,0,'CANONE ANNUALE INFOITALIA E PIATTAFORMA ARUBA E INFOITALIA','SOFT-CANONE	SYNERGY ERP *** UPGRADE***da Impresa XP a Impresa	PZ	1	420,00\r\nSOFT-CANONE	SYNERGY FE manutenzione annuale Fatturazione Elettronica	PZ	1	88,00								\r\n125 EURO PIATTAFORMA ARUBA',56,1,NULL,'2022-12-05',NULL,NULL,1,3),(125,'2018-12-07','2019-01-31',NULL,0,'Sito internet','Sito internet con creazine pagine e social wall. Servizio foto di 1 giorno intero mezzo giornata per foto e mezza giornata per elaborazione. Sitemap e modifiche',56,1,NULL,'2018-12-07',NULL,NULL,NULL,NULL),(126,'2018-12-09','2050-11-30',900,0,'FATTURAZIONE MENSILE CLOUD SERVER','FATTURARE TUTTI I MESI 75 € + IVA CON RID (ADEGUAMENTO A 90 € MESE)',1090,1,NULL,'2018-12-09',NULL,NULL,1,2),(127,'2018-09-01','2050-12-31',960,30,'CONTRATTO ASSISTENZA OMNICOMPRENSIVA','',543,1,NULL,'2018-08-31',NULL,NULL,1,1),(129,'2019-06-01','2050-05-31',960,30,'CONTRATTO ASSISTENZA ANNUALE OMNICOMPRENSIVO','',131,1,NULL,'2019-06-01',NULL,NULL,1,1),(130,'2022-12-19','2023-11-30',125,0,'INFOITALIA SYNERGY + MODULO FE','Cod.	Descrizione	UM	Quant.	Val	Prezzo	Imposte	S1	Pr.sc.	Prezzo	\r\n	Rif. DDT N. 544 del 02/12/2021									\r\nSOFT-CANONE	CANONE ANNUALE MANUTENZIONE SYNERGY FE	PZ	1	€	420,00	22%	0	420,00	512,40	\r\nSOFT-CANONE	SYNERGY FE manutenzione annuale Fatturazione Elettronica	PZ	1	€	88,00	22%	0	88,00	107,36	\r\n										\r\n',266,1,NULL,'2022-12-19',NULL,NULL,1,3),(131,'2019-12-10','2020-11-30',665,0,'15 CASELLE EXCHANGE CLOUD NUMEROUNO + VADESECURE','',1096,3,NULL,'2019-12-10',NULL,NULL,1,2),(137,'2019-01-01','2020-01-01',600,45,'CONTRATTO ASSISTENZA ANNUALE OMNICOMPRENSIVO ','',178,3,NULL,'2019-01-01',NULL,NULL,1,1),(138,'2019-01-14','2019-03-31',800,0,'Sviluppo sito','',1097,3,NULL,'2019-01-14',NULL,NULL,NULL,NULL),(139,'2023-03-05','2024-02-28',270,0,'SN210 MAINTENANCE STORMSHIELD SN210A18E4573A7','',1099,1,NULL,'2023-03-05',NULL,NULL,1,3),(140,'2019-01-14','2019-02-28',2500,0,'chiavi in mano server gennaio 2019','Lavoro di installazione infrastruttura server ed exchange - client e formazione',1099,3,NULL,'2019-01-14',NULL,NULL,NULL,NULL),(151,'2018-11-10','2019-10-30',25,0,'PEC trettre@pec.it','',340,1,NULL,'2018-11-10',NULL,NULL,NULL,NULL),(156,'2023-02-11','2024-01-31',200,0,'hosting annuale sito','',1124,1,NULL,'2023-02-11',NULL,NULL,0,2),(157,'2023-02-10','2024-01-31',25,0,'PEC barbagli@pec.it','',245,1,NULL,'2023-02-10',NULL,NULL,1,2),(158,'2023-02-12','2024-01-31',50,0,'account posta csgroup@numerouno.cloud','',31,1,NULL,'2023-02-12',NULL,NULL,1,2),(159,'2022-10-05','2023-09-30',378,0,'OFFICE 365 BUSINESS PREMUIM 3 UTENTI','',456,1,NULL,'2022-10-05',NULL,NULL,1,3),(160,'2023-02-10','2024-01-31',150,0,'Vadesecure cloud 6 caselle','',456,1,NULL,'2023-02-10',NULL,NULL,1,3),(161,'2022-05-11','2023-04-30',35,0,'Vadesecure antispam 1 casella','',219,1,NULL,'2022-05-11',NULL,NULL,1,3),(162,'2023-02-19','2024-01-31',50,0,'CASELLA SMTP fior@numerouno.cloud','',21,1,NULL,'2023-02-19',NULL,NULL,1,2),(163,'2020-01-01','2024-12-31',130,0,'CLOUD SERVER 4VCPU - 8GB - 160GB - 1IP - BACKUP','Windows Server 2012 R2 - 4 vCPU Intel Xeon - 8 GB RAM - 160 GB Storage\r\nBackup crittografato quotidiano dei dati\r\n3 connessioni contemporanee RDP',205,1,NULL,'2020-01-01',NULL,NULL,1,2),(165,'2019-02-01','2050-02-01',1200,30,'contratto assistenza annuale omnicomprensivo ','contratto assistenza annuale omnicomprensivo ',1084,1,NULL,'2019-02-01',NULL,NULL,1,1),(166,'2019-02-01','2019-04-30',1600,0,'Realizzazione sito web ','',205,3,NULL,'2019-03-01',NULL,NULL,NULL,NULL),(167,'2019-02-01','2019-04-30',250,0,'Prima impostazione web reputation ','',205,3,NULL,'2019-03-01',NULL,NULL,NULL,NULL),(168,'2019-02-01','2019-04-30',250,0,'SEO – Ottimizzazione sito per i motori di ricerca ','',205,3,NULL,'2019-03-01',NULL,NULL,NULL,NULL),(169,'2018-06-01','2050-01-01',480,30,'ASSISTENZA ANNUALE OMNICOMPRENSIVO ','',263,1,NULL,'2018-06-01',NULL,NULL,1,1),(171,'2019-03-14','2019-05-31',1700,0,'realizzazione sito web in italiano ed inglese e traduzioni professionali','1500 sito + 200 € traduzioni',1124,3,NULL,'2019-03-14',NULL,NULL,NULL,NULL),(172,'2019-03-24','2019-04-30',1950,0,'sviluppo software puntualità TIM ','',1129,3,NULL,'2019-03-24',NULL,NULL,NULL,NULL),(173,'2023-03-24','2024-02-28',250,0,'HOSTING ED ASSISTENZA SOFTWARE CLOUD PUNTUALITà TIM','',1129,1,NULL,'2023-03-24',NULL,NULL,3,2),(174,'2022-07-17','2023-06-30',250,0,'Exchange Online 5 Account di posta','',256,1,NULL,'2022-07-17',NULL,NULL,1,2),(175,'2022-04-20','2023-03-31',70,0,'Vadesecure antispam 2 caselle di posta','',256,1,NULL,'2022-04-20',NULL,NULL,1,3),(176,'2019-04-02','2030-03-30',100,0,'Hosting Wordpress \"chiavi in mano\"','',1096,3,NULL,'2019-04-02',NULL,NULL,0,2),(177,'2019-04-05','2020-03-31',240,0,'BUSINESS LOG CLOUD 5 LICENZE','',1050,6,NULL,'2019-04-05',NULL,NULL,NULL,NULL),(181,'2019-03-01','2019-05-31',700,0,'Realizazione sito web','',18,3,NULL,'2019-04-08',NULL,NULL,NULL,NULL),(182,'2019-03-01','2019-05-31',900,0,'Sviluppo sito e traduzioni wpml e aggiunta live chat','',1087,3,NULL,'2019-04-10',NULL,NULL,NULL,NULL),(184,'2021-05-14','2022-04-30',150,0,'EXCHANGE ONLINE 5GB NOSTRO + VADESECURE 2 CASELLE','',1044,3,NULL,'2021-05-14',NULL,NULL,1,2),(185,'2022-04-15','2023-03-31',50,0,'CASELLA EMAIL PER INVIO SMTP NUMEROUNO.CLOUD','',1099,1,NULL,'2022-04-15',NULL,NULL,1,2),(186,'2022-04-18','2023-03-31',775,0,'VADERETRO CLOUD ANTISPAM LICENSE 1 YEAR MAINTANANCE ANSTISPAM + ANTIVIRUS + GRAYMAIL','31 caselle',1099,1,NULL,'2022-04-18',NULL,NULL,1,3),(187,'2022-04-18','2023-03-31',700,0,'KASPERSKY ENDPOINT SECURITY 20 Postazioni','',1099,1,NULL,'2022-04-18',NULL,NULL,1,3),(188,'2022-04-18','2023-03-31',50,0,'indirizzo smtp unomaglia@numerouno.cloud','',1033,1,NULL,'2022-04-18',NULL,NULL,0,2),(189,'2019-04-18','2025-03-31',30,0,'CONNESSIONE PONTE RADIO 8/1 LOC. RIGUTINO','COSTO DI ATTIVAZIONE UNA TANTUM INCLUSI I MATERIALI € 190 + IVA\r\n25 + iva connessione\r\n7 + iva numero ',1099,1,NULL,'2019-04-18',NULL,NULL,1,NULL),(190,'2022-04-29','2023-03-31',60,0,'Ceritifcato https attivazione','',18,1,NULL,'2022-04-29',NULL,NULL,0,2),(192,'2019-05-06','2050-12-31',NULL,0,'1 x Fibra 30Mbit\r\n1 x Portabilità numero 0575381609 su centralino cloud con 2 interni 100 Minuti\r\n1 x Webfax numero nuovo','Costi di attivazione: 35 euro migrazione numero, acquisto 2 fritzfon + 10 € webfax',263,1,NULL,'2019-05-06',NULL,NULL,1,4),(193,'2019-05-08','2050-04-30',53,0,'FIBRA 30MBIT E NUMERO VOIP','FIBRA 30MBIT + NUMERO VOIP SEMPLICE',1131,1,NULL,'2019-05-08',NULL,NULL,1,4),(198,'2019-05-08','2019-06-30',1500,0,'sito web','',1131,3,NULL,'2019-05-08',NULL,NULL,0,0),(199,'2019-05-09','2050-04-30',80,0,'PONTE RADIO ','ATTIVAZIONE € 190 + IVA CANONE MESE € 80 + IVA',1033,1,NULL,'2019-05-09',NULL,NULL,1,4),(200,'2022-05-15','2023-04-30',67,0,'Vadesecure + Email Exchange','',508,1,NULL,'2022-05-15',NULL,NULL,1,2),(201,'2019-05-20','2019-07-31',1500,0,'Creazione sito.','',1132,3,NULL,'2019-05-20',NULL,NULL,0,0),(202,'2021-05-04','2050-04-30',720,0,'VDSL 100/20 CON IDEALOGY ','Davide: vdsl sostituisce sia il ponte radio che adsl ,tutta la rete adesso è sotto il router fritzbox,canone 60+iva al mese\r\ncosto attivazione impianto 100 euro',1057,1,NULL,'2021-05-04',NULL,NULL,1,4),(203,'2019-05-17','2019-05-31',120,0,'Rifacimento logo.','Julia 4 ore da preventivo mail. ',1071,3,NULL,'2019-05-23',NULL,NULL,0,0),(204,'2022-05-23','2023-04-30',50,0,'VADESECURE CLOUD 2 ACCOUNT','',485,1,NULL,'2022-05-23',NULL,NULL,1,3),(205,'2019-05-23','2050-04-30',600,30,'Assistenza tecnica omnicomprensiva','',485,1,NULL,'2019-05-23',NULL,NULL,1,1),(206,'2019-06-01','2050-12-31',480,30,'contratto assistenza annuale omnicomprensivo','Davide 30/3/22 :in accordi con Francesco, abbiamo dimezzato il canone mensile della metà  per retention (il cliente voleva andare con vodafone)',1133,1,NULL,'2019-06-01',NULL,NULL,1,1),(207,'2022-08-10','2023-07-31',193,0,'KASPERSKY ENDPOINT SECURITY','',539,1,NULL,'2022-08-10',NULL,NULL,1,3),(208,'2019-05-01','2050-05-30',16000,0,'SVILUPPO VRB MPS LEASING','',1099,3,NULL,'2019-06-17',NULL,NULL,3,0),(209,'2022-07-07','2023-06-30',475,0,'VADESECURE CLOUD 19 INDIRIZZI','',549,1,NULL,'2022-07-07',NULL,NULL,1,3),(210,'2019-02-04','2049-10-27',700,30,'ASSISTENZA ANNUALE OMNICOMPRENSIVA','ADDEBITO RID',1081,3,NULL,'2019-06-25',NULL,NULL,1,1),(211,'2019-07-01','2050-06-30',720,30,'FATTURAZIONE BIMESTRALE ASSISTENZA','',1136,3,NULL,'2019-07-01',NULL,NULL,1,1),(212,'2019-04-17','2050-02-28',70,0,'FIBRA 30MBIT E CENTRALINO CLOUD 2 INTERNI','ABBONAMENTO VDSL 30/3 - 05751781856 Centralino PBX 2 interni e minuti inclusi',1137,1,NULL,'2019-04-17',NULL,NULL,1,4),(213,'2019-07-08','2050-06-30',NULL,0,'Nuova linea Fibra 100Mbit / 20Mbit \r\nNumero 0532 242168 trunk sip voip\r\nNumero 0532 242176 trunk sip voip\r\nNumero 0532 246405 webfax','FORNITORE IDEALOGY\r\nATTIVAZIONE COMPLESSIVA 580',1139,3,NULL,'2019-07-08',NULL,NULL,1,4),(214,'2019-07-24','2050-06-30',NULL,0,'ABBONAMENTO BUNDLE PBX 4 INT + VDSL 100- FAX - 400 MIN INCLUSI - 05513033218','',1090,1,NULL,'2019-07-24',NULL,NULL,1,4),(215,'2022-08-02','2023-07-31',1000,0,'HOSTING GECOM-DATA VECCHIO','',432,1,NULL,'2022-08-02',NULL,NULL,1,2),(217,'2019-08-14','2019-10-31',1500,0,'SITO WEB CMS','Da realizzare sito per la spa',1141,3,NULL,'2019-08-14',NULL,NULL,0,0),(218,'2019-08-21','2019-11-30',1000,0,'SERVER CHIAVI IN MANO AGOSTO 2019','',1063,3,NULL,'2019-08-21',NULL,NULL,1,0),(219,'2019-06-29','2020-07-01',25,0,'Pec dc69@pec.it ','bionda77',404,1,NULL,'2019-06-29',NULL,NULL,0,2),(220,'2022-09-02','2023-09-02',275,0,'KASPERSKY ENDPOINT 5 PC','',258,1,NULL,'2022-09-02',NULL,NULL,1,3),(221,'2022-09-03','2023-08-31',290,0,'SN210 SECURSHOP SN210A29C6737A7','',1190,1,NULL,'2022-09-03',NULL,NULL,1,3),(222,'2019-01-01','2050-12-31',960,0,'ASSISTENZA ANNUALE OMNICOMPRENSIVA','',504,6,NULL,'2019-01-01',NULL,NULL,1,1),(223,'2019-10-01','2019-12-31',220,0,'Creazione campagne SEM / SMM','',18,3,NULL,'2019-10-01',NULL,NULL,0,0),(224,'2019-09-16','2050-08-31',NULL,0,'FIBRA 30MBIT 3MBIT','ROUTER FRITZBOX AVM 7530 IN VENDITA ED ATTIVAZIONE A 150 € FATTURAZIONE BIMESTRALE 100 € + IVA',1145,1,NULL,'2019-09-16',NULL,NULL,1,4),(225,'2022-10-01','2023-09-30',230,0,'KASPERSKY ENDPOINT 6 LICENZE','',1025,1,NULL,'2022-10-01',NULL,NULL,1,3),(226,'2018-01-01','2050-12-31',960,30,'ASSISTENZA ANNUALE OMNICOMPRENSIVA','',258,1,NULL,'2050-12-31',NULL,NULL,1,1),(227,'2022-10-01','2023-09-30',545,0,'TEMPUSFUGIT.HK ANTISPAM 5 CASELLE POSTA EXCHANGE E DOMINIO','',1047,1,NULL,'2022-10-01',NULL,NULL,1,2),(228,'2019-10-15','2019-12-31',3450,0,'SITO WEB E WEB REPUTATION','',1151,3,NULL,'2019-10-15',NULL,NULL,0,0),(229,'2019-10-14','2050-09-30',450,45,'ASSISTENZA TECNICA OMNICOMPRENSIVA ANNUALE','',388,1,NULL,'2019-10-14',NULL,NULL,1,1),(230,'2019-10-28','2050-09-30',2040,20,'ASSISTENZA ANNUALE OMNICOMPRENSIVA','Assistenza e manutenzione Server, infrastruttura e pc',1099,1,NULL,'2019-10-28',NULL,NULL,1,1),(231,'2022-11-01','2023-10-31',650,0,'VADESECURE CLOUD 26 CASELLE','Status	Valid licence\r\nCode	AS + GM + AV(Outbreak)\r\nSubscribed on	Oct 30, 2019\r\nExpires on	Oct 30, 2020\r\nNumber of domains declared	1\r\nNumber of addresses	26',482,1,NULL,'2022-11-01',NULL,NULL,1,3),(234,'2019-08-26','2020-08-31',890,NULL,'VENERE LUXURY CANONE ANNUALE','DAL FORNNITORE DEL GESTIONALE LUXURY dott. michele carbone +39 3469547088 / M.CARBONE@SOLUZIONIINFORMATICHE.INFO',1141,3,NULL,'2019-08-26',NULL,NULL,1,3),(235,'2019-09-10','2050-08-31',1200,NULL,'FIBRA 30MBIT + CENTRALINO TELEFONICO CLOUD 3 INTERNI','FORNITORE IDEALOGY',1141,3,NULL,'2019-09-10',NULL,NULL,1,4),(236,'2019-11-01','2050-10-31',4200,NULL,'fatturazione mensile Assistenza tecnica annuale omnicomprensiva','',533,1,NULL,'2019-11-01',NULL,NULL,1,1),(237,'2020-07-01','2050-06-30',7668,NULL,'Exchange Online Piano 1 + 22 x Office 365\r\nExchange Online Piano 2','Francesco: 14/01/21 aggiunte 2 licenze office 365 prezzo 10,50 cadauna\r\nDavide:07/12/21 aggiunte 3 licenze office 365 prezzo 10,50 cadauna\r\nDavide:10/12/21 aggiunte 3 licenze office 365 prezzo 10,50 cadauna\r\nDavide: 26/05/22 aggiunte 3 licenze office 365 prezzo 10,50 cadauna\r\nDavide:7/6/22 modificata licenza per centrale operativa da piano 1 a piano2\r\nFrancesco: 13-06-22 aggiunte 3 licenze office\r\nDavide: 13/06/22 aggiunta licenza piano 2 sul utente di simona.frollini (per aumentare spazio casella da 50 a 100 gb) 8,4 euro/mese\r\nDavide: 14/06/22 sostituito il piano2  per sabrina.giuliattini@gecom.biz \r\nDavide 16/06/22 come da richiesta del cliente aggiunte 6 licenze o365 10,50 cadauna\r\nDavide 12/9/22 modificate licenze come chiesto da F.Evarista  8 licenze piano 1 modificati in o365 standard modificati i canoni con la differenza di costo delle licenze (34 euro in più al mese)\r\n •	 Andrea.peruzzi@gecom.biz                \r\n•	Antonella.olivieri-cons@gecom.biz	\r\n•	claudia.dellaperuta@gecom.biz		\r\n•	keti.ferretti@gecom.biz			\r\n•	leonardo.leonessi@gecom.biz		\r\n•	luca.leonessi@gecom.biz			\r\n•	massimo.cinelli@gecom.biz		\r\n•	silvia.giuliattini@gecom.biz\r\n24/10/22 Davide:come richiesto da F.evarista aggiunta 1 licenza o365 \r\n23/11/22 Davide aggiunte 3 licenze office365\r\n01/12/22 Davide come richiesto da F.evarista upgrade casella di posta pamela.casini@gecom.biz  a piano2 (100gb)\r\n03/02/23 Davide fatto upgrade licenze a office 365 e 3 per Achille 36/euro mese',432,1,NULL,'2020-07-01',NULL,NULL,1,3),(238,'2020-01-24','2023-12-31',380,NULL,'Exchange Online piano 1 x 5 + Office 365 Business x 1','',1159,1,NULL,'2020-01-24',NULL,NULL,1,3),(239,'2020-01-09','2020-12-31',13000,NULL,'E-COMMERCE','',1047,3,NULL,'2020-01-09',NULL,NULL,0,0),(240,'2020-03-11','2020-09-30',4800,NULL,'INFRASTRUTTURA E SERVER 2020','LEASING IFIS BANCA',1160,1,NULL,'2020-03-11',NULL,NULL,1,0),(241,'2023-02-03','2024-01-31',750,NULL,'HOSTING ADVANCED E-COMMERCE','Hosting per sito e-commerce',1047,1,NULL,'2023-02-03',NULL,NULL,0,2),(242,'2023-04-21','2023-03-31',175,NULL,'Kaspersky Endpoint Security for Business - Select Cross-grade ( 5-9 utenti ) - 1 anno','KL4863XAEFW Kaspersky Endpoint Security for Business - Select Cross-grade ( 5-9 utenti ) - 1 anno',316,1,NULL,'2023-04-30',NULL,NULL,1,3),(243,'2023-02-01','2024-01-31',649,NULL,'15 caselle Exchange online piano 1 microsoft','Cioa,\r\nquindi diciamo che riepilogando:\r\n\r\nANNUI\r\n€ 448,00               11 mail exchange\r\n€ 140,00               4 licenze kaspersky\r\n€ 250,00               1 dominio laccenti.com\r\n€ 838,00\r\n\r\nLavoro per istallazione e programmazione\r\n€ 250,00 unatantum\r\n\r\n18/10/21 Davide: aggiunta casella mail gherardo.baldini@laccenti.com costo annuale 448+50 (casella nuova)\r\n13/07/21 Davide aggiunte 3 nuove caselle come chiesto da Nicolato totale annuo + 152 euro\r\n',316,1,NULL,'2023-02-01',NULL,NULL,1,3),(244,'2022-06-01','2023-05-31',250,NULL,'HOSTING SITO E DOMINIO LACCENTI.COM','',316,1,NULL,'2022-06-01',NULL,NULL,0,2),(245,'2020-02-01','2020-02-29',250,NULL,'LAVORO CHIAVI IN MANO MIGRAZIONE POSTA, SITO E ANTIVIRUS','Cioa,\r\nquindi diciamo che riepilogando:\r\n\r\nANNUI\r\n€ 448,00               11 mail exchange\r\n€ 140,00               4 licenze kaspersky\r\n€ 250,00               1 dominio laccenti.com\r\n€ 838,00\r\n\r\nLavoro per istallazione e programmazione\r\n€ 250,00 unatantum\r\n',316,3,NULL,'2020-02-01',NULL,NULL,1,0),(246,'2023-02-05','2024-01-31',200,NULL,'SN160 PAPINI GIOIELLI - SN160A29E6244A7','1 x UTM Security Pack - licenza annuale aggiornamenti  moduli firewall € 200 annuali (consigliato al cliente 250)\r\n-	Aggiornamenti giornalieri moduli\r\n-	Attivazione moduli UTM\r\n',492,1,NULL,'2023-02-05',NULL,NULL,1,3),(247,'2020-02-06','2020-09-30',1500,NULL,'SISTEMAZIONE E-COMMERCE','',1162,3,NULL,'2020-02-06',NULL,NULL,1,0),(248,'2021-02-06','2023-01-31',1102,NULL,'HOSTING ECOMMERCE + EXCHANGE NUMEROUNOMAIL 7 CASELLE + VADESECURE 7 CASELLE + CERTIFICATO SSL + 2 DOMINI ANTONELLARIZZA.COM E ANTONELLARIZZA.IT','',1162,3,NULL,'2021-02-06',NULL,NULL,1,2),(249,'2020-02-10','2020-06-30',800,NULL,'una tantum Formazione, training on the job, manutenzione ed assistenza software gestionale','',1162,3,NULL,'2020-02-10',NULL,NULL,1,1),(250,'2020-02-10','2020-06-30',1300,NULL,'ready pro Installazione, configurazione, primo avvio e collaudo secondo le specifiche necessità del cliente','',1162,3,NULL,'2020-02-10',NULL,NULL,1,1),(251,'2020-02-10','2030-01-31',840,NULL,'manutenzione ed assistenza software gestionale','',1162,3,NULL,'2020-02-10',NULL,NULL,1,1),(252,'2020-02-10','2050-01-31',840,NULL,'Canone mensile server, licenze ed infrastruttura cloud','',1162,3,NULL,'2020-02-10',NULL,NULL,1,2),(253,'2020-02-18','2020-06-30',8000,NULL,'MPS HOMELEASING SVILUPPO SOFTWARE','',1140,3,NULL,'2020-02-18',NULL,NULL,3,0),(254,'2020-02-26','2050-01-31',1560,NULL,'FIBRA 50MBIT + 0575900271 + 0575907363 + 05751788778','SAREBBERO 8,50 EURO AL MESE A INTERNO MA GLI FACCIO LO SCONTO E GLI FACCIO PAGARE 70 AL MESE OLTRE ALLA FIBRA PER CHIAMATE ILLIMITATE E INTERNI ILLIMITATI - IL COSTO DI PRIMA ATTIVAZIONE E MIGRAZIONE LO TROVI NEL DDT\r\nDAVIDE 3/11/21:AGGIUNTO NUMERO 05751788778,PER FARE SOLO CHIAMATE IN USCITA,CANONE 10 EURO AL MESE IN Più',408,1,NULL,'2020-02-26',NULL,NULL,1,4),(255,'2021-03-03','2050-02-28',1584,NULL,'Office 365 Business (Small business) 15 LICENZE','Office 365 Business (Small business) 15 LICENZE',482,1,NULL,'2021-03-03',NULL,NULL,1,3),(256,'2023-03-05','2024-02-28',126,NULL,'OFFICE 365 1 UTENTE ANNUALE NO EXCHANGE','',1165,1,NULL,'2023-03-05',NULL,NULL,1,3),(257,'2023-03-05','2024-02-28',175,NULL,'KASPERSKY ENDPOINT 5PC','4 LICENZE EXTRA PACCHETTO A 35 CADUNA',1165,1,NULL,'2023-03-05',NULL,NULL,1,3),(258,'2020-03-05','2050-02-28',NULL,NULL,'NUMERAZIONE VOIP 05751696238 E TRAFFICO 0,02 FISSI E 0,09 CELLULARI','CANONE NUMERO 10 EURO AL MESE E TRAFFICO A 0,02 FISSI E 0,09 CELLULARI',1166,3,NULL,'2020-03-05',NULL,NULL,1,4),(259,'2023-03-02','2024-02-28',235,NULL,'Firewall Stormshield SN160 SN160A30C8101A7','',1161,1,NULL,'2023-03-01',NULL,NULL,1,3),(260,'2020-03-16','2020-06-30',1950,NULL,'SVILUPPO AUTOMATISMO CAUSE OSTATIVE','',1129,3,NULL,'2020-03-16',NULL,NULL,3,0),(261,'2021-06-24','2050-07-31',1020,NULL,'3CX PRO CLOUD 6 INTERNI','CENTRALINO CLOUD 3CX PRO MACCHINA VIRTUALE DEDICATA 25 € MESE + 10 € A INTERNO AL MESE - PRIMA ATTIVAZIONE 150 €\r\n\r\n14/3/22 Davide contratti chiusi come da richiesta del cliente',486,3,NULL,'2021-06-24',NULL,NULL,1,4),(262,'2022-04-02','2023-03-31',140,NULL,'4 licenze Kaspersky Endpoint Security for Business 1E7C-200330-150702-960-406 (scadenza Marzo 2022)','',250,1,NULL,'2023-04-02',NULL,NULL,1,3),(263,'2022-04-02','2023-03-31',70,NULL,'2 Licenze - Kaspersky Endpoint Security for Business 1E7C-200330-150702-960-406 (scadenza Marzo 2022)','',1125,1,NULL,'2022-04-02',NULL,NULL,1,3),(264,'2023-01-08','2023-12-31',235,NULL,'Licenza Firewall Stormshield SN210 Montecatini SN210A17B1014A7','',549,1,NULL,'2023-01-08',NULL,NULL,1,3),(265,'2022-08-06','2023-07-31',250,NULL,'KASPERSKY 5 POSTAZIONI','',31,1,NULL,'2023-08-05',NULL,NULL,1,3),(267,'2020-02-01','2050-01-31',1560,20,'ASSISTENZA ANNUALE MANUTENZIONE OMNICOMPRENSIVA','',1059,3,NULL,'2020-02-01',NULL,NULL,1,1),(268,'2023-02-14','2024-01-01',250,NULL,'MAINTENANCE LICENZA FIREWALL STORMSHIELD SN210A29D7672A7','14/02/23 Davide n.b licenza noi si è pagata 251,30 + iva',482,1,NULL,'2023-02-14',NULL,NULL,1,3),(269,'2022-12-23','2023-12-31',250,NULL,'LICENZA MAINTENANCE STORMSHIELD SN210 SN210A17C2103A7','',1224,1,NULL,'2022-12-23',NULL,NULL,1,3),(270,'2020-04-02','2020-10-31',8500,NULL,'REALIZZAZIONE ECOMMERCE ','',1169,3,NULL,'2020-04-02',NULL,NULL,0,0),(271,'2020-03-02','2020-04-12',780,NULL,'N° 26 Kaspersky Endpoint Security for Business Select','',1063,3,NULL,'2020-04-06',NULL,NULL,1,3),(272,'2020-04-06','2020-07-31',3500,NULL,'realizzazione e-commerce caffè quellidel2000.it ','Fatturazione Grenke',1170,3,NULL,'2020-04-06',NULL,NULL,0,0),(273,'2020-04-09','2050-05-31',1200,NULL,'HOSTING E-COMMERCE ED ASSISTENZA TRAINING ON THE JOB GUSTAVO365.IT','',1169,3,NULL,'2020-06-10',NULL,NULL,0,2),(274,'2020-04-16','2050-03-31',1080,NULL,'HOSTING PER SITO E CRM CON RISORSE DEDICATE','',1171,3,NULL,'2020-04-16',NULL,NULL,0,2),(275,'2020-04-20','2050-03-31',972,NULL,'5 x Office 365 Business Premium (Small business) 10,50 ognuno\r\n4 x Exchange Online (Piano 1) (Enterprise) 3,40 ognuno\r\n3 x Exchange Online (Piano 1) OIKOS-ADVISORY.IT (Enterprise) 3,40 ognuno','14/3/22 Davide contratti chiusi come da richiesta del cliente',486,3,NULL,'2020-04-20',NULL,NULL,1,3),(278,'2022-04-23','2023-03-31',71,NULL,'1 X EXCHANGE ONLINE\r\n1 X VADESECURE CLOUD ','Davide:12/9/22 eliminata casella amministrazione (come chiesto dal referente Fabio) dimezzato importo annuale',1172,1,NULL,'2022-04-23',NULL,NULL,1,3),(279,'2020-05-01','2050-04-30',780,40,'CONTRATTO ASSISTENZA ALL INCLUSIVE MANUTENZIONE 65 € MENSILI','',1155,1,NULL,'2020-05-01',NULL,NULL,1,1),(280,'2022-05-06','2023-04-30',691,NULL,'EXCHANGE ONLINE 10GB 12 CASELLE CON ANTISPAM','Davide:05/10/21 aggiunta nuova casella  acquisti@promodsrl.com\r\nDavide:14/02/22 aggiunta nuova casella it@promodsrl.com',1158,1,NULL,'2022-05-06',NULL,NULL,1,2),(281,'2020-05-06','2050-04-30',1080,NULL,'SERVER CLOUD WINDOWS 2019 2VCPU 6GB RAM 40GB HD','',1173,3,NULL,'2020-05-06',NULL,NULL,1,2),(282,'2020-05-06','2021-04-30',420,NULL,'3CX CLOUD 10 INTERNI','',1173,3,NULL,'2020-07-05',NULL,NULL,1,4),(288,'2020-05-20','2020-08-31',1900,NULL,'Realizzazione sito web ITALIANO e INGLESE + OTTIMIZZAZIONE SEO ITA / ENG + Servizio foto','',316,3,NULL,'2020-05-20',NULL,NULL,0,0),(289,'2020-05-20','2020-08-31',1600,NULL,'SITO WEB E-COMMERCE','',1176,3,NULL,'2020-05-20',NULL,NULL,0,0),(290,'2020-05-20','2050-04-30',840,NULL,'HOSTING ED ASSISTENZA E-COMMERCE','',1176,3,NULL,'2020-05-20',NULL,NULL,0,2),(291,'2020-06-26','2020-12-31',1350,NULL,'MARKETING SU WEB INSTAGRAM / FACEBOOK','RICEVERE FATTURA DA SIMONTI',1176,3,NULL,'2020-06-26',NULL,NULL,0,0),(292,'2020-05-28','2020-07-31',200,NULL,'2 annunci adwords','ASSEGNATO A YULIA CI DEVE FARE LA FATTURA LEI, IL CLIENTE PAGA IL BUDGET DA SOLO A GOOGLE',1177,3,NULL,'2020-05-28',NULL,NULL,0,0),(293,'2020-05-28','2020-08-31',900,NULL,'UPGRADE E-COMMERCE ANCHE SU SARTORIA','ANCHE SU SARTORIA FACCIAMO SITO COMPLETO E NON SOLO CARRELLO NASCOSTO, DA AGGIUNGERE AL CONTRATTO',1151,3,NULL,'2020-05-28',NULL,NULL,0,0),(294,'2020-06-13','2021-05-31',840,NULL,'HOSTING SITO E APP OKKIDS.IT - INIZIA A PAGARE DA MAGGIO 2021','',1155,3,NULL,'2020-06-13',NULL,NULL,0,2),(295,'2020-06-14','2020-08-31',1000,NULL,'SVILUPPO APP OKKIDS PER INVIO NOTIFICHE PUSH','',1155,3,NULL,'2020-06-14',NULL,NULL,0,0),(296,'2020-06-16','2020-08-31',700,NULL,'fornitura registratore di cassa e sviluppo app per walletts','app 700 e registratore 600 messa in opera 120 4 rate pagamento',1180,3,NULL,'2020-06-16',NULL,NULL,3,0),(297,NULL,NULL,NULL,NULL,'prova attivita','',2,6,NULL,'2020-06-16',NULL,NULL,0,3),(298,'2022-06-18','2023-05-31',270,NULL,'KASPERSKY 6 POSTAZIONI','',190,1,NULL,'2022-06-18',NULL,NULL,1,3),(299,'2020-06-22','2050-05-31',240,NULL,'OFFICE 365 ENTERPRISE E3','',432,1,NULL,'2020-06-22',NULL,NULL,1,3),(300,'2020-06-22','2050-05-31',2880,NULL,'69 X EXCHANGE ONLINE PIANO 1 + 3 X OFFICE BASIC PER UNOMAGLIA - 10% DI SCONTO DA LISTINO','27/10/21 Davide: aggiunta casella Lucrezia@unomaglia.it \r\n2/12/21 Davide: Aggiunta nuova mail grafica@unomaglia.it le caselle disponibili erano finite, ne ho comprata una nuova ,modificati gli importi  del canone (casella 3,80 euro con sconto 10%)\r\n08/04/22 Davide aggiunta nuova casella mail magazzino@unomaglia.it solito prezzo 3,80\r\n11/04/22 Davide aggiunta nuova mail manuel@unomaglia.it prezzo 3,80\r\n5/05/22 Davide aggiunta nuova casella s.leone@unomaglia.it prezzo 3,80\r\n10/5/22 Davide aggiunte 2 nuove caselle Alice e Maddalena\r\n\r\nDavide:27/6/2022 posta migrata con hind ,annullate tutte le licenze e chiuso contratto',521,3,NULL,'2020-06-22',NULL,NULL,1,3),(301,'2020-06-25','2050-05-31',1560,NULL,'FIRBRA 100/20mbit + isdn 0575810539 + webfax ','ATTIVAZIONE CON MODEM FRITZ 7590 E MIGRAZIONE 320 € + IVA\r\nCanone mensile all inclusive 130 € + iva',1163,1,NULL,'2020-06-26',NULL,NULL,1,4),(302,'2020-07-03','2050-06-30',650,NULL,'Cause Ostative - Canone annuale hosting del servizio, assistenza, manutenzione ed aggiornamenti ','',1129,1,NULL,'2020-07-03',NULL,NULL,3,2),(303,'2020-07-16','2050-06-30',4800,NULL,'INTERVENTI PRESSO CLIENTE PER INSERIMENTO E GESTIONE SOCIAL','',1151,3,NULL,'2020-07-16',NULL,NULL,0,0),(304,'2020-07-16','2050-06-30',3600,NULL,'SVILUPPO INSTAGRAM ORGANICO (SIMONTI)','SIMONTI PER SVILUPPO INSTAGRAM DA AGOSTO',1151,3,NULL,'2020-08-01',NULL,NULL,0,0),(305,'2020-07-22','2050-06-30',NULL,NULL,'CENTRALINO CLOUD CHIAMATE E FIBRA','una tantum € 200 + iva\r\n\r\n-	Load balance e failover router\r\n-	Router Fibra 200Mbit\r\n-	Installazione e configurazione\r\n\r\ncanone mensile Numero Uno € 200 + iva\r\n\r\n-	10 interni centralino cloud\r\n-	chiamate flat nazionali fissi e mobili\r\n-	Fibra 200Mbit / 20 Mbit al posto di Fastweb\r\n-	Attivazione e configurazione chiavi in mano\r\n',1187,1,NULL,'2020-07-22',NULL,NULL,1,4),(306,'2020-07-24','2050-06-30',816,NULL,'3cx versione pro con 8sc per registrazioni Ecotrade 8 INTERNI ','8,50 EURO A INTERNO',533,1,NULL,'2020-07-24',NULL,NULL,1,0),(307,'2020-07-29','2050-06-30',315,NULL,'Exchange Online (Piano 1) (Enterprise)	2\r\nMicrosoft 365 Business Standard (Small business)	1 + Addon Spazio Exchange','',166,1,NULL,'2020-07-29',NULL,NULL,1,3),(308,'2020-07-29','2020-06-30',115,NULL,'NM-SN160-UTM-FIRST+1Y UTM Security Pack, 1 year','',166,1,NULL,'2020-07-29',NULL,NULL,1,3),(309,'2020-08-10','2050-07-31',600,NULL,'HOSTING ED ASSISTENZA','',1183,1,NULL,'2020-08-10',NULL,NULL,0,2),(310,'2020-08-20','2050-07-31',480,90,'ASSISTENZA TECNICA ANNUALE','',1185,1,NULL,'2020-08-20',NULL,NULL,1,1),(311,'2020-08-01','2050-07-31',1440,60,'ASSISTENZA TECNICA ANNUALE','',1186,1,NULL,'2020-08-01',NULL,NULL,1,1),(312,'2022-08-28','2023-07-31',250,NULL,'LICENZA STORMSHIELD SN210A39LA056A7','',1189,1,NULL,'2022-08-28',NULL,NULL,1,3),(313,'2022-09-01','2023-08-31',125,NULL,'EXCHANGE CLOUD 1 ACCOUNT DI POSTA ELETTRONICA+ VADERETRO CLOUD ANTISPAM ','',178,3,NULL,'2022-09-01',NULL,NULL,1,2),(314,'2020-09-02','2050-08-31',1800,20,'CONTRATTO ASSISTENZA TECNICA CONTINUATICA','',482,1,NULL,'2020-09-02',NULL,NULL,1,1),(315,'2020-09-08','2050-08-31',815,NULL,'3CX CENTRALINO CLOUD 8 INTERNI LICENZA PRO','',1191,1,NULL,'2020-09-08',NULL,NULL,1,4),(316,'2020-09-01','2050-08-31',1440,NULL,'PONTE RADIO ASTRANET 10/4 - FATTURA GIUGNO E DICEMBRE','FORNITORE ASTRA ELETTRONICA MISURI',1189,1,NULL,'2020-09-01',NULL,NULL,1,4),(317,'2022-09-14','2023-08-31',250,NULL,'STORMSHIELD SN160 MAINTENANCE','',316,1,NULL,'2022-09-14',NULL,NULL,1,3),(318,'2020-09-14','2050-08-31',840,NULL,'fibra e numeri di telefono + webfax e centralino cloud','Davide 30/3/22 :in accordi con Francesco, abbiamo dimezzato il canone mensile della metà  per retention (il cliente voleva andare con vodafone)',1133,1,NULL,'2020-09-14',NULL,NULL,1,4),(319,'2020-09-14','2020-12-31',1300,NULL,'SITO WEB NUOVO 2020','',7,3,NULL,'2020-09-14',NULL,NULL,0,0),(320,'2020-09-18','2050-08-31',9260,NULL,'IMPIANTO 3 SEDI ROUTER + LOADBALANCIN + CENTRALINO ATTIVAZIONE','',1192,1,NULL,'2020-09-18',NULL,NULL,1,0),(321,'2020-09-18','2050-08-31',6149,NULL,'CANONE SERVIZI 6 LINEE 200MBIT E CENTRALINO CLOUD CON INTERNI','',1192,1,NULL,'2020-09-18',NULL,NULL,1,4),(322,'2022-09-22','2023-08-31',280,NULL,'KASPERSKY ENDPOINT SECURITY 7 PC','',1194,1,NULL,'2022-09-22',NULL,NULL,1,3),(323,'2020-09-22','2050-08-31',660,NULL,'OFFICE 365 BUSINESS Microsoft 365 Business Standard (Small business) 5 LICENZE','',1194,1,NULL,'2020-09-22',NULL,NULL,1,3),(324,'2020-09-30','2050-08-31',780,NULL,'fibra 30Mbit / 3Mbit con ip statico e numero VOIP chiamate nazionali verso fissie mobili incluse','',1195,1,NULL,'2020-09-30',NULL,NULL,1,4),(325,'2020-10-07','2050-09-30',1320,NULL,'FIBRA 100MBIT + NUMERO GEOGRAFICO CHIAMATE ILLIMITATE + 3CX CLOUD 7 INTERNI','',504,1,NULL,'2020-10-07',NULL,NULL,1,4),(326,'2020-10-08','2050-09-30',NULL,NULL,'GESTIONALE NEGOZI READY','',1063,1,NULL,'2020-10-08',NULL,NULL,3,0),(327,'2020-10-23','2050-09-30',75,NULL,'HOSTING PER PIUPROTETTI.IT','',1032,1,NULL,'2020-10-23',NULL,NULL,0,2),(328,'2020-10-23','2022-09-30',2400,NULL,'ASSISTENZA ALL INCLUSIVE SITO WEB E-COMMERCE PER 20 MESI','ASSISTENZA E FORMAZIONE E CONSULENZA PER LE ATTIVITà LEGATE AL SITO WEB',1162,3,NULL,'2020-10-23',NULL,NULL,0,1),(329,'2019-02-04','2050-01-31',700,NULL,'ASSISTENZA ANNUALE OMNICOMPRENSIVA','',1144,3,NULL,'2019-02-04',NULL,NULL,1,1),(330,'2020-10-28','2050-09-30',1776,NULL,'EXCHANGE ONLINE PIANO 1 (21 CASELLE) + VISIO PIANO 2 + 6 OFFICE 365 \r\n','aggiunto visio piano 2 da 12 euro al mese\r\nDavide:12/8/21 aggiunte 5 caselle Exchange on line piano 1\r\nDavide:09/9/21 aggiunta nuova casella irsu@bttimpianti.it\r\nDavide:11/04/22 aggiunta nuova casella  salesassistent@bttimpianti.it\r\nDavide 18/10/22 ramy@bttimpianti.it aggiunta casella\r\nDavide 26/10/22 modificata licenza piano 1 in o365 per m.pierobon\r\nDavide 2/11/22 aggiunte 5 licenze o365 e tolte 5 piano 1, ricalcolato totale con i nuovi importi\r\nDavide 9/11/22 aggiunta casella  nuova sonia.bressani@bttimpianti.it ',1197,1,NULL,'2020-10-28',NULL,NULL,1,3),(331,'2021-10-28','2023-11-30',420,NULL,'Kaspersky end point 12 postazioni','Davide 28/11/22 riattivate licenze  contratto Kaspersky, prezzo già con ricarico ed accettato da Pietro',1197,1,NULL,'2021-11-02',NULL,NULL,1,3),(332,'2020-11-02','2050-10-31',120,NULL,'TRUNK SIP VOIP PER TRASFERIMENTO','',1172,1,NULL,'2020-11-02',NULL,NULL,1,4),(333,'2022-10-23','2023-09-30',125,NULL,'VADESECURE 5 CASELLE','',1056,1,NULL,'2022-10-23',NULL,NULL,1,3),(334,'2020-11-06','2050-10-31',9000,NULL,'VPN SECURSHOP SU AZURE MICROSOFT','COSTO ATTIVAZIONE € 3.500 + IVA (1.400 LI AVEVAMO GIà FATTURATI) QUINDI NELLA FATTURA DI NOVEMBRE CI SARANNO 2.100 € DI SERVIZI DI ATTIVAZIONE\r\n5.000 Tunnel VPN IPSec CONTEMPORANEI – ogni Mikrtotik ed ogni Fritzbox usano 2 sessioni (in + out)\r\n400 Tunnel SSL (smartphone clienti) CONTEMPORANEI ',1190,1,NULL,'2020-11-06',NULL,NULL,1,2),(335,'2020-11-06','2050-10-31',1428,NULL,'FATTURARE A DC69 SRL - LICENZE OFFICE365 E EXCHANGE ONLINE','EXCHANGE ONLINE 12 UTENTI € 3.40 PER UNO TOTALE € 40,80\r\nOFFICE365 BUSINESS 7 UTENTI € 10,50 PER UNO TOTALE € 73,50\r\n23/9/22 davide aggiunta casella risorseumane@dc69.it ',404,1,NULL,'2020-11-06',NULL,NULL,1,3),(336,'2020-11-12','2050-10-31',720,45,'ASSISTENZA TECNICA OMNICOMPRENSIVA ANNUALE','',250,1,NULL,'2020-11-12',NULL,NULL,1,1),(337,'2020-11-12','2050-10-31',1380,NULL,'FIBRA 200 MBIT / 20 MBIT E CENTRALINO CLOUD 3 CX','FIBRA IRIDEOS E CENTRALINO CLOUD 3CX',250,1,NULL,'2020-11-12',NULL,NULL,1,4),(338,'2020-11-12','2020-10-31',660,NULL,'NUMERO TELEFONICO CLOUD SU 3CX E CHIAMATE INCLUSE','',1125,1,NULL,'2020-11-12',NULL,NULL,1,4),(339,'2020-11-13','2050-10-30',960,NULL,'HOSTING E-COMMERCE PERFORMANTE','',1063,1,NULL,'2020-11-13',NULL,NULL,1,2),(340,'2020-11-23','2050-11-30',960,30,'Contratto Omnicomprensivo Client PC','',1194,1,NULL,'2020-11-30',NULL,NULL,1,1),(341,'2022-12-02','2023-11-30',417,NULL,'EXCHANGE ONLINE 10 CASELLE','7 CASELLE A 3,40 € MESE OGNUNA\r\nDAVIDE:28/12/21 AGGIUNTE 3 CASELLE SEMPRE A 4,20 MESE TOTALE 10 CASELLE\r\nDavide 14/02/23 aggiunte 2 licenze piano 1 on line ',1199,1,NULL,'2022-12-02',NULL,NULL,1,3),(342,'2020-12-03','2050-11-30',1287,NULL,'EXCHANGE ONLINE PIANO 1 + OFFICE 365 ENTERPRISE PER RDP SERVER','28/6/21 Davide: Aggiunta nuova casella  c.bacci@teknomet.it\r\n12/7/21 Davide: Aggiunta casella c.strat@teknomet.it\r\n12/08/21 Davide: Aggiunte 2 nuove caselle industrializzazione@teknomet.it ,l.secchi@teknomet.it\r\n26/5/22 Davide aggiunta casella  c.dapice@teknomet.it\r\n13/7/22 Davide aggiunta casella manuntenzione@teknomet.it\r\n02/01/23 Davide aggiunta mail v.ceccherini@teknomet.it',1160,1,NULL,'2020-12-03',NULL,NULL,1,3),(343,'2020-12-04','2050-11-30',648,NULL,'PONTE RADIO 20 / 2 + NUMERO TELEFONICO CHIAMATE NAZIONALI INCLUSE','Davide:\r\n23/2/2022 contratto disdetto ,mandata cessazione ad atra elettronica, non fatturare più il canone al cliente.',553,3,NULL,'2020-12-04',NULL,NULL,1,4),(344,'2020-12-05','2020-03-31',4400,NULL,'REALIZZAZIONE E-COMMERCE','Pagamento in 6 rate',1063,3,NULL,'2020-12-05',NULL,NULL,0,0),(345,'2023-02-21','2024-01-31',350,NULL,'KASPERKY ENDPOINT 10 POSTAZIONI','',131,1,NULL,'2023-02-21',NULL,NULL,1,3),(346,'2021-01-11','2050-12-31',216,NULL,'3 caselle exchange online aggiunitve','',1162,3,NULL,'2021-01-11',NULL,NULL,1,2),(347,'2023-01-22','2024-01-31',350,NULL,'KASPERKY ENDPOINT 10 PC','',553,1,NULL,'2023-02-22',NULL,NULL,1,3),(348,'2021-01-11','2050-12-31',NULL,NULL,'FIBRA MONSUMMANO UFFICIO NUOVO + 2 NUMERAZIONI VOIP','CONTROLLARE I PREZZI CON IDEALOGY PERCHè è STATA DECLASSATA',1199,1,NULL,'2021-01-11',NULL,NULL,1,4),(349,'2023-01-30','2023-12-31',400,NULL,'JWRICH.HK','Dominio jwrich.hk + 3 caselle di posta + vadesecure cloud 1 dominio e 3 caselle',1047,1,NULL,'2023-01-30',NULL,NULL,0,2),(350,'2021-02-03','2050-01-31',1200,NULL,'Solo hosting, no posta e gestione dominio','siti: flexinn.it, sleepys.it, pisolone.com',1201,1,NULL,'2021-02-03',NULL,NULL,0,2),(351,'2021-02-18','2050-01-31',840,NULL,'HOSTING E-COMMERCE ED ASSISTENZA BORGHESEFINECOLLECTION.COM','',1206,3,NULL,'2021-02-18',NULL,NULL,0,2),(352,'2021-02-18','2020-05-31',1500,NULL,'REALIZZAZIONE SITO E-COMMERCE','',1206,3,NULL,'2021-02-18',NULL,NULL,0,0),(353,'2021-02-20','2050-01-31',3600,30,'ASSISTENZA TECNICA ANNUALE INFRASTRUTTURA','QUANDO ANDRANNO A MARCIANO DIVENTA 490 AL MESE',1160,1,NULL,'2021-02-20',NULL,NULL,1,1),(354,'2021-02-23','2050-01-31',1200,NULL,'ASSISTENZA TECNICA ANNUALE','',553,1,NULL,'2021-02-23',NULL,NULL,1,1),(355,'2021-02-23','2050-01-31',1080,NULL,'ASSISTENZA TECNICA ANNUALE SERVER','',1199,1,NULL,'2021-02-23',NULL,NULL,1,1),(356,'2021-03-08','2050-02-28',1320,NULL,'3CX-2 LINEE URBANE-CHIAMATE NAZIONALI FISSE/MOBILE-LINEA DATI PER VOIP','',404,1,NULL,'2021-03-08',NULL,NULL,1,4),(357,'2021-03-08','2050-02-28',1080,NULL,'3CX-2LINEE VOIP-CHIAMATE INCLUSE-LINEA DATI PER VOIP','',245,1,NULL,'2021-03-08',NULL,NULL,1,4),(358,'2023-03-01','2023-12-31',840,NULL,'HOSTING SITO ED ASSISTENZA BASE','HOSTING ED ASSISTENZA 70 EURO MESE',1176,1,NULL,'2023-03-01',NULL,NULL,0,2),(359,'2022-04-01','2023-03-31',420,NULL,'KASPERSKY ENDPOINT 11 POSTAZIONI','14/06/22 Davide :contratto chiuso, sostituito da quello di ESET PROTECT Entry On-Premise Endpoint',1160,3,NULL,'2022-04-01',NULL,NULL,1,3),(360,'2021-04-08','2050-03-31',360,NULL,'Connettività  Radio ASTRA 6/07 DYN fino a 6 Mb dwl - Casa dei Genitori di Alberto','Ponte radio a casa dei genitori di Alberto (proprietario della farmacia)',330,1,NULL,'2021-04-08',NULL,NULL,1,4),(361,'2021-04-27','2050-03-31',2400,15,'ASSISTENZA TECNICA CONTINUATIVA','',1197,1,NULL,'2021-04-27',NULL,NULL,1,1),(362,'2021-04-27','2050-03-31',1317,NULL,' OFFICE 365 BUSINESS +PIANO1 EXCHANGE','6 LICENZE DA 10,50 EURO CADUNA\r\n\r\nDavide: 31/5/21  AGGIUNTA UNA LICENZA COME RICHIESTO DAL CLIENTE PER LAURA\r\nDavide: 28/7/21 AGGIUNTA LICENZA PIANO 1 ON LINE PER Anastasiya\r\nDavide 15/11/21 AGGIUNTA LICENZA PIANO 1 ON LINE PER MAGALETTA MATTEO\r\nDavide: 2/12/21 AGGIUNTA LICENZA PIANO 1 ON LINE PER BONUCCI\r\nDavide: 27/04/22 AGGIUNTE 2 LICENZE PIANO 1 ON LINE MARCO E LORENZO\r\nDavide: 30/9/22 ELIMINATA LICENZA O365 E AGGIUNTA PIANO 1 (VIOLA DIVENTA GIULIA) RIMODULATO CANONE\r\nDavide 16/12/22 AGGIUNTA MAIL andrea@irisnrg.com\r\nDavide 27/1/23 aggiunte 3 caselle nuove solo posta\r\nDavide 21/2/23 aggiunte 2 caselle nuove solo posta tecnico1@irisnrg.com e tecnico2@irisnrg.com\r\nDavide 02/03/23 presa licenza o365 da apiccicare a tencico1 tolta locenza piano 1',1057,1,NULL,'2021-04-27',NULL,NULL,1,3),(363,'2021-05-03','2051-06-30',480,NULL,'Fibra Fttc 100/20 con Irideos per il Laboratorio ','Davide:\r\nAttivata nuova linea fttc per il laboratorio da fatturare al cliente, come da preventivo,40 euro mensili',1195,1,NULL,'2021-05-03',NULL,NULL,1,4),(364,'2022-05-04','2023-04-30',250,NULL,'HOSTING WORDPRESS E ASSISTENZA ARIES.LI','',1199,1,NULL,'2022-05-04',NULL,NULL,0,2),(365,'2021-05-17',NULL,2800,NULL,'Creazione sito Aziendale / E-Commerce etc','- Creazione sito Aziendale / E-Commerce € 2.800,00\r\n- Web Reputation e promozione WEB Google Adwords ed unificazione schede Google e sistemazione recensioni € 1.000 incluso budget Google\r\n- Canone mensile hosting ed assistenza siti web e-commerce e posta € 80,00 mensili',1209,3,NULL,'2021-05-27',NULL,NULL,0,0),(366,'2021-06-01','2050-07-31',1200,30,'CONTRATTO ASSISTENZA TECNICA ANNUALE','',190,1,NULL,'2021-06-01',NULL,NULL,1,1),(367,'2021-06-07','2051-07-31',720,365,'VDSL FTTC 30/3 CON IRIDEOS PER IL MAGAZZINO DI VIA GALVANI +1 NUMERO SIP  (CHIUSO IN DATA 02/05/22)','Davide:2/5/22 Contratto chiuso, cessata sia fttc che numero di telefono',1063,3,NULL,'2021-06-07',NULL,NULL,1,4),(368,'2021-06-15','2050-05-30',1440,30,'ASSISTENZA TECNICA ANNUALE','AREZZO E SANSEPOLCRO',1211,1,NULL,'2021-06-15',NULL,NULL,1,1),(369,'2021-06-15','2050-05-31',1836,NULL,'OFFICE 365 STANDARD 11 UTENTI  + 4 CASELLA EXCHANGE PIANO 1 ON LINE','Davide:7/03/22 aggiunta licenza office 365 per segreteria on line  quello da 10,5 per nuova mail segreteria@mg21srl.it\r\nDavide: 30/3/22 aggiunta licenza office 365 per segreteria on line  quello da 10,5 per s.falomi@mg21srl.it\r\nDavide: 2/5/22 aggiunta casella di posta Exchange on line piano 1\r\nDavide: 16/06/22 aggiunte 3 di posta Exchange on line piano 1\r\nDavide: 4/10/22 modificata licenza amministrazione da piano 1 a 0365\r\nDavide 27/11/22 aggiunta casella mail s.testi@mg21srl.it',1211,1,NULL,'2021-06-15',NULL,NULL,1,3),(370,'2021-06-17','2051-07-31',1200,NULL,'VDSL FTTC 200/20 SEDE DI VIA GALIELO FERRARIS ','VDSL CON IRIDEOS 100/20 CON PACCHETTO SUBNET LAN 4\r\n21/02/23 Davide contratto cessato',1063,3,NULL,'2021-06-17',NULL,NULL,1,4),(372,'2022-06-22','2023-05-31',250,NULL,'FIREWALL STORMSHIELD SN160 SN160A30H8718A7','',408,1,NULL,'2022-06-22',NULL,NULL,1,3),(373,'2022-06-25','2023-05-31',200,NULL,'LICENZA STOMSHIELD SN160 SN160A30H9022A7','',1135,1,NULL,'2022-06-25',NULL,NULL,1,3),(374,'2021-07-16','2051-08-31',720,NULL,'CONNESSIONE FTTC 100/20 CON IDEALOGY','',21,1,NULL,'2021-07-19',NULL,NULL,1,4),(375,'2022-07-19','2023-06-30',350,NULL,'KASPERSKY ENDPOINT PER 10 POSTAZIONI','',1211,1,NULL,'2022-07-19',NULL,NULL,1,3),(377,'2021-06-02','2050-05-31',960,NULL,'Canone mensile hosting ed assistenza siti web e-commerce e posta € 80,00 mensili','',1209,1,NULL,'2021-06-02',NULL,NULL,0,2),(378,'2021-08-04','2050-09-30',1200,NULL,'VDSL FTTC 100/20 CON IRIDEOS','VDSL FTTC 100/20 CON IRIDEOS ROUTER FRITZBOX 7530\r\nCANONE 100 EURO/MESE\r\nCOSTO DI ATTIVAZIONE COMPRESO ROUTER 200 EURO\r\n\r\n08/09/22 Davide:contratto cessato su irideos cliente si è trasferito a castiglion fibocchi',1135,6,NULL,'2021-08-05',NULL,NULL,1,4),(379,'2021-06-07','2050-05-31',600,NULL,'FIBRA PROFESSIONALE CON ACCOUNT SIP','',1212,1,NULL,'2021-06-07',NULL,NULL,1,4),(380,'2021-09-01','2022-08-31',250,NULL,'NM-SN210-UTM-FIRST+1Y -UTM-M-FIRST+1Y SECURITY PACK, 1 YEAR','era duplicato il contratto',1190,3,NULL,'2021-09-01',NULL,NULL,1,3),(381,'2021-09-15','2050-10-30',720,NULL,'VDSL 100/20 CON IRIDEOS','DAVIDE: VDSL 100/20 CON IRIDEOS CANONE 60+IVA AL MESE',1215,4,NULL,'2021-09-15',NULL,NULL,1,4),(382,'2021-09-15','2050-10-30',720,365,'VDSL 100/20 CON IRIDEOS','DAVIDE:VDSL 100/20 CON IRIDEOS CANONE 60+IVA AL MESE\r\nDAVIDE 30/9: I TECNICI NON SONO RIUSCITI A POSARE IL CAVO,PER COLPA DEI POZZETTI OSTRUITI SUL PROPRIETà DEL CLIENTE,HO PROVATO A SPIEGARE LA COSA AL REFERENTE (MICHELE ) MA NON APPRENDE.\r\nPER ORA CONTRATTO SOSPESO',1215,4,NULL,'2021-09-15',NULL,NULL,1,4),(383,'2021-09-20','2050-10-31',780,365,'VDSL FTTC 30/3 CON IDEALOGY','CANONE MENSILE 65+IVA \r\nCOSTO DI ATTIVAZIONE UNA TANTUM 200 EURO,COMPRENSIVO DI ROUTER FRITZBOX7530\r\n',1160,1,NULL,'2021-09-20',NULL,NULL,1,4),(384,'2021-09-30','2050-08-31',4500,NULL,'48 x SERVIZIO CLOUD MICROSOFT Exchange Online (Plan 1) (Enterprise)\r\n10 x SERVIZIO CLOUD MICROSOFT Microsoft 365 Business Standard (Small business)\r\n1 x OneDrive business','1/06/22 Davide :aggiunta nuova casella  responsabile.valentinovintage@scudierigroup.com\r\n6/06/22 Davide: aggiunta casella giuseppe@scudierigroup.com\r\n22/6/22 Davide aggiunta casella esponsabile.scudierisiena@scudierigroup.com\r\n23/6/22 Davide aggiunte 2 licenze o365 per responsabile scudieri e il mulino\r\n23/6/22 Davide aggiunta licenza o35 per Ela\r\n13/7/22 Davide aggiunta casella responsabile. Diaz\r\n15/7/22 Davide aggiunta casella design@scudierigroup.com\r\n5/8/22 Davide aggiunta casella info@scudierigroup.com\r\n2/9/22 Davide creata casella sindaco@scudierigroup.com\r\n15/9/22 Davide aggiunta casella  manutenzioni@scudierigroup.com\r\n17/10/22 Davide aggiunte 3 caselle ,su richiesta di Mazzeo  kuka@scudierigroup.com; responsabile.speranza@scudierigroup.com; vetrine@scudierigroup.com\r\n4/11/22 Davide aggiunta casella logistica@scudierigroup.com\r\n21/11/22 Davide: aggiunte 2 caselle  giovanni.palumbo@scudierigroup.com e  cucina.massetana@scudierigroup.com entrambe chieste da Mazzeo\r\n24/11/22 Davide aggiunta mail impasti.centralizzati@scudierigroup.com (chiesto da Mazzeo\r\n10/1/23 Davide aggiunta mail chiesta da Elisa Bonci@scudierigroup.com\r\n17/1/23 Davide aggiunta mail chiesta da Elisa responsabileconca@scudierigroup.com\r\n28/2/27 Davide aggiutna mail chiesta da Elisa  responsabileimpasti@scudierigroup.com',1216,1,NULL,'2021-09-30',NULL,NULL,1,3),(385,'2021-09-30','2050-08-31',989,NULL,'15 X SERVIZIO CLOUD MICROSOFT Exchange Online (Plan 1) (Enterprise)','20/10/22 Davide: aggiunte 2 nuove licenze per mail nanninidolciecaffe.com\r\n22/11/22 Davide :aggiunta ufficiostampa@nanninidolciecaffe.com\r\n13/01/23 Davide aggiunta mail magazzino@nanninidolcifactory.com (chiesto da Masti)\r\n21/02/23 Davide aggiunta mail caliani@nanninidolcifactory.com',1217,1,NULL,'2021-09-30',NULL,NULL,1,3),(386,'2023-02-23','2024-01-31',350,NULL,'KASPERSKY ENDPOINT 10 POSTAZIONI','',1210,1,NULL,'2023-02-23',NULL,NULL,1,3),(387,'2021-10-17','2050-09-30',1428,NULL,'Exchange Online (Plan 1) (Enterprise) + 1 OFFICE 365','01/06/22 Davide aggiunta mail russo@sielna.com\r\n25/10/22 Davide aggiunta licenza o365 per pc nuovi office365@sielna.com \r\n09/03/23 Davide aggiunte 2 licenze one drive piano 1 (da 5 euro l\'una)\r\n17/03/23 Davide aggiunta licenza office 365 per Lorena',1210,1,NULL,'2021-10-17',NULL,NULL,1,3),(388,'2021-10-26','2051-11-30',720,0,'VDSL FTTC 30/3 CON IRIDEOS PER CHANTELLE SRL DI VIA GALVANI +1 NUMERO SIP ','LINEA INTERNET PER CHANTELLE SRL ,CHIESTA DALLA PL RETAIL',1063,6,NULL,'2021-10-26',NULL,NULL,1,4),(390,'2022-11-01','2023-10-31',125,NULL,'ANTISPAM AS+GM+AV VADESECURE 5 CASELLE','',1056,1,NULL,'2022-11-01',NULL,NULL,1,3),(391,'2021-10-20','2021-10-31',350,NULL,'STORMSHIELD SN310 MATEINANCE SN310A41FJ257A7','',1153,1,NULL,'2021-10-20',NULL,NULL,1,3),(392,'2021-11-01','2022-12-31',2000,NULL,'INSTAGRAM + LINKBUILDING + FOTO E STRATEGIA','',1153,3,NULL,'2021-11-01',NULL,NULL,0,0),(393,'2021-11-19','2050-10-31',6600,20,'Manutenzione ed Assistenza dell’infrastruttura IT Aziendale','Manutenzione ed Assistenza dell’infrastruttura IT Aziendale nel suo complesso \r\nServizio attivo dal lunedì al venerdì 9 – 13 e 14:30 – 18:30\r\nInterventi tecnici di ordinaria e straordinaria manutenzione e risoluzione delle problematiche sia presso la vs. sede sia in loco che da remoto, senza limitazioni entro la giornata della richiesta di intervento\r\nManutenzione proattiva, controllo dello stato delle apparecchiature e della corretta esecuzione dei backups e dello stato di salute degli apparati\r\nAssistenza telefonica e remota senza limitazioni\r\nIntervento tecnico entro la giornata della segnalazione per qualsiasi problema\r\nIntervento entro le 3 ore dalla segnalazione per urgenze bloccanti o disaster recovery\r\nMigliorie all’impianto esistente ogni 20 giorni installazione aggiornamenti e upgrades ai server ed hotfix agli apparati\r\n',1220,1,NULL,'2021-11-19',NULL,NULL,1,1),(394,'2022-11-19','2023-10-30',350,NULL,'MAINTENANCE SN210 SN210A31CG002A7 MONTE','',1220,1,NULL,'2022-11-19',NULL,NULL,1,3),(395,'2022-11-19','2023-10-30',350,NULL,'MAINTENANCE SN160 SN160A30L9232A7 VICENZA','',1220,1,NULL,'2022-11-19',NULL,NULL,1,3),(397,'2021-11-25','2021-10-31',250,NULL,'MAINTENANCE SN210 MONTE SAN SAVINO SN210A31HG526A7','',1160,1,NULL,'2021-11-25',NULL,NULL,1,3),(398,'2023-12-31','2023-12-31',300,NULL,'valentinovintage.it','2506910@aruba.it\r\nDicembre21!',1216,1,NULL,'2023-12-31',NULL,NULL,0,2),(399,'2022-01-11','2050-02-01',1200,0,'FTTC 100/20 CON IRIDEOS','FTTC 100/20 CON IRIDEOS CANONE MENSILE 100 EURO ATTIVAZIONE 200 (COMPRESO ROUTER)',549,4,NULL,'2022-01-11',NULL,NULL,1,4),(400,'2022-01-14','2051-02-28',720,0,'VDSL FTTC 30/3 CON IRIDEOS PER IL MAGAZZINO DI VIA SETTEPONTI +1 NUMERO SIP','31/1 contratto mai attivato ,Mario ha cheisto di sospendere tutto per il momento\r\nDavide:contratto mai attivato,da eliminare',1063,6,NULL,'2022-01-14',NULL,NULL,1,4),(401,'2022-01-21','2051-02-28',1200,NULL,'FTTH CON IRIDEOS 1000/300 ','CANONE 100 EURO AL MESE\r\nDavide:1/4/22 FTTH ha sostituito la vecchia FTTC (il canone rimane ugale)\r\n',1224,1,NULL,'2022-01-21',NULL,NULL,1,4),(402,'2022-01-26','2051-02-28',1200,0,'VDSL FTTC 100/20  DOLCIFICIO','CANONE MENSILE 100 EURO AL MESE',1217,1,NULL,'2022-01-27',NULL,NULL,1,4),(403,'2022-01-26','2051-02-28',912,365,'3CX CLOUD 7 INTERNI ','I TELEFONI SONO DEL CLIENTE ,CISCO SPA 550 RIADDATTATI PER IL 3CX\r\nCANONE 20 EURO (3CX) + 56 EURO (INTERNI)',1217,1,NULL,'2022-01-27',NULL,NULL,1,4),(404,'2022-01-27','2051-02-28',1440,NULL,'Connessione DIA FTTH 1G 500/100 VAR - IRIDEOS','FTTH CANONE MENSILE 120 EURO',533,1,NULL,'2022-01-27',NULL,NULL,1,4),(405,'2022-01-27','2051-02-28',120,0,'Sub-net 4 IP ','SUBNET LAN 4 AGGIUNTIVA PER IL FIREWALL CANONE 10 EURO /MESE',533,1,NULL,'2022-01-27',NULL,NULL,1,4),(406,'2021-12-03','2022-11-30',480,NULL,'HOSTING MENSILE SITI WEB (PER ADESSO 2)','',1028,3,NULL,'2021-12-03',NULL,NULL,0,2),(407,'2022-02-09','2050-01-31',1200,NULL,'CENTRALINO 3CX CLOUD + 8 INTERNI + NUMERO GEOGRAFICO','',1228,3,NULL,'2022-02-09',NULL,NULL,1,4),(408,'2022-02-23','2050-03-31',780,0,'LINEA INTERNET FTTC 100/20 BAR NANNINI CONCA','',1217,1,NULL,'2022-02-23',NULL,NULL,1,4),(409,'2022-02-23','2050-03-31',780,0,'LINEA INTERNET FTTC 100/20 CUORICINO GOURMET','',1217,1,NULL,'2022-02-23',NULL,NULL,1,4),(410,'2022-02-23','2051-02-28',780,0,'LINEA INTERNET FTTC 100/20 BAR NANNINI MASSETANA','',1217,1,NULL,'2022-02-23',NULL,NULL,1,4),(411,'2022-02-23','2051-02-28',780,0,'LINEA INTERNET FTTC 100/20 BAR NANNINI TOSELLI','',1217,1,NULL,'2022-02-23',NULL,NULL,1,4),(412,'2022-02-23','2051-02-28',780,0,'LINEA INTERNET FTTC 100/20 GRANCAFFE\'','',1217,1,NULL,'2022-02-23',NULL,NULL,1,4),(413,'2022-02-23','2051-02-28',780,0,'LINEA INTERNET FTTC 100/20 BIGELLI','',1217,1,NULL,'2022-02-23',NULL,NULL,1,4),(414,'2022-02-23','2051-02-28',780,0,'LINEA INTERNET FTTC 100/20 ALLA SPERANZA','',1217,1,NULL,'2022-02-23',NULL,NULL,1,4),(415,'2022-02-23','2051-02-28',780,0,'LINEA INTERNET FTTC 100/20 GRAN CAFFE','',1217,1,NULL,'2022-02-23',NULL,NULL,1,4),(416,'2023-02-01','2024-02-28',250,NULL,'MAINTENANCE STORMSHIELD SN160 MILANO SN160A30L9611A7','',533,1,NULL,'2023-02-01',NULL,NULL,1,3),(417,'2022-02-10','2022-01-31',225,NULL,'KASPERSKY ENDPOINT 5 POSTAZIONI','',1230,1,NULL,'2022-02-10',NULL,NULL,1,3),(418,'2022-03-15','2050-04-30',2112,NULL,'3CX CLOUD 22 INTERNI ','15/03/22 Davide: attivato 3cx cloud con 22 interni ,canone mensile 22 x 8 euro ',1160,1,NULL,'2022-03-15',NULL,NULL,1,4),(419,'2022-03-24','2050-04-30',600,NULL,'VDSL /FTTH 100/20 - SEDE DI SAN GIOVANNI VALDARNO','Fttc con irideos canone mensile 50 euro al mese',504,1,NULL,'2022-03-24',NULL,NULL,1,4),(420,'2022-03-25','2050-04-30',1200,NULL,'FTTC 200/20  - SEDE DI FIRENZE VIALE BELFIORE','FTTC CON IRIDEOS CANONE MENSILE 100 EURO',549,1,NULL,'2022-03-25',NULL,NULL,1,4),(421,'2022-03-29','2050-04-30',780,NULL,'LINEA INTERNET FTTC 100/20 CAFFè PITTI','14/07/22 Davide contratto spostato sotto dolci nannini srl',1216,3,NULL,'2022-03-29',NULL,NULL,1,4),(422,'2022-04-01','2050-05-31',1248,NULL,'3CX CLOUD PER ARNIA BELFIORE/PROM-OPERAZIONI MARKETING','IL CENTRALINO è USATO SIA DA ARNIA CHE L\'AZIENDA PROMD (SONO TUTTI E DUE DENTRO LO STESSO UFFICIO DI VIALE BELFIORE FIRENZE)\r\n7 INTERNI PER ARNIA\r\n6 INTERNI PER PROMOD',549,1,NULL,'2022-04-01',NULL,NULL,1,4),(423,'2023-03-15','2024-02-28',700,NULL,'KASPERSKY ENDPOINT SECURITY 20 POSTAZIONI','KASPERSKY SEDE MONTECATINI',549,1,NULL,'2023-03-15',NULL,NULL,1,3),(424,'2022-04-05','2023-03-31',42,NULL,'Licenza OneDrive for business (Plan 1) (New Commerce)','IMPORTO 42 EURO+IVA',31,1,NULL,'2023-04-05',NULL,NULL,1,3),(425,'2022-04-11','2023-03-31',840,NULL,'24 Licenze Kaspersky Endpoint Security','24 Licenze  35 Euro/anno  +iva ciascuna ',1207,1,NULL,'2023-04-30',NULL,NULL,1,3),(426,'2022-04-20','2022-03-31',200,NULL,'N°5 Licenze Microsoft Teams Essentials (identità AAD)','licenze Microsoft Teams Essentials (identità AAD) costo 3,40 E /mese  per licenza il cliente ha preferito la fatturazione annuale\r\nDavide: Licenze annullate ,tanto abbiamo attivato gli office 365 dove è gia compresa',533,3,NULL,'2022-04-20',NULL,NULL,1,3),(427,'2022-04-21','2023-03-31',175,NULL,'Kaspersky Endpoint Security N°5 Licenze','5 licenze kasperky 35/euro/anno ciscuna',1161,1,NULL,'2023-04-30',NULL,NULL,1,3),(428,'2022-05-11','2050-06-30',1728,NULL,'3CX CLOUD CON 18 INTERNI + NPG CON CLOUD','Davide:11/05/22 considerato 8 euro ad interno /mese',1197,1,NULL,'2022-05-11',NULL,NULL,1,4),(429,'2022-05-17','2050-06-30',3000,NULL,'24 LICENZE OFFICE 365 BUSINESS STANDARD','24 LICENZE OFFICE 365 BUSINESS STANDARD (PACCHETTO OFFICE +  1 MAIL EXCHANGE ON LINE)',1207,1,NULL,'2022-05-17',NULL,NULL,1,3),(430,'2022-05-26','2050-06-30',3000,NULL,'Assistenza Computer','Come da preventivo di Francesco 250Euro/mese',1207,1,NULL,'2022-05-26',NULL,NULL,1,1),(431,'2022-05-01','2050-07-31',780,NULL,'LINEA INTERNET FTTH 1000/500 VALENTINO VINTAGE','FTTH , CON IDEALOGY',1216,1,NULL,'2022-06-01',NULL,NULL,1,4),(432,'2022-05-31','2023-04-30',42,NULL,'OneDrive for business (Piano 1)','Licenza one drive annuale (preso su cogross)',1238,1,NULL,'2023-05-31',NULL,NULL,1,3),(433,'2022-06-10','2050-07-31',3120,NULL,'Linea dati FTTC per le sedi di Arezzo, Bibbiena, Montevarchi, Anghiari e Camucia','Come da preventivo costo totale 260 Euro/mese + iva\r\ntutte le connettività sono con l\'operatore Idealogy',1207,1,NULL,'2022-06-13',NULL,NULL,1,4),(434,'2022-06-13','2050-05-31',1200,45,'ASSISTENZA TECNICA SISTEMISTICA','',316,1,NULL,'2022-06-13',NULL,NULL,1,1),(435,'2022-05-31','2023-04-30',1150,NULL,'23 License ESET PROTECT Entry On-Premise Endpoint ','Davide: licenze antivirus come da preventivo di Francesco 50 euro + iva ciascuna',1160,1,NULL,'2023-05-31',NULL,NULL,1,3),(436,'2022-06-17','2023-05-31',82,NULL,'OneDrive for business (Piano 1)','Davide: licenza annuale one drive',1221,1,NULL,'2023-06-30',NULL,NULL,1,3),(437,'2022-06-21','2023-12-31',8500,NULL,'CRM AZIENDALE E PIATTAFORMA MARKETING','',1199,1,NULL,'2022-06-21',NULL,NULL,3,0),(438,'2022-06-21','2025-05-31',984,NULL,'N° 8 LICENZE ANTIVIRUS -ESET PROTECT Entry On-Premise 3 Anni','Licenza valida per 3 Anni ',483,1,NULL,'2025-06-21',NULL,NULL,1,3),(439,'2021-01-01','2050-03-31',960,NULL,'3CX CLOUD VERSIONE STANDARD n°10 INTERNI','Davide:1/7/22 canone mai fatturato dal circa gennaio 2021 data del passaggio del centralino\r\ncanone 8 euro a interno',330,1,NULL,'2022-07-01',NULL,NULL,1,4),(440,'2021-01-01','2050-08-31',600,NULL,'FTTC CON IRIDEOS 100/20','Davide:1/7/22 canone mai fatturato al cliente ',330,1,NULL,'2022-07-01',NULL,NULL,1,4),(441,'2022-07-01','2050-08-31',0,NULL,'LINEA INTERNET FTTC 100/20 IL MULINO','contratto messo sotto caffetterie nannini',1216,6,NULL,'2022-07-01',NULL,NULL,1,4),(442,'2022-07-01','2050-08-31',0,NULL,'LINEA INTERNET FTTC 100/20 SCUDIERI SIENA','contratto messo sotto caffetterie nannini',1216,6,NULL,'2022-07-01',NULL,NULL,1,4),(443,'2022-07-01','2050-08-31',780,NULL,'LINEA INTERNET FTTC 100/20 SCUDIERI SIENA','',1217,1,NULL,'2022-07-01',NULL,NULL,1,4),(444,'2022-07-01','2050-08-31',780,NULL,'LINEA INTERNET FTTC 100/20 IL MULINO','',1217,1,NULL,'2022-07-01',NULL,NULL,1,4),(445,'2022-07-01','2023-09-30',1,NULL,'SN210 MAINTENANCE STORMSHIELD SN210A18E4573A7','Davide: c\'è da mettere l\'importi annuale ',1207,1,NULL,'2023-10-05',NULL,NULL,1,3),(446,'2022-07-04','2050-06-30',1800,NULL,'ASSISTENZA TECNICA SISTEMISTICA','',1242,1,NULL,'2022-07-04',NULL,NULL,1,1),(447,'2022-07-04','2050-06-30',8400,NULL,'FABBRICA DIGITALE SERVIZI WEB OMNI','',1242,1,NULL,'2022-07-04',NULL,NULL,0,0),(448,'2022-07-06','2023-06-30',1300,NULL,'LICENZA ANNUALE ADOBE CREATIVE CLOUD','Davide: presa licenza su cpgross Creative Cloud for teams All Apps with Adobe Stock Multi European Languages',1160,1,NULL,'2023-07-06',NULL,NULL,1,3),(449,'2022-03-29','2050-04-30',780,NULL,'LINEA INTERNET FTTC 100/20 CAFFè PITTI','',1217,1,NULL,'2022-03-29',NULL,NULL,1,4),(450,'2022-07-15','2023-06-30',3654,NULL,'EXCHANGE ONLINE PIANO 1 (25 LICENZE)\r\nOFFICE 365 STANDARD (19 LICENZE)','DAVIDE: 168  Euro  (o365) + 105 Euro (piano1)\r\nDavide: 31/8 aggiunta nuova licenza o365 su richiesta di Miriam  p.valentini@ecotrade.bio\r\nDavide 28/9/22aggiunta licenza o365 per e.dauria@ecotrade.bio\r\nDavide: 24/11/22 m.brumana@ecotrade.bio nuova licenza o365 per milano',533,1,NULL,'2023-07-15',NULL,NULL,1,3),(451,'2022-07-27','2050-08-31',780,NULL,'LINEA INTERNET FTTC 100/20 BAKERY','',1217,1,NULL,'2022-07-27',NULL,NULL,1,4),(452,'2022-09-01','2050-10-31',50,NULL,'Assistenza tecnica manutenzione ','Assistenza tecnica manutenzione IT 50 € mese ',472,1,NULL,'2022-09-01',NULL,NULL,1,1),(453,'2022-09-01','2050-10-31',52,NULL,'Office 365  N°5 Licenze (Exchange on line)','Office 365 6 utenti 10,50 € a utente mese',472,1,NULL,'2022-09-01',NULL,NULL,1,3),(454,'2023-08-03','2050-09-30',780,NULL,'LINEA INTERNET FTTC 100/20 CAMOLLIA','',1217,1,NULL,'2022-08-31',NULL,NULL,1,4),(455,'2022-09-15','2050-08-31',2100,NULL,'MACCHINA VIRTUALE DEDICATA PER GESTIONALE','',1246,1,NULL,'2022-09-15',NULL,NULL,1,2),(456,'2022-09-21','2050-10-31',220,NULL,'CASELLE EXCHANGE ON LINE PIANO 1\r\n1 CASELLA  EXCHANGE ON LINE PIANO 2','n°40 caselle di posta piano 1 4,20 /mese  \r\nn1 casella piano 2  8,40 /mese (per Mugnai)\r\nDavide:26/9 creata casella massimiliano.federici@tamfin.it	\r\n6/02/23 Davide aggiunta casella irene.fadda@tamfin.it\r\n',1099,1,NULL,'2023-09-21',NULL,NULL,1,3),(457,'2022-09-28','2050-10-31',720,NULL,'LINEA FTTC 200/20 CON IRIDEOS - VIA GALVANI N°79 AREZZO',' MESSO CANONE 60 EURO/MESE\r\n',1246,1,NULL,'2022-09-28',NULL,NULL,1,4),(458,'2022-09-29','2050-10-31',120,NULL,'LINEA VOIP CON IRIDEOS (PER NOLEGGIO)','richiesta nuovo numero sip da Maddalena per Noleggio auto',549,1,NULL,'2022-09-29',NULL,NULL,1,4),(459,'2022-09-30','2050-10-31',228,NULL,'N°5 LICENZE EXCHANGE ON LINE PIANO 1','n4 licenze piano1 on line \r\n17/1/23 Davide aggiunta casella info@tesfin.it',1246,1,NULL,'2022-09-30',NULL,NULL,1,3),(460,'2022-09-30','2050-10-31',720,NULL,'LINEA FTTC 200/20 CON IRIDEOS - VIA DELLA FIORANDOLA 44, AREZZO','CANONE 60 Euro/mese',1246,1,NULL,'2022-09-30',NULL,NULL,1,4),(461,'2022-08-09','2050-07-31',2400,NULL,'SERVER VIRTUALI CLOUD WINDOWS + LINUX','',1207,1,NULL,'2022-08-09',NULL,NULL,1,2),(462,'2022-04-05','2026-03-31',6000,NULL,'LICENZA ERP ORAFI','',1231,1,NULL,'2022-04-05',NULL,NULL,3,3),(463,'2022-10-28','2050-11-30',780,NULL,'LINEA INTERNET FTTC 100/20 ALFIERI','',1217,1,NULL,'2022-10-28',NULL,NULL,1,4),(464,'2022-11-10',NULL,10,NULL,'1 NUMERAZIONE SIP PER GLI UFFICI DI MASSETANA','',1210,1,NULL,'2022-11-10',NULL,NULL,1,4),(465,'2022-09-01',NULL,780,NULL,'LINEA INTERNET FTTC 100/20 SCUDIERI FIRENZE','',1217,1,NULL,'2022-11-11',NULL,NULL,1,4),(466,'2022-11-15','2050-10-31',500,NULL,'Hosting mgmphotovideo.it \r\nRinnovo Dominio standard','Hosting mgmphotovideo.it      250/anno\r\nRinnovo Dominio standard     35/anno',1251,1,NULL,'2022-11-15',NULL,NULL,0,2),(467,'2022-11-28','2050-12-31',288,NULL,'3CX CLOUD + NUMERO DI TELEFONO NUOVO','centralino 3cx cloud su azure, al momento sono 3 interni prezzo 8 euro/mese per interno',1246,1,NULL,'2022-11-28',NULL,NULL,1,4),(468,'2022-11-20','2023-10-31',125,NULL,'FATTURAZIONE ELETTRONICA ARUBA','',266,1,NULL,'2022-11-20',NULL,NULL,3,2),(469,'2022-12-02','2051-01-31',302,NULL,'Exchange Online (Piano 1) Dominio StyleinItaly','6 licenze migrate su cpgross',404,1,NULL,'2022-12-02',NULL,NULL,1,3),(470,'2022-12-02','2051-01-31',151,NULL,'Exchange Online (Piano 1) Dominio andreaneri.it','3 licenze piano 1 migrate su cpgross',404,1,NULL,'2022-12-02',NULL,NULL,1,3),(471,'2022-12-13','2051-01-31',285,NULL,'Hosting giuliamazzini.it\r\nRinnovo Dominio standard','Hosting giuliamazzini.it      250/anno\r\nRinnovo Dominio standard     35/anno',1252,1,NULL,'2022-12-13',NULL,NULL,0,2),(472,'2023-01-25','2050-02-28',780,NULL,'LINEA INTERNET FTTC 100/20 BAR NANNINI POSTA','',1217,1,NULL,'2023-01-25',NULL,NULL,1,4),(473,'2023-01-13','2025-12-31',580,NULL,'N°10 Kaspersky Endpoint Security for Business 3 year Renewal License','Kaspersky Endpoint Security for Business - Select European Edition. 10-14 Node 3 year Renewal License\r\n\r\nrinnovo per le licenze triennali',546,1,NULL,'2023-01-27',NULL,NULL,1,3),(474,'2023-02-03','2051-01-31',120,NULL,'NUMERO VOIP PER NUOVA SEDE DI LUCCA ','nuovo numero con idealogy per problemi di incompatibilità con il suo centralino voicespeed del cliente',1199,1,NULL,'2023-02-03',NULL,NULL,1,4),(475,'2023-02-10','2024-01-31',780,NULL,'LICENZA PHOTOSHOP + ILLUSTRATOR MULTILINGUA','10/02/23 Davide licenze aggiuntive a quella gia presa  Luglio ma solo photoshop e illustrator prezzo totale 390+390 = 780 /anno\r\nN.B le licenze si rinnovano automaticamente ogni anno, se non le vogliono più va cessato il ciclo di billing',1160,1,NULL,'2023-02-10',NULL,NULL,1,3),(476,'2023-02-17','2050-01-31',3120,NULL,'Centralino Cloud 3cx chiamate ai fissi e mobile incluse','Davide :Prezzo canone messo come scritto sul preventivo fatto al cliente da Francesco',1207,1,NULL,'2023-02-20',NULL,NULL,1,4),(477,'2023-02-16','2050-01-31',1200,NULL,'VDSL CON IDEALOGY 200/20 SEDE ZONA INDUSTRIALE 234/F','16/2/23 Davide attivata linea fttc con ideologi',1063,1,NULL,'2023-02-21',NULL,NULL,1,4),(478,'2023-02-16','2050-01-31',1200,NULL,'CENTRALINO 3CX CLOUD + 8 INTERNI + NUMERO GEOGRAFICO','ex conforto holding',1063,1,NULL,'2023-02-21',NULL,NULL,1,4),(479,'2023-03-03','2024-02-29',250,NULL,'maintenance stormshield sn160 SN160A32CB321A7','24/03/23 Davide licenza annuale firewall noi si paga 107',190,1,NULL,'2023-03-03',NULL,NULL,1,3);

--
