
--
-- Table structure for table `prestazioni`
--

CREATE TABLE `prestazioni` (
  `id_prestazione` int(11) NOT NULL AUTO_INCREMENT,
  `id_modoerogazione` int(11) DEFAULT NULL,
  `id_cliente` smallint(6) DEFAULT NULL,
  `id_dettaglio_attivita` int(11) DEFAULT NULL,
  `id_attivita` int(11) DEFAULT '0',
  `id_spese` int(11) DEFAULT NULL,
  `refe_nome` varchar(100) DEFAULT NULL,
  `refe_email` varchar(50) DEFAULT NULL,
  `refe_tel` varchar(15) DEFAULT NULL,
  `id_contratto` int(11) DEFAULT NULL,
  `completezza` int(11) DEFAULT '1',
  `note` varchar(400) DEFAULT NULL,
  `data_prestazione` date DEFAULT NULL,
  `durata` int(11) DEFAULT '0',
  `dataora_inizio` datetime DEFAULT NULL,
  `dataora_fine` datetime DEFAULT NULL,
  `id_statoprestazioni` int(11) DEFAULT '1',
  `last_update` timestamp NULL DEFAULT CURRENT_TIMESTAMP ON UPDATE CURRENT_TIMESTAMP,
  `id_rendiconto` int(11) DEFAULT NULL,
  `notifica` int(11) DEFAULT NULL,
  `email_notifica` varchar(200) DEFAULT NULL,
  PRIMARY KEY (`id_prestazione`),
  KEY `id_prestazione` (`id_prestazione`),
  KEY `FK_prestazione_dettaglioattivita` (`id_dettaglio_attivita`),
  KEY `FK_prestazione_modierogazione` (`id_modoerogazione`),
  KEY `FK_prestazione_clienti` (`id_cliente`),
  KEY `FK_prestazioni_attivita` (`id_attivita`),
  KEY `FK_prestazioni_contratti` (`id_contratto`),
  KEY `FK_prestazioni_spese` (`id_spese`),
  KEY `FK_prestazioni_statiprestazioni` (`id_statoprestazioni`),
  KEY `FK_prestazioni_rendiconti` (`id_rendiconto`),
  CONSTRAINT `FK_prestazione_clienti` FOREIGN KEY (`id_cliente`) REFERENCES `clienti` (`id_cliente`),
  CONSTRAINT `FK_prestazioni_attivita` FOREIGN KEY (`id_attivita`) REFERENCES `attivita` (`id_attivita`),
  CONSTRAINT `FK_prestazioni_dettaglioattivita` FOREIGN KEY (`id_dettaglio_attivita`) REFERENCES `dettaglioattivita` (`id_dettaglio_attivita`),
  CONSTRAINT `FK_prestazioni_modierogazione` FOREIGN KEY (`id_modoerogazione`) REFERENCES `modierogazione` (`id_modo`),
  CONSTRAINT `FK_prestazioni_rendiconti` FOREIGN KEY (`id_rendiconto`) REFERENCES `rendiconti` (`id_rendiconto`) ON DELETE SET NULL,
  CONSTRAINT `FK_prestazioni_spese` FOREIGN KEY (`id_spese`) REFERENCES `spese` (`id_spesa`) ON DELETE SET NULL,
  CONSTRAINT `FK_prestazioni_statiprestazioni` FOREIGN KEY (`id_statoprestazioni`) REFERENCES `statiprestazioni` (`id_stato`)
) ENGINE=InnoDB AUTO_INCREMENT=29916 DEFAULT CHARSET=latin1;

--
-- Dumping data for table `prestazioni`
--








--
-- Table structure for table `preventivi`
--

CREATE TABLE `preventivi` (
  `id_preventivo` int(11) NOT NULL AUTO_INCREMENT,
  `id_risorsa` int(11) DEFAULT NULL,
  `costo_orario` int(11) DEFAULT NULL,
  `id_contratto` int(11) DEFAULT NULL,
  `ore` varchar(50) DEFAULT NULL,
  PRIMARY KEY (`id_preventivo`),
  KEY `id_preventivo` (`id_preventivo`),
  KEY `FK_contratti` (`id_contratto`),
  KEY `FK_risorse` (`id_risorsa`),
  CONSTRAINT `FK_contratti` FOREIGN KEY (`id_contratto`) REFERENCES `contratti` (`id_contratto`),
  CONSTRAINT `FK_risorse` FOREIGN KEY (`id_risorsa`) REFERENCES `users` (`id`)
) ENGINE=InnoDB AUTO_INCREMENT=4275 DEFAULT CHARSET=latin1;

--
-- Dumping data for table `preventivi`
--

INSERT INTO `preventivi` VALUES (40,10,15,138,NULL),(41,11,50,138,NULL),(42,12,17,138,NULL),(43,13,15,138,NULL),(44,14,15,138,NULL),(45,15,19,138,NULL),(46,17,20,138,NULL),(47,18,15,138,NULL),(48,19,19,138,NULL),(49,22,17,138,NULL),(50,10,15,24,NULL),(51,11,50,24,NULL),(52,12,17,24,NULL),(53,13,15,24,NULL),(54,14,15,24,NULL),(55,15,19,24,NULL),(56,17,20,24,NULL),(57,18,15,24,NULL),(58,19,19,24,NULL),(59,22,17,24,NULL),(60,10,15,9,NULL),(61,11,50,9,NULL),(62,12,17,9,NULL),(63,13,15,9,NULL),(64,14,15,9,NULL),(65,15,19,9,NULL),(66,17,20,9,NULL),(67,18,15,9,NULL),(68,19,19,9,NULL),(69,22,17,9,NULL),(70,10,15,58,NULL),(71,11,50,58,NULL),(72,12,17,58,NULL),(73,13,15,58,NULL),(74,14,15,58,NULL),(75,15,19,58,NULL),(76,17,20,58,NULL),(77,18,15,58,NULL),(78,19,19,58,NULL),(79,22,17,58,NULL),(80,10,15,59,NULL),(81,11,50,59,NULL),(82,12,17,59,NULL),(83,13,15,59,NULL),(84,14,15,59,NULL),(85,15,19,59,NULL),(86,17,20,59,NULL),(87,18,15,59,NULL),(88,19,19,59,NULL),(89,22,17,59,NULL),(90,10,15,126,NULL),(91,11,50,126,NULL),(92,12,17,126,NULL),(93,13,15,126,NULL),(94,14,15,126,NULL),(95,15,19,126,NULL),(96,17,20,126,NULL),(97,18,15,126,NULL),(98,19,19,126,NULL),(99,22,17,126,NULL),(169,10,15,82,NULL),(170,11,50,82,NULL),(171,12,17,82,NULL),(172,13,15,82,NULL),(173,14,15,82,NULL),(174,15,19,82,NULL),(175,17,20,82,NULL),(176,18,15,82,NULL),(177,19,19,82,NULL),(178,22,17,82,NULL),(179,10,15,117,NULL),(180,11,50,117,NULL),(181,12,17,117,NULL),(182,13,15,117,NULL),(183,14,15,117,NULL),(184,15,19,117,NULL),(185,17,20,117,NULL),(186,18,15,117,NULL),(187,19,19,117,NULL),(188,22,17,117,NULL),(189,10,15,107,NULL),(190,11,50,107,NULL),(191,12,17,107,NULL),(192,13,15,107,NULL),(193,14,15,107,NULL),(194,15,19,107,NULL),(195,17,20,107,NULL),(196,18,15,107,NULL),(197,19,19,107,NULL),(198,22,17,107,NULL),(199,10,15,92,NULL),(200,11,50,92,NULL),(201,12,17,92,NULL),(202,13,15,92,NULL),(203,14,15,92,NULL),(204,15,19,92,NULL),(205,17,20,92,NULL),(206,18,15,92,NULL),(207,19,19,92,NULL),(208,22,17,92,NULL),(209,10,15,84,NULL),(210,11,50,84,NULL),(211,12,17,84,NULL),(212,13,15,84,NULL),(213,14,15,84,NULL),(214,15,19,84,NULL),(215,17,20,84,NULL),(216,18,15,84,NULL),(217,19,19,84,NULL),(218,22,17,84,NULL),(219,10,15,83,NULL),(220,11,50,83,NULL),(221,12,17,83,NULL),(222,13,15,83,NULL),(223,14,15,83,NULL),(224,15,19,83,NULL),(225,17,20,83,NULL),(226,18,15,83,NULL),(227,19,19,83,NULL),(228,22,17,83,NULL),(229,10,15,80,NULL),(230,11,50,80,NULL),(231,12,17,80,NULL),(232,13,15,80,NULL),(233,14,15,80,NULL),(234,15,19,80,NULL),(235,17,20,80,NULL),(236,18,15,80,NULL),(237,19,19,80,NULL),(238,22,17,80,NULL),(239,10,15,81,NULL),(240,11,50,81,NULL),(241,12,17,81,NULL),(242,13,15,81,NULL),(243,14,15,81,NULL),(244,15,19,81,NULL),(245,17,20,81,NULL),(246,18,15,81,NULL),(247,19,19,81,NULL),(248,22,17,81,NULL),(249,10,15,60,NULL),(250,11,50,60,NULL),(251,12,17,60,NULL),(252,13,15,60,NULL),(253,14,15,60,NULL),(254,15,19,60,NULL),(255,17,20,60,NULL),(256,18,15,60,NULL),(257,19,19,60,NULL),(258,22,17,60,NULL),(259,10,15,64,NULL),(260,11,50,64,NULL),(261,12,17,64,NULL),(262,13,15,64,NULL),(263,14,15,64,NULL),(264,15,19,64,NULL),(265,17,20,64,NULL),(266,18,15,64,NULL),(267,19,19,64,NULL),(268,22,17,64,NULL),(269,10,15,109,NULL),(270,11,50,109,NULL),(271,12,17,109,NULL),(272,13,15,109,NULL),(273,14,15,109,NULL),(274,15,19,109,NULL),(275,17,20,109,NULL),(276,18,15,109,NULL),(277,19,19,109,NULL),(278,22,17,109,NULL),(279,10,15,137,NULL),(280,11,50,137,NULL),(281,12,17,137,NULL),(282,13,15,137,NULL),(283,14,15,137,NULL),(284,15,19,137,NULL),(285,17,20,137,NULL),(286,18,15,137,NULL),(287,19,19,137,NULL),(288,22,17,137,NULL),(289,10,15,120,NULL),(290,11,50,120,NULL),(291,12,17,120,NULL),(292,13,15,120,NULL),(293,14,15,120,NULL),(294,15,19,120,NULL),(295,17,20,120,NULL),(296,18,15,120,NULL),(297,19,19,120,NULL),(298,22,17,120,NULL),(299,10,15,160,NULL),(300,11,50,160,NULL),(301,12,17,160,NULL),(302,13,15,160,NULL),(303,14,15,160,NULL),(304,15,19,160,NULL),(305,17,20,160,NULL),(306,18,15,160,NULL),(307,19,19,160,NULL),(308,22,17,160,NULL),(309,10,15,67,NULL),(310,11,50,67,NULL),(311,12,17,67,NULL),(312,13,15,67,NULL),(313,14,15,67,NULL),(314,15,19,67,NULL),(315,17,20,67,NULL),(316,18,15,67,NULL),(317,19,19,67,NULL),(318,22,17,67,NULL),(319,23,NULL,67,NULL),(320,10,15,68,NULL),(321,11,50,68,NULL),(322,12,17,68,NULL),(323,13,15,68,NULL),(324,14,15,68,NULL),(325,15,19,68,NULL),(326,17,20,68,NULL),(327,18,15,68,NULL),(328,19,19,68,NULL),(329,22,17,68,NULL),(330,23,NULL,68,NULL),(331,10,15,166,NULL),(332,11,50,166,NULL),(333,12,17,166,NULL),(334,13,15,166,NULL),(335,14,15,166,NULL),(336,15,19,166,NULL),(337,17,20,166,NULL),(338,18,15,166,NULL),(339,19,19,166,NULL),(340,22,17,166,NULL),(341,23,NULL,166,NULL),(342,10,15,129,NULL),(343,11,50,129,NULL),(344,12,17,129,NULL),(345,13,15,129,NULL),(346,14,15,129,NULL),(347,15,19,129,NULL),(348,17,20,129,NULL),(349,18,15,129,NULL),(350,19,19,129,NULL),(351,22,17,129,NULL),(352,23,NULL,129,NULL),(353,10,15,171,NULL),(354,11,50,171,NULL),(355,12,17,171,NULL),(356,13,15,171,NULL),(357,14,15,171,NULL),(358,15,19,171,NULL),(359,17,20,171,NULL),(360,18,15,171,NULL),(361,19,19,171,NULL),(362,22,17,171,NULL),(363,23,NULL,171,NULL),(364,10,15,74,NULL),(365,11,50,74,NULL),(366,12,17,74,NULL),(367,13,15,74,NULL),(368,14,15,74,NULL),(369,15,19,74,NULL),(370,17,20,74,NULL),(371,18,15,74,NULL),(372,19,19,74,NULL),(373,21,15,74,NULL),(374,22,17,74,NULL),(375,23,NULL,74,NULL),(376,10,15,76,NULL),(377,11,50,76,NULL),(378,12,17,76,NULL),(379,13,15,76,NULL),(380,14,15,76,NULL),(381,15,19,76,NULL),(382,17,20,76,NULL),(383,18,15,76,NULL),(384,19,19,76,NULL),(385,21,15,76,NULL),(386,22,17,76,NULL),(387,23,NULL,76,NULL),(388,10,15,73,NULL),(389,11,50,73,NULL),(390,12,17,73,NULL),(391,13,15,73,NULL),(392,14,15,73,NULL),(393,15,19,73,NULL),(394,17,20,73,NULL),(395,18,15,73,NULL),(396,19,19,73,NULL),(397,21,15,73,NULL),(398,22,17,73,NULL),(399,23,NULL,73,NULL),(400,10,15,70,NULL),(401,11,50,70,NULL),(402,12,17,70,NULL),(403,13,15,70,NULL),(404,14,15,70,NULL),(405,15,19,70,NULL),(406,17,20,70,NULL),(407,18,15,70,NULL),(408,19,19,70,NULL),(409,21,15,70,NULL),(410,22,17,70,NULL),(411,23,NULL,70,NULL),(412,10,15,79,NULL),(413,11,50,79,NULL),(414,12,17,79,NULL),(415,13,15,79,NULL),(416,14,15,79,NULL),(417,15,19,79,NULL),(418,17,20,79,NULL),(419,18,15,79,NULL),(420,19,19,79,NULL),(421,21,15,79,NULL),(422,22,17,79,NULL),(423,23,NULL,79,NULL),(424,10,15,140,NULL),(425,11,50,140,NULL),(426,12,17,140,NULL),(427,13,15,140,NULL),(428,14,15,140,NULL),(429,15,19,140,NULL),(430,17,20,140,NULL),(431,18,15,140,NULL),(432,19,19,140,NULL),(433,21,15,140,NULL),(434,22,17,140,NULL),(435,23,NULL,140,NULL),(448,10,15,181,NULL),(449,11,50,181,NULL),(450,12,17,181,NULL),(451,13,15,181,NULL),(452,14,15,181,NULL),(453,15,19,181,NULL),(454,17,20,181,NULL),(455,18,15,181,NULL),(456,19,19,181,NULL),(457,21,15,181,NULL),(458,22,17,181,NULL),(459,23,NULL,181,NULL),(460,10,15,182,NULL),(461,11,50,182,NULL),(462,12,17,182,NULL),(463,13,15,182,NULL),(464,14,15,182,NULL),(465,15,19,182,NULL),(466,17,20,182,NULL),(467,18,15,182,NULL),(468,19,19,182,NULL),(469,21,15,182,NULL),(470,22,17,182,NULL),(471,23,NULL,182,NULL),(484,10,15,184,NULL),(485,11,50,184,NULL),(486,12,17,184,NULL),(487,13,15,184,NULL),(488,14,15,184,NULL),(489,15,19,184,NULL),(490,17,20,184,NULL),(491,18,15,184,NULL),(492,19,19,184,NULL),(493,21,15,184,NULL),(494,22,17,184,NULL),(495,23,NULL,184,NULL),(496,10,15,185,NULL),(497,11,50,185,NULL),(498,12,17,185,NULL),(499,13,15,185,NULL),(500,14,15,185,NULL),(501,15,19,185,NULL),(502,17,20,185,NULL),(503,18,15,185,NULL),(504,19,19,185,NULL),(505,21,15,185,NULL),(506,22,17,185,NULL),(507,23,NULL,185,NULL),(508,10,15,186,NULL),(509,11,50,186,NULL),(510,12,17,186,NULL),(511,13,15,186,NULL),(512,14,15,186,NULL),(513,15,19,186,NULL),(514,17,20,186,NULL),(515,18,15,186,NULL),(516,19,19,186,NULL),(517,21,15,186,NULL),(518,22,17,186,NULL),(519,23,NULL,186,NULL),(520,10,15,187,NULL),(521,11,50,187,NULL),(522,12,17,187,NULL),(523,13,15,187,NULL),(524,14,15,187,NULL),(525,15,19,187,NULL),(526,17,20,187,NULL),(527,18,15,187,NULL),(528,19,19,187,NULL),(529,21,15,187,NULL),(530,22,17,187,NULL),(531,23,NULL,187,NULL),(532,10,15,188,NULL),(533,11,50,188,NULL),(534,12,17,188,NULL),(535,13,15,188,NULL),(536,14,15,188,NULL),(537,15,19,188,NULL),(538,17,20,188,NULL),(539,18,15,188,NULL),(540,19,19,188,NULL),(541,21,15,188,NULL),(542,22,17,188,NULL),(543,23,NULL,188,NULL),(544,10,15,189,NULL),(545,11,50,189,NULL),(546,12,17,189,NULL),(547,13,15,189,NULL),(548,14,15,189,NULL),(549,15,19,189,NULL),(550,17,20,189,NULL),(551,18,15,189,NULL),(552,19,19,189,NULL),(553,21,15,189,NULL),(554,22,17,189,NULL),(555,23,NULL,189,NULL),(556,10,15,190,NULL),(557,11,50,190,NULL),(558,12,17,190,NULL),(559,13,15,190,NULL),(560,14,15,190,NULL),(561,15,19,190,NULL),(562,17,20,190,NULL),(563,18,15,190,NULL),(564,19,19,190,NULL),(565,21,15,190,NULL),(566,22,17,190,NULL),(567,23,NULL,190,NULL),(568,24,NULL,190,NULL),(582,10,15,192,NULL),(583,11,50,192,NULL),(584,12,17,192,NULL),(585,13,15,192,NULL),(586,14,15,192,NULL),(587,15,19,192,NULL),(588,17,20,192,NULL),(589,18,15,192,NULL),(590,19,19,192,NULL),(591,21,15,192,NULL),(592,22,17,192,NULL),(593,23,NULL,192,NULL),(594,24,NULL,192,NULL),(595,10,15,193,NULL),(596,11,50,193,NULL),(597,12,17,193,NULL),(598,13,15,193,NULL),(599,14,15,193,NULL),(600,15,19,193,NULL),(601,17,20,193,NULL),(602,18,15,193,NULL),(603,19,19,193,NULL),(604,21,15,193,NULL),(605,22,17,193,NULL),(606,23,NULL,193,NULL),(607,24,NULL,193,NULL),(647,10,15,198,NULL),(648,11,50,198,NULL),(649,12,17,198,NULL),(650,13,15,198,NULL),(651,14,15,198,NULL),(652,15,19,198,NULL),(653,17,20,198,NULL),(654,18,15,198,NULL),(655,19,19,198,NULL),(656,21,15,198,NULL),(657,22,17,198,NULL),(658,23,NULL,198,NULL),(659,24,NULL,198,NULL),(660,10,15,199,NULL),(661,11,50,199,NULL),(662,12,17,199,NULL),(663,13,15,199,NULL),(664,14,15,199,NULL),(665,15,19,199,NULL),(666,17,20,199,NULL),(667,18,15,199,NULL),(668,19,19,199,NULL),(669,21,15,199,NULL),(670,22,17,199,NULL),(671,23,NULL,199,NULL),(672,24,NULL,199,NULL),(673,10,15,200,NULL),(674,11,50,200,NULL),(675,12,17,200,NULL),(676,13,15,200,NULL),(677,14,15,200,NULL),(678,15,19,200,NULL),(679,17,20,200,NULL),(680,18,15,200,NULL),(681,19,19,200,NULL),(682,21,15,200,NULL),(683,22,17,200,NULL),(684,23,NULL,200,NULL),(685,24,NULL,200,NULL),(686,10,15,201,NULL),(687,11,50,201,NULL),(688,12,17,201,NULL),(689,13,15,201,NULL),(690,14,15,201,NULL),(691,15,19,201,NULL),(692,17,20,201,NULL),(693,18,15,201,NULL),(694,19,19,201,NULL),(695,21,15,201,NULL),(696,22,17,201,NULL),(697,23,NULL,201,NULL),(698,24,NULL,201,NULL),(699,10,15,202,NULL),(700,11,50,202,NULL),(701,12,17,202,NULL),(702,13,15,202,NULL),(703,14,15,202,NULL),(704,15,19,202,NULL),(705,17,20,202,NULL),(706,18,15,202,NULL),(707,19,19,202,NULL),(708,21,15,202,NULL),(709,22,17,202,NULL),(710,23,NULL,202,NULL),(711,24,NULL,202,NULL),(712,10,15,203,NULL),(713,11,50,203,NULL),(714,12,17,203,NULL),(715,13,15,203,NULL),(716,14,15,203,NULL),(717,15,19,203,NULL),(718,17,20,203,NULL),(719,18,15,203,NULL),(720,19,19,203,NULL),(721,21,15,203,NULL),(722,22,17,203,NULL),(723,23,NULL,203,NULL),(724,24,NULL,203,NULL),(725,10,15,204,NULL),(726,11,50,204,NULL),(727,12,17,204,NULL),(728,13,15,204,NULL),(729,14,15,204,NULL),(730,15,19,204,NULL),(731,17,20,204,NULL),(732,18,15,204,NULL),(733,19,19,204,NULL),(734,21,15,204,NULL),(735,22,17,204,NULL),(736,23,NULL,204,NULL),(737,24,NULL,204,NULL),(738,10,15,205,NULL),(739,11,50,205,NULL),(740,12,17,205,NULL),(741,13,15,205,NULL),(742,14,15,205,NULL),(743,15,19,205,NULL),(744,17,20,205,NULL),(745,18,15,205,NULL),(746,19,19,205,NULL),(747,21,15,205,NULL),(748,22,17,205,NULL),(749,23,NULL,205,NULL),(750,24,NULL,205,NULL),(751,10,15,206,NULL),(752,11,50,206,NULL),(753,12,17,206,NULL),(754,13,15,206,NULL),(755,14,15,206,NULL),(756,15,19,206,NULL),(757,17,20,206,NULL),(758,18,15,206,NULL),(759,19,19,206,NULL),(760,21,15,206,NULL),(761,22,17,206,NULL),(762,23,NULL,206,NULL),(763,24,NULL,206,NULL),(764,10,15,207,NULL),(765,11,50,207,NULL),(766,12,17,207,NULL),(767,13,15,207,NULL),(768,14,15,207,NULL),(769,15,19,207,NULL),(770,17,20,207,NULL),(771,18,15,207,NULL),(772,19,19,207,NULL),(773,21,15,207,NULL),(774,22,17,207,NULL),(775,23,NULL,207,NULL),(776,24,NULL,207,NULL),(790,10,15,209,NULL),(791,11,50,209,NULL),(792,12,17,209,NULL),(793,13,15,209,NULL),(794,14,15,209,NULL),(795,15,19,209,NULL),(796,17,20,209,NULL),(797,18,15,209,NULL),(798,19,19,209,NULL),(799,21,15,209,NULL),(800,22,17,209,NULL),(801,23,NULL,209,NULL),(802,24,NULL,209,NULL),(803,10,15,210,NULL),(804,11,50,210,NULL),(805,12,17,210,NULL),(806,13,15,210,NULL),(807,14,15,210,NULL),(808,15,19,210,NULL),(809,17,20,210,NULL),(810,18,15,210,NULL),(811,19,19,210,NULL),(812,21,15,210,NULL),(813,22,17,210,NULL),(814,23,NULL,210,NULL),(815,24,NULL,210,NULL),(816,10,15,211,NULL),(817,11,50,211,NULL),(818,12,17,211,NULL),(819,13,15,211,NULL),(820,14,15,211,NULL),(821,15,19,211,NULL),(822,17,20,211,NULL),(823,18,15,211,NULL),(824,19,19,211,NULL),(825,21,15,211,NULL),(826,22,17,211,NULL),(827,23,NULL,211,NULL),(828,24,NULL,211,NULL),(829,10,15,212,NULL),(830,11,50,212,NULL),(831,12,17,212,NULL),(832,13,15,212,NULL),(833,14,15,212,NULL),(834,15,19,212,NULL),(835,17,20,212,NULL),(836,18,15,212,NULL),(837,19,19,212,NULL),(838,21,15,212,NULL),(839,22,17,212,NULL),(840,23,NULL,212,NULL),(841,24,NULL,212,NULL),(842,10,15,213,NULL),(843,11,50,213,NULL),(844,12,17,213,NULL),(845,13,15,213,NULL),(846,14,15,213,NULL),(847,15,19,213,NULL),(848,17,20,213,NULL),(849,18,15,213,NULL),(850,19,19,213,NULL),(851,21,15,213,NULL),(852,22,17,213,NULL),(853,23,NULL,213,NULL),(854,24,NULL,213,NULL),(855,10,15,214,NULL),(856,11,50,214,NULL),(857,12,17,214,NULL),(858,13,15,214,NULL),(859,14,15,214,NULL),(860,15,19,214,NULL),(861,17,20,214,NULL),(862,18,15,214,NULL),(863,19,19,214,NULL),(864,21,15,214,NULL),(865,22,17,214,NULL),(866,23,NULL,214,NULL),(867,24,NULL,214,NULL),(868,10,15,215,NULL),(869,11,50,215,NULL),(870,12,17,215,NULL),(871,13,15,215,NULL),(872,14,15,215,NULL),(873,15,19,215,NULL),(874,17,20,215,NULL),(875,18,15,215,NULL),(876,19,19,215,NULL),(877,21,15,215,NULL),(878,22,17,215,NULL),(879,23,NULL,215,NULL),(880,24,NULL,215,NULL),(895,10,15,217,NULL),(896,11,50,217,NULL),(897,12,17,217,NULL),(898,13,15,217,NULL),(899,14,15,217,NULL),(900,15,19,217,NULL),(901,17,20,217,NULL),(902,18,15,217,NULL),(903,19,19,217,NULL),(904,21,15,217,NULL),(905,22,17,217,NULL),(906,23,NULL,217,NULL),(907,24,NULL,217,NULL),(908,25,NULL,217,NULL),(909,10,15,218,NULL),(910,11,50,218,NULL),(911,12,17,218,NULL),(912,13,15,218,NULL),(913,14,15,218,NULL),(914,15,19,218,NULL),(915,17,20,218,NULL),(916,18,15,218,NULL),(917,19,19,218,NULL),(918,21,15,218,NULL),(919,22,17,218,NULL),(920,23,NULL,218,NULL),(921,24,NULL,218,NULL),(922,25,NULL,218,NULL),(923,10,15,219,NULL),(924,11,50,219,NULL),(925,12,17,219,NULL),(926,13,15,219,NULL),(927,14,15,219,NULL),(928,15,19,219,NULL),(929,17,20,219,NULL),(930,18,15,219,NULL),(931,19,19,219,NULL),(932,21,15,219,NULL),(933,22,17,219,NULL),(934,23,NULL,219,NULL),(935,24,NULL,219,NULL),(936,25,NULL,219,NULL),(937,10,15,220,NULL),(938,11,50,220,NULL),(939,12,17,220,NULL),(940,13,15,220,NULL),(941,14,15,220,NULL),(942,15,19,220,NULL),(943,17,20,220,NULL),(944,18,15,220,NULL),(945,19,19,220,NULL),(946,21,15,220,NULL),(947,22,17,220,NULL),(948,23,NULL,220,NULL),(949,24,NULL,220,NULL),(950,25,NULL,220,NULL),(951,10,15,221,NULL),(952,11,50,221,NULL),(953,12,17,221,NULL),(954,13,15,221,NULL),(955,14,15,221,NULL),(956,15,19,221,NULL),(957,17,20,221,NULL),(958,18,15,221,NULL),(959,19,19,221,NULL),(960,21,15,221,NULL),(961,22,17,221,NULL),(962,23,NULL,221,NULL),(963,24,NULL,221,NULL),(964,25,NULL,221,NULL),(979,10,15,223,NULL),(980,11,50,223,NULL),(981,12,17,223,NULL),(982,13,15,223,NULL),(983,14,15,223,NULL),(984,15,19,223,NULL),(985,17,20,223,NULL),(986,18,15,223,NULL),(987,19,19,223,NULL),(988,21,15,223,NULL),(989,22,17,223,NULL),(990,23,NULL,223,NULL),(991,24,NULL,223,NULL),(992,25,NULL,223,NULL),(993,10,15,224,NULL),(994,11,50,224,NULL),(995,12,17,224,NULL),(996,13,15,224,NULL),(997,14,15,224,NULL),(998,15,19,224,NULL),(999,17,20,224,NULL),(1000,18,15,224,NULL),(1001,19,19,224,NULL),(1002,21,15,224,NULL),(1003,22,17,224,NULL),(1004,23,NULL,224,NULL),(1005,24,NULL,224,NULL),(1006,25,NULL,224,NULL),(1007,10,15,225,NULL),(1008,11,50,225,NULL),(1009,12,17,225,NULL),(1010,13,15,225,NULL),(1011,14,15,225,NULL),(1012,15,19,225,NULL),(1013,17,20,225,NULL),(1014,18,15,225,NULL),(1015,19,19,225,NULL),(1016,21,15,225,NULL),(1017,22,17,225,NULL),(1018,23,NULL,225,NULL),(1019,24,NULL,225,NULL),(1020,25,NULL,225,NULL),(1021,10,15,226,NULL),(1022,11,50,226,NULL),(1023,12,17,226,NULL),(1024,13,15,226,NULL),(1025,14,15,226,NULL),(1026,15,19,226,NULL),(1027,17,20,226,NULL),(1028,18,15,226,NULL),(1029,19,19,226,NULL),(1030,21,15,226,NULL),(1031,22,17,226,NULL),(1032,23,NULL,226,NULL),(1033,24,NULL,226,NULL),(1034,25,NULL,226,NULL),(1035,10,15,227,NULL),(1036,11,50,227,NULL),(1037,12,17,227,NULL),(1038,13,15,227,NULL),(1039,14,15,227,NULL),(1040,15,19,227,NULL),(1041,17,20,227,NULL),(1042,18,15,227,NULL),(1043,19,19,227,NULL),(1044,21,15,227,NULL),(1045,22,17,227,NULL),(1046,23,NULL,227,NULL),(1047,24,NULL,227,NULL),(1048,25,NULL,227,NULL),(1049,10,15,228,NULL),(1050,11,50,228,NULL),(1051,12,17,228,NULL),(1052,13,15,228,NULL),(1053,14,15,228,NULL),(1054,15,19,228,NULL),(1055,17,20,228,NULL),(1056,18,15,228,NULL),(1057,19,19,228,NULL),(1058,21,15,228,NULL),(1059,22,17,228,NULL),(1060,23,NULL,228,NULL),(1061,24,NULL,228,NULL),(1062,25,NULL,228,NULL),(1063,10,15,229,NULL),(1064,11,50,229,NULL),(1065,12,17,229,NULL),(1066,13,15,229,NULL),(1067,14,15,229,NULL),(1068,15,19,229,NULL),(1069,17,20,229,NULL),(1070,18,15,229,NULL),(1071,19,19,229,NULL),(1072,21,15,229,NULL),(1073,22,17,229,NULL),(1074,23,NULL,229,NULL),(1075,24,NULL,229,NULL),(1076,25,NULL,229,NULL),(1077,10,15,230,NULL),(1078,11,50,230,NULL),(1079,12,17,230,NULL),(1080,13,15,230,NULL),(1081,14,15,230,NULL),(1082,15,19,230,NULL),(1083,17,20,230,NULL),(1084,18,15,230,NULL),(1085,19,19,230,NULL),(1086,21,15,230,NULL),(1087,22,17,230,NULL),(1088,23,NULL,230,NULL),(1089,24,NULL,230,NULL),(1090,25,NULL,230,NULL),(1091,10,15,231,NULL),(1092,11,50,231,NULL),(1093,12,17,231,NULL),(1094,13,15,231,NULL),(1095,14,15,231,NULL),(1096,15,19,231,NULL),(1097,17,20,231,NULL),(1098,18,15,231,NULL),(1099,19,19,231,NULL),(1100,21,15,231,NULL),(1101,22,17,231,NULL),(1102,23,NULL,231,NULL),(1103,24,NULL,231,NULL),(1104,25,NULL,231,NULL),(1133,10,15,234,NULL),(1134,11,50,234,NULL),(1135,12,17,234,NULL),(1136,13,15,234,NULL),(1137,14,15,234,NULL),(1138,15,19,234,NULL),(1139,17,20,234,NULL),(1140,18,15,234,NULL),(1141,19,19,234,NULL),(1142,21,15,234,NULL),(1143,22,17,234,NULL),(1144,23,NULL,234,NULL),(1145,24,NULL,234,NULL),(1146,25,NULL,234,NULL),(1147,10,15,235,NULL),(1148,11,50,235,NULL),(1149,12,17,235,NULL),(1150,13,15,235,NULL),(1151,14,15,235,NULL),(1152,15,19,235,NULL),(1153,17,20,235,NULL),(1154,18,15,235,NULL),(1155,19,19,235,NULL),(1156,21,15,235,NULL),(1157,22,17,235,NULL),(1158,23,NULL,235,NULL),(1159,24,NULL,235,NULL),(1160,25,NULL,235,NULL),(1161,10,15,236,NULL),(1162,11,50,236,NULL),(1163,12,17,236,NULL),(1164,13,15,236,NULL),(1165,14,15,236,NULL),(1166,15,19,236,NULL),(1167,17,20,236,NULL),(1168,18,15,236,NULL),(1169,19,19,236,NULL),(1170,21,15,236,NULL),(1171,22,17,236,NULL),(1172,23,NULL,236,NULL),(1173,24,NULL,236,NULL),(1174,25,NULL,236,NULL),(1175,10,15,237,NULL),(1176,11,50,237,NULL),(1177,12,17,237,NULL),(1178,13,15,237,NULL),(1179,14,15,237,NULL),(1180,15,19,237,NULL),(1181,17,20,237,NULL),(1182,18,15,237,NULL),(1183,19,19,237,NULL),(1184,21,15,237,NULL),(1185,22,17,237,NULL),(1186,23,NULL,237,NULL),(1187,25,10,237,NULL),(1188,10,15,238,NULL),(1189,11,50,238,NULL),(1190,12,17,238,NULL),(1191,13,15,238,NULL),(1192,14,15,238,NULL),(1193,15,19,238,NULL),(1194,17,20,238,NULL),(1195,18,15,238,NULL),(1196,19,19,238,NULL),(1197,21,15,238,NULL),(1198,22,17,238,NULL),(1199,23,NULL,238,NULL),(1200,25,10,238,NULL),(1201,10,15,239,NULL),(1202,11,50,239,NULL),(1203,12,17,239,NULL),(1204,13,15,239,NULL),(1205,14,15,239,NULL),(1206,15,19,239,NULL),(1207,17,20,239,NULL),(1208,18,15,239,NULL),(1209,19,19,239,NULL),(1210,21,15,239,NULL),(1211,22,17,239,NULL),(1212,23,NULL,239,NULL),(1213,25,10,239,NULL),(1214,10,15,240,NULL),(1215,11,50,240,NULL),(1216,12,17,240,NULL),(1217,13,15,240,NULL),(1218,14,15,240,NULL),(1219,15,19,240,NULL),(1220,17,20,240,NULL),(1221,18,15,240,NULL),(1222,19,19,240,NULL),(1223,21,15,240,NULL),(1224,22,17,240,NULL),(1225,23,NULL,240,NULL),(1226,25,10,240,NULL),(1227,10,15,241,NULL),(1228,11,50,241,NULL),(1229,12,17,241,NULL),(1230,13,15,241,NULL),(1231,14,15,241,NULL),(1232,15,19,241,NULL),(1233,17,20,241,NULL),(1234,18,15,241,NULL),(1235,19,19,241,NULL),(1236,21,15,241,NULL),(1237,22,17,241,NULL),(1238,23,NULL,241,NULL),(1239,25,10,241,NULL),(1240,10,15,242,NULL),(1241,11,50,242,NULL),(1242,12,17,242,NULL),(1243,13,15,242,NULL),(1244,14,15,242,NULL),(1245,15,19,242,NULL),(1246,17,20,242,NULL),(1247,18,15,242,NULL),(1248,19,19,242,NULL),(1249,21,15,242,NULL),(1250,22,17,242,NULL),(1251,23,NULL,242,NULL),(1252,25,10,242,NULL),(1253,10,15,243,NULL),(1254,11,50,243,NULL),(1255,12,17,243,NULL),(1256,13,15,243,NULL),(1257,14,15,243,NULL),(1258,15,19,243,NULL),(1259,17,20,243,NULL),(1260,18,15,243,NULL),(1261,19,19,243,NULL),(1262,21,15,243,NULL),(1263,22,17,243,NULL),(1264,23,NULL,243,NULL),(1265,25,10,243,NULL),(1266,10,15,244,NULL),(1267,11,50,244,NULL),(1268,12,17,244,NULL),(1269,13,15,244,NULL),(1270,14,15,244,NULL),(1271,15,19,244,NULL),(1272,17,20,244,NULL),(1273,18,15,244,NULL),(1274,19,19,244,NULL),(1275,21,15,244,NULL),(1276,22,17,244,NULL),(1277,23,NULL,244,NULL),(1278,25,10,244,NULL),(1279,10,15,245,NULL),(1280,11,50,245,NULL),(1281,12,17,245,NULL),(1282,13,15,245,NULL),(1283,14,15,245,NULL),(1284,15,19,245,NULL),(1285,17,20,245,NULL),(1286,18,15,245,NULL),(1287,19,19,245,NULL),(1288,21,15,245,NULL),(1289,22,17,245,NULL),(1290,23,NULL,245,NULL),(1291,25,10,245,NULL),(1292,10,15,246,NULL),(1293,11,50,246,NULL),(1294,12,17,246,NULL),(1295,13,15,246,NULL),(1296,14,15,246,NULL),(1297,15,19,246,NULL),(1298,17,20,246,NULL),(1299,18,15,246,NULL),(1300,19,19,246,NULL),(1301,21,15,246,NULL),(1302,22,17,246,NULL),(1303,23,NULL,246,NULL),(1304,25,10,246,NULL),(1305,10,15,247,NULL),(1306,11,50,247,NULL),(1307,12,17,247,NULL),(1308,13,15,247,NULL),(1309,14,15,247,NULL),(1310,15,19,247,NULL),(1311,17,20,247,NULL),(1312,18,15,247,NULL),(1313,19,19,247,NULL),(1314,21,15,247,NULL),(1315,22,17,247,NULL),(1316,23,NULL,247,NULL),(1317,25,10,247,NULL),(1318,10,15,248,NULL),(1319,11,50,248,NULL),(1320,12,17,248,NULL),(1321,13,15,248,NULL),(1322,14,15,248,NULL),(1323,15,19,248,NULL),(1324,17,20,248,NULL),(1325,18,15,248,NULL),(1326,19,19,248,NULL),(1327,21,15,248,NULL),(1328,22,17,248,NULL),(1329,23,NULL,248,NULL),(1330,25,10,248,NULL),(1331,10,15,249,NULL),(1332,11,50,249,NULL),(1333,12,17,249,NULL),(1334,13,15,249,NULL),(1335,14,15,249,NULL),(1336,15,19,249,NULL),(1337,17,20,249,NULL),(1338,18,15,249,NULL),(1339,19,19,249,NULL),(1340,21,15,249,NULL),(1341,22,17,249,NULL),(1342,23,NULL,249,NULL),(1343,25,10,249,NULL),(1344,10,15,250,NULL),(1345,11,50,250,NULL),(1346,12,17,250,NULL),(1347,13,15,250,NULL),(1348,14,15,250,NULL),(1349,15,19,250,NULL),(1350,17,20,250,NULL),(1351,18,15,250,NULL),(1352,19,19,250,NULL),(1353,21,15,250,NULL),(1354,22,17,250,NULL),(1355,23,NULL,250,NULL),(1356,25,10,250,NULL),(1357,10,15,251,NULL),(1358,11,50,251,NULL),(1359,12,17,251,NULL),(1360,13,15,251,NULL),(1361,14,15,251,NULL),(1362,15,19,251,NULL),(1363,17,20,251,NULL),(1364,18,15,251,NULL),(1365,19,19,251,NULL),(1366,21,15,251,NULL),(1367,22,17,251,NULL),(1368,23,NULL,251,NULL),(1369,25,10,251,NULL),(1370,10,15,252,NULL),(1371,11,50,252,NULL),(1372,12,17,252,NULL),(1373,13,15,252,NULL),(1374,14,15,252,NULL),(1375,15,19,252,NULL),(1376,17,20,252,NULL),(1377,18,15,252,NULL),(1378,19,19,252,NULL),(1379,21,15,252,NULL),(1380,22,17,252,NULL),(1381,23,NULL,252,NULL),(1382,25,10,252,NULL),(1383,10,15,253,NULL),(1384,11,50,253,NULL),(1385,12,17,253,NULL),(1386,13,15,253,NULL),(1387,14,15,253,NULL),(1388,15,19,253,NULL),(1389,17,20,253,NULL),(1390,18,15,253,NULL),(1391,19,19,253,NULL),(1392,21,15,253,NULL),(1393,22,17,253,NULL),(1394,23,NULL,253,NULL),(1395,25,10,253,NULL),(1396,10,15,254,NULL),(1397,11,50,254,NULL),(1398,12,17,254,NULL),(1399,13,15,254,NULL),(1400,14,15,254,NULL),(1401,15,19,254,NULL),(1402,17,20,254,NULL),(1403,18,15,254,NULL),(1404,19,19,254,NULL),(1405,21,15,254,NULL),(1406,22,17,254,NULL),(1407,23,NULL,254,NULL),(1408,25,10,254,NULL),(1409,10,15,255,NULL),(1410,11,50,255,NULL),(1411,12,17,255,NULL),(1412,13,15,255,NULL),(1413,14,15,255,NULL),(1414,15,19,255,NULL),(1415,17,20,255,NULL),(1416,18,15,255,NULL),(1417,19,19,255,NULL),(1418,21,15,255,NULL),(1419,22,17,255,NULL),(1420,23,NULL,255,NULL),(1421,25,10,255,NULL),(1422,10,15,256,NULL),(1423,11,50,256,NULL),(1424,12,17,256,NULL),(1425,13,15,256,NULL),(1426,14,15,256,NULL),(1427,15,19,256,NULL),(1428,17,20,256,NULL),(1429,18,15,256,NULL),(1430,19,19,256,NULL),(1431,21,15,256,NULL),(1432,22,17,256,NULL),(1433,23,NULL,256,NULL),(1434,25,10,256,NULL),(1435,10,15,257,NULL),(1436,11,50,257,NULL),(1437,12,17,257,NULL),(1438,13,15,257,NULL),(1439,14,15,257,NULL),(1440,15,19,257,NULL),(1441,17,20,257,NULL),(1442,18,15,257,NULL),(1443,19,19,257,NULL),(1444,21,15,257,NULL),(1445,22,17,257,NULL),(1446,23,NULL,257,NULL),(1447,25,10,257,NULL),(1448,10,15,258,NULL),(1449,11,50,258,NULL),(1450,12,17,258,NULL),(1451,13,15,258,NULL),(1452,14,15,258,NULL),(1453,15,19,258,NULL),(1454,17,20,258,NULL),(1455,18,15,258,NULL),(1456,19,19,258,NULL),(1457,21,15,258,NULL),(1458,22,17,258,NULL),(1459,23,NULL,258,NULL),(1460,25,10,258,NULL),(1461,10,15,259,NULL),(1462,11,50,259,NULL),(1463,12,17,259,NULL),(1464,13,15,259,NULL),(1465,14,15,259,NULL),(1466,15,19,259,NULL),(1467,17,20,259,NULL),(1468,18,15,259,NULL),(1469,19,19,259,NULL),(1470,21,15,259,NULL),(1471,22,17,259,NULL),(1472,23,NULL,259,NULL),(1473,25,10,259,NULL),(1474,10,15,260,NULL),(1475,11,50,260,NULL),(1476,12,17,260,NULL),(1477,13,15,260,NULL),(1478,14,15,260,NULL),(1479,15,19,260,NULL),(1480,17,20,260,NULL),(1481,18,15,260,NULL),(1482,19,19,260,NULL),(1483,21,15,260,NULL),(1484,22,17,260,NULL),(1485,23,NULL,260,NULL),(1486,25,10,260,NULL),(1487,10,15,261,NULL),(1488,11,50,261,NULL),(1489,12,17,261,NULL),(1490,13,15,261,NULL),(1491,14,15,261,NULL),(1492,15,19,261,NULL),(1493,17,20,261,NULL),(1494,18,15,261,NULL),(1495,19,19,261,NULL),(1496,21,15,261,NULL),(1497,22,17,261,NULL),(1498,23,NULL,261,NULL),(1499,25,10,261,NULL),(1500,10,15,262,NULL),(1501,11,50,262,NULL),(1502,12,17,262,NULL),(1503,13,15,262,NULL),(1504,14,15,262,NULL),(1505,15,19,262,NULL),(1506,17,20,262,NULL),(1507,18,15,262,NULL),(1508,19,19,262,NULL),(1509,21,15,262,NULL),(1510,22,17,262,NULL),(1511,23,NULL,262,NULL),(1512,25,10,262,NULL),(1513,10,15,263,NULL),(1514,11,50,263,NULL),(1515,12,17,263,NULL),(1516,13,15,263,NULL),(1517,14,15,263,NULL),(1518,15,19,263,NULL),(1519,17,20,263,NULL),(1520,18,15,263,NULL),(1521,19,19,263,NULL),(1522,21,15,263,NULL),(1523,22,17,263,NULL),(1524,23,NULL,263,NULL),(1525,25,10,263,NULL),(1526,10,15,264,NULL),(1527,11,50,264,NULL),(1528,12,17,264,NULL),(1529,13,15,264,NULL),(1530,14,15,264,NULL),(1531,15,19,264,NULL),(1532,17,20,264,NULL),(1533,18,15,264,NULL),(1534,19,19,264,NULL),(1535,21,15,264,NULL),(1536,22,17,264,NULL),(1537,23,NULL,264,NULL),(1538,25,10,264,NULL),(1539,10,15,265,NULL),(1540,11,50,265,NULL),(1541,12,17,265,NULL),(1542,13,15,265,NULL),(1543,14,15,265,NULL),(1544,15,19,265,NULL),(1545,17,20,265,NULL),(1546,18,15,265,NULL),(1547,19,19,265,NULL),(1548,21,15,265,NULL),(1549,22,17,265,NULL),(1550,23,NULL,265,NULL),(1551,25,10,265,NULL),(1565,10,15,267,NULL),(1566,11,50,267,NULL),(1567,12,17,267,NULL),(1568,13,15,267,NULL),(1569,14,15,267,NULL),(1570,15,19,267,NULL),(1571,17,20,267,NULL),(1572,18,15,267,NULL),(1573,19,19,267,NULL),(1574,21,15,267,NULL),(1575,22,17,267,NULL),(1576,23,NULL,267,NULL),(1577,25,10,267,NULL),(1578,10,15,268,NULL),(1579,11,50,268,NULL),(1580,12,17,268,NULL),(1581,13,15,268,NULL),(1582,14,15,268,NULL),(1583,15,19,268,NULL),(1584,17,20,268,NULL),(1585,18,15,268,NULL),(1586,19,19,268,NULL),(1587,21,15,268,NULL),(1588,22,17,268,NULL),(1589,23,NULL,268,NULL),(1590,25,10,268,NULL),(1591,10,15,269,NULL),(1592,11,50,269,NULL),(1593,12,17,269,NULL),(1594,13,15,269,NULL),(1595,14,15,269,NULL),(1596,15,19,269,NULL),(1597,17,20,269,NULL),(1598,18,15,269,NULL),(1599,19,19,269,NULL),(1600,21,15,269,NULL),(1601,22,17,269,NULL),(1602,23,NULL,269,NULL),(1603,25,10,269,NULL),(1604,10,15,270,NULL),(1605,11,50,270,NULL),(1606,12,17,270,NULL),(1607,13,15,270,NULL),(1608,14,15,270,NULL),(1609,15,19,270,NULL),(1610,17,20,270,NULL),(1611,18,15,270,NULL),(1612,19,19,270,NULL),(1613,21,15,270,NULL),(1614,22,17,270,NULL),(1615,23,NULL,270,NULL),(1616,25,10,270,NULL),(1617,10,15,271,NULL),(1618,11,50,271,NULL),(1619,12,17,271,NULL),(1620,13,15,271,NULL),(1621,14,15,271,NULL),(1622,15,19,271,NULL),(1623,17,20,271,NULL),(1624,18,15,271,NULL),(1625,19,19,271,NULL),(1626,21,15,271,NULL),(1627,22,17,271,NULL),(1628,23,NULL,271,NULL),(1629,25,10,271,NULL),(1630,10,15,272,NULL),(1631,11,50,272,NULL),(1632,12,17,272,NULL),(1633,13,15,272,NULL),(1634,14,15,272,NULL),(1635,15,19,272,NULL),(1636,17,20,272,NULL),(1637,18,15,272,NULL),(1638,19,19,272,NULL),(1639,21,15,272,NULL),(1640,22,17,272,NULL),(1641,23,NULL,272,NULL),(1642,25,10,272,NULL),(1643,10,15,273,NULL),(1644,11,50,273,NULL),(1645,12,17,273,NULL),(1646,13,15,273,NULL),(1647,14,15,273,NULL),(1648,15,19,273,NULL),(1649,17,20,273,NULL),(1650,18,15,273,NULL),(1651,19,19,273,NULL),(1652,21,15,273,NULL),(1653,22,17,273,NULL),(1654,23,NULL,273,NULL),(1655,25,10,273,NULL),(1656,10,15,274,NULL),(1657,11,50,274,NULL),(1658,12,17,274,NULL),(1659,13,15,274,NULL),(1660,14,15,274,NULL),(1661,15,19,274,NULL),(1662,17,20,274,NULL),(1663,18,15,274,NULL),(1664,19,19,274,NULL),(1665,21,15,274,NULL),(1666,22,17,274,NULL),(1667,23,NULL,274,NULL),(1668,25,10,274,NULL),(1669,10,15,275,NULL),(1670,11,50,275,NULL),(1671,12,17,275,NULL),(1672,13,15,275,NULL),(1673,14,15,275,NULL),(1674,15,19,275,NULL),(1675,17,20,275,NULL),(1676,18,15,275,NULL),(1677,19,19,275,NULL),(1678,21,15,275,NULL),(1679,22,17,275,NULL),(1680,23,NULL,275,NULL),(1681,25,10,275,NULL),(1708,10,15,278,NULL),(1709,11,50,278,NULL),(1710,12,17,278,NULL),(1711,13,15,278,NULL),(1712,14,15,278,NULL),(1713,15,19,278,NULL),(1714,17,20,278,NULL),(1715,18,15,278,NULL),(1716,19,19,278,NULL),(1717,21,15,278,NULL),(1718,22,17,278,NULL),(1719,23,NULL,278,NULL),(1720,25,10,278,NULL),(1721,10,15,279,NULL),(1722,11,50,279,NULL),(1723,12,17,279,NULL),(1724,13,15,279,NULL),(1725,14,15,279,NULL),(1726,15,19,279,NULL),(1727,17,20,279,NULL),(1728,18,15,279,NULL),(1729,19,19,279,NULL),(1730,21,15,279,NULL),(1731,22,17,279,NULL),(1732,23,NULL,279,NULL),(1733,25,10,279,NULL),(1734,10,15,280,NULL),(1735,11,50,280,NULL),(1736,12,17,280,NULL),(1737,13,15,280,NULL),(1738,14,15,280,NULL),(1739,15,19,280,NULL),(1740,17,20,280,NULL),(1741,18,15,280,NULL),(1742,19,19,280,NULL),(1743,21,15,280,NULL),(1744,22,17,280,NULL),(1745,23,NULL,280,NULL),(1746,25,10,280,NULL),(1747,10,15,281,NULL),(1748,11,50,281,NULL),(1749,12,17,281,NULL),(1750,13,15,281,NULL),(1751,14,15,281,NULL),(1752,15,19,281,NULL),(1753,17,20,281,NULL),(1754,18,15,281,NULL),(1755,19,19,281,NULL),(1756,21,15,281,NULL),(1757,22,17,281,NULL),(1758,23,NULL,281,NULL),(1759,25,10,281,NULL),(1760,10,15,282,NULL),(1761,11,50,282,NULL),(1762,12,17,282,NULL),(1763,13,15,282,NULL),(1764,14,15,282,NULL),(1765,15,19,282,NULL),(1766,17,20,282,NULL),(1767,18,15,282,NULL),(1768,19,19,282,NULL),(1769,21,15,282,NULL),(1770,22,17,282,NULL),(1771,23,NULL,282,NULL),(1772,25,10,282,NULL),(1838,10,15,288,NULL),(1839,11,50,288,NULL),(1840,12,17,288,NULL),(1841,13,15,288,NULL),(1842,14,15,288,NULL),(1843,15,19,288,NULL),(1844,17,20,288,NULL),(1845,18,15,288,NULL),(1846,19,19,288,NULL),(1847,21,15,288,NULL),(1848,22,17,288,NULL),(1849,23,NULL,288,NULL),(1850,10,15,289,NULL),(1851,11,50,289,NULL),(1852,12,17,289,NULL),(1853,13,15,289,NULL),(1854,14,15,289,NULL),(1855,15,19,289,NULL),(1856,17,20,289,NULL),(1857,18,15,289,NULL),(1858,19,19,289,NULL),(1859,21,15,289,NULL),(1860,22,17,289,NULL),(1861,23,NULL,289,NULL),(1862,10,15,290,NULL),(1863,11,50,290,NULL),(1864,12,17,290,NULL),(1865,13,15,290,NULL),(1866,14,15,290,NULL),(1867,15,19,290,NULL),(1868,17,20,290,NULL),(1869,18,15,290,NULL),(1870,19,19,290,NULL),(1871,21,15,290,NULL),(1872,22,17,290,NULL),(1873,23,NULL,290,NULL),(1874,10,15,291,NULL),(1875,11,50,291,NULL),(1876,12,17,291,NULL),(1877,13,15,291,NULL),(1878,14,15,291,NULL),(1879,15,19,291,NULL),(1880,17,20,291,NULL),(1881,18,15,291,NULL),(1882,19,19,291,NULL),(1883,21,15,291,NULL),(1884,22,17,291,NULL),(1885,23,NULL,291,NULL),(1886,10,15,292,NULL),(1887,11,50,292,NULL),(1888,12,17,292,NULL),(1889,13,15,292,NULL),(1890,14,15,292,NULL),(1891,15,19,292,NULL),(1892,17,20,292,NULL),(1893,18,15,292,NULL),(1894,19,19,292,NULL),(1895,21,15,292,NULL),(1896,22,17,292,NULL),(1897,23,NULL,292,NULL),(1898,10,15,293,NULL),(1899,11,50,293,NULL),(1900,12,17,293,NULL),(1901,13,15,293,NULL),(1902,14,15,293,NULL),(1903,15,19,293,NULL),(1904,17,20,293,NULL),(1905,18,15,293,NULL),(1906,19,19,293,NULL),(1907,21,15,293,NULL),(1908,22,17,293,NULL),(1909,23,NULL,293,NULL),(1910,10,15,294,NULL),(1911,11,50,294,NULL),(1912,12,17,294,NULL),(1913,13,15,294,NULL),(1914,14,15,294,NULL),(1915,15,19,294,NULL),(1916,17,20,294,NULL),(1917,18,15,294,NULL),(1918,19,19,294,NULL),(1919,21,15,294,NULL),(1920,22,17,294,NULL),(1921,23,NULL,294,NULL),(1922,10,15,295,NULL),(1923,11,50,295,NULL),(1924,12,17,295,NULL),(1925,13,15,295,NULL),(1926,14,15,295,NULL),(1927,15,19,295,NULL),(1928,17,20,295,NULL),(1929,18,15,295,NULL),(1930,19,19,295,NULL),(1931,21,15,295,NULL),(1932,22,17,295,NULL),(1933,23,NULL,295,NULL),(1934,10,15,296,NULL),(1935,11,50,296,NULL),(1936,12,17,296,NULL),(1937,13,15,296,NULL),(1938,14,15,296,NULL),(1939,15,19,296,NULL),(1940,17,20,296,NULL),(1941,18,15,296,NULL),(1942,19,19,296,NULL),(1943,21,15,296,NULL),(1944,22,17,296,NULL),(1945,23,NULL,296,NULL),(1958,10,15,298,NULL),(1959,11,50,298,NULL),(1960,12,17,298,NULL),(1961,13,15,298,NULL),(1962,14,15,298,NULL),(1963,15,19,298,NULL),(1964,17,20,298,NULL),(1965,18,15,298,NULL),(1966,19,19,298,NULL),(1967,21,15,298,NULL),(1968,22,17,298,NULL),(1969,23,NULL,298,NULL),(1970,10,15,299,NULL),(1971,11,50,299,NULL),(1972,12,17,299,NULL),(1973,13,15,299,NULL),(1974,14,15,299,NULL),(1975,15,19,299,NULL),(1976,17,20,299,NULL),(1977,18,15,299,NULL),(1978,19,19,299,NULL),(1979,21,15,299,NULL),(1980,22,17,299,NULL),(1981,23,NULL,299,NULL),(1982,10,15,300,NULL),(1983,11,50,300,NULL),(1984,12,17,300,NULL),(1985,13,15,300,NULL),(1986,14,15,300,NULL),(1987,15,19,300,NULL),(1988,17,20,300,NULL),(1989,18,15,300,NULL),(1990,19,19,300,NULL),(1991,21,15,300,NULL),(1992,22,17,300,NULL),(1993,23,NULL,300,NULL),(1994,10,15,301,NULL),(1995,11,50,301,NULL),(1996,12,17,301,NULL),(1997,13,15,301,NULL),(1998,14,15,301,NULL),(1999,15,19,301,NULL),(2000,17,20,301,NULL),(2001,18,15,301,NULL),(2002,19,19,301,NULL),(2003,21,15,301,NULL),(2004,22,17,301,NULL),(2005,23,NULL,301,NULL),(2006,10,15,302,NULL),(2007,11,50,302,NULL),(2008,12,17,302,NULL),(2009,13,15,302,NULL),(2010,14,15,302,NULL),(2011,15,19,302,NULL),(2012,17,20,302,NULL),(2013,18,15,302,NULL),(2014,19,19,302,NULL),(2015,21,15,302,NULL),(2016,22,17,302,NULL),(2017,23,NULL,302,NULL),(2018,10,15,303,NULL),(2019,11,50,303,NULL),(2020,12,17,303,NULL),(2021,13,15,303,NULL),(2022,14,15,303,NULL),(2023,15,19,303,NULL),(2024,17,20,303,NULL),(2025,18,15,303,NULL),(2026,19,19,303,NULL),(2027,21,15,303,NULL),(2028,22,17,303,NULL),(2029,23,NULL,303,NULL),(2030,10,15,304,NULL),(2031,11,50,304,NULL),(2032,12,17,304,NULL),(2033,13,15,304,NULL),(2034,14,15,304,NULL),(2035,15,19,304,NULL),(2036,17,20,304,NULL),(2037,18,15,304,NULL),(2038,19,19,304,NULL),(2039,21,15,304,NULL),(2040,22,17,304,NULL),(2041,23,NULL,304,NULL),(2042,10,15,305,NULL),(2043,11,50,305,NULL),(2044,12,17,305,NULL),(2045,13,15,305,NULL),(2046,14,15,305,NULL),(2047,15,19,305,NULL),(2048,17,20,305,NULL),(2049,18,15,305,NULL),(2050,19,19,305,NULL),(2051,21,15,305,NULL),(2052,22,17,305,NULL),(2053,23,NULL,305,NULL),(2054,10,15,306,NULL),(2055,11,50,306,NULL),(2056,12,17,306,NULL),(2057,13,15,306,NULL),(2058,14,15,306,NULL),(2059,15,19,306,NULL),(2060,17,20,306,NULL),(2061,18,15,306,NULL),(2062,19,19,306,NULL),(2063,21,15,306,NULL),(2064,22,17,306,NULL),(2065,23,NULL,306,NULL),(2066,10,15,307,NULL),(2067,11,50,307,NULL),(2068,12,17,307,NULL),(2069,13,15,307,NULL),(2070,14,15,307,NULL),(2071,15,19,307,NULL),(2072,17,20,307,NULL),(2073,18,15,307,NULL),(2074,19,19,307,NULL),(2075,21,15,307,NULL),(2076,22,17,307,NULL),(2077,23,NULL,307,NULL),(2078,10,15,308,NULL),(2079,11,50,308,NULL),(2080,12,17,308,NULL),(2081,13,15,308,NULL),(2082,14,15,308,NULL),(2083,15,19,308,NULL),(2084,17,20,308,NULL),(2085,18,15,308,NULL),(2086,19,19,308,NULL),(2087,21,15,308,NULL),(2088,22,17,308,NULL),(2089,23,NULL,308,NULL),(2090,10,15,309,NULL),(2091,11,50,309,NULL),(2092,12,17,309,NULL),(2093,13,15,309,NULL),(2094,14,15,309,NULL),(2095,15,19,309,NULL),(2096,17,20,309,NULL),(2097,18,15,309,NULL),(2098,19,19,309,NULL),(2099,21,15,309,NULL),(2100,22,17,309,NULL),(2101,23,NULL,309,NULL),(2102,10,15,310,NULL),(2103,11,50,310,NULL),(2104,12,17,310,NULL),(2105,13,15,310,NULL),(2106,14,15,310,NULL),(2107,15,19,310,NULL),(2108,17,20,310,NULL),(2109,18,15,310,NULL),(2110,19,19,310,NULL),(2111,21,15,310,NULL),(2112,22,17,310,NULL),(2113,23,NULL,310,NULL),(2114,10,15,311,NULL),(2115,11,50,311,NULL),(2116,12,17,311,NULL),(2117,13,15,311,NULL),(2118,14,15,311,NULL),(2119,15,19,311,NULL),(2120,17,20,311,NULL),(2121,18,15,311,NULL),(2122,19,19,311,NULL),(2123,21,15,311,NULL),(2124,22,17,311,NULL),(2125,23,NULL,311,NULL),(2126,10,15,312,NULL),(2127,11,50,312,NULL),(2128,12,17,312,NULL),(2129,13,15,312,NULL),(2130,14,15,312,NULL),(2131,15,19,312,NULL),(2132,17,20,312,NULL),(2133,18,15,312,NULL),(2134,19,19,312,NULL),(2135,21,15,312,NULL),(2136,22,17,312,NULL),(2137,23,NULL,312,NULL),(2150,10,15,314,NULL),(2151,11,50,314,NULL),(2152,12,17,314,NULL),(2153,13,15,314,NULL),(2154,14,15,314,NULL),(2155,15,19,314,NULL),(2156,17,20,314,NULL),(2157,18,15,314,NULL),(2158,19,19,314,NULL),(2159,21,15,314,NULL),(2160,22,17,314,NULL),(2161,23,NULL,314,NULL),(2162,10,15,315,NULL),(2163,11,50,315,NULL),(2164,12,17,315,NULL),(2165,13,15,315,NULL),(2166,14,15,315,NULL),(2167,17,20,315,NULL),(2168,18,15,315,NULL),(2169,19,19,315,NULL),(2170,22,17,315,NULL),(2171,23,NULL,315,NULL),(2172,10,15,316,NULL),(2173,11,50,316,NULL),(2174,12,17,316,NULL),(2175,13,15,316,NULL),(2176,14,15,316,NULL),(2177,17,20,316,NULL),(2178,18,15,316,NULL),(2179,19,19,316,NULL),(2180,22,17,316,NULL),(2181,23,NULL,316,NULL),(2182,10,15,317,NULL),(2183,11,50,317,NULL),(2184,12,17,317,NULL),(2185,13,15,317,NULL),(2186,14,15,317,NULL),(2187,17,20,317,NULL),(2188,18,15,317,NULL),(2189,19,19,317,NULL),(2190,22,17,317,NULL),(2191,23,NULL,317,NULL),(2192,10,15,318,NULL),(2193,11,50,318,NULL),(2194,12,17,318,NULL),(2195,13,15,318,NULL),(2196,14,15,318,NULL),(2197,17,20,318,NULL),(2198,18,15,318,NULL),(2199,19,19,318,NULL),(2200,22,17,318,NULL),(2201,23,NULL,318,NULL),(2202,10,15,319,NULL),(2203,11,50,319,NULL),(2204,12,17,319,NULL),(2205,13,15,319,NULL),(2206,14,15,319,NULL),(2207,17,20,319,NULL),(2208,18,15,319,NULL),(2209,19,19,319,NULL),(2210,22,17,319,NULL),(2211,23,NULL,319,NULL),(2212,10,15,320,NULL),(2213,11,50,320,NULL),(2214,12,17,320,NULL),(2215,13,15,320,NULL),(2216,14,15,320,NULL),(2217,17,20,320,NULL),(2218,18,15,320,NULL),(2219,19,19,320,NULL),(2220,22,17,320,NULL),(2221,23,NULL,320,NULL),(2222,10,15,321,NULL),(2223,11,50,321,NULL),(2224,12,17,321,NULL),(2225,13,15,321,NULL),(2226,14,15,321,NULL),(2227,17,20,321,NULL),(2228,18,15,321,NULL),(2229,19,19,321,NULL),(2230,22,17,321,NULL),(2231,23,NULL,321,NULL),(2232,10,15,322,NULL),(2233,11,50,322,NULL),(2234,12,17,322,NULL),(2235,13,15,322,NULL),(2236,14,15,322,NULL),(2237,17,20,322,NULL),(2238,18,15,322,NULL),(2239,19,19,322,NULL),(2240,22,17,322,NULL),(2241,23,NULL,322,NULL),(2242,10,15,323,NULL),(2243,11,50,323,NULL),(2244,12,17,323,NULL),(2245,13,15,323,NULL),(2246,14,15,323,NULL),(2247,17,20,323,NULL),(2248,18,15,323,NULL),(2249,19,19,323,NULL),(2250,22,17,323,NULL),(2251,23,NULL,323,NULL),(2252,10,15,324,NULL),(2253,11,50,324,NULL),(2254,12,17,324,NULL),(2255,13,15,324,NULL),(2256,14,15,324,NULL),(2257,17,20,324,NULL),(2258,18,15,324,NULL),(2259,19,19,324,NULL),(2260,22,17,324,NULL),(2261,23,NULL,324,NULL),(2262,10,15,325,NULL),(2263,11,50,325,NULL),(2264,12,17,325,NULL),(2265,13,15,325,NULL),(2266,14,15,325,NULL),(2267,17,20,325,NULL),(2268,18,15,325,NULL),(2269,19,19,325,NULL),(2270,22,17,325,NULL),(2271,23,NULL,325,NULL),(2272,10,15,326,NULL),(2273,11,50,326,NULL),(2274,12,17,326,NULL),(2275,13,15,326,NULL),(2276,14,15,326,NULL),(2277,17,20,326,NULL),(2278,18,15,326,NULL),(2279,19,19,326,NULL),(2280,22,17,326,NULL),(2281,23,NULL,326,NULL),(2282,10,15,327,NULL),(2283,11,50,327,NULL),(2284,12,17,327,NULL),(2285,13,15,327,NULL),(2286,14,15,327,NULL),(2287,17,20,327,NULL),(2288,18,15,327,NULL),(2289,19,19,327,NULL),(2290,22,17,327,NULL),(2291,23,NULL,327,NULL),(2292,24,20,327,NULL),(2293,10,15,328,NULL),(2294,11,50,328,NULL),(2295,12,17,328,NULL),(2296,13,15,328,NULL),(2297,14,15,328,NULL),(2298,17,20,328,NULL),(2299,18,15,328,NULL),(2300,19,19,328,NULL),(2301,22,17,328,NULL),(2302,23,NULL,328,NULL),(2303,24,20,328,NULL),(2304,10,15,329,NULL),(2305,11,50,329,NULL),(2306,12,17,329,NULL),(2307,13,15,329,NULL),(2308,14,15,329,NULL),(2309,17,20,329,NULL),(2310,18,15,329,NULL),(2311,19,19,329,NULL),(2312,22,17,329,NULL),(2313,23,NULL,329,NULL),(2314,24,20,329,NULL),(2315,10,15,330,NULL),(2316,11,50,330,NULL),(2317,12,17,330,NULL),(2318,13,15,330,NULL),(2319,14,15,330,NULL),(2320,17,20,330,NULL),(2321,18,15,330,NULL),(2322,19,19,330,NULL),(2323,22,17,330,NULL),(2324,23,NULL,330,NULL),(2325,24,20,330,NULL),(2326,10,15,331,NULL),(2327,11,50,331,NULL),(2328,12,17,331,NULL),(2329,13,15,331,NULL),(2330,14,15,331,NULL),(2331,17,20,331,NULL),(2332,18,15,331,NULL),(2333,19,19,331,NULL),(2334,22,17,331,NULL),(2335,23,NULL,331,NULL),(2336,24,20,331,NULL),(2337,10,15,332,NULL),(2338,11,50,332,NULL),(2339,12,17,332,NULL),(2340,13,15,332,NULL),(2341,14,15,332,NULL),(2342,17,20,332,NULL),(2343,18,15,332,NULL),(2344,19,19,332,NULL),(2345,22,17,332,NULL),(2346,23,NULL,332,NULL),(2347,24,20,332,NULL),(2348,10,15,333,NULL),(2349,11,50,333,NULL),(2350,12,17,333,NULL),(2351,13,15,333,NULL),(2352,14,15,333,NULL),(2353,17,20,333,NULL),(2354,18,15,333,NULL),(2355,19,19,333,NULL),(2356,22,17,333,NULL),(2357,23,NULL,333,NULL),(2358,24,20,333,NULL),(2359,10,15,334,NULL),(2360,11,50,334,NULL),(2361,12,17,334,NULL),(2362,13,15,334,NULL),(2363,14,15,334,NULL),(2364,17,20,334,NULL),(2365,18,15,334,NULL),(2366,19,19,334,NULL),(2367,22,17,334,NULL),(2368,23,NULL,334,NULL),(2369,24,20,334,NULL),(2370,10,15,335,NULL),(2371,11,50,335,NULL),(2372,12,17,335,NULL),(2373,13,15,335,NULL),(2374,14,15,335,NULL),(2375,17,20,335,NULL),(2376,18,15,335,NULL),(2377,19,19,335,NULL),(2378,22,17,335,NULL),(2379,23,NULL,335,NULL),(2380,24,20,335,NULL),(2381,10,15,336,NULL),(2382,11,50,336,NULL),(2383,12,17,336,NULL),(2384,13,15,336,NULL),(2385,14,15,336,NULL),(2386,17,20,336,NULL),(2387,18,15,336,NULL),(2388,19,19,336,NULL),(2389,22,17,336,NULL),(2390,23,NULL,336,NULL),(2391,24,20,336,NULL),(2392,10,15,337,NULL),(2393,11,50,337,NULL),(2394,12,17,337,NULL),(2395,13,15,337,NULL),(2396,14,15,337,NULL),(2397,17,20,337,NULL),(2398,18,15,337,NULL),(2399,19,19,337,NULL),(2400,22,17,337,NULL),(2401,23,NULL,337,NULL),(2402,24,20,337,NULL),(2403,10,15,338,NULL),(2404,11,50,338,NULL),(2405,12,17,338,NULL),(2406,13,15,338,NULL),(2407,14,15,338,NULL),(2408,17,20,338,NULL),(2409,18,15,338,NULL),(2410,19,19,338,NULL),(2411,22,17,338,NULL),(2412,23,NULL,338,NULL),(2413,24,20,338,NULL),(2414,10,15,339,NULL),(2415,11,50,339,NULL),(2416,12,17,339,NULL),(2417,13,15,339,NULL),(2418,14,15,339,NULL),(2419,17,20,339,NULL),(2420,18,15,339,NULL),(2421,19,19,339,NULL),(2422,22,17,339,NULL),(2423,23,NULL,339,NULL),(2424,24,20,339,NULL),(2425,10,15,340,NULL),(2426,11,50,340,NULL),(2427,12,17,340,NULL),(2428,13,15,340,NULL),(2429,14,15,340,NULL),(2430,17,20,340,NULL),(2431,18,15,340,NULL),(2432,19,19,340,NULL),(2433,22,17,340,NULL),(2434,23,NULL,340,NULL),(2435,24,20,340,NULL),(2436,10,15,341,NULL),(2437,11,50,341,NULL),(2438,12,17,341,NULL),(2439,13,15,341,NULL),(2440,14,15,341,NULL),(2441,17,20,341,NULL),(2442,18,15,341,NULL),(2443,19,19,341,NULL),(2444,22,17,341,NULL),(2445,23,NULL,341,NULL),(2446,24,20,341,NULL),(2447,10,15,342,NULL),(2448,11,50,342,NULL),(2449,12,17,342,NULL),(2450,13,15,342,NULL),(2451,14,15,342,NULL),(2452,17,20,342,NULL),(2453,18,15,342,NULL),(2454,19,19,342,NULL),(2455,22,17,342,NULL),(2456,23,NULL,342,NULL),(2457,24,20,342,NULL),(2458,10,15,343,NULL),(2459,11,50,343,NULL),(2460,12,17,343,NULL),(2461,13,15,343,NULL),(2462,14,15,343,NULL),(2463,17,20,343,NULL),(2464,18,15,343,NULL),(2465,19,19,343,NULL),(2466,22,17,343,NULL),(2467,23,NULL,343,NULL),(2468,24,20,343,NULL),(2469,10,15,344,NULL),(2470,11,50,344,NULL),(2471,12,17,344,NULL),(2472,13,15,344,NULL),(2473,14,15,344,NULL),(2474,17,20,344,NULL),(2475,18,15,344,NULL),(2476,19,19,344,NULL),(2477,22,17,344,NULL),(2478,23,NULL,344,NULL),(2479,24,20,344,NULL),(2480,10,15,345,NULL),(2481,11,50,345,NULL),(2482,12,17,345,NULL),(2483,13,15,345,NULL),(2484,14,15,345,NULL),(2485,17,20,345,NULL),(2486,18,15,345,NULL),(2487,19,19,345,NULL),(2488,22,17,345,NULL),(2489,23,NULL,345,NULL),(2490,24,20,345,NULL),(2491,10,15,346,NULL),(2492,11,50,346,NULL),(2493,12,17,346,NULL),(2494,13,15,346,NULL),(2495,14,15,346,NULL),(2496,17,20,346,NULL),(2497,18,15,346,NULL),(2498,19,19,346,NULL),(2499,21,15,346,NULL),(2500,22,17,346,NULL),(2501,23,NULL,346,NULL),(2502,24,20,346,NULL),(2503,10,15,347,NULL),(2504,11,50,347,NULL),(2505,12,17,347,NULL),(2506,13,15,347,NULL),(2507,14,15,347,NULL),(2508,17,20,347,NULL),(2509,18,15,347,NULL),(2510,19,19,347,NULL),(2511,21,15,347,NULL),(2512,22,17,347,NULL),(2513,23,NULL,347,NULL),(2514,24,20,347,NULL),(2515,10,15,348,NULL),(2516,11,50,348,NULL),(2517,12,17,348,NULL),(2518,13,15,348,NULL),(2519,14,15,348,NULL),(2520,17,20,348,NULL),(2521,18,15,348,NULL),(2522,19,19,348,NULL),(2523,21,15,348,NULL),(2524,22,17,348,NULL),(2525,23,NULL,348,NULL),(2526,24,20,348,NULL),(2527,10,15,349,NULL),(2528,11,50,349,NULL),(2529,12,17,349,NULL),(2530,13,15,349,NULL),(2531,14,15,349,NULL),(2532,17,20,349,NULL),(2533,18,15,349,NULL),(2534,19,19,349,NULL),(2535,21,15,349,NULL),(2536,22,17,349,NULL),(2537,23,NULL,349,NULL),(2538,24,20,349,NULL),(2539,10,15,350,NULL),(2540,11,50,350,NULL),(2541,12,17,350,NULL),(2542,13,15,350,NULL),(2543,14,15,350,NULL),(2544,17,20,350,NULL),(2545,18,15,350,NULL),(2546,19,19,350,NULL),(2547,21,15,350,NULL),(2548,22,17,350,NULL),(2549,23,NULL,350,NULL),(2550,24,20,350,NULL),(2551,10,15,351,NULL),(2552,11,50,351,NULL),(2553,12,17,351,NULL),(2554,13,15,351,NULL),(2555,14,15,351,NULL),(2556,17,20,351,NULL),(2557,18,15,351,NULL),(2558,19,19,351,NULL),(2559,21,15,351,NULL),(2560,22,17,351,NULL),(2561,23,NULL,351,NULL),(2562,24,20,351,NULL),(2563,10,15,352,NULL),(2564,11,50,352,NULL),(2565,12,17,352,NULL),(2566,13,15,352,NULL),(2567,14,15,352,NULL),(2568,17,20,352,NULL),(2569,18,15,352,NULL),(2570,19,19,352,NULL),(2571,21,15,352,NULL),(2572,22,17,352,NULL),(2573,23,NULL,352,NULL),(2574,24,20,352,NULL),(2575,10,15,353,NULL),(2576,11,50,353,NULL),(2577,12,17,353,NULL),(2578,13,15,353,NULL),(2579,14,15,353,NULL),(2580,17,20,353,NULL),(2581,18,15,353,NULL),(2582,19,19,353,NULL),(2583,21,15,353,NULL),(2584,22,17,353,NULL),(2585,23,NULL,353,NULL),(2586,24,20,353,NULL),(2587,10,15,354,NULL),(2588,11,50,354,NULL),(2589,12,17,354,NULL),(2590,13,15,354,NULL),(2591,14,15,354,NULL),(2592,17,20,354,NULL),(2593,18,15,354,NULL),(2594,19,19,354,NULL),(2595,21,15,354,NULL),(2596,22,17,354,NULL),(2597,23,NULL,354,NULL),(2598,24,20,354,NULL),(2599,10,15,355,NULL),(2600,11,50,355,NULL),(2601,12,17,355,NULL),(2602,13,15,355,NULL),(2603,14,15,355,NULL),(2604,17,20,355,NULL),(2605,18,15,355,NULL),(2606,19,19,355,NULL),(2607,21,15,355,NULL),(2608,22,17,355,NULL),(2609,23,NULL,355,NULL),(2610,24,20,355,NULL),(2611,10,15,356,NULL),(2612,11,50,356,NULL),(2613,12,17,356,NULL),(2614,13,15,356,NULL),(2615,14,15,356,NULL),(2616,17,20,356,NULL),(2617,18,15,356,NULL),(2618,19,19,356,NULL),(2619,21,15,356,NULL),(2620,22,17,356,NULL),(2621,23,NULL,356,NULL),(2622,24,20,356,NULL),(2623,10,15,357,NULL),(2624,11,50,357,NULL),(2625,12,17,357,NULL),(2626,13,15,357,NULL),(2627,14,15,357,NULL),(2628,17,20,357,NULL),(2629,18,15,357,NULL),(2630,19,19,357,NULL),(2631,21,15,357,NULL),(2632,22,17,357,NULL),(2633,23,NULL,357,NULL),(2634,24,20,357,NULL),(2635,10,15,358,NULL),(2636,11,50,358,NULL),(2637,12,17,358,NULL),(2638,13,15,358,NULL),(2639,14,15,358,NULL),(2640,17,20,358,NULL),(2641,18,15,358,NULL),(2642,19,19,358,NULL),(2643,21,15,358,NULL),(2644,22,17,358,NULL),(2645,23,NULL,358,NULL),(2646,24,20,358,NULL),(2647,10,15,359,NULL),(2648,11,50,359,NULL),(2649,12,17,359,NULL),(2650,13,15,359,NULL),(2651,14,15,359,NULL),(2652,16,15,359,NULL),(2653,17,20,359,NULL),(2654,18,15,359,NULL),(2655,19,19,359,NULL),(2656,21,15,359,NULL),(2657,22,17,359,NULL),(2658,23,NULL,359,NULL),(2659,24,20,359,NULL),(2660,25,17,359,NULL),(2661,10,15,360,NULL),(2662,11,50,360,NULL),(2663,12,17,360,NULL),(2664,13,15,360,NULL),(2665,14,15,360,NULL),(2666,16,15,360,NULL),(2667,17,20,360,NULL),(2668,18,15,360,NULL),(2669,19,19,360,NULL),(2670,21,15,360,NULL),(2671,22,17,360,NULL),(2672,23,NULL,360,NULL),(2673,24,20,360,NULL),(2674,25,17,360,NULL),(2675,10,15,361,NULL),(2676,11,50,361,NULL),(2677,12,17,361,NULL),(2678,13,15,361,NULL),(2679,14,15,361,NULL),(2680,16,15,361,NULL),(2681,17,20,361,NULL),(2682,18,15,361,NULL),(2683,19,19,361,NULL),(2684,21,15,361,NULL),(2685,22,17,361,NULL),(2686,23,NULL,361,NULL),(2687,24,20,361,NULL),(2688,25,17,361,NULL),(2689,10,15,362,NULL),(2690,11,50,362,NULL),(2691,12,17,362,NULL),(2692,13,15,362,NULL),(2693,14,15,362,NULL),(2694,16,15,362,NULL),(2695,17,20,362,NULL),(2696,18,15,362,NULL),(2697,19,19,362,NULL),(2698,21,15,362,NULL),(2699,22,17,362,NULL),(2700,23,NULL,362,NULL),(2701,24,20,362,NULL),(2702,25,17,362,NULL),(2703,10,15,363,NULL),(2704,11,50,363,NULL),(2705,12,17,363,NULL),(2706,13,15,363,NULL),(2707,14,15,363,NULL),(2708,16,15,363,NULL),(2709,17,20,363,NULL),(2710,18,15,363,NULL),(2711,19,19,363,NULL),(2712,21,15,363,NULL),(2713,22,17,363,NULL),(2714,23,NULL,363,NULL),(2715,24,20,363,NULL),(2716,25,17,363,NULL),(2717,10,15,364,NULL),(2718,11,50,364,NULL),(2719,12,17,364,NULL),(2720,13,15,364,NULL),(2721,14,15,364,NULL),(2722,16,15,364,NULL),(2723,17,20,364,NULL),(2724,18,15,364,NULL),(2725,19,19,364,NULL),(2726,21,15,364,NULL),(2727,22,17,364,NULL),(2728,23,NULL,364,NULL),(2729,24,20,364,NULL),(2730,25,17,364,NULL),(2731,10,15,365,NULL),(2732,11,50,365,NULL),(2733,12,17,365,NULL),(2734,13,15,365,NULL),(2735,14,15,365,NULL),(2736,16,15,365,NULL),(2737,17,20,365,NULL),(2738,18,15,365,NULL),(2739,19,19,365,NULL),(2740,21,15,365,NULL),(2741,22,17,365,NULL),(2742,23,NULL,365,NULL),(2743,24,20,365,NULL),(2744,25,17,365,NULL),(2745,10,15,366,NULL),(2746,11,50,366,NULL),(2747,12,17,366,NULL),(2748,13,15,366,NULL),(2749,14,15,366,NULL),(2750,16,15,366,NULL),(2751,17,20,366,NULL),(2752,18,15,366,NULL),(2753,19,19,366,NULL),(2754,21,15,366,NULL),(2755,22,17,366,NULL),(2756,23,NULL,366,NULL),(2757,24,20,366,NULL),(2758,25,17,366,NULL),(2759,10,15,367,NULL),(2760,11,50,367,NULL),(2761,12,17,367,NULL),(2762,13,15,367,NULL),(2763,14,15,367,NULL),(2764,16,15,367,NULL),(2765,17,20,367,NULL),(2766,18,15,367,NULL),(2767,19,19,367,NULL),(2768,21,15,367,NULL),(2769,22,17,367,NULL),(2770,23,NULL,367,NULL),(2771,24,20,367,NULL),(2772,25,17,367,NULL),(2773,10,15,368,NULL),(2774,11,50,368,NULL),(2775,12,17,368,NULL),(2776,13,15,368,NULL),(2777,14,15,368,NULL),(2778,16,15,368,NULL),(2779,17,20,368,NULL),(2780,18,15,368,NULL),(2781,19,19,368,NULL),(2782,21,15,368,NULL),(2783,22,17,368,NULL),(2784,23,NULL,368,NULL),(2785,24,20,368,NULL),(2786,25,17,368,NULL),(2787,10,15,369,NULL),(2788,11,50,369,NULL),(2789,12,17,369,NULL),(2790,13,15,369,NULL),(2791,14,15,369,NULL),(2792,16,15,369,NULL),(2793,17,20,369,NULL),(2794,18,15,369,NULL),(2795,19,19,369,NULL),(2796,21,15,369,NULL),(2797,22,17,369,NULL),(2798,23,NULL,369,NULL),(2799,24,20,369,NULL),(2800,25,17,369,NULL),(2801,10,15,370,NULL),(2802,11,50,370,NULL),(2803,12,17,370,NULL),(2804,13,15,370,NULL),(2805,14,15,370,NULL),(2806,16,15,370,NULL),(2807,17,20,370,NULL),(2808,18,15,370,NULL),(2809,19,19,370,NULL),(2810,21,15,370,NULL),(2811,22,17,370,NULL),(2812,23,NULL,370,NULL),(2813,24,20,370,NULL),(2814,25,17,370,NULL),(2829,10,15,372,NULL),(2830,11,50,372,NULL),(2831,12,17,372,NULL),(2832,13,15,372,NULL),(2833,14,15,372,NULL),(2834,16,15,372,NULL),(2835,17,20,372,NULL),(2836,18,15,372,NULL),(2837,19,19,372,NULL),(2838,21,15,372,NULL),(2839,22,17,372,NULL),(2840,23,NULL,372,NULL),(2841,24,20,372,NULL),(2842,25,17,372,NULL),(2843,10,15,373,NULL),(2844,11,50,373,NULL),(2845,12,17,373,NULL),(2846,13,15,373,NULL),(2847,14,15,373,NULL),(2848,16,15,373,NULL),(2849,17,20,373,NULL),(2850,18,15,373,NULL),(2851,19,19,373,NULL),(2852,21,15,373,NULL),(2853,22,17,373,NULL),(2854,23,NULL,373,NULL),(2855,24,20,373,NULL),(2856,25,17,373,NULL),(2857,10,15,374,NULL),(2858,11,50,374,NULL),(2859,12,17,374,NULL),(2860,13,15,374,NULL),(2861,14,15,374,NULL),(2862,16,15,374,NULL),(2863,17,20,374,NULL),(2864,18,15,374,NULL),(2865,19,19,374,NULL),(2866,21,15,374,NULL),(2867,22,17,374,NULL),(2868,23,NULL,374,NULL),(2869,24,20,374,NULL),(2870,25,17,374,NULL),(2871,10,15,375,NULL),(2872,11,50,375,NULL),(2873,12,17,375,NULL),(2874,13,15,375,NULL),(2875,14,15,375,NULL),(2876,16,15,375,NULL),(2877,17,20,375,NULL),(2878,18,15,375,NULL),(2879,19,19,375,NULL),(2880,21,15,375,NULL),(2881,22,17,375,NULL),(2882,23,NULL,375,NULL),(2883,24,20,375,NULL),(2884,25,17,375,NULL),(2899,10,15,377,NULL),(2900,11,50,377,NULL),(2901,12,17,377,NULL),(2902,13,15,377,NULL),(2903,14,15,377,NULL),(2904,16,15,377,NULL),(2905,17,20,377,NULL),(2906,18,15,377,NULL),(2907,19,19,377,NULL),(2908,21,15,377,NULL),(2909,22,17,377,NULL),(2910,23,NULL,377,NULL),(2911,24,20,377,NULL),(2912,25,17,377,NULL),(2913,10,15,378,NULL),(2914,11,50,378,NULL),(2915,12,17,378,NULL),(2916,13,15,378,NULL),(2917,14,15,378,NULL),(2918,16,15,378,NULL),(2919,17,20,378,NULL),(2920,18,15,378,NULL),(2921,19,19,378,NULL),(2922,21,15,378,NULL),(2923,22,17,378,NULL),(2924,23,NULL,378,NULL),(2925,24,20,378,NULL),(2926,25,17,378,NULL),(2927,10,15,379,NULL),(2928,11,50,379,NULL),(2929,12,17,379,NULL),(2930,13,15,379,NULL),(2931,14,15,379,NULL),(2932,16,15,379,NULL),(2933,17,20,379,NULL),(2934,18,15,379,NULL),(2935,19,19,379,NULL),(2936,21,15,379,NULL),(2937,22,17,379,NULL),(2938,23,NULL,379,NULL),(2939,24,20,379,NULL),(2940,25,17,379,NULL),(2955,10,15,381,NULL),(2956,11,50,381,NULL),(2957,12,17,381,NULL),(2958,13,15,381,NULL),(2959,14,15,381,NULL),(2960,16,15,381,NULL),(2961,17,20,381,NULL),(2962,18,15,381,NULL),(2963,19,19,381,NULL),(2964,21,15,381,NULL),(2965,22,17,381,NULL),(2966,23,NULL,381,NULL),(2967,24,20,381,NULL),(2968,25,17,381,NULL),(2969,10,15,382,NULL),(2970,11,50,382,NULL),(2971,12,17,382,NULL),(2972,13,15,382,NULL),(2973,14,15,382,NULL),(2974,16,15,382,NULL),(2975,17,20,382,NULL),(2976,18,15,382,NULL),(2977,19,19,382,NULL),(2978,21,15,382,NULL),(2979,22,17,382,NULL),(2980,23,NULL,382,NULL),(2981,24,20,382,NULL),(2982,25,17,382,NULL),(2983,10,15,383,NULL),(2984,11,50,383,NULL),(2985,12,17,383,NULL),(2986,13,15,383,NULL),(2987,14,15,383,NULL),(2988,16,15,383,NULL),(2989,17,20,383,NULL),(2990,18,15,383,NULL),(2991,19,19,383,NULL),(2992,21,15,383,NULL),(2993,22,17,383,NULL),(2994,23,NULL,383,NULL),(2995,24,20,383,NULL),(2996,25,17,383,NULL),(2997,10,15,384,NULL),(2998,11,50,384,NULL),(2999,12,17,384,NULL),(3000,13,15,384,NULL),(3001,14,15,384,NULL),(3002,16,15,384,NULL),(3003,17,20,384,NULL),(3004,18,15,384,NULL),(3005,19,19,384,NULL),(3006,21,15,384,NULL),(3007,22,17,384,NULL),(3008,23,NULL,384,NULL),(3009,24,20,384,NULL),(3010,25,17,384,NULL),(3011,10,15,385,NULL),(3012,11,50,385,NULL),(3013,12,17,385,NULL),(3014,13,15,385,NULL),(3015,14,15,385,NULL),(3016,16,15,385,NULL),(3017,17,20,385,NULL),(3018,18,15,385,NULL),(3019,19,19,385,NULL),(3020,21,15,385,NULL),(3021,22,17,385,NULL),(3022,23,NULL,385,NULL),(3023,24,20,385,NULL),(3024,25,17,385,NULL),(3025,10,15,386,NULL),(3026,11,50,386,NULL),(3027,12,17,386,NULL),(3028,13,15,386,NULL),(3029,14,15,386,NULL),(3030,16,15,386,NULL),(3031,17,20,386,NULL),(3032,18,15,386,NULL),(3033,19,19,386,NULL),(3034,21,15,386,NULL),(3035,22,17,386,NULL),(3036,23,NULL,386,NULL),(3037,24,20,386,NULL),(3038,25,17,386,NULL),(3039,10,15,387,NULL),(3040,11,50,387,NULL),(3041,12,17,387,NULL),(3042,13,15,387,NULL),(3043,14,15,387,NULL),(3044,16,15,387,NULL),(3045,17,20,387,NULL),(3046,18,15,387,NULL),(3047,19,19,387,NULL),(3048,21,15,387,NULL),(3049,22,17,387,NULL),(3050,23,NULL,387,NULL),(3051,24,20,387,NULL),(3052,25,17,387,NULL),(3081,10,15,390,NULL),(3082,11,50,390,NULL),(3083,12,17,390,NULL),(3084,13,15,390,NULL),(3085,14,15,390,NULL),(3086,16,15,390,NULL),(3087,17,20,390,NULL),(3088,18,15,390,NULL),(3089,19,19,390,NULL),(3090,21,15,390,NULL),(3091,22,17,390,NULL),(3092,23,NULL,390,NULL),(3093,24,20,390,NULL),(3094,25,17,390,NULL),(3095,10,15,391,NULL),(3096,11,50,391,NULL),(3097,12,17,391,NULL),(3098,13,15,391,NULL),(3099,14,15,391,NULL),(3100,16,15,391,NULL),(3101,17,20,391,NULL),(3102,18,15,391,NULL),(3103,19,19,391,NULL),(3104,21,15,391,NULL),(3105,22,17,391,NULL),(3106,23,NULL,391,NULL),(3107,24,20,391,NULL),(3108,25,17,391,NULL),(3109,10,15,392,NULL),(3110,11,50,392,NULL),(3111,12,17,392,NULL),(3112,13,15,392,NULL),(3113,14,15,392,NULL),(3114,16,15,392,NULL),(3115,17,20,392,NULL),(3116,18,15,392,NULL),(3117,19,19,392,NULL),(3118,21,15,392,NULL),(3119,22,17,392,NULL),(3120,23,NULL,392,NULL),(3121,24,20,392,NULL),(3122,25,17,392,NULL),(3123,10,15,393,NULL),(3124,11,50,393,NULL),(3125,12,17,393,NULL),(3126,13,15,393,NULL),(3127,14,15,393,NULL),(3128,16,15,393,NULL),(3129,17,20,393,NULL),(3130,18,15,393,NULL),(3131,19,19,393,NULL),(3132,22,17,393,NULL),(3133,23,NULL,393,NULL),(3134,24,20,393,NULL),(3135,25,17,393,NULL),(3136,10,15,394,NULL),(3137,11,50,394,NULL),(3138,12,17,394,NULL),(3139,13,15,394,NULL),(3140,14,15,394,NULL),(3141,16,15,394,NULL),(3142,17,20,394,NULL),(3143,18,15,394,NULL),(3144,19,19,394,NULL),(3145,22,17,394,NULL),(3146,23,NULL,394,NULL),(3147,24,20,394,NULL),(3148,25,17,394,NULL),(3149,10,15,395,NULL),(3150,11,50,395,NULL),(3151,12,17,395,NULL),(3152,13,15,395,NULL),(3153,14,15,395,NULL),(3154,16,15,395,NULL),(3155,17,20,395,NULL),(3156,18,15,395,NULL),(3157,19,19,395,NULL),(3158,22,17,395,NULL),(3159,23,NULL,395,NULL),(3160,24,20,395,NULL),(3161,25,17,395,NULL),(3175,10,15,397,NULL),(3176,11,50,397,NULL),(3177,12,17,397,NULL),(3178,13,15,397,NULL),(3179,14,15,397,NULL),(3180,16,15,397,NULL),(3181,17,20,397,NULL),(3182,18,15,397,NULL),(3183,19,19,397,NULL),(3184,22,17,397,NULL),(3185,23,NULL,397,NULL),(3186,24,20,397,NULL),(3187,25,17,397,NULL),(3188,10,15,398,NULL),(3189,11,50,398,NULL),(3190,12,17,398,NULL),(3191,13,15,398,NULL),(3192,14,15,398,NULL),(3193,16,15,398,NULL),(3194,17,20,398,NULL),(3195,18,15,398,NULL),(3196,19,19,398,NULL),(3197,22,17,398,NULL),(3198,23,NULL,398,NULL),(3199,24,20,398,NULL),(3200,25,17,398,NULL),(3201,10,15,399,NULL),(3202,11,50,399,NULL),(3203,12,17,399,NULL),(3204,13,15,399,NULL),(3205,14,15,399,NULL),(3206,16,15,399,NULL),(3207,17,20,399,NULL),(3208,18,15,399,NULL),(3209,19,19,399,NULL),(3210,22,17,399,NULL),(3211,23,NULL,399,NULL),(3212,24,20,399,NULL),(3213,25,17,399,NULL),(3214,10,15,400,NULL),(3215,11,50,400,NULL),(3216,12,17,400,NULL),(3217,13,15,400,NULL),(3218,14,15,400,NULL),(3219,16,15,400,NULL),(3220,17,20,400,NULL),(3221,18,15,400,NULL),(3222,19,19,400,NULL),(3223,22,17,400,NULL),(3224,23,NULL,400,NULL),(3225,24,20,400,NULL),(3226,25,17,400,NULL),(3227,10,15,401,NULL),(3228,11,50,401,NULL),(3229,12,17,401,NULL),(3230,13,15,401,NULL),(3231,14,15,401,NULL),(3232,16,15,401,NULL),(3233,17,20,401,NULL),(3234,18,15,401,NULL),(3235,19,19,401,NULL),(3236,22,17,401,NULL),(3237,23,NULL,401,NULL),(3238,24,20,401,NULL),(3239,25,17,401,NULL),(3240,10,15,402,NULL),(3241,11,50,402,NULL),(3242,12,17,402,NULL),(3243,13,15,402,NULL),(3244,14,15,402,NULL),(3245,16,15,402,NULL),(3246,17,20,402,NULL),(3247,18,15,402,NULL),(3248,19,19,402,NULL),(3249,22,17,402,NULL),(3250,23,NULL,402,NULL),(3251,24,20,402,NULL),(3252,25,17,402,NULL),(3253,10,15,403,NULL),(3254,11,50,403,NULL),(3255,12,17,403,NULL),(3256,13,15,403,NULL),(3257,14,15,403,NULL),(3258,16,15,403,NULL),(3259,17,20,403,NULL),(3260,18,15,403,NULL),(3261,19,19,403,NULL),(3262,22,17,403,NULL),(3263,23,NULL,403,NULL),(3264,24,20,403,NULL),(3265,25,17,403,NULL),(3266,10,15,404,NULL),(3267,11,50,404,NULL),(3268,12,17,404,NULL),(3269,13,15,404,NULL),(3270,14,15,404,NULL),(3271,16,15,404,NULL),(3272,17,20,404,NULL),(3273,18,15,404,NULL),(3274,19,19,404,NULL),(3275,22,17,404,NULL),(3276,23,NULL,404,NULL),(3277,24,20,404,NULL),(3278,25,17,404,NULL),(3279,10,15,405,NULL),(3280,11,50,405,NULL),(3281,12,17,405,NULL),(3282,13,15,405,NULL),(3283,14,15,405,NULL),(3284,16,15,405,NULL),(3285,17,20,405,NULL),(3286,18,15,405,NULL),(3287,19,19,405,NULL),(3288,22,17,405,NULL),(3289,23,NULL,405,NULL),(3290,24,20,405,NULL),(3291,25,17,405,NULL),(3292,10,15,406,NULL),(3293,11,50,406,NULL),(3294,12,17,406,NULL),(3295,13,15,406,NULL),(3296,14,15,406,NULL),(3297,16,15,406,NULL),(3298,17,20,406,NULL),(3299,18,15,406,NULL),(3300,19,19,406,NULL),(3301,22,17,406,NULL),(3302,23,NULL,406,NULL),(3303,24,20,406,NULL),(3304,25,17,406,NULL),(3305,10,15,407,NULL),(3306,11,50,407,NULL),(3307,12,17,407,NULL),(3308,13,15,407,NULL),(3309,14,15,407,NULL),(3310,16,15,407,NULL),(3311,17,20,407,NULL),(3312,18,15,407,NULL),(3313,19,19,407,NULL),(3314,22,17,407,NULL),(3315,23,NULL,407,NULL),(3316,24,20,407,NULL),(3317,25,17,407,NULL),(3318,10,15,408,NULL),(3319,11,50,408,NULL),(3320,12,17,408,NULL),(3321,13,15,408,NULL),(3322,14,15,408,NULL),(3323,16,15,408,NULL),(3324,17,20,408,NULL),(3325,18,15,408,NULL),(3326,19,19,408,NULL),(3327,22,17,408,NULL),(3328,23,NULL,408,NULL),(3329,24,20,408,NULL),(3330,25,17,408,NULL),(3331,10,15,409,NULL),(3332,11,50,409,NULL),(3333,12,17,409,NULL),(3334,13,15,409,NULL),(3335,14,15,409,NULL),(3336,16,15,409,NULL),(3337,17,20,409,NULL),(3338,18,15,409,NULL),(3339,19,19,409,NULL),(3340,22,17,409,NULL),(3341,23,NULL,409,NULL),(3342,24,20,409,NULL),(3343,25,17,409,NULL),(3344,10,15,410,NULL),(3345,11,50,410,NULL),(3346,12,17,410,NULL),(3347,13,15,410,NULL),(3348,14,15,410,NULL),(3349,16,15,410,NULL),(3350,17,20,410,NULL),(3351,18,15,410,NULL),(3352,19,19,410,NULL),(3353,22,17,410,NULL),(3354,23,NULL,410,NULL),(3355,24,20,410,NULL),(3356,25,17,410,NULL),(3357,10,15,411,NULL),(3358,11,50,411,NULL),(3359,12,17,411,NULL),(3360,13,15,411,NULL),(3361,14,15,411,NULL),(3362,16,15,411,NULL),(3363,17,20,411,NULL),(3364,18,15,411,NULL),(3365,19,19,411,NULL),(3366,22,17,411,NULL),(3367,23,NULL,411,NULL),(3368,24,20,411,NULL),(3369,25,17,411,NULL),(3370,10,15,412,NULL),(3371,11,50,412,NULL),(3372,12,17,412,NULL),(3373,13,15,412,NULL),(3374,14,15,412,NULL),(3375,16,15,412,NULL),(3376,17,20,412,NULL),(3377,18,15,412,NULL),(3378,19,19,412,NULL),(3379,22,17,412,NULL),(3380,23,NULL,412,NULL),(3381,24,20,412,NULL),(3382,25,17,412,NULL),(3383,10,15,413,NULL),(3384,11,50,413,NULL),(3385,12,17,413,NULL),(3386,13,15,413,NULL),(3387,14,15,413,NULL),(3388,16,15,413,NULL),(3389,17,20,413,NULL),(3390,18,15,413,NULL),(3391,19,19,413,NULL),(3392,22,17,413,NULL),(3393,23,NULL,413,NULL),(3394,24,20,413,NULL),(3395,25,17,413,NULL),(3396,10,15,414,NULL),(3397,11,50,414,NULL),(3398,12,17,414,NULL),(3399,13,15,414,NULL),(3400,14,15,414,NULL),(3401,16,15,414,NULL),(3402,17,20,414,NULL),(3403,18,15,414,NULL),(3404,19,19,414,NULL),(3405,22,17,414,NULL),(3406,23,NULL,414,NULL),(3407,24,20,414,NULL),(3408,25,17,414,NULL),(3409,10,15,415,NULL),(3410,11,50,415,NULL),(3411,12,17,415,NULL),(3412,13,15,415,NULL),(3413,14,15,415,NULL),(3414,16,15,415,NULL),(3415,17,20,415,NULL),(3416,18,15,415,NULL),(3417,19,19,415,NULL),(3418,22,17,415,NULL),(3419,23,NULL,415,NULL),(3420,24,20,415,NULL),(3421,25,17,415,NULL),(3422,10,15,416,NULL),(3423,11,50,416,NULL),(3424,12,17,416,NULL),(3425,13,15,416,NULL),(3426,14,15,416,NULL),(3427,16,15,416,NULL),(3428,17,20,416,NULL),(3429,18,15,416,NULL),(3430,19,19,416,NULL),(3431,22,17,416,NULL),(3432,23,NULL,416,NULL),(3433,24,20,416,NULL),(3434,25,17,416,NULL),(3435,10,15,417,NULL),(3436,11,50,417,NULL),(3437,12,17,417,NULL),(3438,13,15,417,NULL),(3439,14,15,417,NULL),(3440,16,15,417,NULL),(3441,17,20,417,NULL),(3442,18,15,417,NULL),(3443,19,19,417,NULL),(3444,22,17,417,NULL),(3445,23,NULL,417,NULL),(3446,24,20,417,NULL),(3447,25,17,417,NULL),(3448,10,15,418,NULL),(3449,11,50,418,NULL),(3450,12,17,418,NULL),(3451,13,15,418,NULL),(3452,14,15,418,NULL),(3453,16,15,418,NULL),(3454,17,20,418,NULL),(3455,18,15,418,NULL),(3456,19,19,418,NULL),(3457,22,17,418,NULL),(3458,23,NULL,418,NULL),(3459,24,20,418,NULL),(3460,25,17,418,NULL),(3461,26,16,418,NULL),(3462,10,15,419,NULL),(3463,11,50,419,NULL),(3464,12,17,419,NULL),(3465,13,15,419,NULL),(3466,14,15,419,NULL),(3467,16,15,419,NULL),(3468,17,20,419,NULL),(3469,18,15,419,NULL),(3470,19,19,419,NULL),(3471,22,17,419,NULL),(3472,23,NULL,419,NULL),(3473,24,20,419,NULL),(3474,25,17,419,NULL),(3475,26,16,419,NULL),(3476,10,15,420,NULL),(3477,11,50,420,NULL),(3478,12,17,420,NULL),(3479,13,15,420,NULL),(3480,14,15,420,NULL),(3481,16,15,420,NULL),(3482,17,20,420,NULL),(3483,18,15,420,NULL),(3484,19,19,420,NULL),(3485,22,17,420,NULL),(3486,23,NULL,420,NULL),(3487,24,20,420,NULL),(3488,25,17,420,NULL),(3489,26,16,420,NULL),(3490,10,15,421,NULL),(3491,11,50,421,NULL),(3492,12,17,421,NULL),(3493,13,15,421,NULL),(3494,14,15,421,NULL),(3495,16,15,421,NULL),(3496,17,20,421,NULL),(3497,18,15,421,NULL),(3498,19,19,421,NULL),(3499,22,17,421,NULL),(3500,23,NULL,421,NULL),(3501,24,20,421,NULL),(3502,25,17,421,NULL),(3503,26,16,421,NULL),(3504,10,15,422,NULL),(3505,11,50,422,NULL),(3506,12,17,422,NULL),(3507,13,15,422,NULL),(3508,14,15,422,NULL),(3509,16,15,422,NULL),(3510,17,20,422,NULL),(3511,18,15,422,NULL),(3512,19,19,422,NULL),(3513,22,17,422,NULL),(3514,23,NULL,422,NULL),(3515,24,20,422,NULL),(3516,25,17,422,NULL),(3517,26,16,422,NULL),(3518,10,15,423,NULL),(3519,11,50,423,NULL),(3520,12,17,423,NULL),(3521,13,15,423,NULL),(3522,14,15,423,NULL),(3523,16,15,423,NULL),(3524,17,20,423,NULL),(3525,18,15,423,NULL),(3526,19,19,423,NULL),(3527,22,17,423,NULL),(3528,23,NULL,423,NULL),(3529,24,20,423,NULL),(3530,25,17,423,NULL),(3531,26,16,423,NULL),(3532,10,15,424,NULL),(3533,11,50,424,NULL),(3534,12,17,424,NULL),(3535,13,15,424,NULL),(3536,14,15,424,NULL),(3537,16,15,424,NULL),(3538,17,20,424,NULL),(3539,18,15,424,NULL),(3540,19,19,424,NULL),(3541,22,17,424,NULL),(3542,23,NULL,424,NULL),(3543,24,20,424,NULL),(3544,25,17,424,NULL),(3545,26,16,424,NULL),(3546,10,15,425,NULL),(3547,11,50,425,NULL),(3548,12,17,425,NULL),(3549,13,15,425,NULL),(3550,14,15,425,NULL),(3551,16,15,425,NULL),(3552,17,20,425,NULL),(3553,18,15,425,NULL),(3554,19,19,425,NULL),(3555,22,17,425,NULL),(3556,23,NULL,425,NULL),(3557,24,20,425,NULL),(3558,25,17,425,NULL),(3559,26,16,425,NULL),(3560,10,15,426,NULL),(3561,11,50,426,NULL),(3562,12,17,426,NULL),(3563,13,15,426,NULL),(3564,14,15,426,NULL),(3565,16,15,426,NULL),(3566,17,20,426,NULL),(3567,18,15,426,NULL),(3568,19,19,426,NULL),(3569,22,17,426,NULL),(3570,23,NULL,426,NULL),(3571,24,20,426,NULL),(3572,25,17,426,NULL),(3573,26,16,426,NULL),(3574,10,15,427,NULL),(3575,11,50,427,NULL),(3576,12,17,427,NULL),(3577,13,15,427,NULL),(3578,14,15,427,NULL),(3579,16,15,427,NULL),(3580,17,20,427,NULL),(3581,18,15,427,NULL),(3582,19,19,427,NULL),(3583,22,17,427,NULL),(3584,23,NULL,427,NULL),(3585,24,20,427,NULL),(3586,25,17,427,NULL),(3587,26,16,427,NULL),(3588,10,15,428,NULL),(3589,11,50,428,NULL),(3590,12,17,428,NULL),(3591,13,15,428,NULL),(3592,14,15,428,NULL),(3593,16,15,428,NULL),(3594,17,20,428,NULL),(3595,18,15,428,NULL),(3596,19,19,428,NULL),(3597,22,17,428,NULL),(3598,23,NULL,428,NULL),(3599,24,20,428,NULL),(3600,25,17,428,NULL),(3601,26,16,428,NULL),(3602,10,15,429,NULL),(3603,11,50,429,NULL),(3604,12,17,429,NULL),(3605,13,15,429,NULL),(3606,14,15,429,NULL),(3607,16,15,429,NULL),(3608,17,20,429,NULL),(3609,18,15,429,NULL),(3610,19,19,429,NULL),(3611,22,17,429,NULL),(3612,23,NULL,429,NULL),(3613,24,20,429,NULL),(3614,25,17,429,NULL),(3615,26,16,429,NULL),(3616,10,15,430,NULL),(3617,11,50,430,NULL),(3618,12,17,430,NULL),(3619,13,15,430,NULL),(3620,14,15,430,NULL),(3621,16,15,430,NULL),(3622,17,20,430,NULL),(3623,18,15,430,NULL),(3624,19,19,430,NULL),(3625,22,17,430,NULL),(3626,23,NULL,430,NULL),(3627,24,20,430,NULL),(3628,25,17,430,NULL),(3629,26,16,430,NULL),(3630,10,15,431,NULL),(3631,11,50,431,NULL),(3632,12,17,431,NULL),(3633,13,15,431,NULL),(3634,14,15,431,NULL),(3635,17,20,431,NULL),(3636,18,15,431,NULL),(3637,19,19,431,NULL),(3638,22,17,431,NULL),(3639,23,NULL,431,NULL),(3640,24,20,431,NULL),(3641,25,17,431,NULL),(3642,26,16,431,NULL),(3643,10,15,432,NULL),(3644,11,50,432,NULL),(3645,12,17,432,NULL),(3646,13,15,432,NULL),(3647,14,15,432,NULL),(3648,17,20,432,NULL),(3649,18,15,432,NULL),(3650,19,19,432,NULL),(3651,22,17,432,NULL),(3652,23,NULL,432,NULL),(3653,24,20,432,NULL),(3654,25,17,432,NULL),(3655,26,16,432,NULL),(3656,10,15,433,NULL),(3657,11,50,433,NULL),(3658,12,17,433,NULL),(3659,13,15,433,NULL),(3660,14,15,433,NULL),(3661,17,20,433,NULL),(3662,18,15,433,NULL),(3663,19,19,433,NULL),(3664,22,17,433,NULL),(3665,23,NULL,433,NULL),(3666,24,20,433,NULL),(3667,25,17,433,NULL),(3668,26,16,433,NULL),(3669,10,15,434,NULL),(3670,11,50,434,NULL),(3671,12,17,434,NULL),(3672,13,15,434,NULL),(3673,14,15,434,NULL),(3674,17,20,434,NULL),(3675,18,15,434,NULL),(3676,19,19,434,NULL),(3677,22,17,434,NULL),(3678,23,NULL,434,NULL),(3679,24,20,434,NULL),(3680,25,17,434,NULL),(3681,26,16,434,NULL),(3682,10,15,435,NULL),(3683,11,50,435,NULL),(3684,12,17,435,NULL),(3685,13,15,435,NULL),(3686,14,15,435,NULL),(3687,17,20,435,NULL),(3688,18,15,435,NULL),(3689,19,19,435,NULL),(3690,22,17,435,NULL),(3691,23,NULL,435,NULL),(3692,24,20,435,NULL),(3693,25,17,435,NULL),(3694,26,16,435,NULL),(3695,10,15,436,NULL),(3696,11,50,436,NULL),(3697,12,17,436,NULL),(3698,13,15,436,NULL),(3699,14,15,436,NULL),(3700,17,20,436,NULL),(3701,18,15,436,NULL),(3702,19,19,436,NULL),(3703,22,17,436,NULL),(3704,23,NULL,436,NULL),(3705,24,20,436,NULL),(3706,25,17,436,NULL),(3707,26,16,436,NULL),(3708,10,15,437,NULL),(3709,11,50,437,NULL),(3710,12,17,437,NULL),(3711,13,15,437,NULL),(3712,14,15,437,NULL),(3713,17,20,437,NULL),(3714,18,15,437,NULL),(3715,19,19,437,NULL),(3716,22,17,437,NULL),(3717,23,NULL,437,NULL),(3718,24,20,437,NULL),(3719,25,17,437,NULL),(3720,26,16,437,NULL),(3721,10,15,438,NULL),(3722,11,50,438,NULL),(3723,12,17,438,NULL),(3724,13,15,438,NULL),(3725,14,15,438,NULL),(3726,17,20,438,NULL),(3727,18,15,438,NULL),(3728,19,19,438,NULL),(3729,22,17,438,NULL),(3730,23,NULL,438,NULL),(3731,24,20,438,NULL),(3732,25,17,438,NULL),(3733,26,16,438,NULL),(3734,10,15,439,NULL),(3735,11,50,439,NULL),(3736,12,17,439,NULL),(3737,13,15,439,NULL),(3738,14,15,439,NULL),(3739,17,20,439,NULL),(3740,18,15,439,NULL),(3741,19,19,439,NULL),(3742,22,17,439,NULL),(3743,23,NULL,439,NULL),(3744,24,20,439,NULL),(3745,25,17,439,NULL),(3746,26,16,439,NULL),(3747,10,15,440,NULL),(3748,11,50,440,NULL),(3749,12,17,440,NULL),(3750,13,15,440,NULL),(3751,14,15,440,NULL),(3752,17,20,440,NULL),(3753,18,15,440,NULL),(3754,19,19,440,NULL),(3755,22,17,440,NULL),(3756,23,NULL,440,NULL),(3757,24,20,440,NULL),(3758,25,17,440,NULL),(3759,26,16,440,NULL),(3773,10,15,442,NULL),(3774,11,50,442,NULL),(3775,12,17,442,NULL),(3776,13,15,442,NULL),(3777,14,15,442,NULL),(3778,17,20,442,NULL),(3779,18,15,442,NULL),(3780,19,19,442,NULL),(3781,22,17,442,NULL),(3782,23,NULL,442,NULL),(3783,24,20,442,NULL),(3784,25,17,442,NULL),(3785,26,16,442,NULL),(3786,10,15,443,NULL),(3787,11,50,443,NULL),(3788,12,17,443,NULL),(3789,13,15,443,NULL),(3790,14,15,443,NULL),(3791,17,20,443,NULL),(3792,18,15,443,NULL),(3793,19,19,443,NULL),(3794,22,17,443,NULL),(3795,23,NULL,443,NULL),(3796,24,20,443,NULL),(3797,25,17,443,NULL),(3798,26,16,443,NULL),(3799,10,15,444,NULL),(3800,11,50,444,NULL),(3801,12,17,444,NULL),(3802,13,15,444,NULL),(3803,14,15,444,NULL),(3804,17,20,444,NULL),(3805,18,15,444,NULL),(3806,19,19,444,NULL),(3807,22,17,444,NULL),(3808,23,NULL,444,NULL),(3809,24,20,444,NULL),(3810,25,17,444,NULL),(3811,26,16,444,NULL),(3812,10,15,445,NULL),(3813,11,50,445,NULL),(3814,12,17,445,NULL),(3815,13,15,445,NULL),(3816,14,15,445,NULL),(3817,17,20,445,NULL),(3818,18,15,445,NULL),(3819,19,19,445,NULL),(3820,22,17,445,NULL),(3821,23,NULL,445,NULL),(3822,24,20,445,NULL),(3823,25,17,445,NULL),(3824,26,16,445,NULL),(3825,10,15,446,NULL),(3826,11,50,446,NULL),(3827,12,17,446,NULL),(3828,13,15,446,NULL),(3829,14,15,446,NULL),(3830,17,20,446,NULL),(3831,18,15,446,NULL),(3832,19,19,446,NULL),(3833,22,17,446,NULL),(3834,23,NULL,446,NULL),(3835,24,20,446,NULL),(3836,25,17,446,NULL),(3837,26,16,446,NULL),(3838,10,15,447,NULL),(3839,11,50,447,NULL),(3840,12,17,447,NULL),(3841,13,15,447,NULL),(3842,14,15,447,NULL),(3843,17,20,447,NULL),(3844,18,15,447,NULL),(3845,19,19,447,NULL),(3846,22,17,447,NULL),(3847,23,NULL,447,NULL),(3848,24,20,447,NULL),(3849,25,17,447,NULL),(3850,26,16,447,NULL),(3851,10,15,448,NULL),(3852,11,50,448,NULL),(3853,12,17,448,NULL),(3854,13,15,448,NULL),(3855,14,15,448,NULL),(3856,17,20,448,NULL),(3857,18,15,448,NULL),(3858,19,19,448,NULL),(3859,22,17,448,NULL),(3860,23,NULL,448,NULL),(3861,24,20,448,NULL),(3862,25,17,448,NULL),(3863,26,16,448,NULL),(3864,10,15,449,NULL),(3865,11,50,449,NULL),(3866,12,17,449,NULL),(3867,13,15,449,NULL),(3868,14,15,449,NULL),(3869,17,20,449,NULL),(3870,18,15,449,NULL),(3871,19,19,449,NULL),(3872,22,17,449,NULL),(3873,23,NULL,449,NULL),(3874,24,20,449,NULL),(3875,25,17,449,NULL),(3876,26,16,449,NULL),(3877,10,15,450,NULL),(3878,11,50,450,NULL),(3879,12,17,450,NULL),(3880,13,15,450,NULL),(3881,14,15,450,NULL),(3882,17,20,450,NULL),(3883,18,15,450,NULL),(3884,19,19,450,NULL),(3885,22,17,450,NULL),(3886,23,NULL,450,NULL),(3887,24,20,450,NULL),(3888,25,17,450,NULL),(3889,26,16,450,NULL),(3890,10,15,451,NULL),(3891,11,50,451,NULL),(3892,12,17,451,NULL),(3893,13,15,451,NULL),(3894,14,15,451,NULL),(3895,17,20,451,NULL),(3896,18,15,451,NULL),(3897,19,19,451,NULL),(3898,22,17,451,NULL),(3899,23,NULL,451,NULL),(3900,24,20,451,NULL),(3901,25,17,451,NULL),(3902,26,16,451,NULL),(3903,10,15,452,NULL),(3904,11,50,452,NULL),(3905,12,17,452,NULL),(3906,13,15,452,NULL),(3907,14,15,452,NULL),(3908,17,20,452,NULL),(3909,18,15,452,NULL),(3910,19,19,452,NULL),(3911,22,17,452,NULL),(3912,23,NULL,452,NULL),(3913,24,20,452,NULL),(3914,25,17,452,NULL),(3915,26,16,452,NULL),(3916,10,15,453,NULL),(3917,11,50,453,NULL),(3918,12,17,453,NULL),(3919,13,15,453,NULL),(3920,14,15,453,NULL),(3921,17,20,453,NULL),(3922,18,15,453,NULL),(3923,19,19,453,NULL),(3924,22,17,453,NULL),(3925,23,NULL,453,NULL),(3926,24,20,453,NULL),(3927,25,17,453,NULL),(3928,26,16,453,NULL),(3929,10,15,454,NULL),(3930,11,50,454,NULL),(3931,12,17,454,NULL),(3932,13,15,454,NULL),(3933,14,15,454,NULL),(3934,17,20,454,NULL),(3935,18,15,454,NULL),(3936,19,19,454,NULL),(3937,22,17,454,NULL),(3938,23,NULL,454,NULL),(3939,24,20,454,NULL),(3940,25,17,454,NULL),(3941,26,16,454,NULL),(3942,10,15,455,NULL),(3943,11,50,455,NULL),(3944,12,17,455,NULL),(3945,13,15,455,NULL),(3946,14,15,455,NULL),(3947,17,20,455,NULL),(3948,18,15,455,NULL),(3949,19,19,455,NULL),(3950,22,17,455,NULL),(3951,23,NULL,455,NULL),(3952,24,20,455,NULL),(3953,25,17,455,NULL),(3954,26,16,455,NULL),(3955,10,15,456,NULL),(3956,11,50,456,NULL),(3957,12,17,456,NULL),(3958,13,15,456,NULL),(3959,14,15,456,NULL),(3960,17,20,456,NULL),(3961,18,15,456,NULL),(3962,19,19,456,NULL),(3963,22,17,456,NULL),(3964,23,NULL,456,NULL),(3965,24,20,456,NULL),(3966,25,17,456,NULL),(3967,26,16,456,NULL),(3968,10,15,457,NULL),(3969,11,50,457,NULL),(3970,12,17,457,NULL),(3971,13,15,457,NULL),(3972,14,15,457,NULL),(3973,17,20,457,NULL),(3974,18,15,457,NULL),(3975,19,19,457,NULL),(3976,22,17,457,NULL),(3977,23,NULL,457,NULL),(3978,24,20,457,NULL),(3979,25,17,457,NULL),(3980,26,16,457,NULL),(3981,10,15,458,NULL),(3982,11,50,458,NULL),(3983,12,17,458,NULL),(3984,13,15,458,NULL),(3985,14,15,458,NULL),(3986,17,20,458,NULL),(3987,18,15,458,NULL),(3988,19,19,458,NULL),(3989,22,17,458,NULL),(3990,23,NULL,458,NULL),(3991,24,20,458,NULL),(3992,25,17,458,NULL),(3993,26,16,458,NULL),(3994,10,15,459,NULL),(3995,11,50,459,NULL),(3996,12,17,459,NULL),(3997,13,15,459,NULL),(3998,14,15,459,NULL),(3999,17,20,459,NULL),(4000,18,15,459,NULL),(4001,19,19,459,NULL),(4002,22,17,459,NULL),(4003,23,NULL,459,NULL),(4004,24,20,459,NULL),(4005,25,17,459,NULL),(4006,26,16,459,NULL),(4007,10,15,460,NULL),(4008,11,50,460,NULL),(4009,12,17,460,NULL),(4010,13,15,460,NULL),(4011,14,15,460,NULL),(4012,17,20,460,NULL),(4013,18,15,460,NULL),(4014,19,19,460,NULL),(4015,22,17,460,NULL),(4016,23,NULL,460,NULL),(4017,24,20,460,NULL),(4018,25,17,460,NULL),(4019,26,16,460,NULL),(4020,10,15,461,NULL),(4021,11,50,461,NULL),(4022,12,17,461,NULL),(4023,13,15,461,NULL),(4024,14,15,461,NULL),(4025,17,20,461,NULL),(4026,18,15,461,NULL),(4027,19,19,461,NULL),(4028,22,17,461,NULL),(4029,23,NULL,461,NULL),(4030,24,20,461,NULL),(4031,25,17,461,NULL),(4032,26,16,461,NULL),(4033,10,15,462,NULL),(4034,11,50,462,NULL),(4035,12,17,462,NULL),(4036,13,15,462,NULL),(4037,14,15,462,NULL),(4038,17,20,462,NULL),(4039,18,15,462,NULL),(4040,19,19,462,NULL),(4041,22,17,462,NULL),(4042,23,NULL,462,NULL),(4043,24,20,462,NULL),(4044,25,17,462,NULL),(4045,26,16,462,NULL),(4046,10,15,463,NULL),(4047,11,50,463,NULL),(4048,12,17,463,NULL),(4049,13,15,463,NULL),(4050,14,15,463,NULL),(4051,17,20,463,NULL),(4052,18,15,463,NULL),(4053,19,19,463,NULL),(4054,22,17,463,NULL),(4055,23,NULL,463,NULL),(4056,24,20,463,NULL),(4057,25,17,463,NULL),(4058,26,16,463,NULL),(4059,10,15,464,NULL),(4060,11,50,464,NULL),(4061,12,17,464,NULL),(4062,13,15,464,NULL),(4063,14,15,464,NULL),(4064,17,20,464,NULL),(4065,18,15,464,NULL),(4066,19,19,464,NULL),(4067,22,17,464,NULL),(4068,23,NULL,464,NULL),(4069,24,20,464,NULL),(4070,25,17,464,NULL),(4071,26,16,464,NULL),(4072,10,15,465,NULL),(4073,11,50,465,NULL),(4074,12,17,465,NULL),(4075,13,15,465,NULL),(4076,14,15,465,NULL),(4077,17,20,465,NULL),(4078,18,15,465,NULL),(4079,19,19,465,NULL),(4080,22,17,465,NULL),(4081,23,NULL,465,NULL),(4082,24,20,465,NULL),(4083,25,17,465,NULL),(4084,26,16,465,NULL),(4085,10,15,466,NULL),(4086,11,50,466,NULL),(4087,12,17,466,NULL),(4088,13,15,466,NULL),(4089,14,15,466,NULL),(4090,17,20,466,NULL),(4091,18,15,466,NULL),(4092,19,19,466,NULL),(4093,22,17,466,NULL),(4094,23,NULL,466,NULL),(4095,24,20,466,NULL),(4096,25,17,466,NULL),(4097,26,16,466,NULL),(4098,10,15,467,NULL),(4099,11,50,467,NULL),(4100,12,17,467,NULL),(4101,13,15,467,NULL),(4102,14,15,467,NULL),(4103,17,20,467,NULL),(4104,18,15,467,NULL),(4105,19,19,467,NULL),(4106,22,17,467,NULL),(4107,23,NULL,467,NULL),(4108,24,20,467,NULL),(4109,25,17,467,NULL),(4110,26,16,467,NULL),(4111,10,15,468,NULL),(4112,11,50,468,NULL),(4113,12,17,468,NULL),(4114,13,15,468,NULL),(4115,14,15,468,NULL),(4116,17,20,468,NULL),(4117,18,15,468,NULL),(4118,19,19,468,NULL),(4119,22,17,468,NULL),(4120,23,NULL,468,NULL),(4121,24,20,468,NULL),(4122,25,17,468,NULL),(4123,26,16,468,NULL),(4124,10,15,469,NULL),(4125,11,50,469,NULL),(4126,12,17,469,NULL),(4127,13,15,469,NULL),(4128,14,15,469,NULL),(4129,17,20,469,NULL),(4130,18,15,469,NULL),(4131,19,19,469,NULL),(4132,22,17,469,NULL),(4133,23,NULL,469,NULL),(4134,24,20,469,NULL),(4135,25,17,469,NULL),(4136,26,16,469,NULL),(4137,10,15,470,NULL),(4138,11,50,470,NULL),(4139,12,17,470,NULL),(4140,13,15,470,NULL),(4141,14,15,470,NULL),(4142,17,20,470,NULL),(4143,18,15,470,NULL),(4144,19,19,470,NULL),(4145,22,17,470,NULL),(4146,23,NULL,470,NULL),(4147,24,20,470,NULL),(4148,25,17,470,NULL),(4149,26,16,470,NULL),(4150,10,15,471,NULL),(4151,11,50,471,NULL),(4152,12,17,471,NULL),(4153,13,15,471,NULL),(4154,14,15,471,NULL),(4155,17,20,471,NULL),(4156,18,15,471,NULL),(4157,19,19,471,NULL),(4158,22,17,471,NULL),(4159,23,NULL,471,NULL),(4160,24,20,471,NULL),(4161,25,17,471,NULL),(4162,26,16,471,NULL),(4163,10,15,472,NULL),(4164,11,50,472,NULL),(4165,12,17,472,NULL),(4166,13,15,472,NULL),(4167,14,15,472,NULL),(4168,17,20,472,NULL),(4169,18,15,472,NULL),(4170,19,19,472,NULL),(4171,22,17,472,NULL),(4172,23,NULL,472,NULL),(4173,24,20,472,NULL),(4174,26,16,472,NULL),(4175,27,30,472,NULL),(4176,28,15,472,NULL),(4177,10,15,473,NULL),(4178,11,50,473,NULL),(4179,12,17,473,NULL),(4180,13,15,473,NULL),(4181,14,15,473,NULL),(4182,17,20,473,NULL),(4183,18,15,473,NULL),(4184,19,19,473,NULL),(4185,22,17,473,NULL),(4186,23,NULL,473,NULL),(4187,24,20,473,NULL),(4188,26,16,473,NULL),(4189,27,30,473,NULL),(4190,28,15,473,NULL),(4191,10,15,474,NULL),(4192,11,50,474,NULL),(4193,12,17,474,NULL),(4194,13,15,474,NULL),(4195,14,15,474,NULL),(4196,17,20,474,NULL),(4197,18,15,474,NULL),(4198,19,19,474,NULL),(4199,22,17,474,NULL),(4200,23,NULL,474,NULL),(4201,24,20,474,NULL),(4202,26,16,474,NULL),(4203,27,30,474,NULL),(4204,28,15,474,NULL),(4205,10,15,475,NULL),(4206,11,50,475,NULL),(4207,12,17,475,NULL),(4208,13,15,475,NULL),(4209,14,15,475,NULL),(4210,17,20,475,NULL),(4211,18,15,475,NULL),(4212,19,19,475,NULL),(4213,22,17,475,NULL),(4214,23,NULL,475,NULL),(4215,24,20,475,NULL),(4216,26,16,475,NULL),(4217,27,30,475,NULL),(4218,28,15,475,NULL),(4219,10,15,476,NULL),(4220,11,50,476,NULL),(4221,12,17,476,NULL),(4222,13,15,476,NULL),(4223,14,15,476,NULL),(4224,17,20,476,NULL),(4225,18,15,476,NULL),(4226,19,19,476,NULL),(4227,22,17,476,NULL),(4228,23,NULL,476,NULL),(4229,24,20,476,NULL),(4230,26,16,476,NULL),(4231,27,30,476,NULL),(4232,28,15,476,NULL),(4233,10,15,477,NULL),(4234,11,50,477,NULL),(4235,12,17,477,NULL),(4236,13,15,477,NULL),(4237,14,15,477,NULL),(4238,17,20,477,NULL),(4239,18,15,477,NULL),(4240,19,19,477,NULL),(4241,22,17,477,NULL),(4242,23,NULL,477,NULL),(4243,24,20,477,NULL),(4244,26,16,477,NULL),(4245,27,30,477,NULL),(4246,28,15,477,NULL),(4247,10,15,478,NULL),(4248,11,50,478,NULL),(4249,12,17,478,NULL),(4250,13,15,478,NULL),(4251,14,15,478,NULL),(4252,17,20,478,NULL),(4253,18,15,478,NULL),(4254,19,19,478,NULL),(4255,22,17,478,NULL),(4256,23,NULL,478,NULL),(4257,24,20,478,NULL),(4258,26,16,478,NULL),(4259,27,30,478,NULL),(4260,28,15,478,NULL),(4261,10,15,479,NULL),(4262,11,50,479,NULL),(4263,12,17,479,NULL),(4264,13,15,479,NULL),(4265,14,15,479,NULL),(4266,17,20,479,NULL),(4267,18,15,479,NULL),(4268,19,19,479,NULL),(4269,22,17,479,NULL),(4270,23,NULL,479,NULL),(4271,24,20,479,NULL),(4272,26,16,479,NULL),(4273,27,30,479,NULL),(4274,28,15,479,NULL);

--
-- Table structure for table `progetto`
--

CREATE TABLE `progetto` (
  `id_progetto` int(11) NOT NULL AUTO_INCREMENT,
  `nome_progetto` varchar(80) NOT NULL DEFAULT 'nuovo progetto',
  `data_inizio` date DEFAULT NULL,
  `data_fine` date DEFAULT NULL,
  `data_fattura` date DEFAULT NULL,
  `dettaglio_descrizione` varchar(500) DEFAULT NULL,
  `id_cliente` smallint(6) DEFAULT NULL,
  `id_reparto` int(11) DEFAULT NULL,
  `jsonGantt` varchar(21000) DEFAULT '{"tasks":[{"id":1,"name":"<NAME>","progress":0,"description":"<DESCRIPTION>","code":"<CODE>","level":0,"status":"STATUS_ACTIVE","depends":"","canWrite":true,"start":<TODAY>,"duration":1,"end":<TOMORROW>,"startIsMilestone":false,"endIsMilestone":false,"assigs":[],"hasChild":false}],"deletedTaskIds":[],"canWrite":"true","canWriteOnParent":"true","splitterPosition":60,"zoom":"m","roles":[{"id":"tmp_1","name":"Project Manager"},{"id":"tmp_2","name":"Collaboratore"},{"id":"tmp_3","name":"Esterno"},{"id":"tmp_4","name":"Cliente"}],"resources":[<RISORSE>]}',
  `fornitore` varchar(500) DEFAULT NULL,
  `id_stato` int(11) DEFAULT NULL,
  `importo_da_fatturare` int(11) DEFAULT NULL,
  `note` varchar(500) DEFAULT NULL,
  PRIMARY KEY (`id_progetto`),
  KEY `id_progetto` (`id_progetto`),
  KEY `FK_progetto_clienti` (`id_cliente`),
  KEY `FK_reparto` (`id_reparto`),
  CONSTRAINT `FK_progetto_clienti` FOREIGN KEY (`id_cliente`) REFERENCES `clienti` (`id_cliente`),
  CONSTRAINT `FK_reparto` FOREIGN KEY (`id_reparto`) REFERENCES `reparto` (`id_reparto`)
) ENGINE=InnoDB AUTO_INCREMENT=61 DEFAULT CHARSET=latin1;

--
-- Dumping data for table `progetto`
--

INSERT INTO `progetto` VALUES (56,'ERP AZIENDALE','2022-12-29',NULL,NULL,NULL,1254,3,'{\"tasks\":[{\"id\":1,\"name\":\"<NAME>\",\"progress\":0,\"description\":\"<DESCRIPTION>\",\"code\":\"<CODE>\",\"level\":0,\"status\":\"STATUS_ACTIVE\",\"depends\":\"\",\"canWrite\":true,\"start\":<TODAY>,\"duration\":1,\"end\":<TOMORROW>,\"startIsMilestone\":false,\"endIsMilestone\":false,\"assigs\":[],\"hasChild\":false}],\"deletedTaskIds\":[],\"canWrite\":\"true\",\"canWriteOnParent\":\"true\",\"splitterPosition\":60,\"zoom\":\"m\",\"roles\":[{\"id\":\"tmp_1\",\"name\":\"Project Manager\"},{\"id\":\"tmp_2\",\"name\":\"Collaboratore\"},{\"id\":\"tmp_3\",\"name\":\"Esterno\"},{\"id\":\"tmp_4\",\"name\":\"Cliente\"}],\"resources\":[<RISORSE>]}','',1,10000,'DA PARLARNE AD ANNO NUOVO, FINIRE DEMO'),(57,'ERP GESTIONE FRANCHSING E NEGOZI','2022-12-29',NULL,NULL,NULL,1253,3,'{\"tasks\":[{\"id\":1,\"name\":\"<NAME>\",\"progress\":0,\"description\":\"<DESCRIPTION>\",\"code\":\"<CODE>\",\"level\":0,\"status\":\"STATUS_ACTIVE\",\"depends\":\"\",\"canWrite\":true,\"start\":<TODAY>,\"duration\":1,\"end\":<TOMORROW>,\"startIsMilestone\":false,\"endIsMilestone\":false,\"assigs\":[],\"hasChild\":false}],\"deletedTaskIds\":[],\"canWrite\":\"true\",\"canWriteOnParent\":\"true\",\"splitterPosition\":60,\"zoom\":\"m\",\"roles\":[{\"id\":\"tmp_1\",\"name\":\"Project Manager\"},{\"id\":\"tmp_2\",\"name\":\"Collaboratore\"},{\"id\":\"tmp_3\",\"name\":\"Esterno\"},{\"id\":\"tmp_4\",\"name\":\"Cliente\"}],\"resources\":[<RISORSE>]}','',1,15000,'SIAMO GIA UN PEZZO AVANTI DOVREBBERO APRIRE A MARZO'),(58,'PICKING MAGAZZINO RIASSORTIMENTI E PALMARI','2022-12-29',NULL,NULL,NULL,1224,3,'{\"tasks\":[{\"id\":1,\"name\":\"<NAME>\",\"progress\":0,\"description\":\"<DESCRIPTION>\",\"code\":\"<CODE>\",\"level\":0,\"status\":\"STATUS_ACTIVE\",\"depends\":\"\",\"canWrite\":true,\"start\":<TODAY>,\"duration\":1,\"end\":<TOMORROW>,\"startIsMilestone\":false,\"endIsMilestone\":false,\"assigs\":[],\"hasChild\":false}],\"deletedTaskIds\":[],\"canWrite\":\"true\",\"canWriteOnParent\":\"true\",\"splitterPosition\":60,\"zoom\":\"m\",\"roles\":[{\"id\":\"tmp_1\",\"name\":\"Project Manager\"},{\"id\":\"tmp_2\",\"name\":\"Collaboratore\"},{\"id\":\"tmp_3\",\"name\":\"Esterno\"},{\"id\":\"tmp_4\",\"name\":\"Cliente\"}],\"resources\":[<RISORSE>]}','',1,8500,''),(59,'PICKING MAGAZZINO APP ANDROID','2022-12-29',NULL,NULL,NULL,1253,3,'{\"tasks\":[{\"id\":1,\"name\":\"<NAME>\",\"progress\":0,\"description\":\"<DESCRIPTION>\",\"code\":\"<CODE>\",\"level\":0,\"status\":\"STATUS_ACTIVE\",\"depends\":\"\",\"canWrite\":true,\"start\":<TODAY>,\"duration\":1,\"end\":<TOMORROW>,\"startIsMilestone\":false,\"endIsMilestone\":false,\"assigs\":[],\"hasChild\":false}],\"deletedTaskIds\":[],\"canWrite\":\"true\",\"canWriteOnParent\":\"true\",\"splitterPosition\":60,\"zoom\":\"m\",\"roles\":[{\"id\":\"tmp_1\",\"name\":\"Project Manager\"},{\"id\":\"tmp_2\",\"name\":\"Collaboratore\"},{\"id\":\"tmp_3\",\"name\":\"Esterno\"},{\"id\":\"tmp_4\",\"name\":\"Cliente\"}],\"resources\":[<RISORSE>]}','',1,3000,'ABBIAMO EMESSO PROFORMA, ATTENDIAMO ORDINE'),(60,'SITO WEB','2022-12-29',NULL,NULL,NULL,485,0,'{\"tasks\":[{\"id\":1,\"name\":\"<NAME>\",\"progress\":0,\"description\":\"<DESCRIPTION>\",\"code\":\"<CODE>\",\"level\":0,\"status\":\"STATUS_ACTIVE\",\"depends\":\"\",\"canWrite\":true,\"start\":<TODAY>,\"duration\":1,\"end\":<TOMORROW>,\"startIsMilestone\":false,\"endIsMilestone\":false,\"assigs\":[],\"hasChild\":false}],\"deletedTaskIds\":[],\"canWrite\":\"true\",\"canWriteOnParent\":\"true\",\"splitterPosition\":60,\"zoom\":\"m\",\"roles\":[{\"id\":\"tmp_1\",\"name\":\"Project Manager\"},{\"id\":\"tmp_2\",\"name\":\"Collaboratore\"},{\"id\":\"tmp_3\",\"name\":\"Esterno\"},{\"id\":\"tmp_4\",\"name\":\"Cliente\"}],\"resources\":[<RISORSE>]}','',1,2000,'RIMASTO CON CORRADO');

--
-- Table structure for table `rendiconti`
--

CREATE TABLE `rendiconti` (
  `id_rendiconto` int(11) NOT NULL AUTO_INCREMENT,
  `data_rendiconto` timestamp NULL DEFAULT CURRENT_TIMESTAMP,
  `valore` int(11) DEFAULT NULL,
  `numero_rendiconto` int(11) NOT NULL,
  `id_cliente` smallint(6) DEFAULT NULL,
  PRIMARY KEY (`id_rendiconto`),
  KEY `FK_rendiconti_clienti` (`id_cliente`),
  CONSTRAINT `FK_rendiconti_clienti` FOREIGN KEY (`id_cliente`) REFERENCES `clienti` (`id_cliente`)
) ENGINE=InnoDB AUTO_INCREMENT=722 DEFAULT CHARSET=latin1;

--
-- Dumping data for table `rendiconti`
--

INSERT INTO `rendiconti` VALUES (1,'0000-00-00 00:00:00',NULL,136,114),(2,'2017-07-05 22:00:00',NULL,54,491),(3,'2017-05-30 22:00:00',NULL,1,33),(4,'0000-00-00 00:00:00',NULL,4,1041),(5,'2017-08-11 22:00:00',NULL,500,1045),(6,'0000-00-00 00:00:00',NULL,609,1044),(7,'2017-07-11 22:00:00',NULL,611,1037),(8,'0000-00-00 00:00:00',NULL,608,1033),(9,'0000-00-00 00:00:00',NULL,999,482),(10,'0000-00-00 00:00:00',NULL,635,510),(11,'2018-01-01 23:00:00',NULL,63,494),(12,'0000-00-00 00:00:00',NULL,22,245),(13,'0000-00-00 00:00:00',NULL,647,1032),(14,'0000-00-00 00:00:00',NULL,35,1045),(15,'0000-00-00 00:00:00',NULL,36,479),(16,'0000-00-00 00:00:00',NULL,5,432),(17,'0000-00-00 00:00:00',NULL,15,1033),(18,'0000-00-00 00:00:00',NULL,23,456),(19,'2018-10-02 22:00:00',NULL,84,375),(20,'0000-00-00 00:00:00',NULL,131,549),(21,'0000-00-00 00:00:00',NULL,120,494),(22,'0000-00-00 00:00:00',NULL,111,245),(23,'0000-00-00 00:00:00',NULL,91,512),(24,'0000-00-00 00:00:00',NULL,112,31),(25,'0000-00-00 00:00:00',NULL,86,1044),(26,'0000-00-00 00:00:00',NULL,88,508),(27,'0000-00-00 00:00:00',NULL,113,533),(28,'0000-00-00 00:00:00',NULL,24,533),(29,'0000-00-00 00:00:00',NULL,95,486),(30,'0000-00-00 00:00:00',NULL,123,183),(31,'0000-00-00 00:00:00',NULL,96,537),(32,'0000-00-00 00:00:00',NULL,115,330),(33,'0000-00-00 00:00:00',NULL,97,432),(34,'0000-00-00 00:00:00',NULL,121,539),(35,'0000-00-00 00:00:00',NULL,100,263),(36,'0000-00-00 00:00:00',NULL,101,472),(37,'0000-00-00 00:00:00',NULL,116,482),(38,'0000-00-00 00:00:00',NULL,117,205),(39,'0000-00-00 00:00:00',NULL,118,1050),(40,'0000-00-00 00:00:00',NULL,107,408),(41,'0000-00-00 00:00:00',NULL,106,59),(42,'2018-03-30 22:00:00',NULL,126,526),(43,'0000-00-00 00:00:00',NULL,104,1033),(44,'0000-00-00 00:00:00',NULL,119,404),(45,'0000-00-00 00:00:00',NULL,110,546),(46,'0000-00-00 00:00:00',NULL,109,1025),(47,'0000-00-00 00:00:00',NULL,108,56),(48,'0000-00-00 00:00:00',NULL,105,541),(49,'2018-04-04 22:00:00',NULL,135,1059),(50,'2018-03-30 22:00:00',NULL,92,495),(51,'0000-00-00 00:00:00',NULL,128,1047),(52,'0000-00-00 00:00:00',NULL,1084,508),(53,'0000-00-00 00:00:00',NULL,164,1026),(54,'0000-00-00 00:00:00',NULL,165,1061),(55,'0000-00-00 00:00:00',NULL,166,1056),(56,'0000-00-00 00:00:00',NULL,232,2),(57,'0000-00-00 00:00:00',NULL,230,533),(58,'0000-00-00 00:00:00',NULL,302,245),(59,'0000-00-00 00:00:00',NULL,320,482),(60,'0000-00-00 00:00:00',NULL,300,2),(61,'0000-00-00 00:00:00',NULL,257,1060),(62,'0000-00-00 00:00:00',NULL,204,1056),(63,'0000-00-00 00:00:00',NULL,393,492),(64,'0000-00-00 00:00:00',NULL,362,1058),(65,'0000-00-00 00:00:00',NULL,536,546),(66,'0000-00-00 00:00:00',NULL,484,1077),(67,'0000-00-00 00:00:00',NULL,442,1053),(68,'0000-00-00 00:00:00',NULL,443,256),(69,'0000-00-00 00:00:00',NULL,444,1058),(70,'0000-00-00 00:00:00',NULL,377,456),(71,'0000-00-00 00:00:00',NULL,446,31),(72,'0000-00-00 00:00:00',NULL,447,1074),(73,'0000-00-00 00:00:00',NULL,448,1047),(74,'0000-00-00 00:00:00',NULL,449,533),(75,'0000-00-00 00:00:00',NULL,450,533),(76,'0000-00-00 00:00:00',NULL,451,486),(77,'0000-00-00 00:00:00',NULL,452,21),(78,'0000-00-00 00:00:00',NULL,453,330),(79,'0000-00-00 00:00:00',NULL,454,388),(80,'0000-00-00 00:00:00',NULL,455,432),(81,'0000-00-00 00:00:00',NULL,456,521),(82,'2018-07-08 22:00:00',NULL,489,492),(83,'0000-00-00 00:00:00',NULL,458,178),(84,'0000-00-00 00:00:00',NULL,408,1068),(85,'0000-00-00 00:00:00',NULL,459,482),(86,'0000-00-00 00:00:00',NULL,461,205),(87,'0000-00-00 00:00:00',NULL,462,1063),(88,'0000-00-00 00:00:00',NULL,463,59),(89,'0000-00-00 00:00:00',NULL,464,1059),(90,'0000-00-00 00:00:00',NULL,465,1025),(91,'0000-00-00 00:00:00',NULL,404,543),(92,'0000-00-00 00:00:00',NULL,466,131),(93,'0000-00-00 00:00:00',NULL,467,499),(94,'0000-00-00 00:00:00',NULL,457,1033),(95,'0000-00-00 00:00:00',NULL,469,485),(96,'0000-00-00 00:00:00',NULL,470,258),(97,'2018-09-06 22:00:00',NULL,352,1075),(98,'0000-00-00 00:00:00',NULL,576,1071),(99,'0000-00-00 00:00:00',NULL,577,172),(100,'0000-00-00 00:00:00',NULL,578,245),(101,'0000-00-00 00:00:00',NULL,508,245),(102,'0000-00-00 00:00:00',NULL,509,332),(103,'0000-00-00 00:00:00',NULL,510,31),(104,'0000-00-00 00:00:00',NULL,511,1044),(105,'0000-00-00 00:00:00',NULL,512,1047),(106,'0000-00-00 00:00:00',NULL,513,1078),(107,'0000-00-00 00:00:00',NULL,515,533),(108,'0000-00-00 00:00:00',NULL,514,533),(109,'0000-00-00 00:00:00',NULL,516,481),(110,'0000-00-00 00:00:00',NULL,517,486),(111,'0000-00-00 00:00:00',NULL,518,330),(112,'0000-00-00 00:00:00',NULL,2703,1072),(113,'0000-00-00 00:00:00',NULL,507,256),(114,'0000-00-00 00:00:00',NULL,519,432),(115,'0000-00-00 00:00:00',NULL,520,529),(116,'0000-00-00 00:00:00',NULL,521,1073),(117,'0000-00-00 00:00:00',NULL,522,492),(118,'0000-00-00 00:00:00',NULL,125,80),(119,'0000-00-00 00:00:00',NULL,525,1042),(120,'0000-00-00 00:00:00',NULL,526,519),(121,'0000-00-00 00:00:00',NULL,527,482),(122,'0000-00-00 00:00:00',NULL,528,1079),(123,'0000-00-00 00:00:00',NULL,529,1050),(124,'0000-00-00 00:00:00',NULL,502,410),(125,'0000-00-00 00:00:00',NULL,530,1063),(126,'2018-09-29 22:00:00',NULL,531,32),(127,'0000-00-00 00:00:00',NULL,532,51),(128,'0000-00-00 00:00:00',NULL,533,59),(129,'0000-00-00 00:00:00',NULL,534,1059),(130,'0000-00-00 00:00:00',NULL,535,1025),(131,'0000-00-00 00:00:00',NULL,538,131),(132,'2018-09-29 22:00:00',NULL,539,1056),(133,'0000-00-00 00:00:00',NULL,541,1033),(134,'0000-00-00 00:00:00',NULL,543,485),(135,'0000-00-00 00:00:00',NULL,544,258),(136,'0000-00-00 00:00:00',NULL,8,509),(137,'0000-00-00 00:00:00',NULL,592,387),(138,'0000-00-00 00:00:00',NULL,593,549),(139,'0000-00-00 00:00:00',NULL,640,245),(140,'0000-00-00 00:00:00',NULL,594,1058),(141,'0000-00-00 00:00:00',NULL,595,456),(142,'0000-00-00 00:00:00',NULL,596,31),(143,'0000-00-00 00:00:00',NULL,597,1044),(144,'0000-00-00 00:00:00',NULL,599,1047),(145,'0000-00-00 00:00:00',NULL,600,533),(146,'0000-00-00 00:00:00',NULL,601,533),(147,'0000-00-00 00:00:00',NULL,603,183),(148,'0000-00-00 00:00:00',NULL,604,486),(149,'0000-00-00 00:00:00',NULL,605,21),(150,'0000-00-00 00:00:00',NULL,606,330),(151,'0000-00-00 00:00:00',NULL,607,432),(152,'0000-00-00 00:00:00',NULL,610,492),(153,'0000-00-00 00:00:00',NULL,612,1080),(154,'0000-00-00 00:00:00',NULL,613,519),(155,'0000-00-00 00:00:00',NULL,614,482),(156,'0000-00-00 00:00:00',NULL,615,1050),(157,'0000-00-00 00:00:00',NULL,642,1081),(158,'0000-00-00 00:00:00',NULL,616,410),(159,'0000-00-00 00:00:00',NULL,617,1063),(160,'0000-00-00 00:00:00',NULL,643,1083),(161,'0000-00-00 00:00:00',NULL,618,59),(162,'0000-00-00 00:00:00',NULL,619,408),(163,'0000-00-00 00:00:00',NULL,628,258),(164,'0000-00-00 00:00:00',NULL,627,1033),(165,'0000-00-00 00:00:00',NULL,625,1043),(166,'0000-00-00 00:00:00',NULL,624,404),(167,'0000-00-00 00:00:00',NULL,641,1084),(168,'0000-00-00 00:00:00',NULL,652,131),(169,'0000-00-00 00:00:00',NULL,622,1025),(170,'0000-00-00 00:00:00',NULL,621,1086),(171,'0000-00-00 00:00:00',NULL,620,1032),(175,'2018-11-29 23:00:00',NULL,656,549),(176,'2018-11-29 23:00:00',NULL,657,256),(177,'2018-11-29 23:00:00',NULL,658,332),(178,'2018-11-29 23:00:00',NULL,709,535),(179,'2018-11-29 23:00:00',NULL,659,1047),(180,'2018-11-29 23:00:00',NULL,660,533),(181,'2018-11-29 23:00:00',NULL,662,486),(182,'2018-11-29 23:00:00',NULL,663,132),(183,'2018-11-29 23:00:00',NULL,664,330),(184,'2018-11-29 23:00:00',NULL,665,432),(185,'2018-06-10 22:00:00',NULL,700,1073),(186,'2018-06-10 22:00:00',NULL,667,263),(187,'2018-11-29 23:00:00',NULL,711,492),(188,'2018-06-10 22:00:00',NULL,668,482),(189,'2018-11-29 23:00:00',NULL,669,1079),(190,'2018-11-29 23:00:00',NULL,670,1050),(191,'2018-11-29 23:00:00',NULL,671,1081),(192,'2018-11-29 23:00:00',NULL,672,1063),(193,'2018-11-29 23:00:00',NULL,673,1083),(194,'2018-11-29 23:00:00',NULL,674,51),(195,'2018-11-29 23:00:00',NULL,675,59),(196,'2018-11-29 23:00:00',NULL,676,526),(197,'2018-11-29 23:00:00',NULL,712,1032),(198,'2018-11-29 23:00:00',NULL,677,1059),(199,'2018-11-29 23:00:00',NULL,678,166),(200,'2018-11-29 23:00:00',NULL,679,375),(201,'2018-11-29 23:00:00',NULL,682,1033),(202,'2018-11-29 23:00:00',NULL,680,1084),(203,'2018-11-29 23:00:00',NULL,681,404),(204,'2018-11-29 23:00:00',NULL,713,1056),(205,'2036-05-09 22:00:00',NULL,714,504),(206,'2018-12-30 23:00:00',NULL,742,543),(207,'2018-12-30 23:00:00',NULL,749,1091),(208,'2018-12-30 23:00:00',NULL,746,30),(209,'2018-12-30 23:00:00',NULL,747,256),(210,'2018-12-30 23:00:00',NULL,750,245),(211,'2018-12-30 23:00:00',NULL,751,31),(212,'2018-12-30 23:00:00',NULL,752,1044),(213,'2018-12-30 23:00:00',NULL,755,1047),(214,'2018-12-30 23:00:00',NULL,757,533),(215,'2018-12-30 23:00:00',NULL,758,486),(216,'2018-12-30 23:00:00',NULL,760,21),(217,'2018-12-30 23:00:00',NULL,761,330),(218,'2018-12-30 23:00:00',NULL,762,432),(219,'2018-12-30 23:00:00',NULL,763,529),(220,'2018-12-30 23:00:00',NULL,764,1073),(221,'2018-12-30 23:00:00',NULL,729,266),(222,'2018-12-30 23:00:00',NULL,754,1061),(223,'2018-12-30 23:00:00',NULL,766,169),(224,'2018-12-30 23:00:00',NULL,767,482),(225,'2018-12-30 23:00:00',NULL,715,1090),(226,'2018-12-30 23:00:00',NULL,768,205),(227,'2018-12-30 23:00:00',NULL,770,410),(228,'2018-12-30 23:00:00',NULL,771,1063),(229,'2018-12-30 23:00:00',NULL,789,509),(230,'2018-12-30 23:00:00',NULL,748,509),(231,'2018-12-30 23:00:00',NULL,772,1089),(232,'2018-12-30 23:00:00',NULL,773,51),(233,'2018-12-30 23:00:00',NULL,777,131),(234,'2018-12-30 23:00:00',NULL,778,1084),(235,'2018-12-30 23:00:00',NULL,776,166),(236,'2018-12-30 23:00:00',NULL,741,1075),(237,'2018-06-28 22:00:00',NULL,317,404),(238,'2018-12-30 23:00:00',NULL,795,504),(239,'2018-12-30 23:00:00',NULL,781,113),(240,'2018-12-30 23:00:00',NULL,780,1033),(241,'2019-01-27 23:00:00',NULL,11,549),(242,'2019-01-24 23:00:00',NULL,10,1073),(243,'2019-01-30 23:00:00',NULL,16,549),(244,'2019-01-30 23:00:00',NULL,17,256),(245,'2019-01-30 23:00:00',NULL,78,494),(246,'2019-01-30 23:00:00',NULL,18,245),(247,'2019-01-30 23:00:00',NULL,19,456),(248,'2019-01-30 23:00:00',NULL,20,332),(249,'2019-01-30 23:00:00',NULL,21,31),(250,'2019-01-30 23:00:00',NULL,76,1097),(251,'2019-01-30 23:00:00',NULL,72,508),(252,'0000-00-00 00:00:00',NULL,25,533),(253,'2019-01-30 23:00:00',NULL,26,183),(254,'2019-01-30 23:00:00',NULL,27,486),(255,'2019-01-30 23:00:00',NULL,28,21),(256,'2019-01-30 23:00:00',NULL,29,330),(257,'2019-01-30 23:00:00',NULL,30,388),(258,'2019-01-30 23:00:00',NULL,31,474),(259,'2019-01-30 23:00:00',NULL,32,432),(260,'2019-01-30 23:00:00',NULL,33,263),(261,'2019-01-30 23:00:00',NULL,34,492),(262,'2019-01-30 23:00:00',NULL,38,250),(263,'2019-01-30 23:00:00',NULL,37,266),(264,'2019-01-30 23:00:00',NULL,39,496),(265,'2019-01-30 23:00:00',NULL,40,482),(266,'2019-01-30 23:00:00',NULL,41,1079),(267,'2019-01-30 23:00:00',NULL,42,1096),(268,'2019-01-30 23:00:00',NULL,43,205),(269,'2019-01-30 23:00:00',NULL,50,1123),(270,'2019-01-30 23:00:00',NULL,44,1050),(271,'2019-01-30 23:00:00',NULL,45,1081),(272,'2019-01-30 23:00:00',NULL,47,401),(273,'2019-01-30 23:00:00',NULL,48,410),(274,'2019-01-30 23:00:00',NULL,49,1063),(275,'2019-01-30 23:00:00',NULL,51,1083),(276,'2019-01-30 23:00:00',NULL,52,1092),(277,'2019-01-30 23:00:00',NULL,53,59),(278,'2019-01-30 23:00:00',NULL,55,56),(279,'2019-01-30 23:00:00',NULL,56,166),(280,'2019-01-30 23:00:00',NULL,57,546),(281,'2019-01-30 23:00:00',NULL,58,1075),(282,'2019-01-30 23:00:00',NULL,59,543),(283,'2019-01-30 23:00:00',NULL,60,131),(284,'2019-01-30 23:00:00',NULL,61,1084),(285,'2019-01-30 23:00:00',NULL,62,404),(286,'2019-01-30 23:00:00',NULL,64,504),(287,'2019-01-30 23:00:00',NULL,65,1033),(288,'2019-01-30 23:00:00',NULL,66,391),(289,'2019-01-30 23:00:00',NULL,67,258),(290,'2019-02-27 23:00:00',NULL,99,549),(291,'2019-02-27 23:00:00',NULL,102,245),(292,'2019-02-27 23:00:00',NULL,103,512),(293,'2019-02-27 23:00:00',NULL,114,486),(294,'2019-02-27 23:00:00',NULL,167,474),(295,'2019-02-27 23:00:00',NULL,122,492),(296,'2019-02-27 23:00:00',NULL,124,266),(297,'2019-02-27 23:00:00',NULL,127,1096),(298,'2019-02-27 23:00:00',NULL,129,1050),(299,'2019-02-27 23:00:00',NULL,130,1063),(300,'2019-02-27 23:00:00',NULL,168,1083),(301,'2019-02-27 23:00:00',NULL,132,233),(302,'2019-02-27 23:00:00',NULL,133,408),(303,'2019-02-27 23:00:00',NULL,134,1085),(304,'2019-02-27 23:00:00',NULL,137,1025),(305,'2019-02-27 23:00:00',NULL,138,1084),(306,'2019-02-27 23:00:00',NULL,139,404),(307,'2019-02-27 23:00:00',NULL,140,504),(308,'2019-02-27 23:00:00',NULL,141,1033),(309,'2019-02-27 23:00:00',NULL,142,391),(310,'2019-02-27 23:00:00',NULL,143,258),(311,'2019-03-30 23:00:00',NULL,180,91),(312,'2019-03-30 23:00:00',NULL,181,219),(313,'2019-03-30 23:00:00',NULL,182,30),(314,'2019-03-30 23:00:00',NULL,183,549),(315,'2019-03-30 23:00:00',NULL,184,530),(316,'2019-04-14 22:00:00',NULL,247,531),(317,'2019-03-30 23:00:00',NULL,185,7),(318,'2019-03-30 23:00:00',NULL,186,456),(319,'2019-03-30 23:00:00',NULL,187,332),(320,'2019-03-30 23:00:00',NULL,188,31),(321,'2019-03-30 23:00:00',NULL,189,495),(322,'2019-03-30 23:00:00',NULL,231,535),(323,'2019-03-30 23:00:00',NULL,190,1047),(324,'2019-03-30 23:00:00',NULL,191,533),(325,'2019-03-30 23:00:00',NULL,192,486),(326,'2019-03-30 23:00:00',NULL,193,21),(327,'2019-03-30 23:00:00',NULL,194,330),(328,'2019-03-30 23:00:00',NULL,195,432),(329,'2019-03-30 23:00:00',NULL,196,521),(330,'2019-03-30 23:00:00',NULL,197,1073),(331,'2019-03-30 23:00:00',NULL,198,1126),(332,'2019-03-30 23:00:00',NULL,199,492),(333,'2019-03-30 23:00:00',NULL,200,1042),(334,'2019-03-30 23:00:00',NULL,201,525),(335,'0000-00-00 00:00:00',NULL,202,519),(336,'0000-00-00 00:00:00',NULL,203,482),(337,'0000-00-00 00:00:00',NULL,205,516),(338,'2019-03-30 23:00:00',NULL,206,1096),(339,'2019-03-30 23:00:00',NULL,236,205),(340,'2019-03-30 23:00:00',NULL,207,479),(341,'2019-03-30 23:00:00',NULL,208,410),(342,'2019-03-30 23:00:00',NULL,209,1063),(343,'2019-01-30 23:00:00',NULL,82,32),(344,'2019-03-30 23:00:00',NULL,210,59),(345,'2019-03-30 23:00:00',NULL,212,1025),(346,'2019-03-30 23:00:00',NULL,240,546),(347,'2019-03-30 23:00:00',NULL,241,546),(348,'2019-03-30 23:00:00',NULL,213,131),(349,'2019-03-30 23:00:00',NULL,214,1084),(350,'2019-03-30 23:00:00',NULL,215,404),(351,'2019-04-14 22:00:00',NULL,248,1033),(352,'2019-03-30 23:00:00',NULL,218,258),(353,'2019-04-29 22:00:00',NULL,258,256),(354,'2019-04-29 22:00:00',NULL,259,245),(355,'2019-04-29 22:00:00',NULL,260,456),(356,'2019-04-29 22:00:00',NULL,261,31),(357,'2019-04-29 22:00:00',NULL,262,495),(358,'2019-04-29 22:00:00',NULL,263,1044),(359,'2019-04-29 22:00:00',NULL,264,535),(360,'2019-04-29 22:00:00',NULL,266,1047),(361,'2019-04-29 22:00:00',NULL,267,533),(362,'2019-04-29 22:00:00',NULL,268,486),(363,'2019-04-29 22:00:00',NULL,269,1130),(364,'2019-04-29 22:00:00',NULL,270,21),(365,'2019-04-29 22:00:00',NULL,271,330),(366,'2019-04-29 22:00:00',NULL,272,432),(367,'2019-04-29 22:00:00',NULL,275,266),(368,'2019-04-29 22:00:00',NULL,303,1129),(369,'2019-04-29 22:00:00',NULL,276,482),(370,'2019-04-29 22:00:00',NULL,277,388),(371,'2019-04-29 22:00:00',NULL,278,1050),(372,'2019-04-29 22:00:00',NULL,279,1063),(373,'2019-04-29 22:00:00',NULL,280,1083),(374,'2019-04-29 22:00:00',NULL,281,1092),(375,'2019-04-29 22:00:00',NULL,282,1086),(376,'2019-04-29 22:00:00',NULL,283,1059),(377,'2019-04-29 22:00:00',NULL,285,131),(378,'2019-04-29 22:00:00',NULL,286,1084),(379,'2019-04-29 22:00:00',NULL,287,404),(380,'2019-04-29 22:00:00',NULL,288,1099),(381,'2019-04-29 22:00:00',NULL,307,1087),(382,'2019-04-29 22:00:00',NULL,289,1033),(383,'2019-04-29 22:00:00',NULL,290,258),(384,'0000-00-00 00:00:00',NULL,330,30),(385,'0000-00-00 00:00:00',NULL,332,549),(386,'0000-00-00 00:00:00',NULL,333,256),(387,'0000-00-00 00:00:00',NULL,334,245),(388,'0000-00-00 00:00:00',NULL,335,31),(389,'0000-00-00 00:00:00',NULL,336,495),(390,'2019-05-30 22:00:00',NULL,337,1047),(391,'2019-05-30 22:00:00',NULL,338,533),(392,'2019-05-30 22:00:00',NULL,339,486),(393,'2019-05-30 22:00:00',NULL,340,1130),(394,'2019-05-30 22:00:00',NULL,341,132),(395,'2019-05-30 22:00:00',NULL,342,21),(396,'2019-05-30 22:00:00',NULL,343,330),(397,'2019-05-30 22:00:00',NULL,344,432),(398,'2019-05-30 22:00:00',NULL,345,521),(399,'2019-05-30 22:00:00',NULL,346,1126),(400,'2019-05-30 22:00:00',NULL,347,263),(401,'2019-05-30 22:00:00',NULL,348,492),(402,'2019-05-30 22:00:00',NULL,349,482),(403,'2019-05-30 22:00:00',NULL,350,1090),(404,'2018-12-30 23:00:00',NULL,800,205),(405,'0000-00-00 00:00:00',NULL,351,205),(406,'0000-00-00 00:00:00',NULL,358,1123),(407,'0000-00-00 00:00:00',NULL,353,479),(408,'0000-00-00 00:00:00',NULL,354,401),(409,'0000-00-00 00:00:00',NULL,355,1063),(410,'0000-00-00 00:00:00',NULL,356,1083),(411,'0000-00-00 00:00:00',NULL,382,1060),(412,'0000-00-00 00:00:00',NULL,357,59),(413,'2019-05-30 22:00:00',NULL,359,543),(414,'0000-00-00 00:00:00',NULL,360,131),(415,'0000-00-00 00:00:00',NULL,361,1084),(416,'0000-00-00 00:00:00',NULL,363,404),(417,'2019-05-30 22:00:00',NULL,364,1033),(418,'2019-05-30 22:00:00',NULL,365,485),(419,'2019-05-30 22:00:00',NULL,366,258),(420,'2019-06-29 22:00:00',NULL,409,219),(421,'2019-06-29 22:00:00',NULL,410,1133),(422,'2019-06-29 22:00:00',NULL,411,549),(423,'2019-06-29 22:00:00',NULL,412,256),(424,'2019-06-29 22:00:00',NULL,414,31),(425,'2019-06-29 22:00:00',NULL,415,495),(426,'2019-06-29 22:00:00',NULL,417,1047),(427,'2019-06-29 22:00:00',NULL,418,533),(428,'2019-06-29 22:00:00',NULL,421,486),(429,'2019-06-29 22:00:00',NULL,422,132),(430,'2019-06-29 22:00:00',NULL,423,1131),(431,'2019-06-29 22:00:00',NULL,424,21),(432,'2019-06-29 22:00:00',NULL,425,330),(433,'2019-06-29 22:00:00',NULL,426,388),(434,'2019-06-29 22:00:00',NULL,427,432),(435,'2019-06-29 22:00:00',NULL,428,539),(436,'2019-06-29 22:00:00',NULL,429,521),(437,'2019-06-29 22:00:00',NULL,430,1137),(438,'2019-06-29 22:00:00',NULL,431,1126),(439,'2019-06-29 22:00:00',NULL,432,263),(440,'2019-06-29 22:00:00',NULL,433,492),(441,'2019-06-29 22:00:00',NULL,434,1057),(442,'2019-06-29 22:00:00',NULL,435,250),(443,'2019-06-29 22:00:00',NULL,436,482),(444,'2019-06-29 22:00:00',NULL,437,1096),(445,'2019-06-29 22:00:00',NULL,439,1050),(446,'2019-06-29 22:00:00',NULL,440,479),(447,'2019-06-29 22:00:00',NULL,441,1063),(448,'2019-07-23 22:00:00',NULL,482,1059),(449,'2019-06-29 22:00:00',NULL,445,543),(450,'2019-08-30 22:00:00',NULL,552,1133),(451,'2019-08-30 22:00:00',NULL,553,549),(452,'2019-08-30 22:00:00',NULL,554,31),(453,'2019-08-30 22:00:00',NULL,555,1047),(454,'2019-08-30 22:00:00',NULL,602,533),(455,'2019-08-30 22:00:00',NULL,556,486),(456,'2019-08-30 22:00:00',NULL,557,330),(457,'2019-08-30 22:00:00',NULL,558,432),(458,'2019-08-30 22:00:00',NULL,559,1037),(459,'2019-08-30 22:00:00',NULL,560,1082),(460,'2019-07-30 22:00:00',NULL,486,219),(461,'2019-07-30 22:00:00',NULL,487,1133),(462,'2019-07-30 22:00:00',NULL,488,549),(463,'2019-07-30 22:00:00',NULL,490,456),(464,'2019-07-30 22:00:00',NULL,491,332),(465,'2019-07-30 22:00:00',NULL,492,31),(466,'2019-07-30 22:00:00',NULL,493,495),(467,'2019-07-30 22:00:00',NULL,494,1044),(468,'2019-07-30 22:00:00',NULL,495,535),(469,'2019-07-30 22:00:00',NULL,496,1047),(470,'2019-07-30 22:00:00',NULL,497,533),(471,'2019-07-30 22:00:00',NULL,498,486),(472,'2019-07-30 22:00:00',NULL,499,21),(473,'2019-07-30 22:00:00',NULL,501,330),(474,'2019-07-30 22:00:00',NULL,503,1037),(475,'2019-07-30 22:00:00',NULL,504,1035),(476,'2019-07-30 22:00:00',NULL,505,1126),(477,'2019-07-30 22:00:00',NULL,506,263),(478,'2019-05-30 22:00:00',NULL,378,375),(479,'2019-07-30 22:00:00',NULL,523,1033),(480,'2019-08-30 22:00:00',NULL,561,205),(481,'2019-08-30 22:00:00',NULL,564,1123),(482,'2019-08-30 22:00:00',NULL,562,1050),(483,'2019-08-30 22:00:00',NULL,563,1063),(484,'2019-08-30 22:00:00',NULL,565,51),(485,'2019-08-30 22:00:00',NULL,567,59),(486,'2019-08-30 22:00:00',NULL,568,1059),(487,'2019-08-30 22:00:00',NULL,569,1025),(488,'2019-08-30 22:00:00',NULL,570,1142),(489,'2019-08-30 22:00:00',NULL,571,131),(490,'2019-08-30 22:00:00',NULL,572,404),(491,'2019-08-30 22:00:00',NULL,573,1099),(492,'2019-08-30 22:00:00',NULL,574,258),(493,'2019-03-25 23:00:00',NULL,179,1099),(494,'0000-00-00 00:00:00',NULL,301,1096),(495,'0000-00-00 00:00:00',NULL,211,56),(496,'0000-00-00 00:00:00',NULL,170,56),(497,'2019-09-29 22:00:00',NULL,623,533),(498,'2019-09-29 22:00:00',NULL,626,21),(499,'0000-00-00 00:00:00',NULL,629,432),(500,'2019-09-29 22:00:00',NULL,631,1082),(501,'2019-09-29 22:00:00',NULL,632,1035),(502,'2019-09-29 22:00:00',NULL,633,1137),(503,'2019-09-29 22:00:00',NULL,634,263),(504,'2019-09-29 22:00:00',NULL,636,492),(505,'2019-09-29 22:00:00',NULL,637,89),(506,'2019-09-29 22:00:00',NULL,638,169),(507,'2019-09-29 22:00:00',NULL,639,482),(508,'0000-00-00 00:00:00',NULL,2018,205),(509,'0000-00-00 00:00:00',NULL,650,1123),(510,'0000-00-00 00:00:00',NULL,644,1063),(511,'0000-00-00 00:00:00',NULL,648,59),(512,'0000-00-00 00:00:00',NULL,649,526),(513,'0000-00-00 00:00:00',NULL,630,1085),(514,'0000-00-00 00:00:00',NULL,651,1025),(515,'0000-00-00 00:00:00',NULL,653,1075),(516,'0000-00-00 00:00:00',NULL,654,131),(517,'0000-00-00 00:00:00',NULL,655,131),(518,'0000-00-00 00:00:00',NULL,685,1087),(519,'0000-00-00 00:00:00',NULL,661,258),(520,'0000-00-00 00:00:00',NULL,717,456),(521,'0000-00-00 00:00:00',NULL,716,1146),(522,'0000-00-00 00:00:00',NULL,718,495),(523,'0000-00-00 00:00:00',NULL,759,535),(524,'0000-00-00 00:00:00',NULL,719,1047),(525,'0000-00-00 00:00:00',NULL,720,1078),(526,'0000-00-00 00:00:00',NULL,721,190),(527,'0000-00-00 00:00:00',NULL,722,533),(528,'0000-00-00 00:00:00',NULL,723,486),(529,'0000-00-00 00:00:00',NULL,724,1131),(530,'0000-00-00 00:00:00',NULL,725,330),(531,'0000-00-00 00:00:00',NULL,727,388),(532,'0000-00-00 00:00:00',NULL,728,432),(533,'0000-00-00 00:00:00',NULL,730,263),(534,'0000-00-00 00:00:00',NULL,731,492),(535,'0000-00-00 00:00:00',NULL,733,1152),(536,'0000-00-00 00:00:00',NULL,782,1129),(537,'0000-00-00 00:00:00',NULL,734,482),(538,'0000-00-00 00:00:00',NULL,735,1090),(539,'0000-00-00 00:00:00',NULL,736,1145),(540,'0000-00-00 00:00:00',NULL,737,1096),(541,'0000-00-00 00:00:00',NULL,738,205),(542,'0000-00-00 00:00:00',NULL,743,1123),(543,'0000-00-00 00:00:00',NULL,739,1050),(544,'0000-00-00 00:00:00',NULL,740,1144),(545,'0000-00-00 00:00:00',NULL,745,59),(546,'0000-00-00 00:00:00',NULL,4452,543),(547,'0000-00-00 00:00:00',NULL,753,1099),(548,'0000-00-00 00:00:00',NULL,756,1033),(549,'2019-11-29 23:00:00',NULL,821,1141),(550,'0000-00-00 00:00:00',NULL,586,132),(551,'2019-11-29 23:00:00',NULL,865,1071),(552,'2019-11-29 23:00:00',NULL,868,1098),(553,'2019-11-29 23:00:00',NULL,792,1098),(554,'2019-07-30 22:00:00',NULL,540,1098),(555,'2019-11-29 23:00:00',NULL,866,1098),(556,'2019-12-30 23:00:00',NULL,895,1133),(557,'2019-12-30 23:00:00',NULL,896,549),(558,'2019-12-30 23:00:00',NULL,897,245),(559,'2019-12-30 23:00:00',NULL,898,456),(560,'2019-12-30 23:00:00',NULL,899,332),(561,'2019-12-30 23:00:00',NULL,900,31),(562,'2019-12-30 23:00:00',NULL,901,535),(563,'2019-12-30 23:00:00',NULL,902,1047),(564,'2019-12-30 23:00:00',NULL,903,190),(565,'2019-12-30 23:00:00',NULL,904,533),(566,'2019-12-30 23:00:00',NULL,905,486),(567,'2019-12-30 23:00:00',NULL,906,21),(568,'2019-12-30 23:00:00',NULL,907,330),(569,'2019-12-30 23:00:00',NULL,881,432),(570,'2019-12-30 23:00:00',NULL,910,263),(571,'2019-12-30 23:00:00',NULL,911,492),(572,'2019-12-30 23:00:00',NULL,806,316),(573,'2019-12-30 23:00:00',NULL,912,266),(574,'2019-12-30 23:00:00',NULL,913,519),(575,'2019-12-30 23:00:00',NULL,909,126),(576,'2019-12-30 23:00:00',NULL,915,482),(577,'2019-12-30 23:00:00',NULL,916,205),(578,'2019-12-30 23:00:00',NULL,918,1123),(579,'2019-12-30 23:00:00',NULL,917,1050),(580,'2019-12-30 23:00:00',NULL,919,51),(581,'2019-12-30 23:00:00',NULL,920,59),(582,'2019-12-30 23:00:00',NULL,921,526),(583,'2019-12-30 23:00:00',NULL,922,56),(584,'2019-12-30 23:00:00',NULL,950,1032),(585,'2019-12-30 23:00:00',NULL,923,1059),(586,'2019-12-30 23:00:00',NULL,924,1025),(587,'2019-12-30 23:00:00',NULL,925,546),(588,'2019-12-30 23:00:00',NULL,926,546),(589,'2019-12-30 23:00:00',NULL,927,131),(590,'2019-12-30 23:00:00',NULL,928,404),(591,'2019-12-30 23:00:00',NULL,929,1141),(592,'2019-12-30 23:00:00',NULL,930,1099),(593,'2019-12-30 23:00:00',NULL,931,1155),(594,'2019-12-30 23:00:00',NULL,932,504),(595,'2019-12-30 23:00:00',NULL,933,1033),(596,'2019-12-30 23:00:00',NULL,934,258),(597,'2020-01-19 23:00:00',NULL,7,1132),(598,'2019-12-30 23:00:00',NULL,960,1131),(599,'2020-01-30 23:00:00',NULL,14,1133),(600,'2020-01-30 23:00:00',NULL,73,1158),(601,'2020-01-30 23:00:00',NULL,46,1135),(602,'2020-02-27 23:00:00',NULL,144,1033),(603,'2020-02-27 23:00:00',NULL,146,485),(604,'2020-02-27 23:00:00',NULL,147,258),(605,'2020-03-30 22:00:00',NULL,216,1083),(606,'2020-03-30 22:00:00',NULL,217,408),(607,'2020-03-30 22:00:00',NULL,219,166),(608,'2020-03-30 22:00:00',NULL,220,404),(609,'2020-03-30 22:00:00',NULL,221,1099),(610,'2020-02-28 23:00:00',NULL,160,556),(611,'2020-03-30 22:00:00',NULL,223,1135),(612,'2020-03-30 22:00:00',NULL,224,1056),(613,'2020-03-30 22:00:00',NULL,225,1033),(614,'2020-03-30 22:00:00',NULL,226,258),(615,'2020-04-29 22:00:00',NULL,2,549),(616,'2020-04-29 22:00:00',NULL,3,256),(617,'2020-04-29 22:00:00',NULL,6,533),(618,'2020-04-29 22:00:00',NULL,9,263),(619,'2020-04-29 22:00:00',NULL,294,482),(620,'2020-04-29 22:00:00',NULL,13,1025),(621,'2020-04-29 22:00:00',NULL,297,1135),(622,'2020-04-29 22:00:00',NULL,298,1087),(623,'2020-04-29 22:00:00',NULL,295,485),(624,'2020-04-29 22:00:00',NULL,299,231),(625,'2020-05-30 22:00:00',NULL,323,1161),(626,'0000-00-00 00:00:00',NULL,312,256),(627,'0000-00-00 00:00:00',NULL,315,531),(628,'0000-00-00 00:00:00',NULL,324,472),(629,'0000-00-00 00:00:00',NULL,325,482),(630,'0000-00-00 00:00:00',NULL,321,543),(631,'0000-00-00 00:00:00',NULL,68,499),(632,'0000-00-00 00:00:00',NULL,322,1087),(633,'0000-00-00 00:00:00',NULL,69,1033),(634,'0000-00-00 00:00:00',NULL,70,258),(635,'0000-00-00 00:00:00',NULL,94,1178),(636,'0000-00-00 00:00:00',NULL,98,1088),(637,'0000-00-00 00:00:00',NULL,329,1176),(638,'0000-00-00 00:00:00',NULL,151,482),(639,'0000-00-00 00:00:00',NULL,153,549),(640,'0000-00-00 00:00:00',NULL,154,256),(641,'0000-00-00 00:00:00',NULL,155,456),(642,'0000-00-00 00:00:00',NULL,156,1047),(643,'0000-00-00 00:00:00',NULL,157,190),(644,'0000-00-00 00:00:00',NULL,158,1125),(645,'0000-00-00 00:00:00',NULL,159,1176),(646,'0000-00-00 00:00:00',NULL,161,486),(647,'0000-00-00 00:00:00',NULL,162,1187),(648,'0000-00-00 00:00:00',NULL,163,330),(649,'0000-00-00 00:00:00',NULL,175,51),(650,'0000-00-00 00:00:00',NULL,172,1059),(651,'0000-00-00 00:00:00',NULL,173,1025),(652,'0000-00-00 00:00:00',NULL,174,166),(653,'0000-00-00 00:00:00',NULL,176,131),(654,'0000-00-00 00:00:00',NULL,177,1084),(655,'0000-00-00 00:00:00',NULL,178,404),(656,'0000-00-00 00:00:00',NULL,222,456),(657,'0000-00-00 00:00:00',NULL,227,1131),(658,'0000-00-00 00:00:00',NULL,228,330),(659,'0000-00-00 00:00:00',NULL,229,432),(660,'0000-00-00 00:00:00',NULL,233,482),(661,'0000-00-00 00:00:00',NULL,234,1163),(662,'0000-00-00 00:00:00',NULL,235,479),(663,'0000-00-00 00:00:00',NULL,237,1162),(664,'0000-00-00 00:00:00',NULL,239,56),(665,'0000-00-00 00:00:00',NULL,238,1059),(666,'0000-00-00 00:00:00',NULL,242,404),(667,'0000-00-00 00:00:00',NULL,243,1141),(668,'0000-00-00 00:00:00',NULL,244,1099),(669,'0000-00-00 00:00:00',NULL,245,1155),(670,'0000-00-00 00:00:00',NULL,246,1135),(671,'0000-00-00 00:00:00',NULL,249,258),(672,'0000-00-00 00:00:00',NULL,394,549),(673,'0000-00-00 00:00:00',NULL,396,245),(674,'0000-00-00 00:00:00',NULL,273,456),(675,'0000-00-00 00:00:00',NULL,274,1193),(676,'0000-00-00 00:00:00',NULL,397,190),(677,'0000-00-00 00:00:00',NULL,399,486),(678,'0000-00-00 00:00:00',NULL,406,492),(679,'0000-00-00 00:00:00',NULL,331,1192),(680,'0000-00-00 00:00:00',NULL,292,266),(681,'0000-00-00 00:00:00',NULL,293,1186),(682,'0000-00-00 00:00:00',NULL,296,205),(683,'0000-00-00 00:00:00',NULL,304,1059),(684,'0000-00-00 00:00:00',NULL,305,1025),(685,'0000-00-00 00:00:00',NULL,306,166),(686,'0000-00-00 00:00:00',NULL,308,1084),(687,'0000-00-00 00:00:00',NULL,309,404),(688,'0000-00-00 00:00:00',NULL,310,1141),(689,'0000-00-00 00:00:00',NULL,311,1099),(690,'0000-00-00 00:00:00',NULL,313,1033),(691,'0000-00-00 00:00:00',NULL,314,485),(692,'0000-00-00 00:00:00',NULL,398,1151),(693,'0000-00-00 00:00:00',NULL,438,1082),(694,'0000-00-00 00:00:00',NULL,372,263),(695,'0000-00-00 00:00:00',NULL,369,492),(696,'0000-00-00 00:00:00',NULL,370,525),(697,'0000-00-00 00:00:00',NULL,371,1153),(698,'0000-00-00 00:00:00',NULL,374,472),(699,'0000-00-00 00:00:00',NULL,373,1186),(700,'0000-00-00 00:00:00',NULL,379,1060),(701,'0000-00-00 00:00:00',NULL,376,1063),(702,'0000-00-00 00:00:00',NULL,381,1190),(703,'0000-00-00 00:00:00',NULL,383,131),(704,'0000-00-00 00:00:00',NULL,384,1084),(705,'0000-00-00 00:00:00',NULL,385,404),(706,'0000-00-00 00:00:00',NULL,386,1099),(707,'0000-00-00 00:00:00',NULL,387,1135),(708,'0000-00-00 00:00:00',NULL,413,245),(709,'0000-00-00 00:00:00',NULL,416,1047),(710,'0000-00-00 00:00:00',NULL,419,533),(711,'0000-00-00 00:00:00',NULL,420,486),(712,'0000-00-00 00:00:00',NULL,481,553),(713,'0000-00-00 00:00:00',NULL,485,1061),(714,'0000-00-00 00:00:00',NULL,476,1169),(715,'0000-00-00 00:00:00',NULL,477,1190),(716,'0000-00-00 00:00:00',NULL,475,1160),(717,'0000-00-00 00:00:00',NULL,480,340),(718,'0000-00-00 00:00:00',NULL,524,1186),(719,'0000-00-00 00:00:00',NULL,537,1043),(720,'0000-00-00 00:00:00',NULL,995,1044),(721,'2022-03-30 22:00:00',NULL,318,330);

--
-- Table structure for table `reparto`
--

CREATE TABLE `reparto` (
  `id_reparto` int(11) NOT NULL AUTO_INCREMENT,
  `descrizione` varchar(50) NOT NULL DEFAULT '0',
  PRIMARY KEY (`id_reparto`)
) ENGINE=InnoDB AUTO_INCREMENT=5 DEFAULT CHARSET=latin1;

--
-- Dumping data for table `reparto`
--

INSERT INTO `reparto` VALUES (0,'WEB'),(1,'SISTEMISTI'),(2,'NEGOZIO'),(3,'SVILUPPO SOFTWARE'),(4,'ESTERNI');

--
-- Table structure for table `risorseinareeinterne`
--

CREATE TABLE `risorseinareeinterne` (
  `id_user` int(11) NOT NULL,
  `id_areainterna` int(11) NOT NULL,
  PRIMARY KEY (`id_user`,`id_areainterna`),
  KEY `FK_risorseinattivitainterne_users` (`id_user`),
  KEY `FK_risorseinattivitainterne_attivitainterne` (`id_areainterna`),
  CONSTRAINT `FK_risorseinattivitainterne_attivitainterne` FOREIGN KEY (`id_areainterna`) REFERENCES `areeinterne` (`id_areainterna`) ON DELETE CASCADE,
  CONSTRAINT `FK_risorseinattivitainterne_users` FOREIGN KEY (`id_user`) REFERENCES `users` (`id`) ON DELETE CASCADE
) ENGINE=InnoDB DEFAULT CHARSET=latin1;

--
-- Dumping data for table `risorseinareeinterne`
--

INSERT INTO `risorseinareeinterne` VALUES (10,2),(11,8),(12,12),(13,3),(14,3),(14,12),(15,11),(16,3),(17,5),(18,1),(18,5),(19,3),(20,4),(22,3),(24,3),(25,12);

--
-- Table structure for table `spese`
--

CREATE TABLE `spese` (
  `id_spesa` int(11) NOT NULL AUTO_INCREMENT,
  `valore` decimal(10,2) unsigned DEFAULT '0.00',
  `data_spesa` varchar(255) NOT NULL,
  `descrizione` varchar(2000) DEFAULT NULL,
  `tipo_spesa` set('Contrattuale','Prestazione','Generica') NOT NULL DEFAULT 'Generica',
  `id_cliente` smallint(6) DEFAULT NULL,
  `stato_spesa` smallint(6) NOT NULL DEFAULT '1',
  PRIMARY KEY (`id_spesa`),
  KEY `FK_spese_clienti` (`id_cliente`),
  CONSTRAINT `FK_spese_clienti` FOREIGN KEY (`id_cliente`) REFERENCES `clienti` (`id_cliente`)
) ENGINE=InnoDB AUTO_INCREMENT=318 DEFAULT CHARSET=latin1;

--
-- Dumping data for table `spese`
--

INSERT INTO `spese` VALUES (3,1.00,'2017-05-04','nas + disco + us esterno 1tb','Prestazione',482,1),(4,1.00,'2017-05-05','Switch Netgear 5 porte 10/100','Prestazione',533,1),(7,1.00,'2017-05-05','Ram ddr2 1gb','Prestazione',205,1),(8,1.00,'2017-05-05','switch e ap ubiquiti 6','Prestazione',231,2),(9,1.00,'2017-05-09','Cartuccia ciano','Prestazione',31,1),(10,1.00,'2017-05-09','Dvd esterno samsung usb','Prestazione',256,1),(11,1.00,'2017-05-10','2 Ups da 3 uscite,1 switch gigabite da 8,2 cavi 20mt','Prestazione',404,1),(12,1.00,'2017-05-10','2 box esterni 1tb','Prestazione',546,1),(13,1.00,'2017-05-11','Nas e hd tb','Prestazione',521,1),(14,1.00,'2017-05-15','Switch 5 porte zyxel','Prestazione',509,1),(15,1.00,'2017-05-16','hdd esterno 2,5 + pc nuovo','Prestazione',31,1),(16,1.00,'2017-05-16','Modem router tplink','Prestazione',555,1),(17,1.00,'2017-05-24','Prolunga usb, pistola barcode speedscan ls1500','Prestazione',404,1),(18,1.00,'2017-05-25','Ssd 240','Prestazione',519,1),(19,1.00,'2017-05-29','router tplink adsl','Prestazione',484,1),(20,1.00,'2017-05-29','2 x adattatore dp vga\r\n2 x pc fisso fujitsu','Prestazione',21,1),(21,1.00,'2017-05-30','Stampante Lexmark e adattatore','Prestazione',408,1),(22,1.00,'2017-05-30','tablet Surface pro 3 + tastiera','Prestazione',21,1),(23,1.00,'2017-06-05','Hard disk sarà 3.5  x Nas 1tb','Prestazione',541,1),(24,1.00,'2017-06-05','switch poe 8p - access point - 4 telefoni - videocitofono - centralino','Prestazione',504,1),(25,1.00,'2017-06-06','due cavi rete 1metro\r\n2metri','Prestazione',408,1),(26,1.00,'2017-06-06','ap ubiquiti unifi ac pro','Prestazione',521,1),(28,1.00,'2017-06-08','Access point tp link 450 por (brevi)','Prestazione',533,1),(29,1.00,'2017-06-08','Ssd toshiba 240','Prestazione',509,1),(30,1.00,'2017-06-09','Smart Zucchetti (già fatturata)','Prestazione',543,1),(31,1.00,'2017-06-13','3 tablet Lenovo 8\" 3 cordless di cui 1 con base','Prestazione',504,1),(32,1.00,'2017-06-14','Ssd 240 toshiba (ssd già fatto set alessio)','Prestazione',486,1),(33,1.00,'2017-06-15','2 x 4GB Ram server','Prestazione',482,1),(34,1.00,'0000-00-00','nas qnap 4bay','Prestazione',31,1),(35,1.00,'2017-06-19','nas qnap 4 bay','Prestazione',31,1),(36,1.00,'2017-06-20','5 x ups ciabatta apc be-400','Prestazione',504,1),(37,1.00,'2017-06-21','ap unifi mesh 200€','Prestazione',463,1),(38,1.00,'2017-06-28','windows 10 pro oem','Prestazione',482,1),(39,1.00,'2017-06-30','3 licenze kaspersky endpoint security 10','Prestazione',486,1),(40,1.00,'2017-06-29','stampante epson wf','Prestazione',123,1),(41,1.00,'2017-07-04','Lettore barcode Atlantis\r\nA08-ls1500 usb','Prestazione',404,1),(42,1.00,'2017-07-04','4 x tablet Lenovo 3g','Prestazione',504,1),(43,1.00,'0000-00-00','4 tablet Lenovo 3g','Prestazione',504,1),(44,1.00,'2017-07-04','4 Tablet bianchi Lenovo 3g','Prestazione',504,1),(45,1.00,'2017-07-05','cavo rete rj45 2metri','Prestazione',1025,1),(46,1.00,'2017-07-06','T7893\r\nMagenta\r\nWF-5620','Prestazione',31,1),(49,1.00,'2017-07-07','43.626 WIRELESS N ROUTER TP-LINK TL-WR941ND','Prestazione',555,1),(50,1.00,'2017-07-07','centralino + scheda fax + cordless con base','Prestazione',245,1),(51,1.00,'2017-07-10','portato TL-WA901ND','Prestazione',431,1),(53,1.00,'0000-00-00','11 calendari exchange','Prestazione',1025,1),(54,1.00,'0000-00-00','11 calendari exchange','Prestazione',1025,1),(56,1.00,'2017-07-12','1 licenze kaspersky endpoint security 10','Prestazione',387,1),(57,1.00,'2017-07-13','18 postazioni kaspersky endpoint 10','Prestazione',404,1),(99,1.00,'2017-07-17','licenza kaspersky pc lucio','Prestazione',231,1),(100,2.00,'2017-07-17','2 licenze kaspersky end point 10','Prestazione',499,1),(121,1.00,'2017-07-19','TL-WA801ND\r\ntplink 300','Prestazione',25,1),(123,1.00,'2017-07-19','1 licenza kaspersky endpoint 10','Prestazione',499,1),(126,1.00,'2017-07-19','pc-tastiera mouse combo- monitor- cavi alimentazion','Prestazione',332,1),(127,1.00,'2017-07-20','TL-WPA4220KIT','Prestazione',509,1),(128,1.00,'2017-07-20','Modem fristzbox fibra','Prestazione',509,1),(129,1.00,'2017-07-24','kvr13n9s8/4 4gb ddr3 kingstone','Prestazione',404,1),(130,1.00,'2017-07-24','TLA-WA901ND 450','Prestazione',1035,1),(131,1.00,'2017-07-25','Ssd Sandisk 240gb','Prestazione',380,1),(132,1.00,'2017-07-26','firewall sn210 + maintenance','Prestazione',549,1),(133,1.00,'2017-07-28','Office 2016 PP electronic licence','Prestazione',332,1),(134,1.00,'2017-08-01','Cavo USB  prolunga a/b 1.80','Prestazione',404,1),(135,1.00,'2017-08-04','Alimentatore 500','Prestazione',231,1),(136,1.00,'2017-08-10','8tasselli8viti\r\nset chiavimiste\r\npunta trapano ferro','Prestazione',432,1),(137,1.00,'2017-08-21','3 cordless e 2 ups','Prestazione',245,1),(138,1.00,'2017-08-24','monitor 19\" usato','Prestazione',482,1),(139,1.00,'2017-08-28','router Wi-Fi tplink wr841n + 2 cavi rete ','Prestazione',492,1),(140,1.00,'2017-08-28','ubiquiti unifi uac-pro','Prestazione',504,2),(141,1.00,'2017-08-29','Ssd Sandisk 240','Prestazione',258,1),(142,1.00,'2017-08-30','2 ant tplink ptp + unifi pro + 50mt cavo + minuteri','Prestazione',509,1),(143,6.00,'2017-08-31','5 licenze endpoint 10  1 disco ssd 240 sandisk','Prestazione',113,1),(144,1.00,'2017-09-01','4 licenze endpoint','Prestazione',485,1),(145,1.00,'2017-09-01','uac-pro, scatola ip67, moniueria 40 €','Prestazione',509,1),(146,1.00,'2017-09-04','1 licenza kaspersky endpoint security','Prestazione',474,1),(148,1.00,'2017-09-05','Ssd 240gb','Prestazione',482,1),(149,2.00,'2017-09-07','Cavo dvi vga e mouse senza fili','Prestazione',533,1),(150,1.00,'2017-09-07','Cavo vga','Prestazione',486,1),(151,1.00,'2017-09-07','Hp i5 (sentire alessio)','Prestazione',482,1),(152,1.00,'2017-09-13','telefono fisso yahlink T19','Prestazione',245,1),(153,1.00,'2017-09-14','ubiquiti unifi uac-pro','Prestazione',463,1),(154,1.00,'2017-09-15','cavo vga 20 metri','Prestazione',556,1),(155,1.00,'2017-09-18','Ssd Intel 180(ddt fatto con ste)','Prestazione',527,1),(156,1.00,'2017-09-18','Ram Kingston e ddr3 4gb','Prestazione',524,1),(157,1.00,'2017-09-19','Monitor 19 pollici Philips DDT fatto Alessio','Prestazione',524,1),(158,1.00,'2017-09-19','matassa cavo rete 100mt','Prestazione',404,1),(160,4.00,'2017-09-19','Sas 240gb','Prestazione',404,1),(161,1.00,'2017-09-20','Tplink TL-WR841ND','Prestazione',1039,1),(162,1.00,'2017-09-20','Ac1200 tplink','Prestazione',527,1),(163,1.00,'2017-09-21','2 x kaspersky endpoint','Prestazione',388,1),(164,1.00,'2017-09-21','Monitor dell\' (fatto alessio ddt)','Prestazione',543,1),(165,3.00,'2017-09-22','wf8510/cheda video Nvidia 530 1gb/.cavo hdmi','Prestazione',1032,1),(166,1.00,'2017-09-22','Fritzbox 7330','Prestazione',485,1),(167,6.00,'2017-09-22','pc x2 x2 monitor x2 mouse','Prestazione',404,1),(168,1.00,'2017-09-27','Tastiera Asus notebook (sentire alessio)','Prestazione',555,1),(169,1.00,'2017-09-29','ubiquiti unifi acpro','Prestazione',494,1),(170,1.00,'2017-10-03','Licenza endpoint Security  pc keeper','Prestazione',432,1),(171,1.00,'2017-10-03','Zyxel ADSL AMG1312','Prestazione',131,1),(172,1.00,'2017-10-04','2 cavi display port(senti alessio)','Prestazione',486,1),(173,1.00,'2017-10-04','xerox c505','Prestazione',456,1),(174,1.00,'2017-10-06','Alimentatore 500watt','Prestazione',1040,1),(175,1.00,'2017-10-09','Modem FRITZ Box 3272','Prestazione',263,1),(176,1.00,'2017-10-09','Kaspersky endpoint 10','Prestazione',263,1),(177,1.00,'2017-10-09','Monitor Philips 24','Prestazione',543,1),(178,2.00,'2017-10-11','Mouse Logitech m185. Ssd 240 kingstone','Prestazione',533,1),(179,1.00,'2017-10-13','Hard disk 500gb2.5 sarà htc','Prestazione',546,1),(180,1.00,'2017-10-13','Plug x1','Prestazione',404,1),(181,1.00,'2017-10-17','Pc hp Compaq 8200 lite','Prestazione',432,1),(182,1.00,'2017-10-17','tablet 11,6 cinese + mouse bluetooth','Prestazione',482,1),(183,1.00,'2017-10-19','2 x zenfone 3 Max 5.2','Prestazione',482,1),(184,1.00,'2017-10-24','Cavo rete 15metri rj45','Prestazione',408,1),(185,1.00,'2017-10-25','Switch 8 porte 10/100 dlink (nostro)','Prestazione',1035,1),(186,2.00,'2017-10-31','43.577 switch Cavo +cavoe5metri rj45','Prestazione',408,1),(187,2.00,'2017-11-03','E555 a8-7100. Dell\' 6430u','Prestazione',432,1),(188,1.00,'2017-11-03','Ssd Sandisk 240gb','Prestazione',482,1),(189,1.00,'2017-11-06','Kaspersky antivirus 1 PC server','Prestazione',391,1),(190,1.00,'2017-11-06','Ciabatta multipresa Premium 9','Prestazione',431,1),(191,4.00,'2017-11-07','Dock station.tastiera+mouse Microsoft blue.cavo hdmi/cavo displayport/vga.','Prestazione',432,1),(192,2.00,'2017-11-07','Kaspersky antivirus x2 pc','Prestazione',231,1),(193,1.00,'2017-11-07','1 x stormshield vpn client 65 €','Prestazione',432,1),(194,4.00,'2017-11-08','Tastiera sostituita Samsung.carica batterie acer. Box esterno 500gb usb3','Prestazione',541,1),(195,2.00,'2017-11-09','Penna wifi tenda 300mb .alimentatore 600w','Prestazione',533,1),(196,1.00,'2017-11-09','2 × pellicola e cover zenfone','Prestazione',482,1),(197,1.00,'2017-11-09','Hd wd 500gb sata ( sostituzione )','Prestazione',472,1),(198,1.00,'2017-11-09','Kaspersky endpoint x1','Prestazione',543,1),(199,1.00,'2017-11-10','Licenze windows 7 pro','Prestazione',1039,1),(200,1.00,'2017-11-10','Ssd Sandisk 240gb','Prestazione',432,1),(201,1.00,'2017-11-14','(prestito)probook hp 6460b','Prestazione',1043,1),(202,2.00,'2017-11-15','Adattatore USB parallelo. Floppy USB esterno','Prestazione',89,1),(203,1.00,'2017-11-15','pellicola in vetro iPhone 7','Prestazione',258,1),(204,3.00,'2017-11-15','6 plug rj11. 1 plug rj45.2 cavi patch','Prestazione',546,1),(205,1.00,'2017-11-16','Gs-308 switch netgear 8p','Prestazione',410,1),(206,4.00,'2017-11-17','Ssd 180gb.acronisimage2018 x2.cartuccia black 79xl','Prestazione',31,1),(207,5.00,'2017-11-21','STAMP EPSON/TASTIERA/CAVO ELETTRICO/PRESE SHUKO 2','Prestazione',1033,1),(208,7.00,'2017-11-22','Kaspersky endpoint x7','Prestazione',330,1),(209,1.00,'2017-11-22','Stormshield sn150 piu mantenere un anno','Prestazione',31,1),(210,1.00,'2017-11-22','Drevo ssd240gb','Prestazione',1044,1),(211,1.00,'2017-11-23','stampante HP wifi','Prestazione',1037,1),(212,2.00,'2017-11-24','2 cavi rj45 x 3metri','Prestazione',541,1),(213,3.00,'2017-11-24','Licenze kaspersky endpoint','Prestazione',525,1),(214,1.00,'2017-11-27','Hp Compaq 6200 pro','Prestazione',472,1),(215,1.00,'2017-11-27','Atlantis batteria 12v-7ah','Prestazione',518,1),(216,1.00,'2017-11-27','TL-WA801ND','Prestazione',527,1),(217,1.00,'2017-11-27','TL-WA801ND','Prestazione',527,1),(218,1.00,'2017-11-28','Kaspersky antivirus 1','Prestazione',380,1),(219,6.00,'2017-11-28','Licenze endpoint 10','Prestazione',169,1),(220,2.00,'2017-11-29','Licenza endpoint/ radon r5 230','Prestazione',263,1),(221,3.00,'2017-11-29','kaspersky endpoint security 10 X3','Prestazione',1042,1),(222,1.00,'2017-12-01','router tplink 3g lan','Prestazione',205,1),(223,2.00,'2017-12-01','2tv 50 pollici','Prestazione',231,1),(224,1.00,'2017-12-04','Hp Compaq 6200 pro','Prestazione',89,1),(225,1.00,'2017-12-05','Wacom intuos art','Prestazione',541,1),(226,1.00,'2017-12-05','stormshield sn160 +manteinance + ubiquiti uac pro','Prestazione',1045,1),(227,1.00,'2017-12-06','Wf-4630','Prestazione',518,1),(228,2.00,'2017-12-07','Ssd 180intel. Tastiera Logitech k270','Prestazione',533,1),(229,1.00,'2017-12-11','Affitto centralino e telefoni','Prestazione',432,1),(230,1.00,'2017-12-12','Modem d-link Infostrada','Prestazione',1039,1),(231,1.00,'2017-12-12','Nvidia 710','Prestazione',1044,1),(232,3.00,'2017-12-13','Licenze kaspersky endpoint security 10','Prestazione',537,1),(233,2.00,'2017-12-13','Kaspersky endpoint 10 x2','Prestazione',519,1),(234,1.00,'2017-12-14','Hp officejet 6590 wifi','Prestazione',351,1),(236,1.00,'2017-12-15','Asus dsl-N12E','Prestazione',509,1),(237,1.00,'2017-12-18','Hard disk toshiba canvio1tb','Prestazione',485,1),(239,1.00,'2017-12-20','Asus e403s','Prestazione',210,1),(240,2.00,'2017-12-20','1 kaspersky endpoint 10. Ssd 240sandisk','Prestazione',518,1),(241,1.00,'2017-12-27','Vedi ordine centralino','Prestazione',546,1),(242,1.00,'2018-01-03','Prestito Samsung nc240','Prestazione',245,1),(243,1.00,'2018-01-08','Sost muletto lenovo','Prestazione',432,1),(244,15.00,'2018-01-08','benzina e autostrada','Prestazione',1041,1),(245,1.00,'2018-01-08','Ugreen  usb hub','Prestazione',33,1),(247,1.00,'2018-01-09','Ssd Kingstone 120gb','Prestazione',404,1),(249,1.00,'2018-01-10','dell se2416h monitor','Prestazione',245,1),(250,1.00,'2018-01-10','se2416h\r\nsamsung 24 usato','Prestazione',432,1),(251,1.00,'2018-01-11','1 licenza endpoint 10','Prestazione',432,1),(253,1.00,'2018-01-12','Cavo hdmi mini hdmi','Prestazione',485,1),(254,3.00,'2018-01-15','Dock station hp/tastiera usb Lenovo/alimentatore per telefono samsung','Prestazione',432,1),(255,1.00,'2018-01-15','Batteria x apc 750 ups','Prestazione',526,1),(256,3.00,'2018-01-15','Pc fujistu ram ddr4 scheda video','Prestazione',258,1),(258,150.00,'2018-01-17','treno, pranzo fuori, parcheggio e varie','Prestazione',2,1),(259,30.00,'2018-01-20','eliocopia per stampe e rilegatura','Prestazione',2,1),(260,15.00,'2018-01-19','benzina','Prestazione',2,1),(261,80.00,'1','Benzina e autostrada','Prestazione',549,1),(262,3.40,'2018-02-19','casello autostradale','Prestazione',1055,1),(263,15.00,'2018-02-23','Benzina e autostrada','Prestazione',509,1),(265,30.00,'2018-02-28','Benza e autostrada','Prestazione',1041,1),(266,110.00,'2018-03-24','Benzina e autostrada','Prestazione',1037,1),(267,50.00,'2018-04-20','Benza e autostrada','Prestazione',526,1),(268,50.00,'2018-06-18','benza e autostrada','Prestazione',526,1),(270,40.00,'2018-12-14','biglietto del treno','Prestazione',533,1),(271,350.00,'2019-01-04','Albergo - cene e benzina io e Fanio','Prestazione',549,1),(274,72.00,'2019-02-12','Ricarica 1000 SMS su Aruba','Prestazione',504,1),(275,40.00,'2019-03-26','4ore x 10','Prestazione',456,1),(276,80.00,'2019-03-13','8ore x 10','Prestazione',2,1),(277,120.00,'2019-03-19','12ore x 10','Prestazione',2,1),(281,72.00,'2019-04-16','Ricarica 1000 SMS su Aruba','Prestazione',504,1),(282,72.00,'2019-02-11','Ricarica credito servizio SMS Aruba ','Prestazione',504,2),(283,72.00,'2019-04-16','Ricarica credito servizio SMS Aruba','Prestazione',504,1),(284,7.00,'2019-07-09','Pranzo','Prestazione',1025,1),(286,72.00,'2019-07-22','Ricarica credito servizio SMS Aruba ','Prestazione',504,1),(287,72.00,'2019-09-19','Ricarica credito servizio SMS Aruba','Prestazione',504,1),(290,72.00,'2020-02-04','Ricarica credito servizio SMS Aruba','Prestazione',504,1),(291,135.00,'2020-03-11','Ricarica credito servizio SMS Aruba','Prestazione',504,1),(292,72.00,'2020-05-19','Ricarica credito servizio SMS Aruba','Prestazione',504,1),(293,72.00,'2020-02-03','Ricarica credito servizio SMS Aruba','Prestazione',504,1),(294,72.00,'2020-05-19','Ricarica credito servizio SMS Aruba','Prestazione',504,1),(296,72.00,'2020-09-03','Ricarica credito servizio SMS Aruba','Prestazione',504,1),(297,72.00,'2020-07-07','Ricarica credito servizio SMS Aruba','Prestazione',504,1),(298,72.00,'2020-09-03','Ricarica credito servizio SMS Aruba','Prestazione',504,1),(299,72.00,'2020-10-27','Ricarica credito servizio SMS Aruba','Prestazione',504,1),(300,72.00,'2021-01-07','Ricarica SMS Aruba','Prestazione',504,1),(301,72.00,'2021-03-02','Ricarica 1000 SMS Aruba','Prestazione',504,1),(302,72.00,'2021-04-14','Ricarica 1000 SMS Aruba','Prestazione',504,1),(304,70.00,'2021-09-22','Senza, autostrada e parcheggio','Prestazione',1063,1),(305,150.00,'2021-09-23','Km e parcheggio','Prestazione',1063,1),(306,72.00,'2021-09-27','Ricarica 1000 SMS Aruba','Prestazione',504,1),(307,72.00,'2021-06-18','Ricarica 1000 SMS Aruba','Prestazione',504,1),(308,72.00,'2021-09-27','Ricarica 1000 SMS Aruba','Prestazione',504,1),(309,72.00,'2021-08-09','Ricarica 1000 SMS Aruba','Prestazione',504,1),(310,25.00,'2021-09-28','Spese vivie AR - FI','Prestazione',1210,1),(311,72.00,'2021-10-27','Ricarica 1000 SMS Aruba','Prestazione',504,1),(312,72.00,'2021-12-16','Ricarica 1000 SMS Aruba','Prestazione',504,1),(313,72.00,'2022-02-15','Ricarica 100 SMS Aruba','Prestazione',504,1),(314,72.00,'2022-03-24','Ricarica 1000 SMS Aruba','Prestazione',504,1),(315,72.00,'2022-05-09','Ricarica 1000 SMS Aruba','Prestazione',504,1),(316,72.00,'2022-06-21','Ricarica 1000 SMS Aruba','Prestazione',504,1),(317,72.00,'2022-08-04','Ricarica 1000 SMS Aruba','Prestazione',504,1);

--
-- Table structure for table `stati_ticket`
--

CREATE TABLE `stati_ticket` (
  `id_statoticket` int(11) NOT NULL AUTO_INCREMENT,
  `descrizione` varchar(50) NOT NULL,
  PRIMARY KEY (`id_statoticket`)
) ENGINE=InnoDB AUTO_INCREMENT=8 DEFAULT CHARSET=latin1;

--
-- Dumping data for table `stati_ticket`
--

INSERT INTO `stati_ticket` VALUES (1,'Inserito'),(2,'In assegnazione'),(3,'Assegnato e in attesa di lavorazione'),(4,'In lavorazione'),(5,'In pausa durante lavorazione'),(6,'Lavorato'),(7,'Archiviato');

--
-- Table structure for table `statiattivita`
--

CREATE TABLE `statiattivita` (
  `id_attivita` int(11) NOT NULL,
  `id_stato` int(11) NOT NULL,
  `data` datetime NOT NULL,
  `note` varchar(100) DEFAULT NULL,
  PRIMARY KEY (`id_attivita`),
  KEY `FK_statiattivita_statilavori` (`id_stato`),
  CONSTRAINT `FK_statiattivita_attivita` FOREIGN KEY (`id_attivita`) REFERENCES `attivita` (`id_attivita`),
  CONSTRAINT `FK_statiattivita_statilavori` FOREIGN KEY (`id_stato`) REFERENCES `statilavori` (`id_stato`)
) ENGINE=InnoDB DEFAULT CHARSET=latin1;

--
-- Dumping data for table `statiattivita`
--


--
-- Table structure for table `statilavori`
--

CREATE TABLE `statilavori` (
  `id_stato` int(11) NOT NULL AUTO_INCREMENT,
  `descrizione` varchar(50) NOT NULL,
  PRIMARY KEY (`id_stato`),
  KEY `id` (`id_stato`)
) ENGINE=InnoDB AUTO_INCREMENT=7 DEFAULT CHARSET=latin1;

--
-- Dumping data for table `statilavori`
--

INSERT INTO `statilavori` VALUES (1,'Aperto'),(2,'Chiuso da fatturare'),(3,'Chiuso e fatturato'),(4,'Sospeso'),(5,'Programmato'),(6,'Chiuso');

--
-- Table structure for table `statiprestazioni`
--

CREATE TABLE `statiprestazioni` (
  `id_stato` int(11) NOT NULL AUTO_INCREMENT,
  `descrizione` varchar(50) NOT NULL,
  `colorpie` varchar(10) DEFAULT NULL,
  PRIMARY KEY (`id_stato`)
) ENGINE=InnoDB AUTO_INCREMENT=6 DEFAULT CHARSET=latin1;

--
-- Dumping data for table `statiprestazioni`
--

INSERT INTO `statiprestazioni` VALUES (1,'Completa','0'),(2,'Da completare','1'),(5,'Chiusa e archiviata','2');

--
-- Table structure for table `statoprogetto`
--

CREATE TABLE `statoprogetto` (
  `id_stato` int(11) NOT NULL AUTO_INCREMENT,
  `descrizione` varchar(50) NOT NULL DEFAULT '0',
  PRIMARY KEY (`id_stato`)
) ENGINE=InnoDB AUTO_INCREMENT=4 DEFAULT CHARSET=latin1;

--
-- Dumping data for table `statoprogetto`
--

INSERT INTO `statoprogetto` VALUES (0,'Firmato contratto'),(1,'in trattativa'),(2,'Realizzato OK'),(3,'Non realizzabile KO');

--
-- Table structure for table `tecnici_contratto`
--

CREATE TABLE `tecnici_contratto` (
  `id_utente` int(11) NOT NULL,
  `id_contratto` int(11) NOT NULL,
  PRIMARY KEY (`id_utente`,`id_contratto`),
  KEY `FK_contratto` (`id_contratto`),
  CONSTRAINT `FK_contratto` FOREIGN KEY (`id_contratto`) REFERENCES `contratti` (`id_contratto`) ON DELETE CASCADE,
  CONSTRAINT `FK_utente` FOREIGN KEY (`id_utente`) REFERENCES `users` (`id`) ON DELETE CASCADE
) ENGINE=InnoDB DEFAULT CHARSET=latin1;

--
-- Dumping data for table `tecnici_contratto`
--

INSERT INTO `tecnici_contratto` VALUES (11,1),(24,2),(11,6),(11,8),(11,9),(24,11),(11,17),(11,20),(11,24),(11,28),(11,29),(22,32),(11,33),(11,36),(11,47),(11,48),(11,58),(11,59),(10,60),(14,60),(22,60),(11,61),(14,61),(22,61),(11,62),(11,63),(14,63),(22,63),(11,64),(14,64),(22,64),(11,67),(11,68),(11,70),(13,73),(11,74),(11,76),(24,77),(11,78),(11,79),(11,80),(13,80),(14,80),(13,81),(14,82),(11,83),(14,83),(22,83),(14,84),(11,88),(11,90),(11,91),(11,92),(14,92),(22,92),(13,94),(13,99),(14,101),(22,101),(11,102),(11,103),(11,105),(11,107),(11,108),(11,109),(11,111),(11,112),(11,113),(24,114),(11,115),(11,118),(11,119),(14,119),(22,119),(11,120),(13,120),(14,120),(22,120),(11,121),(11,122),(11,124),(11,126),(13,127),(13,129),(14,129),(22,129),(11,130),(11,131),(13,137),(14,137),(24,139),(14,156),(11,158),(11,159),(11,160),(24,161),(24,162),(11,163),(13,165),(13,169),(22,169),(11,173),(24,174),(11,175),(11,184),(11,185),(11,187),(22,187),(11,188),(11,190),(24,200),(24,202),(24,204),(13,205),(14,205),(13,206),(14,206),(11,207),(24,209),(26,209),(13,210),(14,210),(13,211),(14,211),(11,214),(11,215),(22,220),(11,221),(11,225),(14,226),(22,226),(11,227),(11,229),(14,229),(22,229),(11,230),(14,230),(22,230),(11,231),(11,234),(11,235),(11,236),(11,237),(14,237),(24,238),(11,239),(12,239),(14,239),(11,240),(11,241),(11,242),(11,243),(11,244),(11,245),(11,246),(11,247),(12,247),(11,248),(11,249),(11,250),(11,251),(11,252),(10,253),(11,253),(11,254),(11,255),(11,256),(11,257),(11,258),(13,259),(10,260),(24,261),(11,262),(11,263),(14,263),(24,264),(11,265),(14,265),(11,267),(13,267),(11,268),(24,268),(11,269),(11,270),(12,270),(14,271),(11,272),(14,272),(11,273),(11,274),(11,275),(11,278),(11,279),(14,279),(22,279),(24,280),(11,281),(11,282),(11,288),(11,289),(11,290),(11,292),(11,293),(11,294),(11,295),(11,296),(11,298),(11,299),(11,300),(11,301),(10,302),(11,302),(11,303),(11,304),(11,305),(11,306),(11,307),(11,308),(11,309),(13,310),(13,311),(11,312),(11,313),(11,314),(11,315),(11,316),(11,317),(11,318),(11,319),(11,320),(11,321),(13,322),(11,323),(11,324),(11,325),(10,326),(11,326),(11,327),(11,328),(11,329),(11,330),(24,330),(11,331),(24,331),(11,332),(11,333),(11,334),(11,336),(11,337),(11,338),(11,339),(13,340),(11,341),(11,342),(24,342),(11,343),(11,344),(22,345),(11,346),(22,347),(11,348),(11,349),(14,350),(11,351),(14,351),(14,352),(11,353),(11,354),(11,355),(24,356),(24,357),(11,358),(11,359),(22,359),(24,360),(11,361),(11,362),(24,363),(24,364),(14,365),(13,366),(24,367),(11,368),(13,368),(22,368),(11,369),(24,370),(11,372),(24,374),(24,375),(11,377),(14,377),(24,378),(11,379),(22,380),(24,381),(24,382),(24,383),(24,384),(24,385),(24,386),(24,387),(24,388),(11,390),(11,391),(12,392),(14,392),(11,393),(22,393),(24,393),(11,394),(22,394),(11,395),(24,395),(22,397),(11,398),(24,399),(24,400),(24,401),(24,402),(24,403),(24,404),(24,405),(11,406),(11,407),(24,408),(24,409),(24,410),(24,411),(24,412),(24,413),(24,414),(24,415),(24,416),(13,417),(24,418),(24,419),(24,420),(24,421),(24,422),(24,423),(24,424),(24,425),(24,426),(24,427),(24,428),(24,429),(24,430),(24,431),(14,432),(24,432),(24,433),(22,434),(24,435),(24,436),(10,437),(24,438),(24,439),(24,440),(24,441),(24,442),(24,443),(24,444),(24,445),(13,446),(14,447),(24,448),(24,449),(24,450),(24,451),(24,452),(24,453),(24,454),(22,455),(24,456),(24,457),(24,458),(24,459),(24,460),(22,461),(11,462),(24,463),(24,464),(24,465),(14,466),(24,467),(11,468),(24,469),(24,470),(14,471),(24,472),(24,473),(24,474),(24,475),(24,476),(24,477),(24,478),(24,479);

--
-- Table structure for table `ticket`
--

CREATE TABLE `ticket` (
  `id_ticket` int(11) NOT NULL AUTO_INCREMENT,
  `dataora_inserimento` timestamp NULL DEFAULT NULL,
  `ultima_modifica` timestamp NOT NULL DEFAULT CURRENT_TIMESTAMP ON UPDATE CURRENT_TIMESTAMP,
  `descrizione` varchar(1000) NOT NULL,
  `id_autore` int(11) DEFAULT NULL,
  `id_statoticket` int(11) NOT NULL,
  `id_urgenza` int(11) NOT NULL DEFAULT '1',
  `scadenza` timestamp NULL DEFAULT NULL,
  `id_cliente` smallint(6) DEFAULT NULL,
  `last_datainizio` datetime DEFAULT NULL,
  `last_datafine` datetime DEFAULT NULL,
  `id_codice` int(11) DEFAULT NULL,
  `cliente` varchar(200) DEFAULT NULL,
  `numero_doc` varchar(200) DEFAULT NULL,
  PRIMARY KEY (`id_ticket`),
  KEY `FK_ticket_users` (`id_autore`),
  KEY `FK_ticket_stati_ticket` (`id_statoticket`),
  KEY `FK_ticket_urgenza_ticket` (`id_urgenza`),
  KEY `FK_ticket_codice_articolo` (`id_codice`),
  CONSTRAINT `FK_ticket_codice_articolo` FOREIGN KEY (`id_codice`) REFERENCES `codice_articolo` (`id_codice`),
  CONSTRAINT `FK_ticket_stati_ticket` FOREIGN KEY (`id_statoticket`) REFERENCES `stati_ticket` (`id_statoticket`),
  CONSTRAINT `FK_ticket_urgenza_ticket` FOREIGN KEY (`id_urgenza`) REFERENCES `urgenza_ticket` (`id_urgenza`),
  CONSTRAINT `FK_ticket_users` FOREIGN KEY (`id_autore`) REFERENCES `users` (`id`) ON DELETE SET NULL
) ENGINE=InnoDB AUTO_INCREMENT=1665 DEFAULT CHARSET=latin1;

--
-- Dumping data for table `ticket`
--

INSERT INTO `ticket` VALUES (35,'2017-05-19 14:36:54','2017-06-07 16:11:36','Completare E-buyer',10,6,1,NULL,258,'2017-05-31 18:37:18','2017-05-31 18:38:43',NULL,NULL,NULL),(36,'2017-05-26 07:06:15','2017-06-19 17:53:32','Software per studio con doppia password e funzionalità di rimozione share samba.\r\nBatch di invio SMS tramite API Aruba su contenuto mdb utenti.',10,7,1,NULL,504,'2017-05-29 10:15:04','2017-05-29 11:40:07',NULL,NULL,NULL),(37,'2017-05-26 07:07:06','2017-06-19 17:53:46','Modifica app per porting nuove funzionalità.\r\nGestione dei Ticket nell\'app.\r\nPossibilità di assegnare ticket dall\'app.\r\nPossibilità di creare ticket dalla chiamata.\r\nNotifiche push e segnalazioni nuove chiamate e nuovi ticket.\r\n',10,7,1,NULL,2,'2017-06-05 19:17:29','2017-06-05 20:18:13',NULL,NULL,NULL),(38,'2017-05-26 07:07:46','2017-05-26 13:36:15','Riattivazione del sito con wordpress',10,7,1,NULL,482,'2017-05-26 12:09:47','2017-05-26 15:36:03',NULL,NULL,NULL),(39,'2017-05-26 07:22:12','2017-05-26 07:59:16','Friends intervento per guasto',10,7,3,NULL,2,'2017-05-26 09:22:22','2017-05-26 09:53:48',NULL,NULL,NULL),(41,'2017-05-26 13:36:44','2017-05-29 08:01:46','Modifiche writein stampa\r\n\r\n\r\n1. non mi interessa vedere l\'interlocutore (puoi eliminare la colonna per avere più spazio) 2. vorrei che la voce spese venisse cambiata in materiale e invece di riportare l\'importo mi riportasse la descrizione associata a quell\'importo (come sai noi mettiamo 1 tanto per valorizzare il campo perché comunque facciamo il ddt dal gestionale) \r\n',10,7,1,NULL,2,'2017-05-29 09:30:10','2017-05-29 10:00:42',NULL,NULL,NULL),(42,'2017-05-29 08:16:33','2017-06-01 11:01:51','Correggere bug chiusura prestazioni.\r\nInserire la possibilità di notificare al cliente la prestazione.\r\n',10,7,1,NULL,2,'2017-06-01 11:59:18','2017-06-01 12:59:11',NULL,NULL,NULL),(43,'2017-05-30 06:56:23','2017-06-01 06:59:16','Nuova gestione stati delle prestazioni, vedi email promemoria',10,7,1,NULL,494,'2017-05-31 09:41:41','2017-05-31 18:36:04',NULL,NULL,NULL),(44,'2017-05-30 08:55:12','2017-05-30 09:18:47','COntrollo funzionamento chiusura bulk delle prestazioni con presenza di slash nel NUMERO del protocollo',10,7,1,NULL,494,'2017-05-30 10:55:15','2017-05-30 11:18:00',NULL,NULL,NULL),(45,'2017-05-30 09:19:40','2017-05-30 09:40:39','Ricerca delle prestazioni per intervallo date aperto.\r\nConsidera anche la data limite come data da includere',10,7,1,NULL,494,'2017-05-30 11:40:31','2017-05-30 11:40:34',NULL,NULL,NULL),(46,'2017-05-30 13:26:31','2017-05-30 13:29:19','VIOLA JEWELS\r\nProblema con file excel',10,7,1,NULL,485,'2017-05-30 15:26:34','2017-05-30 15:28:24',NULL,NULL,NULL),(47,'2017-05-30 13:26:54','2017-05-30 15:27:34','Problema spazio sul server',10,7,1,NULL,432,'2017-05-30 15:26:57','2017-05-30 17:26:34',NULL,NULL,NULL),(49,'2017-06-01 10:44:46','2017-06-01 15:43:57','Ciao Francesco,\r\n\r\nti ho contattato ieri ma mi ha risposto la segretaria.\r\n\r\nSto provando da ieri a integrare i testi del corso cuoco nel nostro sito \r\nma quando vado a visualizzarli li trovo non impaginati nello stesso modo \r\n(il testo viene visualizzato tutto di seguito, senza a capo)\r\n\r\nmi puoi aiutare? grazie, Chiara\r\n\r\nCELL: 335-1831962\r\n\r\nCHIARA GALLI\r\nUfficio Formazione\r\nASSOCIAZIONE DEL COMMERCIO, TURISMO, SERVIZI,\r\nPROFESSIONI E PMI DELLA PROVINCIA DI AREZZO\r\nVia XXV Aprile, 6/12 - 52100 Arezzo\r\nTel. 0575/350755\r\nFax. 0575/353729\r\nchiara.galli@confcommercio.ar.it\r\n',10,7,1,NULL,535,'2017-06-01 16:56:27','2017-06-01 17:42:43',NULL,NULL,NULL),(50,'2017-06-01 11:01:12','2019-12-10 10:53:30','Modificare il writein e consentire il caricamento di immagini file o documenti al ticket',10,4,1,NULL,2,'2019-12-10 11:53:30',NULL,NULL,NULL,NULL),(51,'2017-06-01 12:53:07','2017-06-04 09:19:20','Nella maschera di inserimento prestazioni non vengono caricati i contratti per mancanza del CODICE cliente che non \r\nviene usato dalla numeroUNO\r\nCompletare la notifica con la lettura dell\'email del cliente sulla select del dropdown',10,7,1,NULL,2,'2017-06-04 10:23:10','2017-06-04 11:13:19',NULL,NULL,NULL),(52,'2017-06-04 08:10:39','2017-06-04 08:21:05','Controllo sicurezza nuovo sito con wordpress',10,7,1,NULL,482,'2017-06-04 10:10:47','2017-06-04 10:19:28',NULL,NULL,NULL),(53,'2017-06-05 07:25:39','2017-06-05 10:52:16','Creazione ambiente di pubblicazione su sitiwebcentos',10,7,1,NULL,387,'2017-06-05 09:25:42','2017-06-05 09:35:27',NULL,NULL,NULL),(60,'2017-06-28 16:04:54','2017-07-04 19:34:08','Silvia quandosposta prestazioni in bulk non dice errore mane sposta solo una,quindi fa come se lo avesse fatto ma ne sposta una sola di tuttala selezione, abbiamo provato insieme.\r\n\r\nSi trattava di spostare roba da fuori contratto a straordinaria.\r\n\r\nGrazie.',11,6,2,NULL,494,'2017-07-04 21:33:57','2017-07-04 21:34:08',NULL,NULL,NULL),(63,'2017-07-04 10:22:59','2017-08-09 07:20:29','carrello ebay begininformatica\r\n\r\nhttp://www.ebay.it/itm/332211423365',17,7,1,NULL,2,'2017-07-04 16:26:33','2017-07-04 16:26:36',NULL,NULL,NULL),(64,'2017-07-05 13:49:34','2017-08-09 07:20:28','- Touch Tab A\r\nhttp://www.ebay.it/itm/Touch-Screen-Ricambio-Vetro-Nuovo-Nero-per-Samsung-Galaxy-Tab-A-T550-T555-/192155015113?hash=item2cbd54d7c9:g:pvQAAOSw8lpZHX2Q\r\n\r\n- Frame Tab A\r\nhttp://www.ebay.it/itm/Chassis-Bezel-Frame-LCD-Batterie-Samsung-Galaxy-Tab-A-SM-T550-9-7-9-7-/152584514750?hash=item2386beecbe:g:8zoAAOSw6YtZQBy3\r\n',17,7,1,'0000-00-00 00:00:00',2,'2017-07-05 16:00:54','2017-07-06 10:48:09',NULL,NULL,NULL),(66,'2017-07-07 15:38:29','2017-08-09 07:20:27','ORDINARE BATTERIA SAMSUNG https://www.amazon.it/Samsung-EB-B800BEBECWW-Batteria-200mAh-Galaxy/dp/B00FAD7JVA/ref=sr_1_4?ie=UTF8&qid=1499441837&sr=8-4&keywords=batteria+samsung+note+3+neo',17,7,2,NULL,509,'2017-07-07 18:03:04','2017-07-07 18:03:08',NULL,NULL,NULL),(67,'2017-07-07 18:47:41','2017-08-09 07:20:26','2x \r\nhttps://www.amazon.it/Logitech-Wireless-Trackball-Versione-Italiana/dp/B0042BBR2S/ref=sr_1_2?ie=UTF8&qid=1499450385&sr=8-2&keywords=logitech+trackball\r\n\r\nOridne Logedi puoi chiudere\r\n\r\nOrdine Pama ti ho mandato la mail:\r\nDevono modificare il totale in 282€ ivati e spiccioli come da mail visto che c\'è lo sconto 10€ per acquisto 2 pezzi, loro sanno gia tutto, ma chiamali prima di mandare via il bonifico',17,7,2,NULL,509,'2017-07-11 09:34:50','2017-07-11 09:34:54',NULL,NULL,NULL),(68,'2017-07-10 08:27:39','2017-08-09 07:20:25','http://www.ebay.it/itm/Touch-Screen-Bianco-per-Samsung-Galaxy-Tab-A-9-7-SM-T550-T555-/182644951163?hash=item2a867cc87b:g:S~QAAOSwyltZVo2U\r\n\r\nEra arrivato bianco. Controllare rimborso',17,7,1,NULL,2,'2017-07-11 17:46:16','2017-07-11 17:46:19',NULL,NULL,NULL),(69,'2017-07-10 09:34:27','2017-07-11 12:50:49','Da riconsegnare pc fisso nuovo e ripristinare backup tramite Nas loro',11,7,1,NULL,205,NULL,NULL,NULL,NULL,NULL),(70,'2017-07-10 09:36:25','2017-07-11 14:39:51','Gigli Maurizio +39 334 363 1034\r\nRiconfigurazione Power Line e Dice Virus',11,7,1,NULL,509,NULL,NULL,NULL,NULL,NULL),(71,'2017-07-09 23:23:18','2017-07-12 08:09:20','Frido Guadagni: \r\nDa contattare per intervento il 12/07/17 (Dopo domani) per problema psw posta elettronica, stampante e Varie.\r\nPer favore chiamarlo oggi.',11,7,1,NULL,509,NULL,NULL,NULL,NULL,NULL),(74,'2017-07-11 00:36:23','2017-07-11 14:29:51','Lucio non si connette al server',11,7,1,NULL,33,NULL,NULL,NULL,NULL,NULL),(75,'2017-07-11 15:04:40','2017-08-09 07:20:24','http://www.ebay.it/itm/Huawei-P9-LITE-ORO-display-lcd-vetro-touch-screen-VNS-L31-VNS-L11-ORIGINALE-/322579064838?hash=item4b1b35e806:g:QbUAAOSw3h1ZXBRb\r\n\r\ntouch huawei p9 lite GOLD',17,7,1,NULL,2,'2017-07-11 17:45:56','2017-07-11 17:46:03',NULL,NULL,NULL),(76,'2017-07-11 15:05:44','2017-08-09 07:20:22','http://fhrparts.com/\r\n\r\nPagare ordine ricambi',17,7,1,NULL,2,'2017-07-11 17:43:45','2017-07-11 17:43:48',NULL,NULL,NULL),(77,'2017-07-12 11:05:16','2017-08-09 07:20:21','https://www.amazon.it/gp/product/B01MYVJ0QL/ref=ox_sc_mini_detail?ie=UTF8&psc=1&smid=A36H1CNMNT7E34\r\nhttp://www.ebay.it/itm/Cover-Ultra-Slim-Tpu-Clear-Moto-Z-/272560091871?hash=item3f75d8f2df:g:kHoAAOSwN2VZXePb',17,7,2,NULL,509,'2017-07-14 16:42:54','2017-07-14 16:42:57',NULL,NULL,NULL),(78,'2017-07-12 15:52:59','2017-08-09 07:20:20','pagare touch j3 NERO nel carrello.\r\n\r\nhttps://cart.payments.ebay.it/sc/view\r\n',17,7,2,NULL,2,'2017-07-14 16:29:29','2017-07-14 16:29:32',NULL,NULL,NULL),(79,'2017-07-13 10:40:22','2017-08-09 07:20:18','http://www.ebay.it/itm/Tastiera-ITA-MP-07A5610-442-NERO-Opaco-Acer-Extensa-5635-5635Z-5635ZG-/300864252930?hash=item460ce82c02:g:zTAAAOxyi-ZTblfr\r\n\r\nSpediscila a \r\nArnia Società Coop\r\nMonsummano terme, via Risorgimento 661/e\r\n\r\nSe devi chiedere qualcosa Contatto:\r\nAlessio Montecatini',17,7,3,NULL,549,'2017-07-14 16:28:01','2017-07-14 16:28:05',NULL,NULL,NULL),(80,'2017-07-14 10:52:31','2017-08-03 16:02:40','assistenza sul Numero verde: chiede come fare il  trasfermiento di chiamata dal Numero verde al suo cellulare',11,7,1,NULL,533,NULL,NULL,NULL,NULL,NULL),(81,'2017-07-14 10:58:00','2017-07-24 15:01:31','Prendere il telefono in negozio, andare a configuare outlook e whatsapp web il prima possibile e creare gmail prima\r\n',17,7,1,'0000-00-00 00:00:00',205,NULL,NULL,NULL,NULL,NULL),(84,'2017-07-24 10:52:16','2017-08-09 07:20:19','http://m.ebay.it/itm/CONNETTORE-RICARICA-SAMSUNG-Galaxy-NOTE-2-GT-N7100-N7100-FLEX-DOCK-USB-MICROFONO-/332028869265?hash=item4d4e767a91%3Ag%3AnTQAAOSwi8VZQVIw&_trkparms=pageci%253A0cab7792-705e-11e7-9de1-74dbd180ab72%257Cparentrq%253A74392b1715d0ab4569412e17fffb308e%257Ciid%253A1\n\nspedizione corriere espresso',17,7,1,NULL,2,'2017-07-26 09:19:34','2017-07-26 09:19:38',NULL,NULL,NULL),(85,'2017-07-24 10:56:50','2017-08-09 07:20:16','http://www.ebay.it/itm/DISPLAY-LCD-TOUCH-SCREEN-ORIGINALE-SAMSUNG-GALAXY-J3-2016-SM-J320F-BIANCO-KIT-/182446860016?hash=item2a7aae26f0:g:TVYAAOSwjDZYmPCx\r\n\r\nJ3 2016 BIANCO',17,7,2,NULL,2,'2017-07-26 09:20:26','2017-07-26 09:20:30',NULL,NULL,NULL),(86,'2017-07-25 08:11:20','2017-08-09 07:20:15','ordinare cartuccia nero EPSON CARTUCCIA T7891 #79XXL NERO ORIGINALE',17,7,2,'0000-00-00 00:00:00',2,'2017-07-26 09:22:11','2017-07-26 09:22:19',NULL,NULL,NULL),(87,'2017-07-25 08:13:09','2017-08-09 07:20:14','ORDINARE LCD+TOUCH HUAWEI P9 LITE NERO MAX 40€',17,7,3,NULL,2,'2017-07-26 09:24:14','2017-07-26 09:24:19',NULL,NULL,NULL),(88,'2017-07-25 08:20:57','2017-08-09 07:20:13','http://www.ebay.it/itm/CAVO-FLAT-FLEX-TASTO-POWER-ON-OFF-ACCENSIONE-BLOCCO-SAMSUNG-GALAXY-NOTE-2-N7100-/262739167291?hash=item3d2c79883b:g:O40AAOSwiDFYPFoO',17,7,1,NULL,509,'2017-07-26 09:25:02','2017-07-26 09:25:08',NULL,NULL,NULL),(90,'2017-07-26 10:28:36','2017-08-09 07:25:40','https://www.amazon.it/gp/product/B00ET2LSLK/ref=oh_aui_detailpage_o00_s00?ie=UTF8&psc=1\r\n\r\nGrazie',17,7,2,NULL,422,'2017-08-09 09:25:36','2017-08-09 09:25:39',NULL,NULL,NULL),(92,'2017-07-28 12:44:41','2017-08-09 07:26:00','TASTO POWER ON OFF Accensione Per Apple iPhone 6S Flat Flex Tasti Volume + mute\r\n\r\n\r\nCARRELLO EBAY',17,7,1,NULL,2,'2017-08-09 09:25:55','2017-08-09 09:25:57',NULL,NULL,NULL),(93,'2017-07-29 10:01:03','2017-08-09 07:20:12','Grazie, il tuo ordine è stato ricevuto.\r\nTi abbiamo inviato un\'e-mail di conferma della ricezione. \r\nNuovo Ricevi gli aggiornamenti relativi al tuo ordine. Scarica l\'App Amazon.\r\n\r\nNumero ordine: 171-7007081-6461134\r\nTBOC® Pack: Custodia Gel TPU Trasparente + Pellicola Protettiva per Display in Vetro Temperato per LG K5 (X220). Custodia in Silicone Ultra Sottile e Flessibile. Pellicola Protettiva Resistente Agli Urti, Graffi e Abrasioni. sarà spedito a NUMERO UNO da Amazon.it. \r\nData di consegna garantita: 31 lug. 2017\r\n\r\nComprata con carta Mps,  da richiedere fattura Amazon',17,7,1,NULL,509,'2017-08-07 11:56:16','2017-08-07 11:56:24',NULL,NULL,NULL),(94,'2017-07-31 09:20:17','2017-08-09 07:24:35','iPhone 7 32gb black matte\r\n\r\nAlessio G',17,7,1,NULL,509,'2017-08-09 09:24:29','2017-08-09 09:24:33',NULL,NULL,NULL),(95,'2017-07-31 10:14:25','2017-08-09 07:20:11','https://www.amazon.it/Kaspersky-Lab-Internet-Security-Multi-Device/dp/B01LEICKTK/ref=sr_1_3?ie=UTF8&qid=1501487186&sr=8-3&keywords=kaspersky+internet+security+2017',17,7,2,NULL,509,'2017-08-01 09:56:18','2017-08-01 09:56:23',NULL,NULL,NULL),(96,'2017-07-31 12:54:33','2017-08-09 07:20:10','gia nel carrello. Frame p8 lite 17 gold \r\n\r\nhttp://www.ebay.it/itm/202001732023',17,7,1,NULL,2,'2017-08-01 10:32:39','2017-08-01 10:32:44',NULL,NULL,NULL),(97,'2017-08-01 10:24:03','2017-08-09 07:20:09','mi servono 2 ups a ciabatta APC BE-400 poi arrivano 3 cordless da econnet e mi fai il ddt sempre a BARBAGLI di Sennati.\r\n\r\ndevo installare il tutto il 21 Agosto.',11,7,1,NULL,245,'2017-08-07 12:03:44','2017-08-07 12:03:52',NULL,NULL,NULL),(98,'2017-08-01 14:57:59','2017-08-09 07:20:07','http://www.ebay.it/itm/LCD-Display-Touch-Screen-Digitiser-Frame-For-HUAWEI-MATE-8-Black-NXT-L29-L09-/122414921777?hash=item1c807f7831:g:pwIAAOSwCU1Y1k~o\r\n\r\nGIA NEL CARRELLO',17,7,1,NULL,2,'2017-08-07 12:04:11','2017-08-07 12:04:35',NULL,NULL,NULL),(100,'2017-08-02 10:26:36','2017-08-29 15:27:14','installare disco ssd 240 su pc Daniela con ghost',11,7,1,NULL,258,NULL,NULL,NULL,NULL,NULL),(101,'2017-08-02 01:28:32','2017-08-28 08:47:51','gli è arrivato il modem mclink, andare per fare attivazione e collaudo servizio (come da Caneschi)',11,7,1,NULL,231,NULL,NULL,NULL,NULL,NULL),(105,'2017-08-03 14:44:28','2017-08-09 07:25:25','http://www.ebay.it/itm/MODULO-ALTOPARLANTE-ASCOLTO-per-ASUS-ZENFONE-4-A450CG-A400CG-ORIGINALE-AUDIO-/222039401164?hash=item33b29462cc:g:CFQAAOSwvUlWsQG8',17,7,2,NULL,509,'2017-08-09 09:25:21','2017-08-09 09:25:23',NULL,NULL,NULL),(110,'2017-08-08 10:06:30','2017-08-09 07:24:17','https://www.amazon.it/gp/product/B00FFZUJ8I/ref=ox_sc_act_title_1?smid=AYNXJ33CZEJ64&psc=1\r\n\r\nAlessio G',17,7,3,NULL,509,'2017-08-09 09:24:07','2017-08-09 09:24:12',NULL,NULL,NULL),(111,'2017-08-08 13:16:23','2017-08-09 07:24:16','http://www.ebay.it/itm/162434966562\r\nBACK A52016. gia nel carrello',17,7,1,NULL,2,'2017-08-09 09:24:10','2017-08-09 09:24:15',NULL,NULL,NULL),(125,'2017-08-30 18:46:15','2017-09-04 14:40:20','iPhone 7 32gb black matte \r\nScambio EcoEnergie - Wind 3565556080217709\r\nAlessio G\r\n 	 	 	 	 					 ',17,3,1,NULL,509,NULL,NULL,NULL,NULL,NULL),(126,'2017-08-31 08:11:23','2017-09-04 14:39:27','acquistare cuffia x telefono Yeahlink\n Wantek Telefono Cuffia Monaural con Cancellazione del rumore Microfono per Yealink T42 Avaya 1608 Cisco 7905 Grandstream GXP1400 Snom 870 Huawei C58 AltiGen IP805 Panasonic KXT IP Telefoni(F600Y1) \nhttps://www.amazon.it/dp/B01LW06AIX/ref=cm_sw_r_cp_apa_ps8PzbXGTGQ4T',11,3,1,NULL,2,NULL,NULL,NULL,NULL,NULL),(127,'2017-08-31 10:26:10','2017-09-04 14:41:39','lg g3 moto BIANCO. gia nel carrello\r\n\r\nhttp://www.ebay.it/itm/White-LCD-Display-touch-screen-for-Motorola-Moto-G3-XT1540-XT1548-XT1550-XT1541-/191775208319?hash=item2ca6b1737f:g:vrcAAOSwaA5Wizo0',17,3,1,NULL,2,NULL,NULL,NULL,NULL,NULL),(128,'2017-08-31 10:33:36','2017-09-04 14:42:07','Per pagamento chiedere ad alessio G cosa vuole usare.\r\nCompletare pagamento carrello http://fhrparts.com/checkout/cart/',17,3,1,NULL,2,NULL,NULL,NULL,NULL,NULL),(129,'2017-09-02 08:44:14','2017-09-04 14:43:25','SAMSUNG S4 MINI NERO. CARRELLO\r\nhttp://www.ebay.it/itm/DISPLAY-LCD-TOUCH-SCREEN-per-SAMSUNG-GALAXY-S4-Mini-i9195-SCHERMO-NERO-/201751167536?hash=item2ef94e8230:g:RSMAAOSw2xRYU4q3',17,3,1,NULL,2,NULL,NULL,NULL,NULL,NULL),(130,'2017-09-02 09:12:01','2017-09-04 14:44:09','ALCATEL PIXI. CARRELLO\r\nhttp://www.ebay.it/itm/TOUCH-SCREEN-VETRO-ALCATEL-ONE-TOUCH-PIXI-4-OT-8050D-6-0-DIGITIZER-VETRINO-NERO-/332082223215?hash=item4d51a4986f:g:43IAAOSwurZZLCKp',17,3,1,NULL,2,NULL,NULL,NULL,NULL,NULL),(133,'2017-09-04 14:24:03','2017-09-04 14:45:23','J3 2016 Samsung \r\n Alessio G.',17,3,3,NULL,509,NULL,NULL,NULL,NULL,NULL),(134,'2017-09-04 14:29:28','2017-09-05 07:47:25','luca severi 3926717750 Luca\r\nnicolò 3393584807\r\nswitch min 8 porte',17,7,1,NULL,2,NULL,NULL,NULL,NULL,NULL),(136,'2017-09-04 15:46:51','2017-09-18 14:24:18','Materiale da prendere su amazon per ufficio: la tenda colore bianco! \r\n\r\nhttps://www.amazon.it/Visario-6810-Disegno-tela-Modern/dp/B0087GLMSI/ref=sr_1_6?ie=UTF8&qid=1504539569&sr=8-6&keywords=quadro\r\n\r\nhttps://www.amazon.it/Tangpan-divisoria-occultare-Champagne-100_x_200_cm/dp/B01CU58EPK/ref=sr_1_4?ie=UTF8&qid=1504539865&sr=8-4&keywords=tenda%2Bcucina%2Bdivisoria&th=1',12,3,1,NULL,2,NULL,NULL,NULL,NULL,NULL),(138,'2017-09-04 16:45:25','2017-09-07 14:33:16','http://www.ebay.it/itm/BATTERIA-ORIGINALE-HUAWEI-HB3742A0EZC-PER-ASCEND-P8-LITE-2200MAH-PILA-NUOVA-/172588435807?hash=item282f12895f:g:8sEAAOSwsW9Y0lIL',17,3,1,'0000-00-00 00:00:00',509,NULL,NULL,NULL,NULL,NULL),(139,'2017-09-05 07:10:02','2017-09-07 14:34:04','http://www.ebay.it/itm/SIM-Tray-Adattatore-Slitta-Holder-Slot-Carte-Card-per-iPhone-6S-ROSA-ROSE-GOLD-/252479396448?hash=item3ac8f1da60:g:qVoAAOSwbsBXmnVZ',17,3,1,NULL,509,NULL,NULL,NULL,NULL,NULL),(140,'2017-09-05 07:38:39','2017-09-07 14:34:46','http://www.ebay.it/itm/1pz-CAVO-FILO-TELEFONICO-TELEFONO-RJ11-DOPPINO-250-MT-METRI-1-COPPIA-2-FILI-/222388742399?hash=item33c766e8ff',17,3,1,NULL,509,NULL,NULL,NULL,NULL,NULL),(141,'2017-09-05 07:58:01','2017-09-05 09:10:45','non gli funziona la posta',11,7,3,NULL,31,NULL,NULL,NULL,NULL,NULL),(145,'2017-09-05 15:27:28','2017-09-07 14:44:14','VETRO LG K120E. GIA NEL CARRELLO.\r\n\r\nhttp://www.ebay.it/itm/Touch-Screen-Vetro-Display-Ricambi-Per-LG-K4-K120E-Nero-Nuovo-/322525712950?hash=item4b1807d236:g:XGoAAOSw4MNZls4C',17,3,2,NULL,2,NULL,NULL,NULL,NULL,NULL),(146,'2017-09-06 09:04:18','2017-09-18 14:30:51','Grazie, il tuo ordine è stato ricevuto.\r\nTi abbiamo inviato un\'e-mail di conferma della ricezione. \r\nNuovo Ricevi gli aggiornamenti relativi al tuo ordine. Scarica l\'App Amazon.\r\n\r\nNumero ordine: 171-9453977-8913912\r\nICZI VGA Y Splitter Cavo, Sdoppiatore VGA Maschio a 2-Port VGA Femmina Adattatore, 1080P, Nero sarà spedito a NUMERO UNO da Amazon.it. \r\nData di consegna garantita: 7 set. 2017',17,3,1,NULL,509,NULL,NULL,NULL,NULL,NULL),(147,'2017-09-06 09:04:18','2017-09-18 14:30:59','Grazie, il tuo ordine è stato ricevuto.\r\nTi abbiamo inviato un\'e-mail di conferma della ricezione. \r\nNuovo Ricevi gli aggiornamenti relativi al tuo ordine. Scarica l\'App Amazon.\r\n\r\nNumero ordine: 171-9453977-8913912\r\nICZI VGA Y Splitter Cavo, Sdoppiatore VGA Maschio a 2-Port VGA Femmina Adattatore, 1080P, Nero sarà spedito a NUMERO UNO da Amazon.it. \r\nData di consegna garantita: 7 set. 2017',17,3,1,NULL,509,NULL,NULL,NULL,NULL,NULL),(148,'2017-09-06 16:29:19','2017-09-18 14:30:42','ALIPOWER ITALIA SRL\r\nVedi carrello\r\nPagamento completato:€312,08 EUR\r\nPagamento completato\r\nPagato a:\r\nALIPOWER ITALIA SRL\r\n08119502340\r\nSpedisci a:\r\nFrancesco Galletti\r\nVia Vittorio Veneto 126\r\n52100 Arezzo\r\nArezzo\r\nItalia\r\nDettagli transazioneSicurezza PayPal\r\nHai completato il pagamento.\r\n\r\nCodice transazione:\r\n18T82101W2789222Y\r\nEmail di conferma:\r\nshop@numerounosrl.it\r\nQuesta transazione sarà riportata sull\'estratto conto con la dicitura:\r\nPayPal *ALIPOWERITA\r\n\r\n\r\nPiù da richiedere fattura NewTop di settembre dal Sito o sulla chat del sito\r\n\r\nAlessio G',17,3,1,NULL,509,NULL,NULL,NULL,NULL,NULL),(149,'2017-09-06 17:20:41','2017-09-18 14:30:25','Pagamento Fattura 450€ a Rework Lab\r\nCi devono rimandare un Mac e ce nè uno che non funziona.\r\nFammi sapere Velocemente per favore\r\n\r\nGrazie\r\n\r\nAlessio G\r\n\r\nCHE VUOL DIRE?????',17,3,2,NULL,509,NULL,NULL,NULL,NULL,NULL),(150,'2017-09-07 09:37:06','2017-09-18 14:29:51','Grazie, il tuo ordine è stato ricevuto.\r\nTi abbiamo inviato un\'e-mail di conferma della ricezione. \r\nNuovo Ricevi gli aggiornamenti relativi al tuo ordine. Scarica l\'App Amazon.\r\n\r\nNumero ordine: 171-6575992-0767533\r\nJabra MINI Headset sarà spedito a NUMERO UNO da Amazon.it. \r\nData di consegna garantita: 8 set. 2017\r\nJabra Auricolare BT2046 Wireless Bluetooth, Nero sarà spedito a NUMERO UNO da Amazon.it. \r\nData di consegna garantita: 8 set. 2017\r\n\r\nAlessio G',17,3,1,NULL,509,NULL,NULL,NULL,NULL,NULL),(151,'2017-09-07 09:37:45','2017-09-20 14:31:01','https://www.amazon.it/BATTERIA-ORIGINALE-SAMSUNG-SM-J500F-BLISTER/dp/B01A77JT02/ref=sr_1_2?ie=UTF8&qid=1504540039&sr=8-2&keywords=BATTERIA+J5+2015',17,3,3,NULL,509,NULL,NULL,NULL,NULL,NULL),(152,'2017-09-08 08:28:00','2017-09-18 14:29:38',' Hai completato il pagamento.\r\n\r\nIl tuo codice transazione per questo pagamento è: 66F43752A13611828.\r\nInvieremo un\'email di conferma a shop@numerounosrl.it. Il pagamento sarà riportato sull\'estratto conto della tua carta come PayPal *PAMAGROUPSR.\r\n\r\nFattura\r\n\r\nAlessio G',17,3,1,NULL,509,NULL,NULL,NULL,NULL,NULL),(154,'2017-09-12 09:13:07','2017-09-18 14:27:11','Grazie per l\'ordine\r\n\r\n Hai completato il pagamento.\r\n\r\nIl tuo codice transazione per questo pagamento è: 07S578729K892823E.\r\nInvieremo un\'email di conferma a shop@numerounosrl.it. Il pagamento sarà riportato sull\'estratto conto della tua carta come PayPal *ALIPOWERITA.\r\n\r\nVai alla pagina principale\r\nEsci da PayPal\r\n\r\nFattura \r\n\r\nAlessio G',17,3,1,NULL,509,NULL,NULL,NULL,NULL,NULL),(155,'2017-09-13 23:37:36','2017-09-18 14:27:18','CONFERMA ORDINE\r\nGrazie per aver fatto acquisti presso di noi \r\nL\'ordine è stato registrato con il numero 31980 \r\nPagamento con PayPal\r\nI tempi di evasione dell\'ordine decorreno dal giorno lavorativo successivo al perfezionamento dell\'acquisto (esclusi sabati domeniche e festivi).\r\n\r\nFattura\r\nAlessio G \r\nLogedi',17,3,1,NULL,509,NULL,NULL,NULL,NULL,NULL),(156,'2017-09-15 09:39:50','2017-09-18 14:26:45','http://www.ebay.it/itm/TOUCH-SCREEN-LCD-DISPLAY-ASUS-ZENFONE-2-LASER-ZE550-ZE550KL-Z00LD-biad-/192250457269?hash=item2cc3052cb5:g:E-IAAOSwZ0NZbH6z',17,3,2,NULL,509,NULL,NULL,NULL,NULL,NULL),(157,'2017-09-16 08:46:23','2017-09-18 14:34:28','https://www.amazon.it/Epson-C13T789140-Cartuccia-Inkjet-Capacit%C3%A0/dp/B00I8EV2G6/ref=sr_1_1?ie=UTF8&qid=1505551332&sr=8-1&keywords=t7891',17,3,2,NULL,2,NULL,NULL,NULL,NULL,NULL),(158,'2017-09-17 18:23:37','2017-09-20 14:29:48','IPhone 7 Plus 256 Gb Black\r\nConsegna mercoledì mattina \r\nAlessio G\r\n\r\n19.09 non disponibile, rivefifico domani\r\n\r\n20.09 non disponbile, digli al cliente che deve comprare un altro telefono',17,3,3,NULL,509,NULL,NULL,NULL,NULL,NULL),(159,'2017-09-18 07:04:27','2017-09-18 07:04:35','richiamalo per problemi sulla posta',11,2,1,NULL,245,NULL,NULL,NULL,NULL,NULL),(160,'2017-09-18 07:50:55','2017-09-18 14:25:08','P9 Lite Nero\r\nhttp://www.ebay.it/itm/DISPLAY-LCD-TOUCH-COMPLETO-con-FRAME-HUAWEI-P9-LITE-NERO-/152588094791?hash=item2386f58d47:g:ZeEAAOSwyltZQ8Sk\r\n\r\nGia nel carello',17,3,1,NULL,2,NULL,NULL,NULL,NULL,NULL),(161,'2017-09-18 09:46:06','2017-09-18 14:24:46','Blacberry z30\r\nhttp://www.ebay.it/itm/LCD-TOUCH-SCREEN-FRAME-BLACKBERRY-Z30-NERO-DISPLAY-SCHERMO-TELAIO-KIT-SMON-/152671893106?hash=item238bf43672:g:YnAAAOSwIxxZmooJ\r\nCARRELLO Ebay',17,3,3,NULL,2,NULL,NULL,NULL,NULL,NULL),(162,'2017-09-17 23:49:44','2017-09-18 14:34:11','prendere un telefono fisso analogico basilare nero da ebay o amazon che costi poco perche gli va cambiato in garanzia e spedire a: Via Vittorio Veneto 33/18 Avv. Matteo Prosperi\n\ntipo questo da 30 euro con display Gigaset DA610 Telefono Fisso, Vivavoce, Nero [Italia]',11,3,1,NULL,531,NULL,NULL,NULL,NULL,NULL),(163,'2017-09-18 16:12:29','2017-09-20 14:29:43','FOTOCAMERA 6S FOSSATI\r\n\r\nhttp://www.ebay.it/itm/FOTOCAMERA-FRONTALE-FLAT-SENSORE-DI-PROSSIVITA-PER-APPLE-IPHONE-6S-PLUS-CAMERA-/172842223832?hash=item283e3308d8:g:J0AAAOSwVY1ZpF7R\r\n\r\nCARRELLO EBAY',17,3,2,NULL,2,NULL,NULL,NULL,NULL,NULL),(166,'2017-09-20 11:34:11','2017-09-20 14:29:36','https://www.amazon.it/JETech-J3150-Custodia-Apple-Sveglia/dp/B00W4ZLZP8/ref=sr_1_1?rps=1&ie=UTF8&qid=1505907118&sr=8-1&keywords=ipad+pro+12.9+cover\r\n\r\naLESSIO G',17,3,3,NULL,509,NULL,NULL,NULL,NULL,NULL),(167,'2017-09-20 15:37:34','2017-09-21 08:41:21','WUAWEI P9 LITE NERO\r\nhttp://www.ebay.it/itm/DISPLAY-LCD-TOUCH-COMPLETO-con-FRAME-HUAWEI-P9-LITE-NERO/152588094791?ssPageName=STRK%3AMEBIDX%3AIT&_trksid=p2057872.m2749.l2649 \r\nCARRELLO EBAY',17,3,1,NULL,2,NULL,NULL,NULL,NULL,NULL),(168,'2017-09-21 09:03:52','2017-09-21 16:23:45','http://www.ebay.it/itm/Batteria-Originale-Samsung-EB-BG357BBE-per-Galaxy-Ace-Style-LTE-SM-G357FZ-/182012431359?hash=item2a60c94bff:g:ocYAAOSwJb9WslXN',17,3,2,'0000-00-00 00:00:00',2,NULL,NULL,NULL,NULL,NULL),(169,'2017-09-21 10:58:53','2017-09-21 16:22:21','http://www.ebay.it/itm/TOP-DISPLAY-LCD-SCHERMO-TOUCH-Samsung-Galaxy-S-II-i9100-ORIGINALE-NERO-/222524224287?hash=item33cf7a331f:g:MHAAAOSwD6xZuD8G',17,3,1,NULL,509,NULL,NULL,NULL,NULL,NULL),(170,'2017-09-22 15:22:02','2017-09-26 10:13:22','Luca gli ha portato un monitor, ma lei non lo vuole usato, allora ordinagli uno tipo questo \r\n24 LED WIDE 1920X1080 5MS DVI VGA NERO PHILIPS Codice: 246V5LSB/00\r\n da Brevi o Internet che costa intorno a 100 € poi glielo cambi nel ddt, da vendere al cliente a 140 + iva\r\n\r\n 	 	',11,3,1,'0000-00-00 00:00:00',543,NULL,NULL,NULL,NULL,NULL),(171,'2017-09-23 10:51:12','2017-09-28 13:35:54','iPhone 8 Plus 64GB Space Gray\r\nDa Consegnare per Giovedì\r\nAlessio G',17,3,1,NULL,509,NULL,NULL,NULL,NULL,NULL),(172,'2017-09-25 09:54:28','2017-09-26 09:37:56','Mandami via il carrello di amazon, c\'è un iphone ed un adattatore.\r\nGrazie Mille\r\n\r\nAlessio G',17,3,3,NULL,509,NULL,NULL,NULL,NULL,NULL),(173,'2017-09-25 11:15:56','2017-09-26 09:37:50','CONCLUDERE PAGAMENTO SITO. POSTEPAY ALESSIO G\r\n\r\nhttp://fhrparts.com/checkout/cart/',17,3,3,NULL,478,NULL,NULL,NULL,NULL,NULL),(174,'2017-09-26 09:42:23','2017-09-26 10:01:35','https://www.amazon.it/gp/huc/view.html?ie=UTF8&newItems=CCR74WYXC8BDB%2C1\r\nCarrello amazon vetro iphone 6 bianco\r\n\r\nAlessio G',17,3,3,NULL,509,NULL,NULL,NULL,NULL,NULL),(175,'2017-09-26 09:54:44','2017-09-26 10:01:14','Me ne serve 2:\r\nhttps://www.amazon.it/Asus-Monitor-1920x1080-Frameless-Certified/dp/B00YQKTGR8/ref=sr_1_1?ie=UTF8&qid=1506419262&sr=8-1&keywords=FRAMELESS+ASUS+23\r\n\r\nPer la Eka\r\n\r\nGli ho detto per venerdì, caso diverso comunicare\r\n\r\nGrazie\r\n\r\nAlessio G\r\n',17,3,1,NULL,486,NULL,NULL,NULL,NULL,NULL),(176,'2017-09-28 08:14:16','2017-09-28 13:36:02','Iphone 6s 128gb Silver\r\n\r\nPossibilmente per la prossima settimana, Martedì, mercoledì\r\n\r\nAlessio G',17,3,2,NULL,482,NULL,NULL,NULL,NULL,NULL),(177,'2017-09-28 08:40:14','2017-10-11 15:40:36','ha problemi con una stampante HP IL cliente è a maestà di Giannino accanto alla palestra il venerabile, gli ho detto che domattina ci facciamo un salto.',11,7,1,NULL,233,NULL,NULL,NULL,NULL,NULL),(179,'2017-10-02 08:15:24','2018-01-23 11:49:28','CHIAMARE ROSSELLA, SE SI PUO\' AIUTARE PER DARGLI UN GESTIONALE 3497773167',17,7,1,NULL,509,NULL,'2018-01-23 12:42:50',NULL,NULL,NULL),(180,'2017-10-02 10:06:18','2017-10-04 14:05:03','https://www.amazon.it/Maxhood-DisplayPort-adattatore-definizione-fissaggio/dp/B075LQX8D4/ref=sr_1_2?ie=UTF8&qid=1506695497&sr=8-2&keywords=mini+dp+femmina\r\n\r\nAlessio G',17,3,3,NULL,509,NULL,NULL,NULL,NULL,NULL),(181,'2017-10-02 10:58:19','2017-10-04 14:13:19','IPHONE 5C \r\nhttp://www.ebay.it/itm/IPHONE-5c-Flex-flat-Dock-Connettore-Ricarica-Cavo-Microfono-Jack-Audio-Cuffia-/221642724194?hash=item339aef9362:g:Pv0AAOSwYXVYztFx\r\n\r\nGIA NEL CARRELLO',17,3,1,NULL,2,NULL,NULL,NULL,NULL,NULL),(182,'2017-10-03 08:35:02','2017-10-04 14:14:27','P9 LITE GOLD  (Muscaritolo) http://www.ebay.it/itm/Full-LCD-Display-Touch-Screen-Digitizer-Frame-For-Huawei-P9-lite-Gold-/401250759409?hash=item5d6c68b2f1:g:KvUAAOSw-0xYZQm3',17,3,1,NULL,2,NULL,NULL,NULL,NULL,NULL),(183,'2017-10-04 07:16:51','2017-10-04 14:16:13','https://www.amazon.it/Epson-C13T27914012-Durabrite-Ultra-Cartuccia/dp/B00E9OSMOO/ref=sr_1_2?ie=UTF8&qid=1507100342&sr=8-2&keywords=epson+27+xl\r\n\r\nAlessio G',17,3,3,NULL,509,NULL,NULL,NULL,NULL,NULL),(184,'2017-10-04 10:11:14','2017-10-04 14:14:34','Lenny 3 Duchini http://www.ebay.it/itm/BATTERIA-PER-WIKO-LENNY-LENNY-2-LENNY-3-/292089554908?hash=item4401e4e7dc:g:g4wAAOSwdrdZc4UA\r\n\r\nGIA NEL CARRELLO ',17,3,1,NULL,2,NULL,NULL,NULL,NULL,NULL),(185,'2017-10-05 08:35:35','2017-10-05 13:19:34','NON GLI FUNZIONA LA POSTA NEL CELLULARE E NEGLI ALTRI PC',17,7,2,NULL,481,NULL,NULL,NULL,NULL,NULL),(186,'2017-10-05 09:06:23','2017-10-05 09:40:41','https://www.amazon.it/Canon-PG-545XL-Cartuccia-dInchiostro-Nero/dp/B00ET7Y5QA/ref=sr_1_1?s=office&rps=1&ie=UTF8&qid=1507139781&sr=1-1&keywords=Canon+PG-545XL\r\n\r\nAlessio G per DeFeo',17,3,3,NULL,509,NULL,NULL,NULL,NULL,NULL),(187,'2017-10-05 10:21:13','2017-10-06 07:45:03','TOUCH TAB ASUS. Gia nel CARRELLO \r\nhttp://www.ebay.it/itm/New-ASUS-Fonepad-7-2014-ME170CG-ME170C-ME170-K012-Touch-Screen-Digitizer-Glass-/322423537045?hash=item4b11f0bd95:g:0zgAAOSw3YJZQwv~',17,3,1,NULL,2,NULL,NULL,NULL,NULL,NULL),(188,'2017-10-05 01:33:47','2017-10-05 15:18:03','per Alberto Pratesi della Uno Maglia puoi ordinare le air pods della Apple?',11,3,1,NULL,509,NULL,NULL,NULL,NULL,NULL),(189,'2017-10-05 15:15:19','2017-10-06 07:42:23','ALIEXPRESS ACCOUNT ALESSIO LAST PASS \r\nhttps://shoppingcart.aliexpress.com/shopcart/shopcartDetail.htm?spm=a2g0s.13010208.1000002.2.aWrvDW',17,3,2,NULL,2,NULL,NULL,NULL,NULL,NULL),(190,'2017-10-06 08:41:20','2017-10-06 14:28:36','https://www.amazon.it/Motorola-AICEK-Silicone-Trasparente-Custodia/dp/B07221R9K9/ref=sr_1_2?ie=UTF8&qid=1507278965&sr=8-2&keywords=motorola+e4+plus+COVER',17,3,2,NULL,509,NULL,NULL,NULL,NULL,NULL),(191,'2017-10-06 08:47:19','2017-10-06 14:38:19','http://www.ebay.it/itm/PER-MOTOROLA-LENOVO-MOTO-E4-E4-PLUS-CUSTODIA-COVER-GEL-TPU-PELLICOLA-VETRO-/202059442595?var=&hash=item2f0bae69a3:m:m64j7TJwE_Y7dNyXJW9CPHQ',17,3,1,NULL,509,NULL,NULL,NULL,NULL,NULL),(192,'2017-10-06 15:32:18','2017-10-09 09:15:15','Ho gia parlato con Daniele Abc informatica c\'è da prendere il prima possibile il MacBook Pro 15\" con Touch Bar da 2899€ Pubblico. Mi serve il prima possibile, meglio per martedì/mercoledì.\r\nGrazie\r\n\r\nAlessio G',17,3,3,NULL,509,NULL,NULL,NULL,NULL,NULL),(193,'2017-10-06 15:35:56','2017-10-09 09:03:22','2x 13.3 Pollici Borsa\r\nhttps://www.amazon.it/MOSISO-Manicotto-Portatile-Repellente-Resistente/dp/B01M67XKK4/ref=sr_1_54?s=electronics&ie=UTF8&qid=1507303746&sr=1-54&keywords=borsa%2Bmacbook%2Bpro%2B15&th=1\r\n\r\n15.6\" Borsa Nera\r\nhttps://www.amazon.it/MOSISO-Manicotto-Portatile-Repellente-Resistente/dp/B071ZC9B9C/ref=sr_1_54?s=electronics&ie=UTF8&qid=1507303746&sr=1-54&keywords=borsa%2Bmacbook%2Bpro%2B15&th=1\r\n\r\nPrendimele tutte e 2 x 1 13\" - 1x 15.6\".\r\nGrazie\r\n\r\nAlessio G.',17,3,2,NULL,509,NULL,NULL,NULL,NULL,NULL),(194,'2017-10-07 14:35:18','2017-10-19 13:59:33','ORDINARE IPHONE 7 PLUS ROSSO 128 GB \r\nACCONTO LASCIATO DAL CLIENTE 50€ PREZZO DETTO 850€ (CI RIENTRIAMO IN QUESTA CIFRA?)',17,3,2,'0000-00-00 00:00:00',509,NULL,NULL,NULL,NULL,NULL),(195,'2017-10-07 16:11:16','2017-10-09 09:02:50','https://www.amazon.it/DisplayPort-Rankie-placcato-Adattatore-convertitore/dp/B010SDZZ80/ref=sr_1_4?ie=UTF8&qid=1507391656&sr=8-4&keywords=dp+hdmi\r\n\r\nAlessio G',17,3,1,NULL,509,NULL,NULL,NULL,NULL,NULL),(196,'2017-10-07 16:14:38','2017-10-09 09:02:23','https://www.amazon.it/gp/product/B0727X72HQ/ref=ox_sc_act_title_1?smid=A2GRF44VDRGJKG&psc=1\r\nAlessio G',17,3,3,NULL,509,NULL,NULL,NULL,NULL,NULL),(198,'2017-10-07 17:52:52','2017-10-09 09:01:49','https://www.amazon.it/Tastiera-Jelly-Comb-Wireless-Ultra-sottile/dp/B01N1ETAIY/ref=sr_1_75?s=pc&ie=UTF8&qid=1507398690&sr=1-75&keywords=tastiera+wifi\r\n\r\nastiera Mouse, Jelly Comb Kit Tastiera e Mouse Wireless MK09 Dimensioni tastiera completa [layout italiano QWERTY] per Windows / IOS / Android, blu e nero\r\n\r\nAlessio G\r\n\r\n',17,3,1,NULL,509,NULL,NULL,NULL,NULL,NULL),(199,'2017-10-09 13:42:53','2017-10-09 14:23:06','Batteria s6 edge plus Botti. Carrello ebay.\r\nhttps://www.ebay.it/itm/BATTERIA-DI-RICAMBIO-EB-BG928ABE-PER-GALAXY-S6-EDGE-PLUS-G928F-3000mAh-BULK-/322780488409?hash=item4b273762d9:g:dE8AAOSwHZ1ZyMbb',17,3,1,NULL,2,NULL,NULL,NULL,NULL,NULL),(200,'2017-10-09 13:53:20','2017-10-09 14:29:56','http://www.ebay.it/itm/TONER-SAMSUNG-MLT-D111S-ORIGINALE-BLACK-M2070-M2070W-M2020-/282443168821?hash=item41c2ecbc35:g:UbQAAOSwBlNZd4hd',17,3,2,NULL,509,NULL,NULL,NULL,NULL,NULL),(202,'2017-10-10 09:25:45','2017-10-11 08:09:36','FHR PARTS. Compleare pagamento Carrello\r\nhttp://fhrparts.com/checkout/cart/',17,3,1,NULL,2,NULL,NULL,NULL,NULL,NULL),(203,'2017-10-10 10:37:45','2017-10-10 10:37:45','Arriverà domani\r\nNon ancora spedito\r\nTraccia il mio pacco\r\n \r\nCanon 8288B001 Cartuccia Inkjet alta Resa CL-546XL ml, 13 Colore\r\nVenduto da: CHIMERA S.R.L.\r\nEUR 20,63\r\n\r\n\r\nl\'HO DOVUTO COMPARER DA AMAZON URGENTE\r\n\r\nAlessio G.',17,2,1,NULL,509,NULL,NULL,NULL,NULL,NULL),(204,'2017-10-10 15:50:35','2017-10-17 08:58:29','iPhone 8 Plus Gold 256Gb\r\n\r\nGli ho detto 4/5gg\r\n\r\nAlessio G.\r\n',17,3,2,NULL,509,NULL,NULL,NULL,NULL,NULL),(205,'2017-10-10 17:17:01','2017-10-30 15:49:21','iPhone 8 64gb Space Gray\r\n\r\nDa Fare Cambio Imei: 356761082879914\r\n\r\nAlessio G\r\n\r\nUrgentissimo per giovedì in negozio',17,3,3,NULL,509,NULL,NULL,NULL,NULL,NULL),(206,'2017-10-11 07:19:36','2017-10-11 08:26:53','Assicurazione Macbook Alessio G.\r\n\r\nhttps://www.cliccasicuro.it/claims/deductible/start/afedbc63-884e-4c2c-8c9c-d27123495a72',17,3,2,NULL,2,NULL,NULL,NULL,NULL,NULL),(207,'2017-10-11 07:25:07','2017-10-11 08:35:40','Display Lcd Completo Originale Samsung Galaxy A5 2016 SM-A510F Nero.\r\nGIA NEL CARRELLO EBAY\r\n\r\nhttps://www.ebay.it/itm/172865069449\r\n\r\n',17,3,3,NULL,2,NULL,NULL,NULL,NULL,NULL),(208,'2017-10-11 20:17:44','2017-10-12 08:17:37','http://www.ebay.it/itm/CUSTODIA-COVER-GOMMA-GEL-TRASPARENTE-PER-HTC-U11-PELLICOLA-VETRO-TEMPERATO-/232469775625?var=&hash=item3620474509:m:mPXOMyHuy9alWUiox39c-WQ\r\n\r\nAlessio G',17,3,2,NULL,509,NULL,NULL,NULL,NULL,NULL),(210,'2017-10-12 16:43:26','2017-10-13 09:31:18','COMPLETARE PAGAMENTO AMAZON. CARRELLO. LCD P9 LITE GOLD. ASSICURATI DI SELEZIONARE SPEDIZIONE EXPRESS\r\n\r\nhttps://www.amazon.it/gp/buy/spc/handlers/display.html?hasWorkingJavascript=1',17,3,3,NULL,2,NULL,NULL,NULL,NULL,NULL),(211,'2017-10-13 09:30:44','2017-10-13 09:48:19','https://www.amazon.it/Arrotondati-5D-Shockproof-Trasparenza-definizione-installare/dp/B01AEO4D0O/ref=sr_1_2?ie=UTF8&qid=1507886835&sr=8-2&keywords=PELLICOLA+ZENFONE+2+LASER',17,3,2,NULL,509,NULL,NULL,NULL,NULL,NULL),(212,'2017-10-13 13:30:21','2017-10-16 14:46:47','LG cover Q6. carrello Amazon. COLORE ORO\r\nhttps://www.amazon.it/gp/buy/spc/handlers/display.html?hasWorkingJavascript=1',17,3,1,NULL,2,NULL,NULL,NULL,NULL,NULL),(213,'2017-10-13 14:45:42','2017-10-16 14:47:10','PELLICOLA HUAWEI MATE 7. CARRELLO EBAY\r\n\r\nhttp://www.ebay.it/itm/Pellicola-in-Vetro-Temperato-per-Huawei-Mate-7-/262271190640?hash=item3d1094c670:g:mF4AAOSwOVpXXmoP',17,3,2,NULL,2,NULL,NULL,NULL,NULL,NULL),(214,'2017-10-13 15:46:52','2017-10-16 14:47:36','Pellicola Tab a 2016. 7\" gia nel carrello ebay.',17,3,2,NULL,2,NULL,NULL,NULL,NULL,NULL),(215,'2017-10-13 15:47:41','2017-10-16 14:47:38','Vetro Fotocamera Iphone 7. Gia nel carrello ebay\r\n\r\nhttp://www.ebay.it/itm/VETRO-LENTE-CAMERA-POSTERIORE-FOTOCAMERA-BACK-CAMERA-LENS-IPHONE-7-/292144286409?hash=item4405280ac9:g:KxAAAOSwgchZc3-2',17,3,2,NULL,2,NULL,NULL,NULL,NULL,NULL),(216,'2017-10-13 17:17:54','2017-10-17 07:42:50','PER nERI rOMUALDO spa ordinare 2 x Smartphone Asus ZenPhone 5,5\" intorno a 200 euro + iva a lui.\r\n\r\ntipo questo https://www.amazon.it/Asus-ZenFone-Smartphone-Memoria-Dual-SIM/dp/B01JOH2MJQ/ref=sr_1_1?ie=UTF8&qid=1507914771&sr=8-1&keywords=asus+zenfone \r\n\r\nGrazie.',17,3,1,'0000-00-00 00:00:00',482,NULL,NULL,NULL,NULL,NULL),(217,'2017-10-16 18:02:12','2017-10-23 14:07:36','Iphone 5s 16gb nuovo, il meno che costa.\r\n\r\nAlessio G',17,3,1,NULL,509,NULL,NULL,NULL,NULL,NULL),(218,'2017-10-17 17:02:27','2017-10-19 14:38:39','http://www.ebay.it/itm/Pellicola-in-Vetro-Temperato-Per-SAMSUNG-Galaxy-Note-3-Neo-N7505-Schermo-5-5-/401012797928?hash=item5d5e39b1e8:g:laMAAOSwfRdZKzVf\r\n\r\nAlessio G',17,3,3,NULL,509,NULL,NULL,NULL,NULL,NULL),(219,'2017-10-18 09:51:20','2017-10-23 14:09:50','https://www.ebay.it/itm/BATTERIA-NUOVA-ORIGINALE-LG-1500mAh-BL-44JN-per-LG-L1-/122556802879?hash=item1c88f4673f:g:3cwAAOSw3YJZSPXf ',17,3,2,'0000-00-00 00:00:00',2,NULL,NULL,NULL,NULL,NULL),(220,'2017-10-18 10:16:01','2017-10-19 14:01:14','DISPLAY TOM TOM - Manenchi\r\nCarrello ebay\r\n\r\nhttp://www.ebay.it/itm/Brand-New-Tomtom-VIA-4EN52-Z1230-LIFE-LCD-Screen-Touch-Screen-Digitizer-Glass-/152486792545?hash=item2380ebcd61:g:~C4AAOSw-jhUAb68',17,3,2,NULL,2,NULL,NULL,NULL,NULL,NULL),(221,'2017-10-18 16:08:53','2017-10-23 13:40:53','Da Ordinare Samsung S7 Normale Nero\r\nSa tutto Robi.\r\nDa far spedire domani entro le 12\r\n\r\nAlessio G.',17,3,3,NULL,509,NULL,NULL,NULL,NULL,NULL),(222,'2017-10-18 17:40:50','2018-01-23 11:49:24','CECCONI. Toner Samsung. Carrello Amazon\r\n\r\nhttps://www.amazon.it/MLD4550B-COMPATIBILE-SAMSUNG-ML-D4550B-CAPACITA/dp/B00JRJ3YJY/ref=sr_1_2?s=electronics&ie=UTF8&qid=1508338555&sr=1-2&keywords=TONER+COMPATIBILE+per+Samsung+ML-D4550B',17,7,3,NULL,2,NULL,'2018-01-23 12:42:40',NULL,NULL,NULL),(224,'2017-10-19 10:44:46','2018-01-23 11:49:21','https://www.amazon.it/Asus-DSL-N14U-B1-Wireless-Ethernet-Antracite/dp/B00J8LW6CM/ref=sr_1_4?s=pc&ie=UTF8&qid=1508408728&sr=1-4&keywords=modem+asus\r\n\r\nhttps://www.amazon.it/Epson-WorkForce-WF-2510WF-Multifunzione-dInchiostro/dp/B0095MGM8S/ref=sr_1_3?s=pc&ie=UTF8&qid=1508408192&sr=1-3&keywords=stampante+epson\r\n\r\nAlessio G\r\n\r\nGrazie',17,7,1,NULL,478,NULL,'2018-01-23 12:42:35',NULL,NULL,NULL),(225,'2017-10-19 10:51:20','2018-01-23 11:49:18','CARRELLO LOGEDI\r\nAlessio G',17,7,3,NULL,509,NULL,'2018-01-23 12:42:26',NULL,NULL,NULL),(226,'2017-10-20 15:10:47','2017-10-23 14:17:30','mi serve un pc tipo questo:\r\n\r\nhttp://www.ebay.it/itm/HiBox-Mini-PC-Windows-10-Android-5-1-QuadCore-4GB-DDR3-RAM-3D-DUAL-BAND-WIFI-/182498635390?hash=item2a7dc42e7e:g:hhsAAOSwOgdY0hIY\r\n\r\nordinalo e fai il ddt',11,3,1,NULL,31,NULL,NULL,NULL,NULL,NULL),(227,'2017-10-21 09:18:47','2017-10-23 13:47:00','J3 2016 - Samsung Galaxy J3 2016 SM-J320FN . Carrello ebay\r\n\r\nhttps://www.ebay.it/itm/263024609068',17,3,1,NULL,2,NULL,NULL,NULL,NULL,NULL),(228,'2017-10-23 07:39:09','2017-10-23 13:47:38','https://www.amazon.it/Epson-C13T789340-Cartuccia-Magenta/dp/B00I8EVB0I/ref=sr_1_1?ie=UTF8&qid=1508743961&sr=8-1&keywords=t7893+epson',17,3,2,NULL,2,NULL,NULL,NULL,NULL,NULL),(229,'2017-10-24 07:29:41','2017-10-24 14:16:51','RIP. 899 Mediacom Tab. 2 Oggetti. HO RICHIESTO UNICA SPEDIZIONE, CONTROLLA CHE NEL CARRELLO SIA GIUSTO. 28,70€ \r\n\r\nQUESTO è IL LINK DEL PAGAMENTO UNICO \r\nhttps://checkout.ebay.it/xo/view?pagename=ryprender&sessionid=742807328018\r\n\r\n\r\n\r\n',17,3,1,NULL,2,NULL,NULL,NULL,NULL,NULL),(230,'2017-10-24 09:25:19','2017-10-26 10:18:04','SCOCCA IPHONE 6S\r\nCARRELLO EBAY\r\n\r\nhttp://www.ebay.it/itm/BACK-COVER-SCOCCA-POSTERIORE-NERA-RICAMBIO-PER-IPHONE-6S-COMPLETA-SPACE-GRAY-GLS-/222549036434?hash=item33d0f4cd92:g:wwQAAOSwvjdZRPFv',17,3,1,NULL,2,NULL,NULL,NULL,NULL,NULL),(232,'2017-10-25 21:02:05','2017-10-25 21:02:05',' Ricaricare account Amazon per promo \r\n\r\nhttps://gizblog.it/2017/09/come-ricevere-buono-amazon-gratis-8-euro/',17,2,1,NULL,509,NULL,NULL,NULL,NULL,NULL),(233,'2017-10-25 21:05:21','2017-10-25 21:05:21','Altro buono \r\n\r\n???? Buono Amazon in Regalo: Spendi 30 euro e ne ricevi 6 di sconto!\r\n\r\n???? Dal 24 luglio fino al 31 ottobre sarà possibile,  a fronte di un ordine di un buono regalo Amazon del valore di almeno 30 euro, ricevere un buono sconto di 6 euro.\r\n\r\n???? Accedere alla promozione è molto semplice, vi basterà infatti:\r\n\r\n1? Accedere alla pagina relativa ad essa; ???? http://amzn.to/2uVEbIV\r\n2? Cliccare sul pulsante “Clicca qui per applicare la promozione” prima di procedere all’ordine del  Buono Regalo;\r\n3? Effettuare l’ordine di almeno 30 euro;\r\n\r\n? Il buono sconto di 6 euro verrà automaticamente applicato sul vostro account entro 48 ore. Ricordiamo inoltre che la promozione è limitata ad un solo ordine per account, quindi, in caso di un ordine di valore superiore a 30 euro, verrà attribuito un solo sconto utilizzabile fino alle 23:59 del 16 dicembre 2017 per ordini effettuati esclusivamente su Amazon Italia.',17,2,1,NULL,509,NULL,NULL,NULL,NULL,NULL),(234,'2017-10-26 08:19:13','2017-10-26 10:20:17','https://www.amazon.it/gp/product/B00UNSWVCO/ref=ox_sc_act_title_1?smid=AIVA77DL6UIJS&psc=1',17,3,3,NULL,2,NULL,NULL,NULL,NULL,NULL),(235,'2017-10-26 09:59:11','2017-10-26 10:24:56','https://www.ebay.it/itm/Tastiera-italiana-Retroilluminata-Lenovo-IdeaPad-Z500-Z500A-Z500G/252477957717?hash=item3ac8dbe655:g:UqsAAOSwyBlZeFDi\r\n\r\nAlessio per Robi',17,3,1,NULL,509,NULL,NULL,NULL,NULL,NULL),(236,'2017-10-26 14:52:57','2017-10-26 14:52:57','DATA ORDINE\r\n16 ott 2017	\r\nTOTALE ORDINE\r\nEUR 2,99\r\nSpedizione gratuita\r\nOrdine Pellicola in Vetro Temperato per Huawei Mate 7Restituisci questo oggetto\r\nLascia un commento di Feedback\r\nAltre azioni\r\n1 oggetto venduto da the.vendors\r\nPellicola in Vetro Temperato per Huawei Mate 7\r\nPellicola in Vetro Temperato per Huawei Mate 7\r\n( 262271190640 )\r\nData di consegna stimata: mer 18 ott - gio 19 ott\r\nL\'oggetto è stato spedito.\r\n\r\nmai arrivata non serve più\r\n',17,2,1,NULL,2,NULL,NULL,NULL,NULL,NULL),(238,'2017-10-30 10:18:24','2017-10-30 15:48:42','HTC 10 NERO. CARRELLO EBAY\r\n\r\nhttp://www.ebay.it/itm/Lcd-Display-Touch-Schermo-Screen-Originale-Htc-10-Nero-Kit/202062308449?hash=item2f0bda2461:g:~O8AAOSwIC1ZxQec',17,3,3,NULL,2,NULL,NULL,NULL,NULL,NULL),(239,'2017-10-30 16:17:15','2017-11-03 09:43:20','mi ordini per hotel chimera un dvr come lo avevo preso su Amazon?\r\n\r\nhttps://www.amazon.it/gp/product/B014KWHNH6/ref=oh_aui_detailpage_o07_s00?ie=UTF8&psc=1\r\n\r\n4 canali senza hard disc e poi lo dai a Luca de Feo dopo aver fatto il ddt',11,3,1,NULL,1035,NULL,NULL,NULL,NULL,NULL),(240,'2017-10-31 08:39:25','2018-11-28 13:05:26','CLAUDIO BERTOLETTI vuole aprire una nuova pec, cosa deve portare e quanto costa 3389617844',17,7,2,'0000-00-00 00:00:00',509,NULL,'2018-01-23 12:42:22',NULL,NULL,NULL),(241,'2017-10-31 09:44:52','2017-10-31 10:09:51','https://www.amazon.it/gp/product/B06XKVNMCK/ref=ox_sc_act_title_1?smid=A11IL2PNWYJU7H&psc=1\r\n\r\nAlessio G',17,3,3,NULL,432,NULL,NULL,NULL,NULL,NULL),(242,'2017-10-31 11:15:33','2017-11-03 09:36:53','2x Borse 15 Pollici\r\n\r\nhttps://www.amazon.it/gp/product/B071ZC9B9C/ref=ox_sc_mini_detail?ie=UTF8&psc=1&smid=AZWD4W1HKQUNP\r\n\r\nAlessio G',17,3,2,NULL,2,NULL,NULL,NULL,NULL,NULL),(243,'2017-11-02 09:56:06','2017-11-03 09:36:30','https://www.amazon.it/CSL-adattatore-parallelo-stampante-metri/dp/B00JPDLCB4/ref=sr_1_1?ie=UTF8&qid=1509611007&sr=8-1&keywords=parallela+usb\r\n\r\n\r\nAlessio G',17,3,2,NULL,89,NULL,NULL,NULL,NULL,NULL),(244,'2017-11-02 10:06:25','2017-11-03 09:36:09','https://www.ebay.it/itm/TONER-SAMSUNG-MLT-D111S-ORIGINALE-111s-BLACK-Xpress-M2070-M2070FW-M2020-M2022W/132352617732?hash=item1ed0d4ad04:g:oTQAAOSw5RRZyQvh',17,3,2,NULL,63,NULL,NULL,NULL,NULL,NULL),(245,'2017-11-02 11:25:23','2017-11-03 09:34:21','http://www.ebay.it/itm/Tastiera-ITALIANA-per-Notebook-Samsung-R530-R528-NP-R530-R540-NP-R540-NERA/302185788849?hash=item465bad35b1:g:kh0AAOSwn7JYDdJ5\r\n\r\nAlessio G per Robi',17,3,1,NULL,2,NULL,NULL,NULL,NULL,NULL),(246,'2017-11-03 14:05:16','2017-11-06 10:49:45','https://www.amazon.it/Meizu-Note-Smartphone-Dual-SIM-Oro/dp/B01DDP7YDE/ref=sr_1_1?ie=UTF8&qid=1509717472&sr=8-1&keywords=meizu+m3+gold\r\n\r\nAlessio G\r\n\r\nCè solo 1 pezzo',17,3,3,NULL,509,NULL,NULL,NULL,NULL,NULL),(247,'2017-11-03 14:55:05','2017-11-06 11:17:52','Vetro Fotocamera Iph 6S. Carrello eBay\r\n\r\nhttps://www.ebay.it/itm/iPhone-6s-Kamera-Glas-Linse-Echtglas-Camera-Glass-Lens/292189505318?hash=item4407da0726:g:PYwAAOSwPxtZcGb~',17,3,2,NULL,2,NULL,NULL,NULL,NULL,NULL),(248,'2017-11-03 20:29:18','2017-11-06 11:43:40','iphone 8 256Gb Gray\r\n\r\nAlessio G',17,3,2,NULL,509,NULL,NULL,NULL,NULL,NULL),(249,'2017-11-03 20:31:20','2018-01-23 11:49:12','Bonifico Da Avere da Wind\r\n\r\nConferma Pagamento\r\nTotale netto:	Eu 4.560,49\r\nIdentificativo Pagamento:	IPD07920B00043\r\nFatture Rivenditore :	490\r\n\r\nAlessio G.\r\n',17,7,1,NULL,2,NULL,'2018-01-23 12:41:58',NULL,NULL,NULL),(250,'2017-11-04 10:12:27','2017-11-06 11:26:00','http://www.ebay.it/itm/DISPLAY-LCD-TOUCH-SCREEN-PER-SAMSUNG-GALAXY-J5-2016-J510-SM-J510F-BIANCO-KIT/192315493077?hash=item2cc6e58ad5:g:Q5kAAOSwM7JZx9Vk',17,3,1,NULL,509,NULL,NULL,NULL,NULL,NULL),(251,'2017-11-04 11:56:27','2017-11-06 11:27:33','https://www.amazon.it/Samsung-BT-EFWJ510PB-Flip-Custodia-Galaxy/dp/B01EZ14IRU/ref=sr_1_1?s=electronics&ie=UTF8&qid=1509796525&sr=1-1&keywords=EF-WJ510PBEGWW\r\n\r\n\r\nj5 2016 nera flip',17,3,1,NULL,509,NULL,NULL,NULL,NULL,NULL),(252,'2017-11-06 09:16:05','2017-11-06 11:40:56','Stefi sponsorizziamo questa per 6 giorni, ci mettiamo 30 € di budjet\r\nhttps://www.facebook.com/246034255410295/photos/a.343089379038115.95341.246034255410295/1839100129437025/?type=3',17,3,3,'0000-00-00 00:00:00',2,NULL,NULL,NULL,NULL,NULL),(253,'2017-11-06 10:40:35','2017-11-06 11:33:40','https://www.ebay.it/itm/Nokia-Lumia-930-camera-frontale-front-camera-selfie/282717705863?hash=item41d349d687:g:1LIAAOSw3pVZxVuT\r\n\r\nAlessio G. per Tommy',17,3,2,NULL,2,NULL,NULL,NULL,NULL,NULL),(254,'2017-11-07 11:37:48','2017-11-08 08:58:10','Blackview A7 PRO - 5.0 pollici IPS Schermo 4G Android 7.0 smartphone Triple fotocamere (5MP + 0.3MP + 8MP), 1.3GHz quad core 2GB RAM 16GB, doppia SIM Bluetooth impronta digitale Batteria 2800mAh - Nero\r\n\r\nhttps://www.amazon.it/gp/product/B01LEVQOI0/ref=ox_sc_sfl_title_8?ie=UTF8&psc=1&smid=AYWO0S1S98PB9\r\n\r\nAlessio G',17,3,2,NULL,2,NULL,NULL,NULL,NULL,NULL),(256,'2017-11-07 15:59:26','2017-11-08 08:58:35','https://www.amazon.it/Jabra-BT2047-Auricolare-Bluetooth-colore-nero/dp/B01DTBBP9G/ref=sr_1_21?rps=1&ie=UTF8&qid=1510066690&sr=8-21&keywords=jabra+bluetooth\r\n\r\nAlessio G',17,3,1,NULL,2,NULL,NULL,NULL,NULL,NULL),(257,'2017-11-07 07:48:27','2017-11-09 08:48:43','problemi su un pc per la posta, parlare con Pratesi',11,7,1,NULL,1033,NULL,NULL,NULL,NULL,NULL),(258,'2017-11-08 01:17:36','2017-11-08 01:17:36','Ste ho fatto 2 ordine c e da chiedere la fattura:\r\n\r\nEbay 3,98 Euro gia chiesta per messaggio\r\n\r\nAmazon 3x Cuffie, da chiedere\r\n\r\nAlessio G.\r\nGrazie',17,2,1,NULL,2,NULL,NULL,NULL,NULL,NULL),(259,'2017-11-08 08:21:19','2017-11-08 09:01:15','prendi 2 di questi e falli avere alla ascom ma che non si capisca che viene da amazon \r\n\r\nhttps://www.amazon.it/gp/product/B00NHN168W/ref=oh_aui_detailpage_o03_s00?ie=UTF8&psc=1\r\n\r\nvenduti a 29 euro + iva ognuno\r\n\r\nGrazie.',11,3,1,NULL,535,NULL,NULL,NULL,NULL,NULL),(261,'2017-11-08 09:35:20','2017-11-13 10:19:46','https://www.ebay.it/itm/PANTALLA-ORIGINAL-PARA-ELEPHONE-P9000-LCD-TACTIL-DISPLAY-TOUCH-NEGRA-BLACK/291885202081?hash=item43f5b6baa1:g:AfUAAOSwR21Zwhei',17,3,3,NULL,2,NULL,NULL,NULL,NULL,NULL),(262,'2017-11-08 18:33:37','2017-11-13 10:20:07',' Su Amazon tre mouse Bluetooth Acer +2 dentifricio \r\n\r\n Richiedere fattura \r\n\r\nAlessio G',17,3,1,NULL,2,NULL,NULL,NULL,NULL,NULL),(263,'2017-11-09 10:30:34','2017-11-13 10:26:03','http://www.ebay.it/itm/LCD-DISPLAY-TOUCH-SCREEN-Per-SAMSUNG-Galaxy-J5-2016-J510F-NERO-VETRO-SCHERMO/263241414684?hash=item3d4a69381c:g:BOEAAOSwjIZZ0fHv',17,3,1,NULL,509,NULL,NULL,NULL,NULL,NULL),(264,'2017-11-09 10:30:55','2017-11-13 10:25:25','Grazie, il tuo ordine è stato ricevuto.\r\nNumero ordine: 406-9968058-5101158\r\nNURSAL Termometro Neonato, Termometro Frontale Infrarossi a corpo superficie Doppia modalità con lettura istantanea, display LCD retroilluminato, allarme colore febbre, 50 ricordi per neonato, bambini, adulti sarà spedito a NUMERO UNO da Amazon.it. \r\nData di consegna garantita: 10 nov. 2017\r\nZacro Kit di Riparazione Orologi Professionale, Strumento Riparazione Regolabile per Cinturino Braccialetto di Orologio Link Pin Remover con 3 Perni Supplementari sarà spedito a NUMERO UNO da Amazon.it. \r\nData di consegna garantita: 10 nov. 2017\r\nBambù Penna Stilografica Penna Calligrafica con Converter per la Ricarica di Inchiostro e Astuccio Regalo - Miglior Set di Penne Calligrafiche Manageriali per Firma Scritta per Cartucce Standard - Garanzia al 100% sarà spedito a NUMERO UNO da Amazon.it. \r\nData di consegna garantita: 10 nov. 2017\r\n\r\nRichiedere Fatture\r\n\r\nAlessio G\r\n',17,3,1,NULL,2,NULL,NULL,NULL,NULL,NULL),(265,'2017-11-09 14:19:46','2017-11-13 10:25:02','https://www.amazon.it/Bluetooth-Smartphone-controllati-apparaturen-impermeabile/dp/B07548XZ45/ref=sr_1_2?s=kitchen&ie=UTF8&qid=1510237217&sr=1-2&keywords=led+rgb+smartphone\r\n\r\nhttps://www.amazon.it/Cooko-Olecranon-Decantatore-Accessorio-Escursionismo/dp/B01G19FQN4?psc=1&SubscriptionId=AKIAJJDFGMG6A57J6UKQ&tag=ts077-21&linkCode=xm2&camp=2025&creative=165953&creativeASIN=B01G19FQN4\r\n\r\nAlessio G',17,3,1,NULL,2,NULL,NULL,NULL,NULL,NULL),(266,'2017-11-09 16:40:16','2017-11-13 10:24:06','https://www.amazon.it/gp/product/B075FLQT3X/ref=ox_sc_act_title_1?smid=A3D4LYHFBTW4E7&psc=1\r\n\r\nPer Giorgio Occhini\r\n\r\nAlessio G',17,3,1,NULL,2,NULL,NULL,NULL,NULL,NULL),(267,'2017-11-10 10:49:06','2017-11-15 11:13:22','kia preziosi.. vuole parlare con te, ha chiesto di chiamarla il prima possibile!\r\nchiedere di cristina',11,7,1,NULL,509,'2017-11-15 12:12:33','2017-11-15 12:13:09',NULL,NULL,NULL),(269,'2017-11-10 13:50:48','2017-11-13 10:24:13','BATTERIA A3 2016. CARRELLO EBAY.\r\n\r\nhttp://www.ebay.it/itm/Samsung-Batteria-Originale-EB-BA310ABE-2300mah-per-Galaxy-A3-2016-A310F-Ricambio/282672770313?hash=item41d09c2d09:g:RQoAAOSw60VZzP8N',17,3,1,NULL,2,NULL,NULL,NULL,NULL,NULL),(270,'2017-11-10 14:09:16','2017-11-13 10:32:37','acquisto luca defeo amazon x chimera . Gia acquistato\r\n\r\nTi abbiamo inviato un\'e-mail di conferma della ricezione\r\nNuovo Ricevi gli aggiornamenti relativi al tuo ordine. Scarica l\'App Amazon.\r\n\r\nhttps://www.amazon.it/gp/your-account/order-details/ref=oh_aui_veo_o00_s00?ie=UTF8&orderID=403-2778260-2380340\r\n\r\nNumero ordine: 403-2778260-2380340\r\nESYNiC USB Floppy Disk Ultra Sottile - 3.5\" USB Floppy Disk Drive Esterno Portatile 1.44 MB FDD per PC Windows 10/7/8 Windows XP/Vista/Mac - Colore Nero sarà spedito a NUMERO UNO da Amazon.it. \r\nData di consegna garantita: 13 nov. 2017\r\n\r\nIndirizzo di spedizione\r\nNUMERO UNO\r\nVia Vittorio Veneto, 126/B\r\nArezzo, Arezzo 52100\r\nItalia\r\nModifica\r\nModalità di pagamento\r\nMasterCard **** 8450\r\nModifica\r\nApplica saldo Buono Regalo\r\n\r\nInserisci codice\r\n Invia\r\nApplica\r\nRiepilogo ordine\r\nSubtotale articoli: EUR 13,99\r\nCosti di spedizione: EUR 0,00\r\nTotale: EUR 13,99\r\nTotale: EUR 13,99\r\n\r\n',17,3,1,NULL,509,NULL,NULL,NULL,NULL,NULL),(271,'2017-11-10 14:13:55','2017-11-13 10:14:49','TASTO HOME 6S. CARRELLO EBAY\r\n\r\nhttp://www.ebay.it/itm/TASTO-CENTRALE-HOME-BUTTON-COMPLETO-FLAT-FLEX-PER-IPHONE-6S-NERO/191931449172?hash=item2cb0017f54:g:ivgAAOSwRgJXlvxU',17,3,2,NULL,2,NULL,NULL,NULL,NULL,NULL),(272,'2017-11-10 15:14:53','2017-11-16 09:02:08','iphone 7 32gb black da pagare il meno possibile\r\nAlessio G Ordine Eleonora',17,3,2,NULL,2,NULL,NULL,NULL,NULL,NULL),(273,'2017-11-13 10:12:33','2017-11-24 10:24:05','problemi con una stampante chiama Serena x fissare 0575300921',11,7,1,NULL,504,NULL,NULL,NULL,NULL,NULL),(274,'2017-11-13 10:25:45','2017-11-14 10:03:48','Pama Da richiedere Fattura 123.48€\r\n\r\nAlessio G\r\n\r\n',17,3,1,NULL,2,NULL,NULL,NULL,NULL,NULL),(275,'2017-11-13 10:28:05','2017-11-14 10:04:42','https://www.amazon.it/Western-Digital-Elements-Portable-Esterno/dp/B06VVS7S94/ref=sr_1_3_mimg_1_pc_display_on_website?ie=UTF8&qid=1510332527&sr=8-3&keywords=wd+my+passport+1tb&dpID=41rgh2%252B2dyL&preST=_SY300_QL70_&dpSrc=srch\r\n\r\nAlessio G',17,3,1,NULL,2,NULL,NULL,NULL,NULL,NULL),(276,'2017-11-13 10:37:30','2017-11-15 11:44:03','https://www.amazon.it/AGPTek-Portabile-Esterno-DVD-ROM-Registratore/dp/B01I5784T8/ref=sr_1_7?ie=UTF8&qid=1510569340&sr=8-7&keywords=lettore+dvd+esterno\r\n\r\n\r\nAlessio G',17,3,2,NULL,2,NULL,NULL,NULL,NULL,NULL),(277,'2017-11-13 11:46:37','2017-11-15 11:43:20','RIP. 992 Meizu MX6 lcd. Carrello ebay\r\n\r\nhttps://www.ebay.it/itm/Genuino-Touch-Screen-LCD-Display-Retina-Per-Meizu-MX6-M685-5-5-Vetro-Schermo/142512119686?hash=item212e625f86:m:mYhvNdDVg8vXMrAL4r-nRKQ',17,3,2,NULL,2,NULL,NULL,NULL,NULL,NULL),(278,'2017-11-13 11:49:10','2017-11-15 11:41:37','RIP 992 MEIZU MX6. CARRELLO EBAY\r\n\r\nhttps://www.ebay.it/itm/Pellicola-Vetro-Temperato-per-Meizu-MX6-Protezione-Schermo-Tempered-Glass/152475521798?hash=item23803fd306:g:sp0AAOSwyP5aAxNz',17,3,2,NULL,2,NULL,NULL,NULL,NULL,NULL),(279,'2017-11-14 00:20:34','2017-11-15 11:42:33','https://www.amazon.it/iCozzier-Universale-Multi-dispositivo-Organizzatore-Smartphones/dp/B01EHFXBNQ/ref=sr_1_1?ie=UTF8&qid=1510327464&sr=8-1&keywords=stazione+ricarica+apple\r\n\r\nhttps://www.amazon.it/Supcase-Unicorn-custodia-resistente-compatibile/dp/B075ZPNVGJ/ref=sr_1_14?s=electronics&ie=UTF8&qid=1510330136&sr=1-14&keywords=spigen+apple+watch\r\n\r\nhttps://www.amazon.it/RAVPower-Caricatore-Certificato-Migliorata-Nero/dp/B01N2VHNE6/ref=sr_1_17_sspa?ie=UTF8&qid=1510331048&sr=8-17-spons&keywords=quick%2Bcharger%2B3.0%2B5%2Bporte&th=1\r\n\r\nAlessio G per DiGoro\r\n\r\n',17,3,2,NULL,2,NULL,NULL,NULL,NULL,NULL),(280,'2017-11-14 19:42:19','2017-11-16 15:50:38','mi puoi ordinare:\r\n\r\n1 x Firewall Stormshield SN160 con manteinance 1 anno prendilo da ECONNET SRL scrivi a ordini@econnet.it o chiamali \r\n1 x Acronis true image 2018 licenza da 3pc (dovrebbe costare intorno a 100 euro) Fornitore a scelta basta che paghiamo con riba o 30 giorni - https://www.acronis.com/it-it/personal/computer-backup/ \r\n1 x Disco SSD 240Gb\r\n\r\nfai del tutto DDT a CS Group e metti la roba sopra la mia scrivania, che andiamo venerdì mattina a fare l\'installazione, quindi accertiamoci di avere tutto pronto.\r\npreventivo fatto al cliente (assicurati che abbiamo margine):\r\nFirewall Stormshield Appliance SN160 - 5 x 10/100/1000 interfaces (2 zones) € 495 + iva\r\nUTM Security Pack (canone annuale per aggiornamenti Firewall) € 145 + iva\r\nAcronis True Image 2018 3 pc € 100 + iva\r\nUpgrade SSD 240Gb pc Andrea € 130 + iva\r\n ',11,3,1,NULL,31,NULL,NULL,NULL,NULL,NULL),(281,'2017-11-15 00:30:13','2017-11-15 11:21:36','https://www.amazon.it/Cubot-Pellicola-Protettiva-AVIDET-Premium/dp/B076MV96XK/ref=sr_1_9?ie=UTF8&qid=1510703437&sr=8-9&keywords=cubot+x18+pellicola\r\n\r\nAlessio G\r\n\r\n',17,3,1,NULL,2,NULL,NULL,NULL,NULL,NULL),(282,'2017-11-15 09:22:02','2017-11-15 11:20:40','https://www.amazon.it/Epson-C13T789140-Cartuccia-Inkjet-Capacit%C3%A0/dp/B00I8EV2G6/ref=sr_1_1?ie=UTF8&qid=1510737285&sr=8-1&keywords=T7891',17,3,1,NULL,2,NULL,NULL,NULL,NULL,NULL),(284,'2017-11-15 19:40:20','2017-11-16 08:49:53','https://www.amazon.it/GRS-Batteria-VGP-BPS22-VGP-BPS22-VGP-BPL22/dp/B009G2IW4O/ref=sr_1_4?ie=UTF8&qid=1510774349&sr=8-4&keywords=VGP-BPS22\r\n\r\nAlessio G',17,3,2,NULL,2,NULL,NULL,NULL,NULL,NULL),(285,'2017-11-16 01:13:22','2017-11-16 08:50:52','2x https://www.amazon.it/Toshiba-HDTB310EK3AA-Canvio-Basic-Esterno/dp/B00KWHJY7Q/ref=sr_1_1?ie=UTF8&qid=1510788827&sr=8-1&keywords=hdd+esterno\r\n\r\n4x https://www.amazon.it/ELUTENG-Enclosure-Alloggiamento-Involucro-Trasparente/dp/B06XC9DKCF/ref=sr_1_3?ie=UTF8&qid=1510789007&sr=8-3&keywords=box+usb+3.0\r\n\r\n1x https://www.amazon.it/Yottamaster-USB3-0-Esterno-Rigido-Attrezzi/dp/B06XYMD5TK/ref=sr_1_4?ie=UTF8&qid=1510789007&sr=8-4&keywords=box%2Busb%2B3.0&th=1\r\n\r\n1x https://www.amazon.it/ORICO-Case-Esterno-SATA-Hard-Disk/dp/B011O9JAVA/ref=sr_1_35?rps=1&ie=UTF8&qid=1510790236&sr=8-35&keywords=box+usb+3.0\r\n\r\nDa vendere come privato\r\n\r\nAlessio G',17,3,2,NULL,2,NULL,NULL,NULL,NULL,NULL),(286,'2017-11-16 09:13:49','2017-11-20 09:13:03','VETRO NERO SAMSUNG G531F. CARRELLO EBAY.\r\n\r\nhttp://www.ebay.it/itm/New-Samsung-Galaxy-GRAND-PRIME-SM-G531F-G531H-Touch-Screen-Digitizer-Glass-Black/322220726576?hash=item4b05da1930:g:gbkAAOSwCQZZAnTq',17,3,1,NULL,2,NULL,NULL,NULL,NULL,NULL),(287,'2017-11-16 10:36:36','2017-11-20 09:13:36','Samsung S8 Plus Dark (Quello che costa meno tra Orchid Gray e Mid Black)\r\n\r\nVendita Cash\r\n\r\nDetto tra 4gg\r\n\r\nAlessio G',17,3,2,NULL,2,NULL,NULL,NULL,NULL,NULL),(288,'2017-11-16 11:30:55','2017-11-17 08:49:43','ordinare da computer gross: epson wf5620 con una serie di cartucce ci - monitor 27 dell professionale - docking station per notebook dell xps13 - mouse e tastiera belli senza filo mi serve tutto x martedì mattina fai ddt a idealogy',11,3,1,NULL,1033,NULL,NULL,NULL,NULL,NULL),(289,'2017-11-17 10:43:46','2017-11-24 09:57:29','scaduto Kaspersky da rinnovare, gli scade lunedì',11,7,1,NULL,250,NULL,NULL,NULL,NULL,NULL),(290,'2017-11-17 14:49:10','2017-11-17 14:54:45','Carrello Amazon',17,3,3,NULL,2,NULL,NULL,NULL,NULL,NULL),(291,'2017-11-17 15:08:23','2017-11-20 09:12:22','https://www.ebay.it/itm/New-Cubot-x18-Painted-Case-Hard-Plastic-Cover-Back-Shell-Protective-Cas/253217360557?hash=item3af4ee4aad:m:maTWOqePKntOOsia3jrzl2g\r\n\r\nAle',17,3,1,NULL,2,NULL,NULL,NULL,NULL,NULL),(292,'2017-11-18 10:54:21','2017-11-20 09:10:23','Comprato Braccialetto Amazon in Promo\r\n\r\nORDINE # 405-0676072-6512322\r\n\r\nAlessio G Vendita Cash',17,3,1,NULL,2,NULL,NULL,NULL,NULL,NULL),(293,'2017-11-18 20:43:30','2017-11-20 09:07:43','Ste quando ho presp l\'apple watch Ti ho messo la fattura sopra al tuo tavolo\r\nGrazie\r\n\r\nAlessio G',17,3,1,NULL,2,NULL,NULL,NULL,NULL,NULL),(294,'2017-11-20 22:42:28','2017-11-21 08:22:57','RICARICHE WIND SUBITO ALLE 9. \r\nURGENTE FOTO CON CRO\r\n\r\nPREVENTIVI\r\n  Numero Fatture:	0  \r\n  Elenco Fatture:	 \r\n  Numero Ordini:	1  \r\n  Elenco Ordini:	0266187121\r\n  Importo:	1.074,70  \r\n  Data:	20/11/2017   \r\n  Identificativo Pagamento:	IPWN0792000085  \r\n\r\n DATI BANCARI\r\n Banca:	Wind Tre S.p.A.\r\n CODE:	IT\r\n CHECK DIGIT:	19\r\n ABI - CAB:	03069 - 05020\r\n C/C:	024082320258\r\n CIN:	M\r\n IBAN:	IT19 M030 6905 0200 2408 2320 258\r\n\r\nALESSIO G',17,3,3,NULL,2,NULL,NULL,NULL,NULL,NULL),(295,'2017-11-22 15:06:41','2017-11-27 15:00:47','RIP. 1019 . CARRELLO EBAY. LCD +è FLòAT RICARICA SAMSUNG A510F A5 2016\r\n\r\nhttp://www.ebay.it/itm/FLAT-DOCK-USB-CONNETTORE-RICARICA-JACK-AUDIO-TASTO-HOME-SAMSUNG-A510F-A5-2016/272646380363?hash=item3f7afd9b4b:g:PusAAOSwqWNZANDK\r\n\r\nhttps://www.ebay.it/itm/122735835342',17,3,2,NULL,2,NULL,NULL,NULL,NULL,NULL),(296,'2017-11-22 15:36:23','2017-11-27 15:00:48','RIP. 1027 BATTERIA LG FLEX 2. CARRELLO EBAY\r\n\r\nhttp://www.ebay.it/itm/batteria-BL-T16-originale-LG-H955-G-Flex-2-pila-nuova-sostitutiva-3000mAh-bulk/391478063509?hash=item5b25e93195:g:1i4AAOSwqrtWn7BE',17,3,2,NULL,2,NULL,NULL,NULL,NULL,NULL),(297,'2017-11-23 12:09:56','2017-11-23 15:26:34','\r\nGrazie, il tuo ordine è stato ricevuto.\r\nTi abbiamo inviato un\'e-mail di conferma della ricezione. \r\nNuovo Ricevi gli aggiornamenti relativi al tuo ordine. Scarica l\'App Amazon.\r\n\r\nNumero ordine: 406-6752210-0858768\r\n3 articoli saranno spediti a NUMERO UNO da Amazon.it. \r\nData di consegna garantita: 28 nov. 2017\r\nControlla o modifica ordine\r\n\r\nAlessio G',17,3,1,NULL,2,NULL,NULL,NULL,NULL,NULL),(298,'2017-11-24 09:49:38','2017-11-27 15:00:43','https://www.amazon.it/Sylvania-pi%C3%B9-della-confezione-3000/dp/B076VL5NV2/ref=sr_1_3?ie=UTF8&qid=1511513481&sr=8-3&keywords=Sylvania+6+W++GX53+3000K',17,3,1,NULL,2,NULL,NULL,NULL,NULL,NULL),(299,'2017-11-24 02:14:01','2017-11-29 09:12:54','Portare una scheda video per Laura',11,7,1,NULL,263,NULL,NULL,NULL,NULL,NULL),(300,'2017-11-27 09:57:19','2017-11-27 15:00:41','RIP 1035 batteria hp dv6-2000sl \r\nCARRELLO EBAY',17,3,3,NULL,2,NULL,NULL,NULL,NULL,NULL),(301,'2017-11-27 20:41:45','2017-11-30 11:21:45','http://www.ebay.it/itm/Pellicola-In-Vetro-Temperato-Per-Xiaomi-Redmi-4a/282436336072?hash=item41c28479c8:g:cFoAAOSwDmBY4-yp - - - - - -\r\n\r\nhttp://www.ebay.it/itm/Custodia-Cover-Xiaomi-Redmi-4A-GEL-Silicone-TPU-Morbida-100-Trasparente/253033821441?hash=item3ae9fdb501:g:APAAAOSwOjBZX-X2\r\n\r\n - - - - -\r\n\r\nAlessio G per Razzolini',17,3,1,NULL,509,NULL,NULL,NULL,NULL,NULL),(302,'2017-11-27 20:50:06','2017-11-29 10:58:07','https://www.ebay.it/itm/9h-Tempered-Glass-Screen-Protector-Film-Guard-Case-For-Samsung-Galaxy-Lenovo/282670300322?hash=item41d0767ca2:m:mCeOWqUnqlW0Uj8VXMpDXRw   - - - - - -\r\n\r\nhttps://www.amazon.it/Lenovo-Custodia-Pellicola-Protettiva-Pollici/dp/B00GNUEA4S/ref=sr_1_2?ie=UTF8&qid=1511815129&sr=8-2&keywords=lenovo+b8000+custodia - - - - - -\r\n\r\nLenovo B8000\r\n\r\nCover + Pellicola per Mamma Gioia\r\n\r\nAlessio G',17,3,1,NULL,509,NULL,NULL,NULL,NULL,NULL),(303,'2017-11-27 20:52:44','2017-12-05 10:23:45','iPhone 8 64Gb Se costano uguale Silver - Senno quello che costa meno - - - - Cash\r\n\r\nAlessio G - Alessandro Pancani',17,3,2,NULL,509,NULL,NULL,NULL,NULL,NULL),(304,'2017-11-27 20:53:28','2017-12-05 10:23:55','1x iPhone x 256Gb Silver- - - -\r\n1x iPhone x 256Gb Black - - -- Alessio G per Sara Parati - - -Cash - - Da Consegnare Mercoledì',17,3,2,NULL,509,NULL,NULL,NULL,NULL,NULL),(306,'2017-11-28 17:23:23','2017-11-29 10:24:55','ORDINE 304. CARRELLO EBAY.\r\n\r\nhttp://www.ebay.it/itm/Lente-fotocamera-quadro-vetro-BACK-CAMERA-POSTERIORE-Biadesivo-LG-G4-H815-GOLD/322890757655?hash=item4b2dc9f617:g:ftsAAOSwlptaEGC7',17,3,2,NULL,2,NULL,NULL,NULL,NULL,NULL),(307,'2017-11-29 10:10:45','2017-11-29 10:11:54','2x - - - https://www.amazon.it/gp/product/B01ESXWJQW/ref=ox_sc_act_title_1?smid=A3J4YHBZTUGUP&psc=1\r\n\r\nAlessio G',17,3,3,NULL,2,NULL,NULL,NULL,NULL,NULL),(308,'2017-11-29 10:19:03','2017-11-29 10:32:48','http://www.tfmpoint.it/lettori-adattatori-memory-card/239473-card-reader-x-smart-card-zucchetti-usb-nero-z10-1102-0888440351254.html - - - - - - Se non disponibile - - - - - http://www.bbitinformatica.com/product/c/17033/d/BBITINFORMATICA-CARD-READER-ZUCCHETTI-Z10-1102-USB - - - -\r\nAlessio G - - - (Luca de Feo) Matteini Strade',17,3,3,NULL,263,NULL,NULL,NULL,NULL,NULL),(309,'2017-11-30 10:27:41','2017-12-05 10:22:36','https://www.amazon.it/Sottile-Custodia-Samsung-Vooway%C2%AE-MS70436/dp/B07568GY9X\r\n\r\nAlessio G - Giorgio Occhini',17,3,1,NULL,509,NULL,NULL,NULL,NULL,NULL),(311,'2017-11-30 14:59:34','2017-12-05 10:12:36','surface pro 3 (arrivato difettoso, gia aperto tutto io, faranno rimborso) intanto comprare altro. GIA CARRELLO EBAY.\r\n\r\nhttp://www.ebay.it/itm/LCD-Display-Vetro-Schermo-Touch-Screen-per-Microsoft-Surface-Pro-3-V1-1-Origin/142541490345?hash=item21302288a9:g:~icAAOSwQS1aDvZp',17,3,3,NULL,2,NULL,NULL,NULL,NULL,NULL),(312,'2017-12-01 09:58:36','2017-12-04 13:06:51','https://www.amazon.it/Lindy-31846-Cavo-Tipo-Nero/dp/B001G5QHQO/ref=sr_1_4?ie=UTF8&qid=1512122252&sr=8-4&keywords=CAVO+USB+TIPO+B\r\n\r\n\r\n\r\n3 METRI',17,3,1,NULL,509,NULL,NULL,NULL,NULL,NULL),(314,'2017-12-01 11:37:01','2017-12-06 11:18:51','Ordine SSD  - - Ho visto quelli che costano meno sono da BPM Power.\r\nSSD 240GB x8 : Codice: B0560791 \r\nSSD 120GB x2 : Codice: B0621375\r\n                    X2 : Codice: B0646153\r\nOppure da Questo costano anche meno, ma non so il pagamento:\r\nSA400S37/120G	SSDNow A400 120GB SATA-6Gb	€ 37,10\r\nSA400S37/240G	SSDNow A400 240GB SATA-6Gb	€ 59,38\r\nWDS120G1G0A	WD Green SSD 120GB SATA-6Gb	€ 37,80\r\nWDS240G1G0A	WD Green SSD 240GB SATA-6Gb	€ 59,81\r\n\r\nSTSHX-M101TCBM	1TB Maxtor M3 Portable 2,5\", USB 3.0, black	€ 33,77\r\n\r\nFabio Fiume\r\n\r\nTrading International Tecnology\r\nc/o In Centro - Strada Consortile Zona Industriale Aversa Nord\r\n81032 Carinaro CE - Capannone A09\r\nWhatsApp 349-5613805\r\nskype: fabio-fiume\r\nTel: 081-5033091 \r\nCell: 349-5613805\r\nemail: fabio.fiume@tradingdistribuzione.it\r\nwww.tradingdistribuzione.it\r\n\r\nAlessio G',17,3,2,NULL,2,NULL,NULL,NULL,NULL,NULL),(315,'2017-12-01 12:21:52','2017-12-07 09:55:31','http://fhrparts.com/checkout/cart/\r\n\r\nIncasso Cash\r\n\r\nTotale 320€\r\n\r\nC\'è da mandare via il carrello, hai l\'accesso su last pass - - - - Alessio G',17,3,3,NULL,2,NULL,NULL,NULL,NULL,NULL),(316,'2017-12-01 12:36:17','2018-01-10 08:41:10','https://www.amazon.it/MacBook-Retina-Tastiera-Ricondizionato-Certificato/dp/B071RVR6QM/ref=sr_1_2?s=pc&ie=UTF8&qid=1512131185&sr=1-2&keywords=Apple+MacBook+Pro+Retina+12\r\n\r\nUsare account privato perchè poi c\'è da fare il reso, i soldi vengono solo bloccati e non spesi, meglio se usi una postepay e non la carta di credito - - - Alessio G',17,3,2,NULL,2,NULL,NULL,NULL,NULL,NULL),(317,'2017-12-01 12:41:06','2018-01-10 08:42:54','https://www.amazon.it/Apple-iPhone-128G-Smartphone-Ricondizionato/dp/B074N8ZLY5/ref=sr_1_4?srs=10675215031&ie=UTF8&qid=1512131993&sr=8-4&keywords=iphone+7+128\r\n\r\nStessa cosa del MacBook Retina - - Per essere sicuro fallo con una postepay, così siamo sicuri del rimborso e si vede - - Alessio G ',17,3,2,NULL,2,NULL,NULL,NULL,NULL,NULL),(318,'2017-12-01 16:26:12','2017-12-04 13:10:13','Me ne serve 2  - - - - https://www.amazon.it/faretto-multicolore-telecomando-100w-Watts/dp/B00OBMV6X8/ref=sr_1_11?ie=UTF8&qid=1512144921&sr=8-11&keywords=FARO+LED+RGB+50W - - - - Alessio G - - ',17,3,3,NULL,2,NULL,NULL,NULL,NULL,NULL),(319,'2017-12-01 17:28:27','2017-12-04 14:08:59','Huawei P10 Lite Gold 32Gb il meno che costa - - - x Mercoledì Mattina - - - Alessio G',17,3,3,NULL,509,NULL,NULL,NULL,NULL,NULL),(320,'2017-12-02 00:24:48','2017-12-04 14:10:09','Lunedi dovrebbero arrivare 2 finanziamenti detusche bank ci devi comprare:\r\n1x note 8 Gold\r\n1x Samsung s8 plus dark\r\nGrazie',17,3,2,NULL,2,NULL,NULL,NULL,NULL,NULL),(322,'2017-12-02 11:08:38','2017-12-04 14:08:03','Huawei P10 Silver 64GB - - -Alessio G- - - Venduto a 470€ Cash - - - Patrick',17,3,3,NULL,509,NULL,NULL,NULL,NULL,NULL),(323,'2017-12-03 05:04:00','2017-12-04 13:09:09','mi prendi 2 di questi?\nANSMANN 1250-0002 \"Eu To Us\" Travelplug Spina da Viaggio per Usa, Stati Uniti D\'America (Classe di Protezione 1 + 2)\nl\'ho visto su Amazon ma prendilo dove ti pare, me ne servono 2, adattatore da spina usa a schuko',11,3,1,NULL,2,NULL,NULL,NULL,NULL,NULL),(324,'2017-12-04 12:08:21','2017-12-04 15:29:28','https://www.amazon.it/TP-Link-TL-PA4010-Powerline-Ethernet-Adattatori/dp/B00A0VBPLM/ref=sr_1_1?ie=UTF8&qid=1512388477&sr=8-1&keywords=powerline',17,3,2,NULL,509,NULL,NULL,NULL,NULL,NULL),(325,'2017-12-05 02:32:19','2017-12-06 11:24:04','Ordinare scheda video pci express compatibile con Windows 10 normalissima niente gaming o elaborazioni grafiche. Stefano.',13,3,1,NULL,1044,NULL,NULL,NULL,NULL,NULL),(326,'2017-12-05 17:03:23','2017-12-05 17:03:23','batteria easyteck V2-BL108  ',17,2,1,NULL,509,NULL,NULL,NULL,NULL,NULL),(327,'2017-12-06 08:59:01','2017-12-06 11:20:21','https://www.amazon.it/Samsung-MLT-D111S-ELS-Toner-111S/dp/B00E3MLHD0/ref=sr_1_2?ie=UTF8&qid=1512548686&sr=8-2&keywords=d111s',17,3,2,NULL,63,NULL,NULL,NULL,NULL,NULL),(328,'2017-12-06 15:18:47','2017-12-07 09:52:45','https://www.ebay.it/itm/2x-Protettore-di-Vetro-per-Xiaomi-Redmi-Note-4-Pellicola-Schermo-9H-0-3mm-Glass/162311904014?hash=item25ca8b1b0e:g:7JkAAOSwPpZaFS~b  - - - - https://www.ebay.it/itm/Custodia-per-Xiaomi-Redmi-Note-4-TPU-Gel-Cover-Case-Thin-Transparente-Ultra-Slim/182736697151?hash=item2a8bf4b73f:g:TuAAAOSwZtlaAxLP  - - - Alessio G per Nello',17,3,1,NULL,509,NULL,NULL,NULL,NULL,NULL),(329,'2017-12-06 15:33:56','2017-12-07 09:45:08','https://www.ebay.it/itm/Flip-cover-case-OUKITEL-U7-PLUS-Funda-tipo-libro-cartera-White-Blanca/232210214256?hash=item3610cead70:g:HPAAAOSwo4pYf6A~    - - - - https://www.amazon.it/Protettiva-AICEK-Compatibile-Trasparenza-definizione/dp/B0777HBJ4H/ref=sr_1_5?s=electronics&ie=UTF8&qid=1512574576&sr=1-5&keywords=oukitel+u7+plus+PELLICOLA - - Alessio G per Rotelli',17,3,2,NULL,509,NULL,NULL,NULL,NULL,NULL),(330,'2017-12-07 19:23:40','2017-12-11 15:17:19','https://www.amazon.it/inferiore-cacciaviti-A1278-A1286-A1297/dp/B06XY58QQ8/ref=sr_1_4?s=electronics&ie=UTF8&qid=1512674512&sr=1-4&keywords=piedini+macbook+pro -  - Alessio G Nostri interni',17,3,3,NULL,2,NULL,NULL,NULL,NULL,NULL),(331,'2017-12-08 02:38:55','2017-12-11 15:17:54','2X https://www.amazon.it/SENDIS-Impermeabile-Flessibile-Telecomando-Alimentazione/dp/B01ESXWJQW/ref=sr_1_12?ie=UTF8&qid=1512609964&sr=8-12&keywords=rgb+impermeabile  -   - - ALESSIO G',17,3,2,NULL,2,NULL,NULL,NULL,NULL,NULL),(332,'2017-12-08 20:34:07','2017-12-11 15:18:12','https://www.amazon.it/Asus-DSL-N12E-Wireless-Ethernet-Antracite/dp/B009F98608/ref=sr_1_11?s=pc&ie=UTF8&qid=1512763809&sr=1-11&keywords=modem+router+adsl+wifi   /   Alessio G per Artini',17,3,2,NULL,509,NULL,NULL,NULL,NULL,NULL),(333,'2017-12-10 23:14:45','2017-12-11 15:19:14','3x https://www.amazon.it/ibuytop-Quick-Charge-caricatore-porte/dp/B06XDD4X52/ref=sr_1_6?s=electronics&ie=UTF8&qid=1512946759&sr=1-6&keywords=qualcomm+3.0  - - - - - -  3x  https://www.amazon.it/Caricabatteria-2018-Release-3-0-caricatore-protezione-dispositivi/dp/B077Z6CB3T/ref=sr_1_3?s=electronics&ie=UTF8&qid=1512946487&sr=1-3&keywords=auto+charger+3.0   - - - - - - - 2x https://www.amazon.it/3-0-Quick-caricabatteria-Lamyik-intelligente-protezione/dp/B076HR5Z5D/ref=sr_1_12?s=electronics&ie=UTF8&qid=1512946657&sr=1-12&keywords=auto+qualcomm+3.0  - - - - -  Alessio G',17,3,1,NULL,2,NULL,NULL,NULL,NULL,NULL),(334,'2017-12-11 13:51:23','2017-12-11 15:19:35','2x sourcingmap® Attaccapanni Da Parete Design Moderno In Lega d\'Alluminio Con 4 Ganci , Gancio Doppio https://www.amazon.it/dp/B009IO0L44/ref=cm_sw_r_cp_api_HZOlAbBY2AGTM - - - Alessio G',17,3,1,NULL,2,NULL,NULL,NULL,NULL,NULL),(336,'2017-12-14 02:57:32','2017-12-15 15:35:50','Mi serve un disco a stato solido 240 gigabyte',13,3,1,NULL,482,NULL,NULL,NULL,NULL,NULL),(337,'2017-12-14 03:11:25','2017-12-15 15:42:45','Hub usb con alimentazione almeno 5 porte.',13,3,1,NULL,33,NULL,NULL,NULL,NULL,NULL),(338,'2017-12-15 09:34:05','2017-12-15 15:42:59','CARRELLO EBAY: BATTERIA IPHONE 6\r\n\r\nhttps://www.ebay.it/itm/112642546615',17,3,3,NULL,2,NULL,NULL,NULL,NULL,NULL),(339,'2017-12-15 09:38:21','2017-12-15 15:43:02','LG K8. CARRELLO EBAY.\r\n\r\nhttps://www.ebay.it/itm/322711714648?var=512001835559',17,3,1,NULL,2,NULL,NULL,NULL,NULL,NULL),(340,'2017-12-15 09:44:05','2017-12-15 15:43:08','BATTERIA SAMSUNG J500FN. CARRELLO EBAY\r\n\r\nhttps://www.ebay.it/itm/322886706106',17,3,1,NULL,2,NULL,NULL,NULL,NULL,NULL),(342,'2017-12-15 11:52:37','2017-12-15 15:35:31','3X https://www.amazon.it/MOSISO-Ultrabook-Portatile-Idrorepellente-Protettiva/dp/B071ZC9B9C/ref=sr_1_7?ie=UTF8&qid=1513338276&sr=8-7&keywords=BORSA%2BMACBOOK%2BPRO&th=1  - - - Alessio G',17,3,3,NULL,2,NULL,NULL,NULL,NULL,NULL),(343,'2017-12-17 21:22:00','2017-12-18 17:09:25','https://www.amazon.it/HP-OfficeJet-Stampante-Multifunzione-Wireless/dp/B01ID6W8FW/ref=sr_1_1?m=A11IL2PNWYJU7H&s=electronics&ie=UTF8&qid=1513080449&sr=1-1&keywords=stampante+hp  / / / /Alessio G per Claudia',17,3,2,NULL,509,NULL,NULL,NULL,NULL,NULL),(344,'2017-12-18 07:14:05','2017-12-18 07:14:05','Spedire in contrassegno:\r\n\r\n2 x https://www.amazon.it/Zecti-Dimmerabile-Fotografico-fotografica-Regolabili/dp/B06ZYGYWZN/ref=sr_1_17_sspa?ie=UTF8&qid=1513581025&sr=8-17-spons&keywords=cubo+foto&psc=1\r\n\r\nA quel signore di cognome GRECO di Pisa, gli avevamo già fatto una spedizione.\r\n\r\n100 € in totale.',11,2,1,'0000-00-00 00:00:00',1037,NULL,NULL,NULL,NULL,NULL),(345,'2017-12-18 09:20:04','2017-12-18 17:07:57','2x  https://www.amazon.it/Samsung-MLT-D111S-ELS-Toner-111S/dp/B00E3MLHD0\r\n',17,3,1,NULL,63,NULL,NULL,NULL,NULL,NULL),(346,'2017-12-18 11:52:59','2017-12-18 17:21:50','NOKIA LUMIA 950 XL NERO. CARRELLO EBAY\r\n\r\nhttps://www.ebay.it/itm/For-New-Nokia-Microsoft-Lumia-950XL-LCD-Touch-Screen-Frame-Digitizer-Assembly/322721381278?hash=item4b23b17b9e:g:IjkAAOSwUQ1ZsRBi',17,3,2,NULL,2,NULL,NULL,NULL,NULL,NULL),(347,'2017-12-19 18:23:59','2017-12-22 16:51:14','VETRO G4. Carrello ebay',17,3,3,NULL,2,NULL,NULL,NULL,NULL,NULL),(348,'2017-12-22 01:28:56','2017-12-22 16:50:15','IPHONE 8 + 64GB SCURO / / / Alessio G per Pausilli / / / Per Venerdi',17,3,1,NULL,509,NULL,NULL,NULL,NULL,NULL),(350,'2017-12-22 09:41:55','2017-12-22 16:50:02','https://www.amazon.it/Resistente-trasparente-Anti-shock-Protezione-Arrotondati/dp/B0776W3WCH/ref=sr_1_3?s=electronics&ie=UTF8&qid=1513935191&sr=1-3&keywords=P8+LITE+2017+VETRO+2.5',17,3,2,NULL,432,NULL,NULL,NULL,NULL,NULL),(351,'2017-12-22 11:30:38','2017-12-22 16:49:27','ORDINARE HUAWEI P10 GOLD 64GB MAX 349',17,3,3,NULL,509,NULL,NULL,NULL,NULL,NULL),(352,'2017-12-24 16:17:21','2018-01-03 15:19:05','LENOVO YOGA TAB 3 8\" COVER - PELLICOLA\r\nhttps://www.ebay.it/itm/High-Quality-Slim-Smart-Cover-Case-Stand-for-Lenovo-Yoga-Tab-3-8-inch-Tablet/202095005527?hash=item2f0dcd0f57:m:mQcU6cTkXycI1PUIiNPMkqw\r\n\r\n\r\nhttps://www.ebay.it/itm/TEMPERATO-SCHERMO-PROTEZIONE-DI-VETRO-PELLICOLA-PER-LENOVO-YOGA-TAB-3-8-850F/192238794828?hash=item2cc253384c:g:8WQAAOSwCkZZXPsy',17,3,2,NULL,2,NULL,NULL,NULL,NULL,NULL),(353,'2017-12-24 20:19:34','2018-01-03 15:16:28','Conferma Preventivo\r\n\r\n PREVENTIVI\r\n  Numero Fatture:	0  \r\n  Elenco Fatture:	 \r\n  Numero Ordini:	1  \r\n  Elenco Ordini:	0266195731\r\n  Importo:	977,00  \r\n  Data:	24/12/2017   \r\n  Identificativo Pagamento:	IPWN0792000087  \r\n\r\n DATI BANCARI\r\n Banca:	Wind Tre S.p.A.\r\n CODE:	IT\r\n CHECK DIGIT:	19\r\n ABI - CAB:	03069 - 05020\r\n C/C:	024082320258\r\n CIN:	M\r\n IBAN:	IT19 M030 6905 0200 2408 2320 258\r\n  \r\nNote:La causale del bonifico dovrà obbligatoriamente essere o contenere IPWN0792000087\r\n \r\nIl beneficiario dovrà obbligatoriamente essere: Wind Tre S.p.A.\r\n \r\nL\'indicazione di una causale diversa o incompleta può comportare il mancato perfezionamento dell\'operazione.',17,3,3,NULL,2,NULL,NULL,NULL,NULL,NULL),(354,'2017-12-27 08:42:29','2018-01-03 15:16:16','https://www.ebay.it/itm/BATTERIA-PER-HUAWEI-HB474284RBC-2000-mAh-Y560-Y5-U21-Y541-C8816/222738375468?hash=item33dc3de32c:g:ltwAAOSwmOJaIBNR',17,3,2,NULL,509,NULL,NULL,NULL,NULL,NULL),(355,'2017-12-27 09:22:11','2018-01-04 09:32:19','P8 lite Smart. Ordine 361. Silvana Carnevali. Carrello Ebay.\r\nùhttps://www.ebay.it/itm/TOUCH-SCREEN-VETRO-LCD-DISPLAY-FRAME-PER-HUAWEI-P8-LITE-SMART-NERO-BLACK/222779531515?hash=item33deb1e0fb:g:y10AAOSwoVNaS5kS',17,3,3,NULL,509,NULL,NULL,NULL,NULL,NULL),(356,'2017-12-28 15:11:14','2018-01-03 15:26:50','http://fhrparts.com/checkout/cart/\r\n\r\nMandare via il carrello sui 350€\r\nCon Sisal ',17,3,3,NULL,2,NULL,NULL,NULL,NULL,NULL),(357,'2017-12-29 19:11:21','2018-01-03 15:15:20','https://www.amazon.it/Ambaiyi-Pellicola-Protettiva-Temperato-Elephone/dp/B075J8R8SB/ref=sr_1_1?ie=UTF8&qid=1514574535&sr=8-1&keywords=VETRO+P8+MINI',17,3,1,NULL,509,NULL,NULL,NULL,NULL,NULL),(358,'2017-12-29 19:43:19','2018-01-03 15:14:36','2x  - - - -  https://www.ebay.it/itm/COVER-CUSTODIA-BUMPER-PER-IPHONE-X-10-8-7-7PLUS-6-6S-5-5S-SE-SHOCKPROOF-TPU/292388333080?hash=item4413b3e618:m:mAfw-Wej6JGBt3LltXlR8cA  - - - - - Bumper Iphone x nero - - - Ale per Fossi',17,3,1,NULL,509,NULL,NULL,NULL,NULL,NULL),(359,'2017-12-30 10:48:03','2018-01-03 15:12:07','2x     -   - - - https://www.amazon.it/TP-Link-TL-WN722N-Scheda-Wireless-150Mbps/dp/B002SZEOLG/ref=sr_1_8?s=hpc&ie=UTF8&qid=1514630810&sr=8-8&keywords=chiavetta+wifi - - - - Alessio G',17,3,1,NULL,478,NULL,NULL,NULL,NULL,NULL),(360,'2017-12-30 15:05:29','2018-01-03 15:11:38','https://www.amazon.it/SLODA-Portatile-A1281-alluminio-Li-Polymer/dp/B00WTRF7OG/ref=sr_1_1?ie=UTF8&qid=1514645762&sr=8-1&keywords=batteria+a1286+2008   - - -  Alessio G',17,3,1,NULL,509,NULL,NULL,NULL,NULL,NULL),(361,'2018-01-02 13:39:17','2018-01-03 15:19:27','Completare pagamento ricambi-telefonia. 19.90€\r\n\r\nhttps://www.ricambi-telefonia.com/default.asp?cmd=viewDocuments&cmdString=transportDocuments',17,3,2,NULL,2,NULL,NULL,NULL,NULL,NULL),(362,'2018-01-02 15:59:17','2018-01-03 15:10:56','https://www.amazon.it/Huawei-Mediapad-Display-MSM8917-Quad-Core/dp/B06XX4WSLC/ref=sr_1_4?ie=UTF8&qid=1514908520&sr=8-4&keywords=huawei+mediapad+t3+10  - - - - Alessio G - - - Cash - -  - Usare buono carta docente - - - - Consegna Giovedì',17,3,3,NULL,509,NULL,NULL,NULL,NULL,NULL),(363,'2018-01-02 06:21:16','2018-01-03 16:05:13','Ha un monitor rotto, portargiene uno che abbiamo disponibile in negozio abbastanza grande 22 o 24 inseriscilo poi nel writein',11,7,1,NULL,245,NULL,NULL,NULL,NULL,NULL),(364,'2018-01-04 08:53:32','2018-01-04 09:32:13','DE ROBERTIS. Ventola macbook Pro 17\". Carrello ebay. \r\nhttps://www.ebay.it/itm/322963031810',17,3,3,NULL,509,NULL,NULL,NULL,NULL,NULL),(365,'2018-01-04 11:23:31','2018-01-08 10:55:43','RIPARAZIONE 10. Wiko ( ricambio + 2 pellicole) Carrelo ebay.\r\n\r\nhttps://cart.payments.ebay.it/sc/add?srt=010002000000500d34a636f0441e6bfc3b90bae73e66f870a9257dbcfb25d279704bd2a1e1d6aa6f00a5d9e2f56e8b3f98f1bfa3c2dafb45b3829de35b5155543e466d4515fafefbd37d010a0e625cb69a406a032be902&ssPageName=CART:ATC&item=iid:282585904030,qty:1',17,3,2,NULL,509,NULL,NULL,NULL,NULL,NULL),(366,'2018-01-04 16:38:27','2018-01-08 10:55:40','ordine cliente n.7. p10 lite. paolo albani. CARRELLO EBAY. \r\nhttps://www.ebay.it/itm/LCD-Display-Touch-screen-OEM-per-Huawei-P10-Lite-Con-Frame-Nero-CORRIERE-GLS/182920337939?hash=item2a96e6da13:g:aEcAAOSwa3BaFqD1',17,3,2,NULL,509,NULL,NULL,NULL,NULL,NULL),(367,'2018-01-05 12:22:09','2018-01-08 10:55:36','https://www.amazon.it/Epson-WF-2750DWF-d%60Inchiostro-Multifunzione-Fotocopiatrice/dp/B01EYJY7HY/ref=sr_1_2?ie=UTF8&qid=1515151953&sr=8-2&keywords=epson+workforce  - - - - Alessio G - - - Elisa L',17,3,1,NULL,509,NULL,NULL,NULL,NULL,NULL),(369,'2018-01-05 17:00:33','2018-01-08 10:55:33','PIEDINI MACBOOK. carrello ebay.\r\n\r\nhttps://www.ebay.it/itm/Gommini-Piedini-Adesivi-Apple-MacBook-Pro-Unibody-A1278-13-15-17-A1286-A1297/311383710453?hash=item487fea5af5:g:0mgAAOSwGzxZhEdi',17,3,1,NULL,2,NULL,NULL,NULL,NULL,NULL),(370,'2018-01-05 23:49:27','2018-01-08 10:55:23','https://www.amazon.it/dp/B072DXVWNF/ref=twister_B0722R1HWC?_encoding=UTF8&psc=1 / / / / Alessio G per DiGoro',17,3,1,NULL,509,NULL,NULL,NULL,NULL,NULL),(371,'2018-01-06 00:25:50','2018-01-08 10:55:53','https://www.amazon.it/gp/product/B01IB5WDBE/ref=ask_ql_qh_dp_hza ///// da Provare nel caso rimandare indietro.//// Alessio G x diGoro',17,3,1,NULL,509,NULL,NULL,NULL,NULL,NULL),(372,'2018-01-06 00:35:22','2018-01-08 10:53:48','Cartucce Hp 4520 mandato sms a Ste 05/01',17,3,1,NULL,509,NULL,NULL,NULL,NULL,NULL),(373,'2018-01-08 11:38:44','2018-01-10 08:51:52','https://www.amazon.it/LIQUIDO-PROTETTIVO-SCHERMO-MONDO-APPLICAZIONI/dp/B01AY1GKMG/ref=sr_1_2?ie=UTF8&qid=1515410171&sr=8-2&keywords=nanofixit',17,3,1,NULL,2,NULL,NULL,NULL,NULL,NULL),(374,'2018-01-08 03:28:33','2018-01-10 09:05:14','Mi serve una prolunga usb 3 almeno da 2 metri meglio 3.',13,3,1,NULL,33,NULL,NULL,NULL,NULL,NULL),(375,'2018-01-09 10:10:31','2018-01-09 10:10:31','meeting per elaborazione e definizione preventivo.',21,2,1,'0000-00-00 00:00:00',56,NULL,NULL,NULL,NULL,NULL),(376,'2018-01-09 10:56:03','2018-01-22 12:01:08','chiamare Thomas della Chianucci per definire home page sito per la fiera di Vicenza',21,7,1,'0000-00-00 00:00:00',1044,'2018-01-22 13:00:00','2018-01-22 13:00:06',NULL,NULL,NULL),(377,'2018-01-09 16:14:22','2018-01-10 08:51:34','https://www.amazon.it/Thermaltake-CA-1D9-00M1WN-00-Versa-N21-Nero/dp/B016LHL7A2 - - - - - - https://www.amazon.it/TP-Link-TL-PA4010-Powerline-Ethernet-Adattatori/dp/B00A0VBPLM/ref=sr_1_2?ie=UTF8&qid=1515529619&sr=8-2&keywords=powerline - - - - - - -- Alessio G Teoni',17,3,2,NULL,509,NULL,NULL,NULL,NULL,NULL),(378,'2018-01-09 20:42:35','2018-01-10 08:50:38','2x https://www.amazon.it/VTIN-Masterizzatore-lettore-compatibile-indicato-portatili/dp/B01N2R4TOR/ref=sr_1_10?s=pc&ie=UTF8&qid=1515530475&sr=1-10&keywords=dvd+esterno - - - - Alessio G',17,3,2,NULL,509,NULL,NULL,NULL,NULL,NULL),(379,'2018-01-10 10:09:40','2018-01-12 15:17:52','https://www.amazon.it/Epson-C13T789440-Cartuccia-Giallo/dp/B00I8EVCJ8/ref=sr_1_1?ie=UTF8&qid=1515578346&sr=8-1&keywords=t7894\r\n\r\nhttps://www.amazon.it/Epson-C13T789240-Cartuccia-Inkjet-Capacit%C3%A0/dp/B00I8EV41E/ref=sr_1_1?ie=UTF8&qid=1515578494&sr=8-1&keywords=t7892',17,3,1,NULL,2,NULL,NULL,NULL,NULL,NULL),(380,'2018-01-10 02:06:19','2018-01-12 15:17:32','Tastiera mouse cordelles  tranquillo per server',13,3,1,NULL,546,NULL,NULL,NULL,NULL,NULL),(381,'2018-01-10 16:34:33','2018-01-12 15:18:14','https://www.amazon.it/dp/B06XNSRR9L/ref=noref?_encoding=UTF8&psc=1&s=electronics',17,3,1,NULL,509,NULL,NULL,NULL,NULL,NULL),(382,'2018-01-10 18:16:24','2018-01-12 15:18:39','Spigen HTC U 11 Case Rugged Armor - Cover Nero custodia per cellulare https://www.amazon.it/dp/B07234FLGX/ref=cm_sw_r_cp_api_NFLvAbT1AW144 /////ALESSIO per Ristori',17,3,1,NULL,509,NULL,NULL,NULL,NULL,NULL),(383,'2018-01-10 22:00:37','2018-01-12 15:19:18','2X MOSISO Custodia Borsa per 13-13,3 Pollici MacBook Pro, MacBook Air, Ultrabook Netbook, Computer Portatile, Diamante Schiuma Idrorepellente Lycra Protettiva Sleeve con Piccolo Caso, Nero ------------ 2X https://www.amazon.it/MOSISO-Ultrabook-Portatile-Idrorepellente-Protettiva/dp/B071ZC9B9C/ref=sr_1_12?s=electronics&ie=UTF8&qid=1515621079&sr=1-12&keywords=mosiso%2Bmacbook%2Bpro%2B13&th=1  - - - - - - ALESSIO CASH',17,3,3,NULL,509,NULL,NULL,NULL,NULL,NULL),(384,'2018-01-11 11:23:30','2018-01-12 15:19:49','http://www.ebay.it/itm/BATTERIA-1900Mah-ORIGINALE-SAMSUNG-PER-GALAXY-ACE-4-SM-G357-G357FZ-EB-BG357BBE/151977495808?hash=item2362908d00:g:QYwAAOSwDuJWuFxM',17,3,1,NULL,509,NULL,NULL,NULL,NULL,NULL),(385,'2018-01-12 01:36:50','2018-01-12 15:45:47','https://www.amazon.it/dp/B01GEB2WLS/ref=asc_df_B01GEB2WLS49236445/?tag=trovaprezzi-ce-prime-21&creative=23390&creativeASIN=B01GEB2WLS&linkCode=df0 - - - -alessio',17,3,3,NULL,509,NULL,NULL,NULL,NULL,NULL),(386,'2018-01-12 16:43:38','2018-01-15 15:06:59','COLLA X laboratorio. CARRELLO EBAY\r\nhttps://www.ebay.it/itm/RESISTENZA-COLLA-ADESIVO-B7000-50ml-per-telefoni-cellulari-LENTI-DELLobiettivo/253200716355?hash=item3af3f05243:g:K-QAAOSwTM5Yv9ZE',17,3,1,NULL,2,NULL,NULL,NULL,NULL,NULL),(387,'2018-01-12 16:45:55','2018-01-23 09:07:46','BATTERIA IPH 7. CHIEDI CONFERMA AD ALESSIO PRIMA DI ACQUISTARE.\r\nCARRELLO ricambi-telefonia\r\n\r\nhttps://www.ricambi-telefonia.com/default.asp?cmd=showCart',17,3,1,NULL,2,NULL,NULL,NULL,NULL,NULL),(388,'2018-01-12 20:51:00','2018-01-15 15:01:44','Altri 2 Materizzatori Dvd Esterni da 15€ come quelli gia messi in Ticket su Amazon - - - - - Alessio G',17,3,2,NULL,2,NULL,NULL,NULL,NULL,NULL),(389,'2018-01-15 10:08:56','2018-01-15 15:00:29','https://www.amazon.it/Epson-C13T789340-Cartuccia-Magenta/dp/B00I8EVB0I/ref=sr_1_1?ie=UTF8&qid=1516010312&sr=8-1&keywords=T7893\r\n\r\nhttps://www.amazon.it/Epson-C13T789240-Cartuccia-Inkjet-Capacit%C3%A0/dp/B00I8EV41E/ref=sr_1_1?ie=UTF8&qid=1516010165&sr=8-1&keywords=T7892\r\n\r\nhttps://www.amazon.it/Epson-C13T789140-Cartuccia-Inkjet-Capacit%C3%A0/dp/B00I8EV2G6/ref=sr_1_1?ie=UTF8&qid=1516010158&sr=8-1&keywords=T7891\r\n\r\nhttps://www.amazon.it/Epson-C13T789440-Cartuccia-Giallo/dp/B00I8EVCJ8/ref=sr_1_1?ie=UTF8&qid=1516010318&sr=8-1&keywords=T7894',17,3,1,NULL,2,NULL,NULL,NULL,NULL,NULL),(390,'2018-01-15 10:41:39','2018-01-15 15:06:50','https://www.ebay.it/itm/CUSTODIA-IN-SILICONE-PER-MOTOROLA-MOTO-E4-5-POLLICI-GOMMA-BUMPER-COLORATE-COVER/122825387309?hash=item1c98f6ad2d:m:mrmEXREJcK8ZDN_LguWJftw - - - - - COLORE BIANCO - - - ALESSIO ',17,3,1,NULL,509,NULL,NULL,NULL,NULL,NULL),(391,'2018-01-15 16:06:04','2018-01-19 08:31:14','https://www.ebay.it/itm/TOUCH-SCREEN-VETRO-LCD-DISPLAY-ASSEMBLATI-Huawei-Ascend-Y6-Nero/222152982469?hash=item33b9597fc5:g:I74AAOSww5hZEahY',17,3,1,NULL,509,NULL,NULL,NULL,NULL,NULL),(392,'2018-01-15 17:10:12','2018-01-23 09:07:38','TASTO C MACBOOK A1278',17,3,1,NULL,509,NULL,NULL,NULL,NULL,NULL),(393,'2018-01-16 10:10:29','2018-01-19 08:29:18','https://www.amazon.it/HP-Stampante-Multifunzione-Instant-Gratuiti/dp/B01KKG4RG6/ref=sr_1_2?s=pc&ie=UTF8&qid=1516048166&sr=1-2&keywords=stampante+hp - - - - alessio ',17,3,2,NULL,2,NULL,NULL,NULL,NULL,NULL),(394,'2018-01-16 16:20:05','2018-01-19 08:28:49','https://www.amazon.it/Epson-Serie-Fragola-Cartuccia-Originale/dp/B013DHM8WY/ref=sr_1_2?ie=UTF8&qid=1516118347&sr=8-2&keywords=cartuccia+29xl+epson  - - - - ALESSIO X BIAGIOTTI',17,3,1,NULL,509,NULL,NULL,NULL,NULL,NULL),(395,'2018-01-17 18:27:19','2018-01-19 08:20:06','http://www.ebay.it/itm/SAMSUNG-Display-LCD-Originale-Touch-Screen-Per-Galaxy-J5-J500-SM-J500FN-Nero/222595657419?hash=item33d3bc2ecb:g:~MAAAOSwGh5Zwn5I   \r\n\r\nLCD SAMSUNG J5 2016  ',17,3,2,NULL,509,NULL,NULL,NULL,NULL,NULL),(396,'2018-01-18 09:01:08','2018-01-19 08:27:36','https://www.ebay.it/itm/BATTERIA-originale-BL-59JH-per-LG-P710-Optimus-L7-II-Pila-Lucid-2-2460mAh-/321942362083?clk_rvr_id=1418826132223&utm_medium=cpc&utm_source=twenga&utm_campaign=twenga&utm_param=eyJlcyI6MCwicyI6NTMzODQ4NywiY2kiOiIwN2ViYWQ1NzM1NGI3OWViMmEyNWY1MzQxZGI1YzI2YiIsImkiOiIzMjE5NDIzNjIwODMiLCJ0cyI6MTUxNjI2NTc1OSwidiI6Mywic28iOjE1MDAsImMiOjIwMzU3fQ%3D%3D&rmvSB=true\r\n\r\n\r\nBATTERIA PER LG P710    ORDINE N.31',17,3,3,NULL,509,NULL,NULL,NULL,NULL,NULL),(397,'2018-01-18 10:35:37','2018-01-19 08:28:14','Mi serve un adattatore da hdmi dvi',13,3,1,NULL,432,NULL,NULL,NULL,NULL,NULL),(398,'2018-01-19 12:47:53','2018-01-23 08:54:34','https://www.amazon.it/Custodia-ESR-Magnetico-Funzione-Champagna/dp/B06W5RMH8D/ref=sr_1_11?ie=UTF8&qid=1516365937&sr=8-11&keywords=cover+nuovo+ipad+2017 - - -Alessio G',17,3,3,NULL,1047,NULL,NULL,NULL,NULL,NULL),(399,'2018-01-19 15:46:35','2018-01-23 08:54:12','https://www.amazon.it/Sapphire-11267-18-20G-Radeon-GDDR5-graphics/dp/B07648K75N/ref=sr_1_5?ie=UTF8&qid=1516374102&sr=8-5&keywords=rx+560+4gb',17,3,1,NULL,509,NULL,NULL,NULL,NULL,NULL),(400,'2018-01-19 17:58:18','2018-01-23 08:50:30','http://www.ebay.it/itm/Apple-MacBook-Pro-Unibody-13-A1278-2008-2009-2010-2011-2012-Tasto-Tastiera-ITA/221840300006?hash=item33a6b657e6:g:bfEAAOSw3ydVundq\r\n\r\nE GLI MANDI UN MESSAGGIO CHE GLI DICI VUOI IL TASTO C',17,3,1,NULL,509,NULL,NULL,NULL,NULL,NULL),(401,'2018-01-22 10:38:23','2018-01-26 14:46:25','FLAT RICARICA IPH 5C. CARRELLO EBAY. \r\nhttps://www.ebay.it/itm/CONNETTORE-DI-RICARICA-Per-Apple-iPhone-5C-Flat-Dock-Microfono-Antenna-Nero/222405396751?hash=item33c865090f:g:9G8AAOSw42dZAw-Z',17,6,3,NULL,2,NULL,'2018-01-26 15:46:25',NULL,NULL,NULL),(404,'2018-01-22 23:26:12','2018-01-26 14:46:23','http://www.ebay.it/itm/Lenovo-Ergotron-componente-di-montaggio-45-460-026-/132423339240?_trksid=p2385738.m2548.l4275 / / / /Alessio',17,6,2,NULL,509,NULL,'2018-01-26 15:46:22',NULL,NULL,NULL),(405,'2018-01-23 02:11:52','2018-01-26 14:46:11','https://www.amazon.it/Yuntab-K107-pollici-Internet-batteria/dp/B01CTMGNP2/ref=sr_1_7?s=pc&ie=UTF8&qid=1516666806&sr=1-7&keywords=tablet%2B4g&th=1 / / / Alessio G CASH',17,6,2,NULL,509,NULL,'2018-01-26 15:46:11',NULL,NULL,NULL),(409,'2018-01-23 11:04:11','2018-01-23 11:04:11','ticket di prova',10,2,1,'0000-00-00 00:00:00',478,NULL,NULL,NULL,NULL,NULL),(410,'2018-01-23 02:07:02','2018-01-23 14:18:29','Prova ticket',10,7,1,NULL,2,NULL,NULL,NULL,NULL,NULL),(411,'2018-01-23 15:21:11','2018-09-26 07:44:42','ticket di prova',10,6,2,'0000-00-00 00:00:00',478,NULL,'2018-09-26 09:44:42',NULL,NULL,NULL),(413,'2018-01-23 18:24:47','2018-01-26 14:46:08','Prendere anche come privato   -  - - - -  https://www.amazon.it/BaByliss-6611E-Silence-Asciugacapelli-professionale/dp/B008VSY59K/ref=sr_1_1?ie=UTF8&qid=1516731308&sr=8-1&keywords=babyliss+2200w+ionic  - - - - - Alessio G',17,6,2,NULL,2,NULL,'2018-01-26 15:46:08',NULL,NULL,NULL),(414,'2018-01-23 21:11:50','2018-01-26 14:46:07','Me ne serve 4:   - - -   - -  - https://www.ebay.it/itm/WEBCAM-USB-640X480-COMPATIBILE-WINDOWS-CON-AUDIO-CON-LUCE-A-LED/132474081753?hash=item1ed81211d9:g:0qIAAOSwLUpaX4d0  - - - -  Alessio',17,6,1,NULL,2,NULL,'2018-01-26 15:46:07',NULL,NULL,NULL),(415,'2018-01-23 21:14:19','2018-01-26 14:46:05','https://www.amazon.it/gp/offer-listing/B00415TPG0/ref=dp_olp_0?ie=UTF8&condition=all&qid=1516741959&sr=8-1   - - - - - Considera che si compra ma poi gli va rimandato subito.\r\nGrazie  - -- -  Alessio G',17,6,2,NULL,2,NULL,'2018-01-26 15:46:05',NULL,NULL,NULL),(416,'2018-01-24 10:22:25','2018-01-26 14:46:04','Batteria Asus x52f (DEFEO) Carrello ebay.\r\nhttp://www.ebay.it/itm/Batteria-POTENZIATA-10-8-11-1V-5200mAh-per-asus-k52f-sx065x/311920610359?hash=item489feacc37:g:PcgAAOSwNdBZcR9h',17,6,2,NULL,2,NULL,'2018-01-26 15:46:04',NULL,NULL,NULL),(417,'2018-01-24 10:29:56','2018-01-26 14:45:54','Batteria P8. OPEN ABS. Carrello Ebay.\r\nhttps://www.ebay.it/itm/Batteria-HUAWEI-ASCEND-P8-GRA-L09-da-2600-mAh-HB3447A9EBW-Originale/253184645314?hash=item3af2fb18c2:g:6f8AAOSw-09aBhtt',17,6,2,NULL,2,NULL,'2018-01-26 15:45:54',NULL,NULL,NULL),(418,'2018-01-24 10:40:04','2018-01-26 14:44:57','https://www.amazon.it/Maxtor-Seagate-HX-M201TCB-GM-Esterno/dp/B01AJWNXAM/ref=sr_1_1?ie=UTF8&qid=1516790281&sr=8-1&keywords=hard+disk+2+tb+esterno  - - - -   Da spedire direttamente ad Arnia a Monsummano  -- - - - -Alessio',17,6,3,NULL,549,NULL,'2018-01-26 15:44:57',NULL,NULL,NULL),(420,'2018-01-24 11:01:32','2018-01-26 14:44:23','https://www.amazon.it/Andven-Vivavoce-Bluetooth-Controllo-Smartphone/dp/B071D929MP/ref=sr_1_1?dd=tXNp70isxP2dFTOuYqHOuQ%2C%2C&ie=UTF8&qid=1516790590&sr=8-1&keywords=vivavoce+bloototh+per+auto - - Alessio Per Franco',17,6,3,NULL,509,NULL,'2018-01-26 15:44:23',NULL,NULL,NULL),(421,'2018-01-25 17:09:38','2018-01-26 14:52:07','BATTERIA SAMSUNG GALAXY GRAND PRIME \r\nhttp://www.ebay.it/itm/BATTERIA-originale-Samsung-EB-BG531BBE-per-Galaxy-Grand-prime-G531F-J320F-j500f/152569194002?hash=item2385d52612:g:vQcAAOSw~FJZMBZs\r\nORDINE N. 40 MOSCATELLI CRISTINA \r\nAGENTE: \r\nMAZZO',17,6,1,NULL,509,NULL,'2018-01-26 15:52:07',NULL,NULL,NULL),(422,'2018-01-26 14:08:02','2018-01-26 14:52:03','mi servono 2 dischi da 2Tb usb da 2,5\" entro martedì mattina ore 10 perchè alle 11 vado a montecatini',11,6,1,'0000-00-00 00:00:00',549,NULL,'2018-01-26 15:52:03',NULL,NULL,NULL),(423,'2018-01-26 16:01:08','2018-01-29 15:45:52','https://www.amazon.it/Epson-Cruciverba-Cartuccia-Originale-Multipack/dp/B015FY5T24/ref=sr_1_1?ie=UTF8&qid=1516982044&sr=8-1&keywords=C13T16364012&th=1 - - Alessio',17,6,2,NULL,509,NULL,'2018-01-29 16:45:52',NULL,NULL,NULL),(424,'2018-01-29 02:15:57','2018-01-29 15:54:45','https://www.amazon.it/Devinal-manicotto-protettivo-trasporto-copertura/dp/B074H91LL9/ref=sr_1_16?rps=1&ie=UTF8&qid=1517182015&sr=8-16&keywords=borsa+10+pollici        -----   ALESSIO',17,6,1,NULL,509,NULL,'2018-01-29 16:54:45',NULL,NULL,NULL),(425,'2018-01-29 12:26:09','2018-01-29 15:54:47','https://www.ebay.it/itm/IPAD-PRO-12-9-ANTIFURTO-TAMPER-Secure-CUSTODIA-VESA-75-MURO-SUPPORTO-BIANCO/131985159449?hash=item1ebaedb519:g:vN4AAOSwx2dYEKM~ - - - -ALESSIO G',17,6,2,NULL,509,NULL,'2018-01-29 16:54:47',NULL,NULL,NULL),(426,'2018-01-29 17:43:37','2018-01-30 08:33:45','BATTERIA P9 LITE. LIVI. CARRELLO EBAY.\r\nhttps://www.ebay.it/itm/Huawei-Batteria-Originale-HB366481ECW-Per-P9-Lite-e-P8-Lite-2017-3000mah-Nuova/183006876996?hash=item2a9c0f5544:g:MNIAAOSwZrhaU588',17,6,3,NULL,2,NULL,'2018-01-30 09:33:45',NULL,NULL,NULL),(427,'2018-01-29 18:15:10','2018-01-30 08:33:43','Vetro Fotocamera S6 Blu. Carrello ebay.\r\n\r\nhttps://www.ebay.it/itm/Lente-Vetro-Cover-Camera-Fotocamera-Per-Samsung-Galaxy-S6-G920-G920F-Blu-Notte/162395632426?hash=item25cf88b32a:g:w9YAAOSwv-ZaAxNU',17,6,2,NULL,2,NULL,'2018-01-30 09:33:43',NULL,NULL,NULL),(429,'2018-01-29 18:21:20','2018-01-30 08:33:39','J500FN lcd. Carrello Ebay.\r\nhttps://www.ebay.it/itm/For-Samsung-Galaxy-J5-SM-J500FN-Touch-Screen-Digitizer-LCD-Display-Black-UK/263111616711?hash=item3d42aca8c7:g:VW8AAOSwVJRZewUL',17,6,2,NULL,2,NULL,'2018-01-30 09:33:39',NULL,NULL,NULL),(430,'2018-01-30 01:11:24','2018-01-30 08:33:37','https://www.amazon.it/Devinal-manicotto-protettivo-trasporto-copertura/dp/B074H91LL9/ref=sr_1_16?rps=1&ie=UTF8&qid=1517182015&sr=8-16&keywords=borsa+10+pollici - - - - Alessio',17,6,1,NULL,509,NULL,'2018-01-30 09:33:37',NULL,NULL,NULL),(431,'2018-01-30 01:12:52','2018-01-30 08:33:35','https://www.amazon.it/Devinal-manicotto-protettivo-trasporto-copertura/dp/B074H7FG51/ref=sr_1_16?rps=1&ie=UTF8&qid=1517182015&sr=8-16&keywords=borsa%2B10%2Bpollici&th=1 - - -Modello da 11.6 -  - Ale',17,6,1,NULL,2,NULL,'2018-01-30 09:33:35',NULL,NULL,NULL),(432,'2018-01-30 01:14:40','2018-01-30 08:33:33','https://www.amazon.it/Devinal-manicotto-protettivo-trasporto-copertura/dp/B074H2H25S/ref=sr_1_16?rps=1&ie=UTF8&qid=1517182015&sr=8-16&keywords=borsa%2B10%2Bpollici&th=1 - - -Da 13,3   -- - -Alessio',17,6,1,NULL,2,NULL,'2018-01-30 09:33:33',NULL,NULL,NULL),(433,'2018-01-30 02:07:17','2018-01-30 08:33:30','2x        http://www.ebay.it/itm/BORSA-PER-NETBOOK-FINO-A-10-1-VULTECH-GB-10-10-COLORE-NERO-CON-TRACOLLA-NUOVA/261118410606?hash=item3ccbdebf6e:g:CRoAAMXQiNdRdQO1               +            1x       http://www.ebay.it/itm/BORSA-X-NETBOOK-GAUDI-FINO-A-11-NYLON-VERDE-MILITARE/260832961917?hash=item3cbadb257d:m:m19DVAw1VNs-HJQbKzxPsqg      - - - - -Alessio   (fai fare 1 sola spedizione)',17,6,1,NULL,2,NULL,'2018-01-30 09:33:30',NULL,NULL,NULL),(434,'2018-01-30 08:57:01','2018-02-02 09:29:21','https://www.amazon.it/CEP-2230050011-Organizzatore-macchina-plastica/dp/B01CCZR5G2/ref=sr_1_1?ie=UTF8&qid=1517300669&sr=8-1&keywords=organizzatore+cialde+nespresso\r\n\r\nhttps://www.amazon.it/Porta-Zucchero-Palette-Bicchierini-Caff%C3%A8/dp/B0714JVV43/ref=pd_bxgy_201_img_2?_encoding=UTF8&psc=1&refRID=S23EEAV1S2TEVYXV8065',17,6,2,NULL,509,NULL,'2018-02-02 10:29:21',NULL,NULL,NULL),(435,'2018-01-31 05:49:41','2018-02-02 09:49:49','ORDINARE e fare ddt: \r\n8 X TL-WN881ND SCHEDA DI RETE WIRELESS PCI EXPRESS\r\n1 X SWITCH TL-SG108E SWITCH 8 PORTE 10/100/1000\r\n5 x video splitter 2 vie https://www.icintracom.biz/video-splitter-2-vie-vga-150-mhz.html ',11,3,1,'0000-00-00 00:00:00',1051,NULL,NULL,NULL,NULL,NULL),(436,'2018-01-31 11:57:50','2018-02-02 09:28:39','https://www.amazon.it/Motorola-AICEK-Silicone-Trasparente-Custodia/dp/B073M1GRFL/ref=sr_1_2?ie=UTF8&qid=1517399586&sr=8-2&keywords=moto+c+cover - - -Alessio',17,6,3,NULL,509,NULL,'2018-02-02 10:28:39',NULL,NULL,NULL),(437,'2018-01-31 15:46:40','2018-02-02 10:01:52','TASTIERA LENOVO GHIANDAI. carrello ebay\r\n\r\nhttp://www.ebay.it/itm/Tastiera-Lenovo-IdeaPad-G50-30-G50-45-G50-70-B50-30-Z50-70-Series/282277543312?hash=item41b90d7d90:g:jc8AAOSwa~BYTwvu',17,6,2,NULL,2,NULL,'2018-02-02 11:01:52',NULL,NULL,NULL),(438,'2018-01-31 16:17:15','2018-02-02 10:01:50','J320FN J3 2016 nero. carrello ebay\r\n\r\nhttps://www.ebay.it/itm/LCD-DISPLAY-TOUCH-SCREEN-Per-SAMSUNG-Galaxy-J3-2016-J320FN-NERO-VETRO-SCHERMO/232632290192?hash=item3629f70b90:g:9M0AAOSwD39aXbO3',17,6,2,NULL,2,NULL,'2018-02-02 11:01:50',NULL,NULL,NULL),(439,'2018-01-31 17:43:20','2018-02-02 10:02:25','FARE BONIFICO PER RIPARAZIONE. Volendo fanno fattura, fatemi sapere se la devo richiedere (TOMMASO)\r\n\r\nPer poter autorizzare la riparazione del suo dispositivo è necessario procedere al pagamento di € 33,80 iva inclusa \r\nLa modalità di pagamento è il Bonifico Bancario intestato a: \r\n\r\nPRIMA COMUNICAZIONE SRL \r\nVIA BOSCONE 68 \r\n22077 OLGIATE COMASCO \r\n\r\nIBAN:  IT73O 01005 10900 000000032590 \r\n\r\nNella causale del bonifico bisogna inserire la seguente dicitura: \r\nRiparazione fuori garanzia IMEI 359038089172628 \r\nPer poter emettere fattura è In oltre indispensabile  il codice fiscale o partita IVA che deve fornire rispondendo alla presente email.\r\n\r\n',17,6,2,NULL,2,NULL,'2018-02-02 11:02:25',NULL,NULL,NULL),(440,'2018-01-31 18:11:48','2018-02-02 10:01:49','https://www.amazon.it/Canon-8287B006-Confezione-Cartucce-Standard/dp/B00ET2LSLK/ref=sr_1_2?ie=UTF8&qid=1517421935&sr=8-2&keywords=canon+545 - - Alessio G',17,6,2,NULL,509,NULL,'2018-02-02 11:01:49',NULL,NULL,NULL),(441,'2018-02-01 06:47:27','2018-02-02 10:46:41','Ordinare tv 50\" NORMALE NON CURVA da spendere poco, venduta a 415 + iva',11,6,1,NULL,432,NULL,'2018-02-02 11:46:41',NULL,NULL,NULL),(442,'2018-02-01 16:07:11','2018-02-02 10:02:24','https://www.amazon.it/Auricolari-Bluetooth-Magnetici-TaoTronics-Incorporato/dp/B017UJ06SY/ref=sr_1_1?ie=UTF8&qid=1517501035&sr=8-1&keywords=cuffie+taotronics',17,6,1,NULL,509,NULL,'2018-02-02 11:02:24',NULL,NULL,NULL),(443,'2018-02-01 21:19:11','2018-02-02 10:02:22','https://www.amazon.it/HP-Cartuccia-Originale-dInchiostro-Tricromia/dp/B01ARRTHUE/ref=sr_1_3?ie=UTF8&qid=1517519725&sr=8-3&keywords=HP%2B62&th=1 - - - -ALE',17,6,2,NULL,509,NULL,'2018-02-02 11:02:22',NULL,NULL,NULL),(444,'2018-02-02 08:41:54','2018-02-02 08:41:54','ORDINARE IPHONE 8 PLUS 64GB SPACE GREY PER NEGOZIO',17,2,1,NULL,2,NULL,NULL,NULL,NULL,NULL),(445,'2018-02-02 09:18:58','2018-02-02 10:02:20','Crucial 8GB DDR3L 1600 MT/s (PC3L-12800) UDIMM 240-Pin - CT102464BD160B https://www.amazon.it/dp/B008KSHQBU/ref=cm_sw_r_cp_api_gXcDAbV4SENJY   / / Ale per Francy',17,6,2,NULL,509,NULL,'2018-02-02 11:02:20',NULL,NULL,NULL),(446,'2018-02-02 09:26:58','2018-02-02 10:01:46','UNICO VENDITORE. Scocche IPHONE + rear Samsung s6. Carrello ebay.\r\n',17,6,2,NULL,2,NULL,'2018-02-02 11:01:45',NULL,NULL,NULL),(447,'2018-02-02 10:46:50','2018-02-09 17:40:49','Il cliente ha necessità di un intervento di verifica generale su tutti i Pc',21,7,1,NULL,56,NULL,NULL,NULL,NULL,NULL),(448,'2018-02-02 16:30:21','2018-02-05 17:09:18','LCD SAMSUNG S5 G900F BIANCO. Carrello Ebay.\r\nhttps://www.ebay.it/itm/LCD-DISPLAY-TOUCH-SCREEN-Per-SAMSUNG-Galaxy-S5-G900F-BIANCO-VETRO-SCHERMO/253211322608?hash=item3af49228f0:g:o44AAOSwHL1Z5MPW',17,6,2,NULL,510,NULL,'2018-02-05 18:09:18',NULL,NULL,NULL),(449,'2018-02-02 16:30:52','2018-02-07 10:57:39','Concludere ordine carrello FHR. \r\nhttp://fhrparts.com/checkout/cart/',17,3,2,NULL,510,NULL,NULL,NULL,NULL,NULL),(450,'2018-02-02 17:34:58','2018-02-05 17:09:16','Batteria iph 6s+. CARRELLO EBAY\r\nhttps://www.ebay.it/itm/Batteria-nuova-ricambio-per-Apple-Iphone-6s-plus-2750-mAh/292432071932?hash=item44164f4cfc:g:1p8AAOSwQQ5ZwNsK',17,6,1,NULL,510,NULL,'2018-02-05 18:09:16',NULL,NULL,NULL),(452,'2018-02-02 20:51:15','2018-02-05 17:09:14','https://www.amazon.it/TL-WPA4220KIT-Powerline-Extender-Wireless-Ethernet/dp/B00C2ICYPC/ref=sr_1_4?ie=UTF8&qid=1517604606&sr=8-4&keywords=powerline - - - - - BILIO - ALESSIO',17,6,1,NULL,509,NULL,'2018-02-05 18:09:14',NULL,NULL,NULL),(453,'2018-02-03 11:10:56','2018-02-03 11:10:56','http://www.ebay.it/itm/Apple-MacBook-Pro-Unibody-13-A1278-2008-2009-2010-2011-2012-Tasto-Tastiera-ITA/221840300006?hash=item33a6b657e6:g:bfEAAOSw3ydVundq\r\n\r\nTASTO C, DIGLI SE VA BENE PER IL TASTO IN FOTO CHE TI HO MANDATO SU WHATSSAPP',17,2,1,NULL,509,NULL,NULL,NULL,NULL,NULL),(454,'2018-02-03 16:56:18','2018-02-09 11:28:25','https://www.ebay.it/itm/BATTERIA-ORIGINALE-HUAWEI-HB376883ECW-3400mAh-PER-HUAWEI-P9-PLUS/302394858351?hash=item4668235b6f:g:CMwAAOSw~1pZeGSr',17,6,1,NULL,509,NULL,'2018-02-09 12:28:25',NULL,NULL,NULL),(455,'2018-02-05 08:45:21','2018-02-09 11:28:23','https://www.facebook.com/Numerounoinformatica/photos/rpp.246034255410295/1932954410051596/?type=3&theater\r\n\r\nPROROGALA FINO A SABATO',17,6,1,NULL,2,NULL,'2018-02-09 12:28:23',NULL,NULL,NULL),(456,'2018-02-05 17:28:48','2018-02-09 11:28:22','Me ne Prendi 2 x Tipo di quelle elencate, i link sono divisi dai segni /:\r\n11\" https://www.amazon.it/Devinal-manicotto-protettivo-trasporto-copertura/dp/B074H7FG51/ref=sr_1_16?rps=1&ie=UTF8&qid=1517182015&sr=8-16&keywords=borsa%2B10%2Bpollici&th=1  / / / / / \r\n13.3 Pollici /////https://www.amazon.it/Devinal-manicotto-protettivo-trasporto-copertura/dp/B074H2H25S/ref=sr_1_16?rps=1&ie=UTF8&qid=1517182015&sr=8-16&keywords=borsa%2B10%2Bpollici&th=1   / / / / / / \r\n40cm https://www.amazon.it/Devinal-manicotto-protettivo-trasporto-copertura/dp/B074H93RTY/ref=sr_1_16?rps=1&ie=UTF8&qid=1517182015&sr=8-16&keywords=borsa%2B10%2Bpollici&th=1  / / / / / / \r\nAlessio G',17,6,2,NULL,2,NULL,'2018-02-09 12:28:22',NULL,NULL,NULL),(457,'2018-02-05 17:59:15','2018-02-09 11:28:19','https://www.amazon.it/dodocool-Alimentazione-SuperSpeed-Alluminio-Chromebook/dp/B01NBP36YY/ref=sr_1_7?s=electronics&ie=UTF8&qid=1517851970&sr=1-7&keywords=Hub+USB+C+4k / / / Alessio G',17,6,2,NULL,509,NULL,'2018-02-09 12:28:19',NULL,NULL,NULL),(458,'2018-02-06 09:05:09','2018-02-09 11:28:17','https://es.gearbest.com/cell-phones/pp_603541.html?wid=54 - - -alessio G',17,6,1,NULL,2,NULL,'2018-02-09 12:28:17',NULL,NULL,NULL),(459,'2018-02-07 15:49:21','2018-02-09 11:28:15','LENTE FOTOCAMERA S7 EDGE GOLD. Carrello Ebay.\r\n\r\nhttps://www.ebay.it/itm/Lente-fotocamera-posteriore-vetro-CAMERA-X-SAMSUNG-GALAXY-S7-EDGE-G935-SM-G935/191966679346?_trkparms=aid%3D555017%26algo%3DPL.CASSINI%26ao%3D1%26asc%3D20170803110444%26meid%3D57b1562d9663457199e82f802ff5cf83%26pid%3D100505%26rk%3D1%26rkt%3D1%26%26itm%3D191966679346&_trksid=p2045573.c100505.m3226',17,6,2,NULL,510,NULL,'2018-02-09 12:28:15',NULL,NULL,NULL),(460,'2018-02-07 16:52:36','2018-02-09 11:28:13','LCD HUAWEI TAB. Carrello ebay\r\n\r\nhttp://www.ebay.it/itm/GLS-DISPLAY-LCD-TOUCH-SCREEN-per-HUAWEI-MEDIAPAD-T1-701U-7-VETRO-NERO-NUOVO/202043214555?hash=item2f0ab6cadb:g:RCEAAOSwmPdZqYuh',17,6,1,NULL,510,NULL,'2018-02-09 12:28:13',NULL,NULL,NULL),(461,'2018-02-07 16:57:54','2018-02-09 11:28:12','LCD TOUCH S5 ACTIVE. Nero. Carrello ebay\r\n\r\nhttps://www.ebay.it/itm/Full-LCD-Display-Touch-Screen-FOR-Samsung-Galaxy-S5-Active-SM-G870-Black/401250774010?hash=item5d6c68ebfa:g:KWIAAOSwA3dYZRS3',17,6,1,NULL,510,NULL,'2018-02-09 12:28:12',NULL,NULL,NULL),(462,'2018-02-07 17:50:25','2018-02-09 11:28:11','Da pagare Ricevuta Paypal che ti giro per mail ad amministrazione.\r\n\r\nPagamento a Luca Giove per fornitura Pc\r\n\r\nAlessio G \r\nGrazie',17,6,2,NULL,2,NULL,'2018-02-09 12:28:11',NULL,NULL,NULL),(463,'2018-02-07 18:10:23','2018-02-22 23:43:30','https://www.amazon.it/HKC-MM236HHDM1HA-Widescreen-1920x1080-connectors/dp/B06XDPXR2N/ref=sr_1_4?ie=UTF8&qid=1518025842&sr=8-4&keywords=monitor+24+pollici / / / /Alessio G',17,6,2,NULL,549,NULL,'2018-02-23 00:43:30',NULL,NULL,NULL),(464,'2018-02-07 18:19:50','2018-02-09 11:28:08','ALTOPARLANTE J320FN. CARRELLO EBAY\r\n\r\nhttps://www.ebay.it/itm/ALTOPARLANTE-SUPERIORE-SAMSUNG-GALAXY-J3-2016-J320FN-J320-CASSA-SPEAKER-CHIAMATA/222617957411?hash=item33d5107423:g:A3EAAOSwEAtZZmxO',17,6,1,NULL,510,NULL,'2018-02-09 12:28:08',NULL,NULL,NULL),(465,'2018-02-07 18:23:05','2018-02-09 11:28:05','https://www.amazon.it/Gigaset-Telefono-Cordless-Vivavoce-Batterie/dp/B00VK132JY/ref=sr_1_1?s=electronics&ie=UTF8&qid=1518027740&sr=1-1&keywords=cordless  / / / / Alessio G',17,6,2,NULL,509,NULL,'2018-02-09 12:28:05',NULL,NULL,NULL),(466,'2018-02-07 22:16:58','2018-02-13 09:09:47','backup posta del cliente e trasferimento hosting....!',21,7,1,'0000-00-00 00:00:00',1052,NULL,NULL,NULL,NULL,NULL),(467,'2018-02-08 14:50:33','2018-02-09 11:27:59','https://www.amazon.it/Emartbuy%C2%AE-Alcatel-OneTouch-Pollice-Universale/dp/B0151ST8FI/ref=sr_1_1?ie=UTF8&qid=1518101127&sr=8-1&keywords=alcatel+custodia+pixi+3',17,6,1,NULL,509,NULL,'2018-02-09 12:27:59',NULL,NULL,NULL),(468,'2018-02-08 16:28:48','2018-02-09 11:27:58','Carrello ebay. vetro fotocamera 7+\r\n\r\nhttps://www.ebay.it/itm/iPhone-7-Plus-5-5-Rear-Camera-Glass-Lens-Replacement/272828101434?hash=item3f85d2733a:g:ekkAAOSw0OxZqDGa',17,6,1,NULL,510,NULL,'2018-02-09 12:27:58',NULL,NULL,NULL),(469,'2018-02-08 08:29:49','2018-02-09 11:28:01','Mi serve un gruppo di continuità a ciabatta filtrata\nApc e la migliore\nPiù economica possibile massimo vuole spendere 130euro vista.',13,6,1,NULL,486,NULL,'2018-02-09 12:28:01',NULL,NULL,NULL),(470,'2018-02-09 00:52:09','2018-02-09 11:27:56','https://www.amazon.it/gp/offer-listing/B011DHIBB8/ref=dp_olp_used?ie=UTF8&condition=used - - - Quello Ottimo da 30€ - - - Alessio',17,6,1,NULL,2,NULL,'2018-02-09 12:27:56',NULL,NULL,NULL),(471,'2018-02-09 02:55:01','2018-02-09 11:27:54','https://www.amazon.it/NGM-NGMC2BK-Cellulare-Dual-Bluetooth/dp/B075LHZ6D9/ref=sr_1_31?s=electronics&ie=UTF8&qid=1518019538&sr=1-31&keywords=Cellulari%2BA%2BConchiglia&th=1   - - - Ale',17,6,1,NULL,2,NULL,'2018-02-09 12:27:54',NULL,NULL,NULL),(472,'2018-02-09 03:04:05','2018-02-09 11:27:53','https://www.amazon.it/Brondi-Oyster-Bianco-Telefono-Cellulare/dp/B01FVKEKGI/ref=sr_1_19?s=electronics&ie=UTF8&qid=1518019457&sr=1-19&keywords=Cellulari+A+Conchiglia - - -Alessio',17,6,1,NULL,2,NULL,'2018-02-09 12:27:53',NULL,NULL,NULL),(473,'2018-02-09 08:34:50','2018-02-09 11:27:51','https://www.amazon.it/Ricambio-COMPATIBILE-Microfibra-Rotomop-STRIZZA/dp/B0758GHZNQ/ref=sr_1_3?ie=UTF8&qid=1518164229&sr=8-3&keywords=rotomop+ricambio&dpID=41UeiQ3ocjL&preST=_SY300_QL70_&dpSrc=srch',17,6,1,NULL,2,NULL,'2018-02-09 12:27:51',NULL,NULL,NULL),(474,'2018-02-09 09:10:30','2018-02-09 11:27:50','http://www.ebay.it/itm/Batteria-Originale-Samsung-J5-J500-Nuova-CON-Blister-2600mah-EBBG530B-Per-Galaxy/152096212623?hash=item2369a4068f:g:XfIAAOSwi4lXPVbr',17,6,1,NULL,509,NULL,'2018-02-09 12:27:50',NULL,NULL,NULL),(475,'2018-02-09 10:00:35','2018-02-09 11:27:47','Ricambio 6S Plus. Carrello ebay\r\n\r\nhttps://www.ebay.it/itm/RICAMBIO-SOSTITUZIONE-COVER-ANTENNA-WIFI-PER-APPLE-IPHONE-6-PLUS/301813270246?hash=item46457906e6:g:do0AAOSwNphWXdh9',17,6,2,NULL,510,NULL,'2018-02-09 12:27:47',NULL,NULL,NULL),(476,'2018-02-09 11:24:20','2018-02-09 11:27:46','https://www.amazon.it/TP-Link-TL-WN821N-Adattatore-Wireless-Antenna/dp/B00194XKXA/ref=sr_1_8?ie=UTF8&qid=1518175287&sr=8-8&keywords=CHIAVETTA+WIFI\r\n\r\n\r\nx3',17,6,1,NULL,2,NULL,'2018-02-09 12:27:46',NULL,NULL,NULL),(477,'2018-02-09 12:11:14','2018-02-15 11:43:01','https://www.amazon.it/Cellulare-sbloccato-Smartphone-Phonebaby-cellulare/dp/B01M2ZOVWK/ref=sr_1_3?ie=UTF8&qid=1518178193&sr=8-3&keywords=phonebaby - - - -Alessio - - - poi da rimandare indietro',17,6,1,NULL,2,NULL,'2018-02-15 12:43:01',NULL,NULL,NULL),(478,'2018-02-09 17:20:54','2018-02-15 11:42:59','BATTERIA SAMSUNG GALAXY TREND LITE GT-S7390 \r\n\r\nhttps://www.ebay.it/i/232592618239?&clk_rvr_id=1436820060916&rmvSB=true\r\n\r\nORDINE N. 71',17,6,2,NULL,509,NULL,'2018-02-15 12:42:59',NULL,NULL,NULL),(479,'2018-02-10 00:46:07','2018-02-15 11:43:23','https://www.amazon.it/Brondi-Oyster-Telefono-cellulare-Clamshell/dp/B01F8QRDFA/ref=sr_1_18?s=electronics&ie=UTF8&qid=1518019457&sr=1-18&keywords=Cellulari+A+Conchiglia   - - - Alessio',17,6,1,NULL,2,NULL,'2018-02-15 12:43:23',NULL,NULL,NULL),(480,'2018-02-11 15:47:44','2018-02-15 11:43:20','RICARICHE\r\n\r\nPREVENTIVI\r\n  Numero Fatture:	0  \r\n  Elenco Fatture:	 \r\n  Numero Ordini:	1  \r\n  Elenco Ordini:	0266206431\r\n  Importo:	977,00  \r\n  Data:	11/2/2018   \r\n  Identificativo Pagamento:	IPWN0792000094  \r\n\r\n DATI BANCARI\r\n Banca:	Wind Tre S.p.A.\r\n CODE:	IT\r\n CHECK DIGIT:	19\r\n ABI - CAB:	03069 - 05020\r\n C/C:	024082320258\r\n CIN:	M\r\n IBAN:	IT19 M030 6905 0200 2408 2320 258\r\n  \r\nNote:La causale del bonifico dovrà obbligatoriamente essere o contenere IPWN0792000094',17,6,1,NULL,2,NULL,'2018-02-15 12:43:20',NULL,NULL,NULL),(481,'2018-02-12 08:20:55','2018-02-15 11:43:04','http://www.ebay.it/itm/BATTERIA-ORIGINALE-SAMSUNG-2100MAH-PER-GALAXY-S3-NEO-I9301-EB-L1G6-IN-BLISTER/322547949530?hash=item4b195b1fda:g:H5oAAOSwstxVZOEd',17,6,1,NULL,509,NULL,'2018-02-15 12:43:04',NULL,NULL,NULL),(483,'2018-02-12 15:10:50','2018-02-15 11:43:05','RIP 156 Giorgio occhini. Batteria mate 7. carrello ebay\r\n\r\nhttps://www.ebay.it/itm/Batteria-Pila-Originale-Huawei-MATE-7-HB417094EBC-MT7-L09-Interna-OEM-Cellulare/182918253912?hash=item2a96c70d58:g:mj0AAOSwCtJaFXLz',17,6,1,NULL,510,NULL,'2018-02-15 12:43:05',NULL,NULL,NULL),(484,'2018-02-13 11:38:22','2018-02-15 11:45:22','https://www.amazon.it/Samsung-MLT-D111S-ELS-Toner-111S/dp/B00E3MLHD0/ref=sr_1_1?ie=UTF8&qid=1518520483&sr=8-1&keywords=mlt-d111s+samsung',17,6,1,NULL,63,NULL,'2018-02-15 12:45:22',NULL,NULL,NULL),(485,'2018-02-14 15:27:52','2018-02-15 11:45:36','https://www.amazon.it/Batteria-Interna-Originale-Samsung-EB-BG531BBE/dp/B074SZC7DR/ref=sr_1_2?ie=UTF8&qid=1518621949&sr=8-2&keywords=batteria+j500',17,6,1,NULL,2,NULL,'2018-02-15 12:45:36',NULL,NULL,NULL),(487,'2018-02-16 09:54:42','2018-03-02 15:38:28','https://www.amazon.it/dp/B01A77JT02/ref=sxts_sxwds-puwylo_sim_3?pf_rd_m=A11IL2PNWYJU7H&pf_rd_p=1665245507&pd_rd_wg=fa9LD&pf_rd_r=CH2KTXBWDWJFW9EH7X6X&pf_rd_s=desktop-sx-top-slot&pf_rd_t=301&pd_rd_i=B01A77JT02&pd_rd_w=WMIJW&pf_rd_i=BATTERIA+J500&pd_rd_r=25dae1e3-5aa1-4527-ad57-b3f129a602fd&ie=UTF8&qid=1518774703&sr=3',17,6,1,NULL,2,NULL,'2018-03-02 16:38:28',NULL,NULL,NULL),(488,'2018-02-19 17:19:21','2018-03-02 15:38:27','https://www.ebay.it/itm/ASUS-ZENFONE-3-MAX-ZC520TL-ZC520KL-X008D-DOCK-MICRO-USB-CONNETTORE-RICARICA-FLEX/263014718380?hash=item3d3ce61bac:g:ZcwAAOSw4EhaUADx',17,6,1,NULL,509,NULL,'2018-03-02 16:38:27',NULL,NULL,NULL),(489,'2018-02-21 09:10:04','2018-03-02 15:38:25','ASUS TAB NEXUSA 7 2ND. CARRELLO EBAY. \r\nhttps://www.ebay.it/itm/LCD-TOUCH-SCREEN-X-ASUS-NEXUS-7-2-GEN-SECONDA-K008-ME571K-DISPLAY-SCHERMO-VETRO/152570853282?hash=item2385ee77a2:g:sMoAAOSwH09ZMajf',17,6,1,NULL,510,NULL,'2018-03-02 16:38:24',NULL,NULL,NULL),(490,'2018-02-21 10:03:17','2018-03-02 15:38:23','https://www.amazon.it/Batteria-Samsung-EB-BG530CBE-2600-mAh/dp/B017UK1TWK/ref=sr_1_3?s=electronics&ie=UTF8&qid=1519207195&sr=1-3&keywords=batteria+j500&dpID=51C1j6sOUAL&preST=_SY300_QL70_&dpSrc=srch',17,6,1,NULL,2,NULL,'2018-03-02 16:38:23',NULL,NULL,NULL),(491,'2018-02-26 10:24:08','2018-03-02 15:38:21','https://www.amazon.it/Epson-C13T789140-Cartuccia-Inkjet-Capacit%C3%A0/dp/B00I8EV2G6/ref=sr_1_1?ie=UTF8&qid=1519640470&sr=8-1&keywords=t7891\r\n\r\nhttps://www.amazon.it/Epson-C13T789240-Cartuccia-Inkjet-Capacit%C3%A0/dp/B00I8EV41E/ref=sr_1_3?s=office&ie=UTF8&qid=1519640503&sr=1-3&keywords=t7893',17,6,1,NULL,2,NULL,'2018-03-02 16:38:21',NULL,NULL,NULL),(492,'2018-02-26 20:36:40','2018-03-02 15:38:20','https://www.amazon.it/Adattatore-mSATA-Adapter-Ideale-Recupero/dp/B073JC61ZV/ref=sr_1_1?s=electronics&ie=UTF8&qid=1519654795&sr=1-1&keywords=m2+adapter - - - - Alessio G',17,6,2,NULL,2,NULL,'2018-03-02 16:38:20',NULL,NULL,NULL),(493,'2018-02-27 09:13:59','2018-03-02 15:38:18','Mi puoi ordinare un nas qnap 2 baie e due dischi da 2tb quelli rossi della western digital caviar red',13,6,1,NULL,258,NULL,'2018-03-02 16:38:18',NULL,NULL,NULL),(494,'2018-02-27 13:47:28','2018-03-02 15:38:17','BATTERIA MACBOOK. Account gia creato. Carrello sito\r\n\r\nhttps://www.migliore-adattatore.com/shopping_cart.html',17,6,1,NULL,510,NULL,'2018-03-02 16:38:17',NULL,NULL,NULL),(496,'2018-02-28 14:27:34','2018-03-28 14:33:36','Ordina questa per favore e fai il ddt a openabs:\r\n\r\nhttps://www.ebay.it/itm/SEIKO-INSTRUMENTS-Smart-Label-Printer-SLP620/362252207823?hash=item5457ea06cf:g:6tUAAOSwdjdaDs7T\r\n\r\nmagari prima digli che abbiamo questa Seiko Seiko Instruments Smart Label Printer 240 - label printer - monochrome - direct thermal \r\n\r\nma si è rotta, se può stampare sulle stesse etichette.\r\n\r\nGrazie.',11,6,1,NULL,205,NULL,'2018-03-28 16:33:36',NULL,NULL,NULL),(497,'2018-02-28 14:40:45','2018-03-28 14:33:34','Batteria Asus X551C. DEFEO. Carrello ebay. \r\nhttp://www.ebay.it/itm/Batteria-14-4-14-8V-2600mAh-per-Asus-X551C/352112495448?hash=item51fb8a4b58:g:arAAAOSwmNlZZrcE',17,6,3,NULL,2,NULL,'2018-03-28 16:33:34',NULL,NULL,NULL),(498,'2018-02-28 16:25:14','2018-03-28 14:33:31','2XDDR3 4GB \r\n\r\nhttps://www.amazon.it/Kingston-KVR13N9S8-Memoria-Non-ECC-240-pin/dp/B008CP5Q7M/ref=sr_1_3?ie=UTF8&qid=1519834381&sr=8-3&keywords=ddr3+1333+4gb',17,6,1,NULL,509,NULL,'2018-03-28 16:33:31',NULL,NULL,NULL),(499,'2018-02-28 21:37:03','2018-03-28 14:33:29','Canon PG540XL/CL541XL Inkjet / getto d\'inchiostro Cartuccia originale, Confezione da 2 pezzi https://www.amazon.it/dp/B015OW6AQQ/ref=cm_sw_r_cp_api_BcYLAbMJVN1QS //// Ale',17,6,3,NULL,18,NULL,'2018-03-28 16:33:29',NULL,NULL,NULL),(500,'2018-03-01 11:11:30','2018-03-28 14:33:28','https://www.ebay.it/itm/CUSTODIA-COVER-BUMPER-TRASPARENTE-TPU-SILICONE-GEL-per-Motorola-Moto-E4/122991559958?hash=item1ca2de4516:g:rAYAAOSwbZJalY5L  / / / /Alessio per Loft / / / Prendine 2',17,6,2,NULL,509,NULL,'2018-03-28 16:33:28',NULL,NULL,NULL),(501,'2018-03-02 08:18:10','2018-03-28 14:33:26','Ordinare lettore smartcard per firma digitale carta CNS',11,6,1,NULL,1033,NULL,'2018-03-28 16:33:26',NULL,NULL,NULL),(502,'2018-03-02 13:59:56','2018-03-28 14:33:22','TASTIERA LENOVO . carrello ebay. \r\nhttps://www.ebay.it/itm/182963488856',17,6,3,NULL,510,NULL,'2018-03-28 16:33:22',NULL,NULL,NULL),(503,'2018-03-03 10:57:38','2018-03-28 14:33:20','https://www.ebay.it/itm/Samsung-EF-VG935LBEGWW-Custodia-per-Samsung-Galaxy-S7-Edge-Pelle-Nero-Marrone/192470163869?hash=item2cd01da19d:m:mJqwnxijL8D0usE9FiPmGsA\r\n\r\n\r\nNERO',17,6,1,NULL,509,NULL,'2018-03-28 16:33:20',NULL,NULL,NULL),(504,'2018-03-03 14:50:25','2018-03-28 14:33:19','Nokia Lumia 930 Camera Frontale Mai Arrivata - - - - Fammela Arrivare per favore. - - Ale',17,6,3,NULL,2,NULL,'2018-03-28 16:33:19',NULL,NULL,NULL),(505,'2018-03-05 15:31:19','2018-03-28 14:33:17','https://www.ebay.it/itm/BACK-COVER-POSTERIORE-COPRI-BATTERIA-NERO-SAMSUNG-A5-2016-BIADESIVO-SCRITTE/322457247063?hash=item4b13f31d57:g:dzcAAOSw2gxYzvHZ',17,6,1,NULL,509,NULL,'2018-03-28 16:33:17',NULL,NULL,NULL),(506,'2018-03-07 09:54:03','2018-03-23 15:11:30','https://www.amazon.it/Samsung-EB535163LU-I9080-I9082-Galaxy/dp/B00PVY8ZCU/ref=sr_1_1?rps=1&ie=UTF8&qid=1520416278&sr=8-1&keywords=eb535163lu',17,7,1,NULL,509,NULL,'2018-03-23 16:08:53',NULL,NULL,NULL),(507,'2018-03-08 08:58:35','2018-03-23 15:11:51','https://www.amazon.it/3D-Coprire-Protettiva-VLP-Anti-Impronta-Transparent/dp/B079HQ9K1Z/ref=sr_1_1?ie=UTF8&qid=1520499335&sr=8-1&keywords=P8+LITE+2017+GLASS+3D',17,7,1,NULL,509,NULL,'2018-03-23 16:11:44',NULL,NULL,NULL),(508,'2018-03-08 12:46:43','2018-03-23 15:26:07','https://www.ebay.it/itm/192471060904  - - - -- https://www.ebay.it/itm/253444167502 - - - - - Alessio G',17,7,1,NULL,31,NULL,'2018-03-23 16:26:01',NULL,NULL,NULL),(509,'2018-03-08 15:49:25','2018-03-28 14:33:15','2 dischi ssd 240GB \r\n3 banchi di ram da 4gb x computer fujitsu esprimo p2560 ( Ram 1.066 MHz DDR 3)\r\n\r\nOrdinare da qualcuno che si paga dopo.\r\n\r\ntipo esprinet o computer gross\r\n\r\nGrazie.',11,6,2,NULL,250,NULL,'2018-03-28 16:33:15',NULL,NULL,NULL),(511,'2018-03-10 14:49:43','2018-03-23 15:13:21','ORDINE N. 119\r\n\r\nhttps://www.ebay.it/itm/FLIP-COVER-A-LIBRO-CON-STAND-MAGNETICA-AA-IN-ECO-PELLE-PER-HUAWEI-ASCEND-Y3-2-II/122380598274?hash=item1c7e73bc02:m:mBTc03qSJmkuEw_AG6NFcgg\r\n\r\nCOLORE : CELESTE AZZURRO ',17,7,3,NULL,509,NULL,'2018-03-23 16:13:13',NULL,NULL,NULL),(512,'2018-03-12 16:12:26','2018-05-01 01:08:52','SSD TOSHIBA Q300. Va rimandata una nostra rotta. carrello amazon.\r\nhttps://www.amazon.it/gp/product/B01AWP7O7Y/ref=ox_sc_act_title_1?smid=AS3XG2STFBAYS&psc=1',17,7,1,NULL,510,NULL,'2018-05-01 03:08:43',NULL,NULL,NULL),(513,'2018-03-13 09:12:19','2018-03-23 15:15:40','https://www.ebay.it/itm/5m-3-5mm-Jack-prolunga-cavo-di-Piombo-spina-stereo-a-presa-aux-cuffie-nickel/401495820532?hash=item5d7b0408f4:g:rywAAOSwceNaizyF - - - - Alessio per Lucani',17,7,2,NULL,509,NULL,'2018-03-23 16:15:33',NULL,NULL,NULL),(514,'2018-03-13 21:01:06','2018-03-23 15:15:55','2 Pezzi - - - - - https://www.amazon.it/Aursen-Magsafe-Caricatore-Magnetico-Caricabatterie/dp/B071P7C31L/ref=sr_1_4?s=electronics&ie=UTF8&qid=1520974792&sr=1-4&keywords=magsafe+1+60w   - - - - Alessio G',17,7,2,NULL,509,NULL,'2018-03-23 16:15:50',NULL,NULL,NULL),(515,'2018-03-13 21:02:11','2018-03-23 15:16:13','https://www.amazon.it/Aursen-Alimentatore-MagSafe-MacBook-pollici/dp/B076J5JYMW/ref=sr_1_3?s=electronics&ie=UTF8&qid=1520974751&sr=1-3&keywords=magsafe+1+85w  - - - Alessio G',17,7,2,NULL,509,NULL,'2018-03-23 16:16:05',NULL,NULL,NULL),(516,'2018-03-14 15:25:36','2018-03-22 11:18:09','https://www.amazon.it/Samsung-Wallet-Custodia-Galaxy-Nero/dp/B071FCJZPS/ref=sr_1_1?ie=UTF8&qid=1521040788&sr=8-1&keywords=EF-WJ730CBEGWW',17,7,1,NULL,509,NULL,'2018-03-22 12:17:47',NULL,NULL,NULL),(518,'2018-03-17 11:25:42','2018-03-22 10:36:36','https://www.ebay.it/itm/Custodia-Cover-Guscio-Proteggi-Case-Silicone-Trasparente-per-Apple-Watch-42-mm/182415947207?hash=item2a78d675c7:g:7MgAAOSwd0BV2a5m  - - -   Alessio G',17,7,2,NULL,2,NULL,'2018-03-22 11:36:29',NULL,NULL,NULL),(520,'2018-03-20 08:04:44','2018-03-23 16:02:04','https://www.ebay.it/itm/NGM-BL-93-BL-093-BATTERIA-2000mAh-ORIGINALE-PER-NGM-YOU-COLOR-E505-E506-E507/282839951548?hash=item41da9328bc:g:lTQAAOSw9NBae~zh',17,7,1,NULL,509,NULL,'2018-03-23 17:01:56',NULL,NULL,NULL),(521,'2018-03-20 08:22:44','2018-03-22 09:19:50','lcd lenovo g50-80. carrello ebay.\r\n\r\nhttps://www.ebay.it/itm/LTN156AT37-L02-Display-LCD-Schermo-15-6-LED-Slim-1366x768-30-pin/173214324577?hash=item285460d761:g:IrMAAOSw0gFap50K',17,7,1,NULL,510,NULL,'2018-03-22 10:19:43',NULL,NULL,NULL),(522,'2018-03-21 14:21:44','2018-03-22 09:10:30','Cartuccia 16XXL',17,7,2,NULL,509,'2018-03-22 10:09:40','2018-03-22 10:10:06',NULL,NULL,NULL),(546,'2018-03-22 10:46:44','2018-03-23 15:16:40','spy. mail laboratorionumerouno@gmail.com\r\nhttps://store.spyzie.com/checkout/myCart/?code_id=d1obsgfvskdjsuhd94o4a15s86',17,7,1,NULL,510,NULL,'2018-03-23 16:16:34',NULL,NULL,NULL),(547,'2018-03-22 12:10:12','2018-03-25 14:29:43','Parati——- Jelly SmartPhone —- Ale',17,7,1,NULL,509,NULL,'2018-03-25 01:11:55',NULL,NULL,NULL),(548,'2018-03-22 15:29:06','2018-03-23 15:28:54','CARICA BATTERIE MACBOOK PRO 13 \"  MODEL A1278 \r\nORDINE N. 139 MAZZO DJ\r\n\r\nDETTO ARRIVO X MARTEDì/MERCOLEDì 28/03/18',17,7,2,NULL,509,NULL,'2018-03-23 16:28:50',NULL,NULL,NULL),(549,'2018-03-22 18:26:01','2018-03-23 16:47:23','LUCIO LIN - - - -https://www.ebay.it/itm/Samsung-Galaxy-S9-Plus-G9650-256GB-Dual-Sim-Black-FREE-NEXT-DAY-UK-DELIVERY/323160453817?hash=item4b3ddd32b9:g:rx8AAOSwE0Zask4p - - - - S9 Plus - - - Ale',17,7,2,NULL,509,NULL,'2018-03-23 17:47:04',NULL,NULL,NULL),(552,'2018-03-23 03:04:12','2018-03-28 14:33:14','Mi servono un paio di casse classiche da attaccare ad un computer di fascia qualità normale niente di esoso Da non spendere tanto ma non un troiaio',13,6,1,NULL,1044,NULL,'2018-03-28 16:33:14',NULL,NULL,NULL),(553,'2018-03-23 16:35:31','2019-07-01 09:47:49','BATTERIA NOTE 3 GIACCHE',17,7,1,NULL,508,NULL,'2018-03-25 19:27:14',NULL,NULL,NULL),(554,'2018-03-23 17:54:56','2018-03-25 18:27:54','https://www.ebay.it/itm/BATTERIA-PER-WIKO-RAINBOW-JAM-3G-LITE-4G-BARRY-BLOOM-2000-mAh/222781880104?hash=item33ded5b728:g:boQAAOSwVlVaTf9o',17,7,1,NULL,509,NULL,'2018-03-25 20:27:33',NULL,NULL,NULL),(555,'2018-03-23 18:40:28','2018-03-26 17:32:17','PELLICOLA E COVER A7 2015 NEWTOP',17,7,1,NULL,509,NULL,'2018-03-26 19:32:12',NULL,NULL,NULL),(556,'2018-03-23 22:28:09','2018-03-26 17:28:43','13 Licenze Windows 10 Pro',17,7,3,NULL,432,NULL,'2018-03-26 19:28:38',NULL,NULL,NULL),(557,'2018-03-23 22:29:52','2018-04-01 21:41:20','SmartPhone Android con Tatsiera Conte - - Ale',17,7,3,NULL,509,NULL,'2018-04-01 23:39:54',NULL,NULL,NULL),(559,'2018-03-23 22:31:51','2018-04-01 21:48:33','Pippo Giuliattini - - -- Notebook Asus X540NA-GQ017---- Ale',17,7,1,NULL,509,NULL,'2018-04-01 23:41:42',NULL,NULL,NULL),(560,'2018-03-23 22:46:23','2018-03-26 17:21:21','Fattura Data Project 485€',17,7,3,NULL,509,NULL,'2018-03-26 16:34:31',NULL,NULL,NULL),(561,'2018-03-23 22:47:44','2018-03-26 17:25:54','Pc Fisso Tower \r\nSeriale\r\nParallela \r\nPci\r\n\r\nLuca DF',17,7,3,NULL,482,NULL,'2018-03-26 19:21:28',NULL,NULL,NULL),(562,'2018-03-26 08:14:19','2018-03-28 14:33:12','Mi serve un hard disk sata 500gb Seagate da mettere in un nas.',13,6,1,NULL,132,NULL,'2018-03-28 16:33:12',NULL,NULL,NULL),(563,'2018-03-26 08:28:26','2018-03-26 14:43:53','https://www.amazon.it/Samsung-MLT-D111S-Toner-111S-Nero/dp/B00E3MLHD0/ref=sr_1_3?ie=UTF8&qid=1522052848&sr=8-3&keywords=d111s',17,7,1,NULL,63,NULL,'2018-03-26 16:40:01',NULL,NULL,NULL),(564,'2018-03-27 09:07:14','2018-04-01 21:48:25','2X\r\n\r\nhttps://www.amazon.it/Epson-C13T789240-Cartuccia-Inkjet-Capacit%C3%A0/dp/B00I8EV41E/ref=sr_1_1?ie=UTF8&qid=1522138617&sr=8-1&keywords=T7892',17,7,1,NULL,2,NULL,'2018-04-01 23:47:09',NULL,NULL,NULL),(565,'2018-03-27 18:21:12','2018-03-28 17:23:56','Leonora Gori : Iphone 8 256Gb Gold - Gray     / /  /  Alessio',17,7,3,NULL,509,NULL,'2018-03-28 19:23:44',NULL,NULL,NULL),(569,'2018-03-28 11:56:43','2019-07-01 09:47:58','Cover IPhonme 7 Flip MariaPia',17,7,1,NULL,508,NULL,'2018-03-28 19:22:57',NULL,NULL,NULL),(570,'2018-03-28 15:09:06','2018-03-28 16:39:43','https://www.amazon.it/BeePole-Lenovo-A10-30-A10-70F-Custodia/dp/B01G3J1K6Y/ref=sr_1_1?ie=UTF8&qid=1522249557&sr=8-1&keywords=TAB2%2BA10-30&th=1\r\n\r\nBLU',17,7,1,NULL,509,NULL,'2018-03-28 18:39:36',NULL,NULL,NULL),(571,'2018-03-28 03:39:51','2018-04-24 08:41:56','Mi serve un cavo USB 3 quelli con quel attacco particolare dei box esterni. Ti faccio una foto e te la mando x wzaap',13,6,1,NULL,486,NULL,'2018-04-24 10:41:56',NULL,NULL,NULL),(572,'2018-03-29 15:19:52','2018-03-30 01:39:32','PELLICOLA LENOVO A10',17,7,1,NULL,509,NULL,'2018-03-30 03:34:51',NULL,NULL,NULL),(573,'2018-03-30 17:19:52','2018-04-04 13:41:05','S6 EDGE BLUE REAR + BATTERY. CARRELLO EBAY. aRRIVO 4-11 MARZO\r\n\r\nhttps://www.ebay.it/itm/BATTERIA-capacita-ORIGINALE-per-SAMSUNG-GALAXY-S6-EDGE-G925F-2600-mAh-BG925ABE/263230188722?hash=item3d49bdecb2:g:~skAAOSwqMhZygtD',17,7,1,NULL,510,NULL,'2018-04-04 15:40:13',NULL,NULL,NULL),(574,'2018-03-31 20:40:41','2018-04-02 22:30:15','COVER SURFACE PRO 1 PER STEFANO',17,7,1,NULL,509,NULL,'2018-04-03 00:07:34',NULL,NULL,NULL),(575,'2018-04-03 10:06:40','2018-04-06 15:30:18','Acer Ritirato, manca tasto Tastiera Nuova 16€. \r\nhttps://www.ebay.it/itm/TASTIERA-KEYBOARD-PER-ACER-ASPIRE-5810TG-SPEDIZIONE-ITALIA-LAYOUT-ITALIANO/281584495333?hash=item418fbe6ae5:g:wTwAAOSwvR5aM~d7',17,7,1,NULL,510,NULL,'2018-04-05 23:07:29',NULL,NULL,NULL),(576,'2018-04-03 10:26:12','2018-04-08 22:32:59','Cover impermeabile e anti sabbia Alessandro Pausilli iphone 8 plus.',17,7,1,NULL,509,NULL,'2018-04-09 00:32:47',NULL,NULL,NULL),(577,'2018-04-03 17:31:50','2018-04-06 15:34:33','https://www.amazon.it/SW-Stahl-Ingrassatore-siringa-batteria-64340L/dp/B006VF9PSQ/ref=sr_1_1?ie=UTF8&qid=1522776380&sr=8-1&keywords=64340l',17,7,1,NULL,509,NULL,'2018-04-06 17:34:26',NULL,NULL,NULL),(579,'2018-04-04 11:04:11','2018-04-08 23:41:52','PRENOTARE RITIRO STAMPANTE GRAFICA SONY\r\n\r\nSTRADA MASSETANA ROMANA 50/A INTERNO 35\r\nSIENA\r\n0577/271550\r\nORARIO DAL LUNEDI\' AL VENERDI\'\r\n09:00/12:30    15:00/18:30\r\n\r\n',17,7,2,NULL,510,NULL,'2018-04-09 01:41:46',NULL,NULL,NULL),(583,'2018-04-06 20:08:46','2018-04-14 02:56:46','iPad Air sui 350€\r\nMassi Gudini\r\nALESSIO ',17,7,2,NULL,509,NULL,'2018-04-14 04:55:13',NULL,NULL,NULL),(584,'2018-04-09 07:22:11','2018-04-11 01:06:01','ordine n.170 \r\nhttps://www.ebay.it/itm/PELLICOLA-VETRO-TEMPERATO-per-SAMSUNG-GALAXY-GRAND-PRIME-SM-G531F-1-COVER-/231825566205',17,7,1,NULL,509,NULL,'2018-04-11 03:05:55',NULL,NULL,NULL),(586,'2018-04-09 10:29:31','2018-04-11 01:51:14','https://www.ebay.it/itm/Komu-Batteria-Originale-KM-K4-K4-Dual-Sim-000248/222560096371?hash=item33d19d9073:g:xLcAAOSw-89ZUTxJ',17,7,1,NULL,509,NULL,'2018-04-11 03:51:08',NULL,NULL,NULL),(589,'2018-04-10 14:59:11','2018-04-12 13:34:36','ASSICURAZIONE PER SMARTPHONE\r\n\r\nS8+ E  Sony A1\r\n\r\nNel carrello di eprice. Come si fa??? Avevo aperto un tiket a stefano diverso tempo fa\r\n\r\nhttps://www.eprice.it/Carrello2017.aspx#carrello\r\n\r\n',17,7,3,NULL,510,NULL,'2018-04-12 15:34:31',NULL,NULL,NULL),(590,'2018-04-10 16:43:54','2018-04-12 12:36:28','ordinare pellicola custodia p20 p20 pro p20 lite ',17,7,1,NULL,509,NULL,'2018-04-12 11:21:39',NULL,NULL,NULL),(591,'2018-04-11 08:48:15','2018-04-12 13:18:39','Mi serve un computer da sostituire ad uno in garanzia HP Elite 8200 Ha un processore Intel Core i5',13,7,1,NULL,432,NULL,'2018-04-12 15:18:35',NULL,NULL,NULL),(592,'2018-04-11 19:52:08','2018-04-12 13:20:35','Gibbo s8 Plus Black',17,7,1,NULL,263,NULL,'2018-04-12 15:20:30',NULL,NULL,NULL),(593,'2018-04-11 19:52:33','2018-04-12 13:48:50','fattura Biciletteria',17,7,1,NULL,509,NULL,'2018-04-12 15:48:45',NULL,NULL,NULL),(595,'2018-04-15 09:33:11','2018-04-24 08:41:51','Mi serve un monitor nuovo da portargli mercoledì mattina 22 o 23 pollici da spemdere il giusto, meglio se hp dell oppure aoc \n\nDa 130 euro al cliente, quindi prezzo a noi massimo 100 €',11,6,1,NULL,21,NULL,'2018-04-24 10:41:51',NULL,NULL,NULL),(596,'2018-04-16 10:33:11','2018-04-17 14:31:00','Sosta Palmizi / Adattatore',17,7,1,NULL,509,NULL,'2018-04-17 16:30:52',NULL,NULL,NULL),(597,'2018-04-16 16:39:52','2018-05-15 14:21:44','4 scatole iphone x\r\n\r\n4 scatole s8 o s9',17,7,1,NULL,509,NULL,'2018-05-15 16:21:38',NULL,NULL,NULL),(598,'2018-04-17 17:05:56','2018-04-29 14:55:28','COMPUTER CATERINA',17,7,1,NULL,509,NULL,'2018-04-29 16:55:22',NULL,NULL,NULL),(601,'2018-04-19 10:03:11','2018-04-23 01:36:00','https://www.ebay.it/itm/Batteria-Originale-NOKIA-BL-4UL-1200-mAh-3-7V-per-3310-Lumia-225-230-500-Bulk/172936757204?hash=item2843d57fd4:g:~SwAAOSwYVlZ6c8j\r\n\r\nORDINE N. 196',17,7,1,NULL,509,NULL,'2018-04-23 03:35:55',NULL,NULL,NULL),(602,'2018-04-19 21:16:31','2018-04-26 18:40:47','Yuk: / / / \r\nIPhone x 64 Gray  / / / /\r\nFrontier S3\r\nSamsung Galaxy S8 G950F 64GB LTE Black',17,7,1,NULL,509,NULL,'2018-04-26 20:40:29',NULL,NULL,NULL),(603,'2018-04-19 21:42:32','2018-05-01 00:25:07','Adattatori Mini Dp Hdmi - -  - - Sticker Tastiera bianchi e neri -  - ',17,7,1,NULL,2,NULL,'2018-05-01 02:24:43',NULL,NULL,NULL),(604,'2018-04-20 21:17:28','2018-04-27 17:54:10','Honor 6x Amazon',17,7,1,NULL,2,NULL,'2018-04-23 03:27:34',NULL,NULL,NULL),(605,'2018-04-21 10:21:54','2018-04-23 00:03:20','CUFFIE BLUETOOTH WHITE 4.1 NT AB4   NEWTOP \r\nORDINE N. 198\r\n',17,7,1,NULL,509,NULL,'2018-04-23 01:50:55',NULL,NULL,NULL),(607,'2018-04-21 17:29:37','2018-04-22 23:21:27','https://www.amazon.it/Otterbox-Defender-Custodia-Samsung-Galaxy/dp/B00Z7RY31I/ref=sr_1_2?s=electronics&ie=UTF8&qid=1524329477&sr=1-2&keywords=S9%2B+OTTERBOX',17,7,1,NULL,509,NULL,'2018-04-23 01:21:19',NULL,NULL,NULL),(608,'2018-04-23 08:19:52','2018-04-28 11:16:10','2x    https://www.amazon.it/Samsung-MLT-D111S-Toner-111S-Nero/dp/B00E3MLHD0/ref=sr_1_2?ie=UTF8&qid=1524471524&sr=8-2&keywords=d111s',17,7,1,NULL,63,NULL,'2018-04-28 13:15:58',NULL,NULL,NULL),(609,'2018-04-23 10:57:56','2018-04-28 11:11:45','rip 379. lcd j530f. Carrello ebay\r\n\r\nhttps://www.ebay.it/itm/DISPLAY-LCD-TOUCH-SCHERMO-ORIGINALE-SAMSUNG-GALAXY-J5-2017-SM-J530F-NERO-KIT/172888871984?hash=item2840fad430:g:HJwAAOSwF15Zy--n',17,7,2,NULL,509,NULL,'2018-04-28 13:11:30',NULL,NULL,NULL),(610,'2018-04-23 10:58:43','2018-04-27 17:54:52','Flat tasti umidigi. Carrello ebay\r\n\r\nhttps://www.ebay.it/itm/132446434893?var=431790826913',17,7,2,NULL,509,NULL,'2018-04-27 19:54:27',NULL,NULL,NULL),(611,'2018-04-23 18:56:17','2018-05-01 21:10:17','Luca Arr: Penna + Docking',17,7,1,NULL,486,NULL,'2018-05-01 23:08:18',NULL,NULL,NULL),(612,'2018-04-24 10:40:40','2018-04-26 18:40:03','https://www.xinshidai.it/galaxy-alpha-a3-2017-a320-vetro-temperato-a3-2017.1.1.1748.gp.14495.uw',17,7,1,NULL,2,NULL,'2018-04-24 16:47:36',NULL,NULL,NULL),(613,'2018-04-24 10:59:36','2018-04-27 17:50:39','https://www.amazon.it/Edge-Pellicola-Protettiva-PULESEN%C2%AE-protezione/dp/B01FHY9QDA/ref=sr_1_2?rps=1&ie=UTF8&qid=1524567075&sr=8-2&keywords=VETRO+TEMPERATO+s6+edge',17,7,1,NULL,509,NULL,'2018-04-27 19:50:24',NULL,NULL,NULL),(614,'2018-04-26 07:53:44','2018-04-27 17:46:05','cover alfonso lombardi huawei mate s?',17,7,1,NULL,509,NULL,'2018-04-27 19:29:49',NULL,NULL,NULL),(615,'2018-04-26 14:45:48','2018-04-27 17:45:57','https://www.ebay.it/itm/P1-DISPLAY-LCD-TOUCH-SCREEN-per-ASUS-ZENFONE-3-MAX-ZC520TL-X008D-BIANCO-VETRO/192269895632?hash=item2cc42dc7d0:g:WPYAAOSwEatZiFhc',17,7,1,NULL,509,NULL,'2018-04-27 19:45:15',NULL,NULL,NULL),(616,'2018-04-26 18:07:32','2018-04-27 17:26:00','STAMPANTE X BARBARA',17,7,1,NULL,509,NULL,'2018-04-27 19:25:48',NULL,NULL,NULL),(617,'2018-04-26 18:38:48','2018-04-27 17:11:03','Desa - - - -Notebook Cate - - 2x J3--1x J5 - -1x A5--',17,7,1,NULL,2,NULL,'2018-04-27 19:10:52',NULL,NULL,NULL),(618,'2018-04-26 18:39:53','2018-04-27 17:10:03','Yukatel: P 20 Lite - -',17,7,2,NULL,509,NULL,'2018-04-27 19:09:01',NULL,NULL,NULL),(619,'2018-04-26 19:34:46','2018-05-08 22:19:38','Unimex: \r\nIphone 6s Plus 64Gb Come è \r\nIphone 6s Plus 64Gb Rose Gold / Gold\r\niPhone 6s + 64Gb Da Sostituire Unimex Gold - 3273570482\r\nSamsung S8 Plus\r\niPhone 7 Plus 128Gb Silver',17,7,3,NULL,509,NULL,'2018-05-09 00:19:30',NULL,NULL,NULL),(620,'2018-04-27 13:58:41','2018-04-27 17:08:45','https://www.xinshidai.it/zenfone-max-3-zc520tl-5-2-hq-lateral-asus-zenfone-max-3-zc520tl-5-2-.1.1.1649.gp.13358.uw\r\nORDINE N. 208 ',17,7,1,NULL,509,NULL,'2018-04-27 19:08:33',NULL,NULL,NULL),(621,'2018-04-28 18:12:24','2018-04-29 14:55:10','Serena P: P9 Lite 2017 Cover + Pellicola',17,7,1,NULL,509,NULL,'2018-04-29 04:05:33',NULL,NULL,NULL),(622,'2018-04-29 20:38:45','2018-05-02 19:06:44','2x ) Ipad Air - ipad New',17,7,2,NULL,509,NULL,'2018-05-02 21:06:41',NULL,NULL,NULL),(623,'2018-04-29 21:21:18','2018-05-07 17:06:21','iPad Air 2 32Gb WiFi',17,7,3,NULL,509,NULL,'2018-05-07 19:06:13',NULL,NULL,NULL),(624,'2018-04-30 07:39:57','2018-04-30 23:00:43','https://www.amazon.it/Cadorabo-protettiva-protettivo-arrotondati-TRASPARENZA/dp/B01D1FW8TG/ref=sr_1_6?ie=UTF8&qid=1525073620&sr=8-6&keywords=s5+active+VETRO\r\n\r\nhttps://www.amazon.it/dp/B00MGN6396/ref=twister_B01N2676EO?_encoding=UTF8&th=1',17,7,1,NULL,2,NULL,'2018-05-01 01:00:26',NULL,NULL,NULL),(625,'2018-04-30 15:38:30','2018-04-30 23:11:23','RIP 416 LCD j320fn gold. Carrello ebay\r\n\r\nhttps://www.ebay.it/itm/P1-DISPLAY-LCD-TOUCH-SCREEN-per-SAMSUNG-GALAXY-J3-2016-SM-J320FN-J320-ORO-GOLD/222672717076?hash=item33d8540514:g:1CEAAOSwFuxZ25TG',17,7,2,NULL,510,NULL,'2018-05-01 01:10:53',NULL,NULL,NULL),(627,'2018-05-02 19:09:20','2018-05-08 22:20:31','Pagare Ricambi Telefonia 550€',17,7,1,NULL,2,NULL,'2018-05-09 00:20:08',NULL,NULL,NULL),(628,'2018-05-02 19:09:48','2018-05-15 14:20:20','Ordine Sally HK 1000€',17,7,1,NULL,2,NULL,'2018-05-15 16:20:03',NULL,NULL,NULL),(629,'2018-05-02 19:27:02','2018-05-08 22:16:16','Pagamento Rework Labs 400€',17,7,1,NULL,2,NULL,'2018-05-09 00:16:03',NULL,NULL,NULL),(633,'2018-05-03 07:48:38','2018-05-06 22:13:19','Licenze windows 10 home che dovevi prendere da Nico',11,7,1,NULL,432,NULL,'2018-05-07 00:13:14',NULL,NULL,NULL),(634,'2018-05-04 17:50:25','2018-05-08 22:18:16','https://www.amazon.it/OtterBox-Defender-Custodia-Protettiva-Samsung/dp/B00Z7TEFZA/ref=sr_1_3?s=electronics&ie=UTF8&qid=1525456124&sr=1-3&keywords=S9+OTTERBOX',17,7,1,NULL,509,NULL,'2018-05-09 00:18:07',NULL,NULL,NULL),(635,'2018-05-07 09:41:29','2018-05-09 23:14:04','ORDINARE S9 PLUS NERO PER SPINUSO',17,7,1,NULL,509,NULL,'2018-05-10 01:13:52',NULL,NULL,NULL),(636,'2018-05-07 15:49:07','2018-05-09 22:48:23','Pellicola Curva P9 Lite 2017',17,7,2,NULL,404,NULL,'2018-05-10 00:47:07',NULL,NULL,NULL),(637,'2018-05-07 16:21:29','2019-07-01 09:48:01','RIP.  433 ARENELLA. TASTIERA. CARRELLO EBAY\r\n\r\nhttps://www.ebay.it/itm/Tastiera-Italiana-Originale-HP-SENZA-FRAME-p-n-V140546AK1IT-708168-001/272590804105?hash=item3f77ad9489:g:4wsAAOSwYXVYyRHR',17,7,3,NULL,508,NULL,'2018-05-08 16:29:41',NULL,NULL,NULL),(638,'2018-05-07 17:10:18','2018-05-09 23:13:38','Samsung S8 Plus //// iPhone 7 Plus 128Gb Silver /// iPhone 8 /// iPhone x Stefy 256 Gray // Xiaomi A4-5 Mi A1',17,7,1,NULL,509,NULL,'2018-05-10 00:56:50',NULL,NULL,NULL),(639,'2018-05-07 20:49:36','2018-05-07 20:49:36','Ordinare Stampante Workforce a Computergross (come la tua in ufficio) e fare DDT alla Style\r\nOrdinare NAS QNAP TS219P senza disco sempre per style in italy (il disco dovrebbe già averlo consegnato Luca da 4TB)',11,2,3,'0000-00-00 00:00:00',404,NULL,NULL,NULL,NULL,NULL),(640,'2018-05-08 08:56:33','2018-05-08 13:49:18','Ordinare Presa per Fabrizio razzolini\nWallplugged',13,7,1,NULL,509,NULL,'2018-05-08 15:48:38',NULL,NULL,NULL),(641,'2018-05-08 09:43:33','2019-07-01 09:48:03','https://www.amazon.it/Epson-C13T789140-Cartuccia-Inkjet-Capacit%C3%A0/dp/B00I8EV2G6/ref=sr_1_2?ie=UTF8&qid=1525772567&sr=8-2&keywords=nero+wf5620\r\n\r\n1 PER NEGOZIO\r\n1 PER CS',17,7,1,NULL,508,NULL,'2018-05-08 15:30:44',NULL,NULL,NULL),(642,'2018-05-08 06:44:47','2018-05-08 18:44:51','Lettore smart card della zucchetti.',13,2,1,NULL,1059,NULL,NULL,NULL,NULL,NULL),(643,'2018-05-09 14:29:31','2019-07-01 09:48:05','Tast home bianco 7+. carrello ebay\r\n\r\nhttps://www.ebay.it/itm/TASTO-HOME-APPLE-IPHONE-7-7-PLUS-NERO-ORO-BIANCO-SILVER-BUTTON-CENTRALE-FLAT/222587017908?hash=item33d3385ab4:m:manu1HHXXzTOaaC3oKNcDuQ',17,7,3,NULL,508,NULL,'2018-05-10 00:45:38',NULL,NULL,NULL),(645,'2018-05-10 09:19:26','2018-05-14 16:43:30','https://www.amazon.it/maschio-firewire-1394-camcorder-modificare/dp/B0749JMBS7/ref=sr_1_1?ie=UTF8&qid=1525943763&sr=8-1&keywords=cavo+mini+dv+usb',17,7,1,NULL,509,NULL,'2018-05-14 18:41:08',NULL,NULL,NULL),(646,'2018-05-10 13:05:23','2018-05-14 16:43:53','Lunedì mattina porto il notebook a Palazzo della Fonte, mi serve la docking station CHE ALIMENTA ANCHE IL NOTEBOOK:\r\n\r\nquindi o prendi un alimentatore in più che lui lo lascia fisso in ufficio ed una docking da attaccare usb, oppure una docking a cui si collega l\'alimentatore ed alimenta anche il pc.\r\n\r\nIn ogni caso, servono 2 alimentatori (uno credo che glielo dai già e uno lo ordini per farglielo lasciare in ufficio)\r\n\r\nGrazie.',11,7,3,'0000-00-00 00:00:00',1050,NULL,'2018-05-14 18:42:57',NULL,NULL,NULL),(647,'2018-05-10 17:17:33','2018-05-16 14:52:01','ORDINARE 2 IPHONE 8 PLUS 64GB GOLD, 1 PER 1 ABBONAMENTO 1 FINANZIAMENTO',17,7,1,NULL,509,NULL,'2018-05-16 16:51:51',NULL,NULL,NULL),(648,'2018-05-11 20:04:37','2018-05-15 14:19:43','Cover Ale Doppido',17,7,1,NULL,509,NULL,'2018-05-15 16:19:28',NULL,NULL,NULL),(649,'2018-05-14 10:11:59','2018-05-14 16:42:17','ORD. 232 \r\n\r\nSAMSUNG J5 GOLD € 199, LA SIGNORA PARTE MERCOLEDì MATTINA 16/05/18.\r\nSE POSSIBILE ORDINARE OGGI X FAR ARRIVARE MARTEDì 15/05/18.\r\n',17,7,2,NULL,509,NULL,'2018-05-14 18:41:41',NULL,NULL,NULL),(650,'2018-05-14 13:31:14','2018-06-09 01:26:12','lcd Lenovo (muletto wall street) https://www.ebay.it/itm/New-IBM-LENOVO-B50-80EW00HPUK-Laptop-LED-LCD-Screen-15-6-eDP/291754606013?hash=item43ededfdbd:g:UtcAAOSwxehXOeMs',17,7,1,NULL,510,NULL,'2018-06-09 03:26:02',NULL,NULL,NULL),(651,'2018-05-14 14:02:21','2018-05-15 14:06:29','Back cover. Carrello ebay. https://www.ebay.it/itm/162688876664',17,7,3,NULL,509,NULL,'2018-05-15 16:06:25',NULL,NULL,NULL),(653,'2018-05-15 07:42:08','2018-05-15 14:04:54','https://www.amazon.it/IVSO-TB-7504X-Pellicola-Protettiva-Temperato/dp/B079FJJMX4/ref=sr_1_3?ie=UTF8&qid=1526369892&sr=8-3&keywords=pellicola+vetro+lenovo+tab+7',17,7,1,NULL,509,NULL,'2018-05-15 16:04:25',NULL,NULL,NULL),(654,'2018-05-15 12:45:20','2018-05-15 12:45:20','Ssd 120gb x4 ////// 240gb x3',17,2,2,NULL,2,NULL,NULL,NULL,NULL,NULL),(655,'2018-05-15 16:54:02','2018-05-22 15:01:04','https://www.ebay.it/itm/Livella-Laser-Rotante-Autolivellante-Self-Rotating-Measuring-Tool/253570843665?hash=item3b0a000411:m:m6voUzMU_cRRqlCs2RdUC6Q\r\n\r\nQUELLA DA 500 METRI',17,7,1,NULL,509,NULL,'2018-05-22 17:00:59',NULL,NULL,NULL),(656,'2018-05-16 15:46:55','2018-05-22 14:42:51','FRIDO GUADAGNI TELEFONO ',17,7,1,NULL,509,NULL,'2018-05-22 16:42:45',NULL,NULL,NULL),(657,'2018-05-17 10:27:11','2018-05-17 19:37:30','https://www.amazon.it/Custodia-Rigida-Samsung-Galaxy-S5/dp/B00MGN8WBS/ref=sr_1_21?ie=UTF8&qid=1526552463&sr=8-21&keywords=cover+s5+active\r\n\r\ngommata s5 nero',17,7,1,NULL,509,NULL,'2018-05-17 21:37:26',NULL,NULL,NULL),(658,'2018-05-17 19:42:51','2018-05-22 14:43:14','iPhone x 256Gb Indrid',17,7,1,NULL,509,NULL,'2018-05-22 16:43:09',NULL,NULL,NULL),(660,'2018-05-21 08:09:29','2018-05-26 00:47:58','CARRELLO FHR. SOLO LCD. CON QUELLI NEL CARRELLO ABBIAMO A MAGAZZINO  2 PER TIPO DI OGNI MODELLO',17,7,1,NULL,510,NULL,'2018-05-26 02:47:14',NULL,NULL,NULL),(661,'2018-05-22 17:26:51','2018-05-25 01:48:49','box per hdd. 1 veloce per GINEVRA',17,7,3,NULL,510,NULL,'2018-05-25 03:48:43',NULL,NULL,NULL),(662,'2018-05-23 08:05:56','2018-05-26 00:46:27','ORD. 246. \r\n\r\nhttps://www.ebay.it/i/321180220741?chn=ps&dispItem=1',17,7,1,NULL,509,NULL,'2018-05-26 02:46:21',NULL,NULL,NULL),(664,'2018-05-24 14:18:49','2018-05-26 00:32:24','NEGOZIO ARTICOLI MANCANTI: \r\n- ADATTATORE IPHONE 7 CUFFIE https://www.google.it/search?q=ADATTATORE+CUFFIE+IPHONE&source=lnms&tbm=isch&sa=X&ved=0ahUKEwiM0PesxJ7bAhXP-6QKHc45DfYQ_AUICygC&biw=1920&bih=949#imgrc=ZnpQ3ZCqe9Xc2M:\r\n\r\n- COVER CRYSTAL CASE SAMSUNG GALAXY S8 NT17584\r\n\r\n- CRYSTAL CASE SAMSUNG GALAXY S8+ NT17585',17,7,1,NULL,2,NULL,'2018-05-26 02:32:15',NULL,NULL,NULL),(667,'2018-05-30 14:52:27','2018-06-04 07:50:59','https://www.amazon.it/Samsung-MLT-D111S-Toner-111S-Nero/dp/B00E3MLHD0/ref=sr_1_4?ie=UTF8&qid=1527691602&sr=8-4&keywords=d111s+samsung',17,7,1,NULL,509,NULL,'2018-06-04 09:50:47',NULL,NULL,NULL),(668,'2018-05-30 15:39:00','2018-06-04 07:55:25','https://www.amazon.it/Lexmark-2852294-51B2000-Toner/dp/B072WC1N7L/ref=sr_1_1?s=office&ie=UTF8&qid=1527694661&sr=1-1&keywords=51B2000',17,7,1,NULL,509,NULL,'2018-06-04 09:54:55',NULL,NULL,NULL),(669,'2018-06-01 07:32:43','2018-06-04 15:21:42','kaspersky esauriti. 01/06/2018',17,7,3,NULL,510,NULL,'2018-06-04 17:21:38',NULL,NULL,NULL),(670,'2018-06-01 14:26:09','2018-06-04 08:09:08','Rip ALFANI. flat macbook a1278. carrello ebay\r\n\r\nhttps://www.ebay.it/itm/HDD-SATA-821-1480-A-per-Apple-macbook-pro-13-a1278-HDD-cavo-disco-rigido-flat/282923344869?hash=item41df8ba3e5:g:uLIAAOSwv-NWYdH0',17,7,2,NULL,510,NULL,'2018-06-04 09:58:20',NULL,NULL,NULL),(673,'2018-06-04 09:02:10','2018-06-04 15:10:55','ORD. 269\r\nhttps://www.ebay.it/i/282947112530?chn=ps',17,7,2,NULL,509,NULL,'2018-06-04 17:10:50',NULL,NULL,NULL),(676,'2018-06-05 12:59:25','2018-06-09 01:23:29','rma xs. tastiera hp. non si trova uguale.Ho trovato questa USATA. Dagli un occhio e fammi sapere\r\n\r\nhttps://www.ebay.it/itm/HP-ProBook-430-G3-440-G3-445-G3-Tastiera-8302323-dh1-USATO-NORDICA/162790959426?hash=item25e718e942:g:0F0AAOSwry1aJrvu',17,7,1,NULL,510,NULL,'2018-06-08 04:31:33',NULL,NULL,NULL),(677,'2018-06-05 17:40:48','2018-06-07 03:09:53','https://www.amazon.it/iVoler-Silicone-Trasparente-Sottile-Custodia/dp/B076K6CPP4/ref=sr_1_4?ie=UTF8&qid=1528216383&sr=8-4&keywords=REDMI+5A+COVER+XIAOMI\r\n\r\nhttps://www.amazon.it/Protettiva-Antigraffio-Ultraresistente-Trasparente-Anti-impronte/dp/B077TWXXDM/ref=sr_1_2_sspa?s=electronics&ie=UTF8&qid=1528220351&sr=1-2-spons&keywords=REDMI+5A+screen+XIAOMI&psc=1',17,7,1,NULL,509,NULL,'2018-06-07 05:09:34',NULL,NULL,NULL),(678,'2018-06-06 13:48:12','2018-06-07 03:19:02','BACK COVER SAMSUNG S6 920 BLU. CARRELLO EBAY\r\n\r\nhttps://www.ebay.it/itm/BACK-COVER-COPRI-BATTERIA-BLU-SCURO-PER-SAMSUNG-GALAXY-S6-G920-SCOCCA-POSTERIORE/182099256531?hash=item2a65f624d3:g:o4IAAOSw1DtXFoUC',17,7,1,NULL,510,NULL,'2018-06-07 05:18:55',NULL,NULL,NULL),(679,'2018-06-06 13:51:24','2018-06-09 01:23:09','CARRELLO SIM IPHONE X. 2 PZ 1 NERO 1 SILVER. STESSO VENDITORE.UNIRE SPEDIZIONI IN MODALITà PAGAMENTO  CARRELLO EBAY\r\n\r\nhttps://www.ebay.it/itm/Slot-Porta-Sim-Carrello-Carrellino-per-Apple-iPhone-X-Nero/253291076030?hash=item3af95319be:g:bx4AAOSw0LhbEYBl\r\n\r\nhttps://www.ebay.it/itm/Slot-Porta-Sim-Carrello-Carrellino-per-Apple-iPhone-X-Argento-Silver/253291076034?hash=item3af95319c2:g:qoYAAOSwLM5bEYBx',17,7,1,NULL,510,NULL,'2018-06-09 03:22:54',NULL,NULL,NULL),(681,'2018-06-09 07:11:07','2018-06-12 01:54:26','>P8 lite ritiro stocchi. Flat USB. Carrello ebay.\r\n\r\nhttps://www.ebay.it/itm/292436581156',17,7,1,NULL,510,NULL,'2018-06-12 03:51:23',NULL,NULL,NULL),(682,'2018-06-09 07:13:56','2018-06-13 00:24:47','adattatori usa>EU nero per asus possibilmente.\r\n\r\nhttps://www.ebay.it/itm/Adattatore-Spina-Presa-Corrente-Da-Inglese-Uk-A-Italiana-Per-Rete-Eu-Viaggio/152408323797?hash=item237c3e76d5:g:M4MAAOSweZJaEwTR\r\nse ne vuoi prendere un paio per quelli uk che abbiamo',17,7,1,NULL,510,NULL,'2018-06-13 02:24:11',NULL,NULL,NULL),(683,'2018-06-09 17:55:42','2018-06-12 01:51:58','Cover + Pell Asus x008d',17,7,2,NULL,509,NULL,'2018-06-12 03:51:47',NULL,NULL,NULL),(684,'2018-06-09 17:56:22','2018-06-12 16:37:26','P20 Pro Blk\r\nA5 Nero 2017\r\nXiaomi A5\r\nSamsung da 100€',17,7,2,NULL,2,NULL,'2018-06-12 18:37:20',NULL,NULL,NULL),(685,'2018-06-09 18:08:54','2018-06-13 01:09:50','Stampante Hp Piccola',17,7,2,NULL,493,NULL,'2018-06-13 03:09:36',NULL,NULL,NULL),(687,'2018-06-12 07:36:49','2018-06-12 16:38:45','https://www.amazon.it/Batteria-Original-Samsung-bg530bbe-J5-J3-2015/dp/B079BFTQYH/ref=sr_1_27?s=electronics&ie=UTF8&qid=1528788862&sr=1-27&keywords=batteria+j3+2016 \r\n\r\nordine n. 286',17,7,1,NULL,509,NULL,'2018-06-12 18:38:41',NULL,NULL,NULL),(688,'2018-06-12 15:34:03','2018-06-13 02:09:58','lcd j530f black. carello ebay\r\n\r\nhttps://www.ebay.it/itm/Full-LCD-display-Touch-Screen-per-SAMSUNG-J5-2017-J530-J530F-J530FN-SM-J530F/202287762982?hash=item2f194a4e26:m:mUYykNomBkFTZNkSbTTroOQ',17,7,2,NULL,510,NULL,'2018-06-13 03:38:32',NULL,NULL,NULL),(689,'2018-06-12 16:23:25','2018-06-13 02:30:22','RIPlcd lenovo z500. carrello ebay\r\n\r\nhttps://www.ebay.it/itm/Lenovo-IdeaPad-Z500-59361311-LCD-Display-Schermo-Screen-15-6-LED-tsj/271978282133?hash=item3f532b3c95:g:crIAAOSwPV9a62M7',17,7,2,NULL,510,NULL,'2018-06-13 04:30:12',NULL,NULL,NULL),(690,'2018-06-12 22:01:39','2018-06-19 23:36:15','Cordless Ristorante',17,7,3,NULL,509,NULL,'2018-06-20 01:35:29',NULL,NULL,NULL),(691,'2018-06-13 09:46:17','2018-06-17 19:32:17','USB OTG 16GB O 32 GB \r\n\r\n',17,7,3,NULL,525,'2018-06-17 21:31:32','2018-06-17 21:31:59',NULL,NULL,NULL),(692,'2018-06-13 15:33:41','2018-06-18 18:52:44','https://www.ebay.it/itm/SAMSUNG-lcd-schermo-originale-J3-2017-touch-e-vetro-J330-silver/163053293804?hash=item25f6bbd0ec:m:m-yVdq53lSHfcKrVwoesjLQ',17,7,1,NULL,509,NULL,'2018-06-18 20:52:38',NULL,NULL,NULL),(694,'2018-06-14 09:35:17','2018-06-17 19:58:20','ORDINARE SAMSUNG NOTE 8 DUAL SIM BLACK',17,7,1,NULL,509,NULL,'2018-06-17 21:58:06',NULL,NULL,NULL),(695,'2018-06-14 10:30:09','2018-06-18 18:54:10','Cavetto sata per macbook ALFANI. Carrello ebay\r\n\r\nhttps://www.ebay.it/itm/HDD-Hard-Drive-Cavo-821-1480-A-Sostituzione-Per-Apple-Macbook-Pro-A1278-13/192017537617?hash=item2cb5231a51:g:-lAAAOSwB09YGywJ\r\n\r\nRispedire oggetto difettoso \r\n\r\nIndirizzo\r\n\r\nexceli informatique\r\n\r\n29 rue esprit des lois\r\n\r\nbordeaux Aquitaine 33000',17,7,1,NULL,510,NULL,'2018-06-18 20:54:07',NULL,NULL,NULL),(696,'2018-06-15 21:12:16','2018-06-20 09:18:33','Cover Blu Originale Iphone 7+ ',17,7,2,NULL,509,NULL,'2018-06-20 11:18:22',NULL,NULL,NULL),(697,'2018-06-16 11:37:02','2018-06-20 09:10:39','https://www.amazon.it/EBESTSTAR-2016-10-1-T580-T585-Smartcase-Pellicola-protezione/dp/B071NVZFW5/ref=pd_sbs_147_1?_encoding=UTF8&pd_rd_i=B071NVZFW5&pd_rd_r=342de0ea-7159-11e8-a7a9-49c1b6ba8cb4&pd_rd_w=EEQ0Z&pd_rd_wg=L29SH&pf_rd_i=desktop-dp-sims&pf_rd_m=A11IL2PNWYJU7H&pf_rd_p=4942769213773214522&pf_rd_r=NNEX7P4B40E59YD4GPGD&pf_rd_s=desktop-dp-sims&pf_rd_t=40701&psc=1&refRID=NNEX7P4B40E59YD4GPGD \r\n\r\nordine n. 297\r\n',17,7,1,NULL,509,NULL,'2018-06-20 11:09:49',NULL,NULL,NULL),(698,'2018-06-16 17:23:57','2018-06-20 09:49:28','ANTONIO DEARENZO 3284239437 samsung sui 150 massimo per un j3 j 5',17,7,1,NULL,509,NULL,'2018-06-20 11:49:23',NULL,NULL,NULL),(699,'2018-06-18 15:15:16','2018-06-20 09:49:46','https://www.amazon.it/Custodia-Leathlux-Trasparente-Protettiva-Resistente/dp/B07BFTJQFC/ref=sr_1_4?ie=UTF8&qid=1529334841&sr=8-4&keywords=s9+full+body',17,7,1,NULL,509,NULL,'2018-06-20 11:49:41',NULL,NULL,NULL),(700,'2018-06-18 17:47:44','2018-06-20 09:55:20','https://www.ebay.it/itm/BATTERIA-IN-BLISTER-PER-Samsung-Galaxy-Alpha-G850-Battery-EB-BG850BBECWW/222435517392?hash=item33ca30a3d0:g:US4AAOSwAuNW5YFa',17,7,1,NULL,509,NULL,'2018-06-20 11:55:17',NULL,NULL,NULL),(701,'2018-06-18 18:55:50','2018-06-21 12:52:29','Note 8 Sabi',17,7,3,NULL,367,NULL,'2018-06-21 14:51:51',NULL,NULL,NULL),(703,'2018-06-19 19:46:40','2018-07-29 00:55:39','Sim e Telefono Vitor',17,7,2,NULL,509,NULL,'2018-07-29 02:55:34',NULL,NULL,NULL),(704,'2018-06-21 09:04:39','2018-06-26 22:21:14','PIERAZZOLI SAMSUNG 2GB 2RX8 PC3 10600U-09-10-80\r\n\r\nSE POSSIBILE AVERNE UNA ANCHE BUONA PER TEST IN LAB\r\n\r\nhttps://www.ebay.it/itm/2-GB-DDR3-RAM-2Rx8-PC3-10600U-non-ECC-Samsung-M378B5673FH0-CH9/183174984236?hash=item2aa614722c:g:iskAAOSwcqZbHosM',17,7,1,NULL,510,NULL,'2018-06-27 00:21:01',NULL,NULL,NULL),(705,'2018-06-21 09:10:01','2018-06-26 22:27:05','CAVI TRIPOLARI PER ALIMENTATORE NOTEBOOK\r\nEBAY 4,50€ 1,5 MT\r\n\r\nhttps://www.ebay.it/itm/CAVO-ALIMENTAZIONE-CON-PRESA-ITALIANA-1-5-MT-METRI-3-POLI-NOTEBOOK-TRIPOLARE/181829255558?hash=item2a55de4186:g:TfUAAOSwPcVVwzXL',17,7,1,NULL,510,NULL,'2018-06-27 00:26:54',NULL,NULL,NULL),(706,'2018-06-21 01:39:12','2018-06-25 07:35:43','Mi ordini un hub usb3 almeno con 4 porte.',13,6,1,NULL,1059,NULL,'2018-06-25 09:35:43',NULL,NULL,NULL),(707,'2018-06-22 11:20:28','2018-06-26 22:19:57','https://www.amazon.it/MAJESTIC-SILENO-SENIOR-DISPLAY-FOTOCAMERA/dp/B01M7WEIBH/ref=sr_1_1?ie=UTF8&qid=1529665130&sr=8-1&keywords=FLIP+SENIOR\r\n\r\nhttps://www.amazon.it/ISHEEP-Telefono-Cellulare-anziani-Nero/dp/B078SP9NZM/ref=sr_1_3?ie=UTF8&qid=1529665025&sr=8-3&keywords=CELLULARE+TASTI+GRANDI',17,7,1,NULL,509,NULL,'2018-06-27 00:18:15',NULL,NULL,NULL),(708,'2018-06-22 11:27:55','2018-06-28 22:04:02','https://www.amazon.it/illuminato-cancellabile-Ristorante-lampeggiante-Hosim/dp/B01N0XDZUU/ref=sr_1_3?s=office&ie=UTF8&qid=1529662422&sr=1-3&keywords=lavagna%2BLED&th=1\r\n\r\nhttps://www.amazon.it/illuminato-cancellabile-Ristorante-lampeggiante-Hosim/dp/B01LXPCF2U/ref=sr_1_3?s=office&ie=UTF8&qid=1529662422&sr=1-3&keywords=lavagna%2BLED&th=1\r\n\r\nhttps://www.amazon.it/illuminato-cancellabile-Ristorante-lampeggiante-Hosim/dp/B01LZ09G39/ref=sr_1_3?s=office&ie=UTF8&qid=1529662422&sr=1-3&keywords=lavagna%2BLED&th=1\r\n\r\noppure questa:\r\n\r\nhttps://www.amazon.it/Lavagna-Luminosa-DOPPIA-cavalletto-integrato/dp/B01BKK1KQQ/ref=sr_1_cc_1?s=aps&ie=UTF8&qid=1529666360&sr=1-1-catcorr&keywords=lavagna+LED+cavalletto',17,7,1,NULL,509,NULL,'2018-06-29 00:03:54',NULL,NULL,NULL),(709,'2018-06-25 08:03:39','2018-06-26 22:29:51','https://www.amazon.it/Samsung-MLT-D111S-Toner-Laser-Nero/dp/B00E3MLHD0/ref=sr_1_1?ie=UTF8&qid=1529913768&sr=8-1&keywords=111s+samsung',17,7,1,NULL,509,NULL,'2018-06-27 00:29:45',NULL,NULL,NULL),(710,'2018-06-25 15:00:21','2018-06-26 22:31:57','https://www.ebay.it/itm/BATTERIA-originale-SAMSUNG-Galaxy-Note-1-N7000-EB615268VU-2500-mAh-NUOVA/253202097442?hash=item3af4056522:g:z~4AAOSwT6JZ3WdX\r\n\r\nORDINE N. 314\r\n\r\n\r\n',17,7,1,NULL,509,NULL,'2018-06-27 00:31:35',NULL,NULL,NULL),(711,'2018-06-26 16:53:28','2018-06-30 17:01:13','ordinare cellulari flip tasti ( grandi o normali) neri megio',17,7,1,NULL,2,NULL,'2018-06-30 18:54:35',NULL,NULL,NULL),(713,'2018-06-27 09:00:49','2018-06-28 22:13:12','https://www.amazon.it/Amsahr-e6400s-03-4400-mAh-Lattitude-E6400S/dp/B00425ADSS/ref=sr_1_1?ie=UTF8&qid=1530089624&sr=8-1&keywords=batteria+pt434',17,7,1,NULL,1029,NULL,'2018-06-29 00:13:08',NULL,NULL,NULL),(714,'2018-06-27 14:01:55','2018-06-29 01:25:43','APPLE IPHONE 8 PLUS 64 GB GREY NUOVO \r\nCECCHERINI ORDINE N. 311  ',17,7,3,NULL,509,NULL,'2018-06-29 03:25:03',NULL,NULL,NULL),(716,'2018-06-30 17:01:05','2018-07-12 18:54:11','Corel Draw 18',17,7,1,NULL,509,NULL,'2018-07-12 20:54:06',NULL,NULL,NULL),(717,'2018-07-02 07:56:25','2018-07-09 22:39:58','https://www.amazon.it/MAJESTIC-SILENO-SENIOR-DISPLAY-FOTOCAMERA/dp/B01M7WEIBH/ref=sr_1_1?ie=UTF8&qid=1530517619&sr=8-1&keywords=majestic%2Bsileno%2B50&th=1\r\n\r\nnero',17,7,1,NULL,509,NULL,'2018-07-05 11:05:24',NULL,NULL,NULL),(718,'2018-07-02 13:35:17','2018-07-09 22:57:18','ALBANI. p10 lite. carrello ebay\r\n\r\n://www.ebay.it/itm/TOUCH-LCD-DISPLAY-PER-HUAWEI-P10-LITE-NERO-CON-FRAME-WAS-LX1-WAS-LX1A-SCHERMO/282829656795?hash=item41d9f612db:g:xoMAAOSwAspbMh3s',17,7,1,NULL,510,NULL,'2018-07-10 00:57:11',NULL,NULL,NULL),(719,'2018-07-03 12:43:47','2018-07-09 23:19:21','RIP 600. GRAND NEO PLUS i9060I BIANCO. CARRELLO EBAY\r\n\r\nhttps://www.ebay.it/itm/TOUCH-SCREEN-DISPLAY-VETRO-SAMSUNG-GALAXY-GRAND-NEO-PLUS-GT-I9060I-BIANCO-DUOS/291516900898?hash=item43dfc2e622:g:~CUAAOSwu4BVrkE3',17,7,2,NULL,510,NULL,'2018-07-10 01:14:51',NULL,NULL,NULL),(722,'2018-07-04 17:05:42','2018-07-09 23:26:50','https://www.ebay.it/itm/Batteria-14-4-14-8V-5200mAh-per-Hp-Compaq-Business-Notebook-nx7300/272770591850?hash=item3f8264ec6a:g:pZAAAOSwc2FZcV06',17,7,1,NULL,509,NULL,'2018-07-10 01:26:21',NULL,NULL,NULL),(725,'2018-07-05 10:28:40','2018-07-09 23:42:37','https://www.amazon.it/Protezione-Antigraffi-Anti-riflesso-Ultra-Clear-Arrotondati/dp/B01JOX945K/ref=sr_1_4?ie=UTF8&qid=1530786052&sr=8-4&keywords=redmi+3+vetro',17,7,1,NULL,509,NULL,'2018-07-10 01:42:14',NULL,NULL,NULL),(726,'2018-07-07 16:57:49','2018-07-09 23:59:17','https://www.ebay.it/itm/Alimentatore-Caricabatteria-45W-per-Lenovo-IdeaPad-100-15-100-15IBD/222740042581?hash=item33dc575355:g:-6QAAOSw5VtaMpNS',17,7,1,NULL,509,NULL,'2018-07-10 01:59:13',NULL,NULL,NULL),(727,'2018-07-10 16:27:18','2018-07-13 02:34:52','https://www.amazon.it/BATTERIA-SAMSUNG-originaleEB-B600per-blister-originale/dp/B00TYS13RI/ref=sr_1_15?ie=UTF8&qid=1531239929&sr=8-15&keywords=samsung+s4+batteria+originale',17,7,1,NULL,509,NULL,'2018-07-13 04:34:47',NULL,NULL,NULL),(728,'2018-07-11 16:34:55','2018-07-13 02:41:25','https://www.ebay.it/itm/Carrello-Sim-Bianco-Samsung-Galaxy-A3-A300-A5-A500-A7-A700/112595633370?hash=item1a373904da:g:YbIAAOSwEBpaxe6n',17,7,1,NULL,509,NULL,'2018-07-13 04:41:18',NULL,NULL,NULL),(729,'2018-07-12 11:02:50','2018-07-13 03:01:01','RIP 588. lcd thinkpad. carrello ebay\r\n\r\nhttps://www.ebay.it/itm/15-6-Laptop-Screen-Thinkpad-Edge-E520-E530-E530C-E535-SL510-Lenovo-P-N-93P5710/400898593448?hash=item5d576b12a8:g:xJ0AAOSw~rpZOnS8',17,7,2,NULL,510,NULL,'2018-07-13 05:00:58',NULL,NULL,NULL),(731,'2018-07-12 12:40:38','2018-07-13 13:58:15','Concludere pagamento FHR. Velocemente che poi non sono disponibili',17,7,3,NULL,510,NULL,'2018-07-13 15:55:26',NULL,NULL,NULL),(734,'2018-07-16 14:49:59','2018-07-20 22:37:31','Order:\r\n\r\niphone x 64gb silver per daveri 875€\r\niphone x 64gb silver gori 875€\r\nordinare j6 nuovo silver o nero 156€\r\n\r\nTelme T210 Dual Sim Black DE 7,9€\r\n\r\nNokia Dual Sim sui 40€ al Cliente',17,7,1,NULL,509,NULL,'2018-07-21 00:37:04',NULL,NULL,NULL),(735,'2018-07-18 16:34:11','2018-07-20 22:33:13','https://www.amazon.it/dp/B07BBMHXW5/ref=twister_B07BXZ6XZ9?_encoding=UTF8&th=1',17,7,1,NULL,509,NULL,'2018-07-21 00:33:08',NULL,NULL,NULL),(738,'2018-07-20 07:51:04','2018-07-20 22:33:42','https://www.amazon.it/Kaspersky-Internet-Dispositivi-allinterno-confezione/dp/B074SPS82K/ref=sr_1_1?ie=UTF8&qid=1532072855&sr=8-1&keywords=kaspersky+internet+security+2018',17,7,1,NULL,509,NULL,'2018-07-21 00:33:37',NULL,NULL,NULL),(739,'2018-07-21 11:18:34','2018-08-27 13:20:31','Madalia Surface Pro i5 128SSD',17,7,2,NULL,509,NULL,'2018-08-27 15:20:26',NULL,NULL,NULL),(741,'2018-07-23 11:32:55','2018-07-29 22:35:47','Cavo Originale Samsung Sineide',17,7,1,NULL,509,NULL,'2018-07-30 00:35:39',NULL,NULL,NULL),(742,'2018-07-23 17:35:51','2018-07-29 01:16:10','https://www.ebay.it/itm/BATTERIA-1900Mah-SAMSUNG-PER-GALAXY-ACE-4-SM-G357-G357FZ-EB-BG357BBE-IN-BLISTER/152594372342?hash=item23875556f6:g:B5cAAOSw74FXPVGg',17,7,1,NULL,509,NULL,'2018-07-29 03:16:05',NULL,NULL,NULL),(744,'2018-07-25 07:42:56','2018-07-29 01:25:40','URGENTI 2x\r\n\r\nhttps://www.amazon.it/Epson-C13T789140-Cartuccia-dInchiostro/dp/B00I8EV2G6/ref=sr_1_2?ie=UTF8&qid=1532504505&sr=8-2&keywords=t7891',17,7,3,NULL,2,NULL,'2018-07-29 03:25:28',NULL,NULL,NULL),(746,'2018-07-26 13:38:18','2018-08-04 00:30:21','Staffa Lenovo. C\'è da creare account. se mi dici se preferisci cliente o azienda lo creo io. Per fattura intendo.\r\n\r\nhttps://it.eetgroup.com/i/00XD092-Lenovo-300-22ACL-Base-Stand',17,7,1,NULL,510,NULL,'2018-08-04 02:30:18',NULL,NULL,NULL),(747,'2018-07-26 13:48:41','2018-07-29 16:28:19','https://www.amazon.it/Smartphone-Rotazione-IZUKU-Cellulare-Dispositivi/dp/B01MR4L962?psc=1&SubscriptionId=AKIAIA4KWDAX4Q6FTK2Q&tag=powerbank20-21&linkCode=xm2&camp=2025&creative=165953&creativeASIN=B01MR4L962',17,7,1,NULL,509,NULL,'2018-07-29 18:27:58',NULL,NULL,NULL),(748,'2018-07-30 16:15:15','2018-07-30 16:15:15','Cartucce Giallo Epson, stesso modelo del nero',17,2,1,NULL,132,NULL,NULL,NULL,NULL,NULL),(749,'2018-07-30 16:22:53','2018-07-31 15:14:54','CARRARO. Wi Fi Iphone 6s plus. Amazon.\r\nhttps://www.amazon.it/MMOBIEL-6S-Plus-cacciaviti-installazione/dp/B01MQWSHZP/ref=sr_1_15?ie=UTF8&qid=1532964390&sr=8-15&keywords=wifi+iphone+6s+plus+apple',17,7,3,NULL,510,NULL,'2018-07-31 17:14:49',NULL,NULL,NULL),(750,'2018-07-30 16:45:56','2018-08-01 17:17:24','2x Hp OfficeJet 6950 Kit XL ',17,7,1,NULL,132,NULL,'2018-08-01 19:17:10',NULL,NULL,NULL),(751,'2018-07-31 09:43:23','2018-08-04 00:29:46','RIP 650. j530f lcd gold. carrello ebay. \r\n\r\nhttps://www.ebay.it/itm/223043660701',17,7,3,NULL,510,NULL,'2018-08-04 02:29:40',NULL,NULL,NULL),(752,'2018-07-31 09:50:33','2018-08-01 17:16:57','https://www.amazon.it/Samsung-MLT-D111S-Toner-Laser-Nero/dp/B00E3MLHD0/ref=sr_1_5?ie=UTF8&qid=1533030468&sr=8-5&keywords=d111s',17,7,1,NULL,63,NULL,'2018-08-01 19:14:39',NULL,NULL,NULL),(755,'2018-08-02 16:24:36','2018-08-13 21:50:03','Batteria Mac Georgina. Senza batteria e altro disco funziona tutto. solo cambiare batteria. Controlli se questa è giusta? Non si vede niente su scocca  e sono riuscito solo a risdalire che è un macbook mid 2010 15\". ebay.\r\n\r\nOK. AMAZON\r\n\r\nhttps://www.amazon.it/Tree-NB-Batteria-computer-portatile-MacBook/dp/B07C4K7KVP/ref=sr_1_fkmr1_3?ie=UTF8&qid=1533889923&sr=8-3-fkmr1&keywords=Batteria+A1321+per+Apple+Macbook+Pro+15%E2%80%9D+-+MC118LL-A+2010',17,7,1,NULL,510,NULL,'2018-08-13 23:49:55',NULL,NULL,NULL),(756,'2018-08-03 12:43:19','2018-08-13 21:56:37','BOX ESTERNO 2.5 \r\n1 URGENTE PER MODRIAN',17,7,3,NULL,510,NULL,'2018-08-13 23:56:11',NULL,NULL,NULL),(757,'2018-08-04 09:57:45','2018-10-05 12:06:38','ORDINE N 604 .\r\n\r\nCARICA BATTERIE DELL XPS L701X',17,7,1,NULL,509,NULL,'2018-08-27 15:20:36',NULL,NULL,NULL),(758,'2018-08-07 17:19:05','2018-08-13 22:25:16','ALIMENTATORE SAMSUNG ATIV. EBAY.\r\n\r\nhttps://www.ebay.it/itm/Alimentatore-per-Samsung-ATIV-XE500T1C-A01UK-40W-19V-2-1A-5-5mm-3-0mm-01117/222838513012?hash=item33e235dd74:g:4IEAAOSw-uhag-yG\r\n',17,7,1,NULL,510,NULL,'2018-08-14 00:25:11',NULL,NULL,NULL),(759,'2018-08-07 17:21:45','2018-09-18 02:43:18','ALIMENTATORE LENOVO W530. SU EBAY SEMBRA UGUALE A QUELLO DEL X240, MA NON  è VERO, COMPARE QUEL MESSAGGIO INIZIALE\r\n\r\nALIMENTATORE W530/X240 (15€)\r\nhttps://www.ebay.it/itm/ALIMENTATORE-DI-RETE-PER-Lenovo-ThinkPad-W530-X230-X230i-X230t-X240/311650029742?hash=item488fca10ae:g:pQsAAOSwwo1Xe016\r\n\r\nQUESTO è SOLO W530, COSTA 17€ IN PIù (34€)\r\nhttps://www.ebay.it/itm/Alimentation-Chargeur-for-Lenovo-ThinkPad-W530-N1K43GE/253535721166?hash=item3b07e816ce:g:Oy0AAOSw6T9awhUo\r\n\r\nORIGINALE THINKPAD 530 44,90€\r\nhttps://www.ebay.it/itm/Alimentazione-Ac-Alimentatore-Originale-Lenovo-Thinkpad-Avvolgi-S230u-W530-X121e/262593717029?hash=item3d23ce2325:g:btIAAOSwjDZYdinB',17,7,1,NULL,510,NULL,'2018-09-18 04:43:13',NULL,NULL,NULL),(760,'2018-08-09 14:28:51','2018-08-27 13:30:33','FABBRI BRUNETTO. Ricambio USB. questo \"lenovo ideapad flex 15 flex usb power da0st6th6d0\"\r\n\r\nhttps://www.google.com/search?q=lenovo+ideapad+flex+15+flex+usb+power+da0st6th6d0&tbm=isch&source=iu&ictx=1&fir=i3AChv--KQReTM%253A%252CfzLYdga59WhVlM%252C_&usg=AFrqEzcUwlBuecl6ZNhie2je_9DBtYGcTw&sa=X&ved=2ahUKEwjo0pHtzt_cAhUCGewKHflTDjUQ9QEwA3oECAYQCA#imgrc=i3AChv--KQReTM:\r\n\r\nTrovato solo all\'estero\r\n\r\nhttps://www.ebay.co.uk/itm/DA0ST6TH6D0-OEM-LENOVO-USB-AUDIO-BOARD-W-CABLE-IDEAPAD-FLEX-15-20309-CA42-/173367445544\r\n\r\nhttps://it.aliexpress.com/item/Original-Audio-USB-Board-For-Lenovo-IdeaPad-Flex-15-Laptop-Cable-20309-DA0ST6TH6D0/32840299054.html',17,7,1,NULL,510,NULL,'2018-08-27 15:30:27',NULL,NULL,NULL),(761,'2018-08-09 16:31:25','2018-08-14 03:14:45','https://www.ebay.it/itm/NGM-BL-93-BL-093-BATTERIA-2000mAh-ORIGINALE-PER-NGM-YOU-COLOR-E505-E506-E507/322907568592?hash=item4b2eca79d0:g:63kAAOSwHNxaHD7x\r\n ORD N. 613\r\n',17,7,1,NULL,509,NULL,'2018-08-14 05:14:40',NULL,NULL,NULL),(762,'2018-08-09 17:41:29','2018-08-14 03:24:53','https://www.ebay.it/i/123073832289?chn=ps\r\n\r\nORDINE 614',17,7,1,NULL,509,NULL,'2018-08-14 05:24:49',NULL,NULL,NULL),(764,'2018-08-10 16:36:11','2018-08-14 23:31:24','https://www.ebay.it/itm/PELLICOLA-PROTETTIVA-GLASS-VETRO-TEMPERATO-PER-GALAXY-S7-ACTIVE-SM-G891A/302026426708?hash=item46522d8954:g:CuAAAOSwZVlXmhHw',17,7,1,NULL,509,NULL,'2018-08-15 01:30:48',NULL,NULL,NULL),(765,'2018-08-11 09:52:59','2018-08-14 23:54:28','aLIMENTATORE ACER ASPIRE SWITCH 10. EBAY\r\n\r\nhttps://www.ebay.it/itm/Alimentatore-12v-Di-Ricambio-Acer-Aspire-Switch-10-SW5-011-Acer-Iconia-Tab-A100/173456064058?hash=item2862c97e3a:g:bjUAAOSwH71XPXzl',17,7,1,NULL,510,NULL,'2018-08-15 01:39:07',NULL,NULL,NULL),(766,'2018-08-11 15:49:23','2018-08-16 05:51:44','https://www.ebay.it/itm/Pellicola-Vetro-per-MEIZU-M5S-M5-NOTE-M3-NOTE-M3S-2pezzi/142714739064?hash=item213a761978:m:mNSVMqa_EVOakw1Z7q1UaXg\r\n\r\nORDINE N 617\r\n',17,7,1,NULL,509,NULL,'2018-08-16 07:37:41',NULL,NULL,NULL),(767,'2018-08-14 06:20:55','2018-08-16 05:29:18','Monitor 22 economico',13,7,1,NULL,1025,NULL,'2018-08-16 07:29:15',NULL,NULL,NULL),(768,'2018-08-16 13:24:58','2018-08-28 23:29:21','https://www.ebay.it/i/323337795743?chn=ps\r\nOK GIUSTO\r\nORDINE 623  DETTO ALLA CLIENTE 90€',17,7,2,NULL,509,NULL,'2018-08-29 01:29:16',NULL,NULL,NULL),(769,'2018-08-18 11:07:13','2018-08-18 13:35:38','https://www.amazon.it/kwmobile-Cover-Flex-protezione-trasparente/dp/B018G6G3EG/ref=sr_1_5?ie=UTF8&qid=1534589788&sr=8-5&keywords=LG+G+FLEX+2+COVER\r\n\r\nhttps://www.amazon.it/Pellicola-Protettiva-VGUARD-Vetro-Temperato/dp/B01DEVUADI/ref=sr_1_6?s=electronics&ie=UTF8&qid=1534590394&sr=1-6&keywords=LG+G+FLEX+2+pellicola',17,7,2,NULL,509,NULL,'2018-08-18 15:35:32',NULL,NULL,NULL),(770,'2018-08-20 17:59:16','2018-11-23 09:52:43','servono box 4g che si pagano noi meno di 52€ e box 3g da pagare meno ancora',17,7,1,NULL,509,NULL,'2018-11-23 10:52:39',NULL,NULL,NULL),(773,'2018-08-22 14:20:30','2018-08-27 13:42:55','ORDINE 634. lcd huawey ascend g8 RIO-L01 BIANCO\r\n\r\nhttps://www.ebay.it/itm/DISPLAY-LCD-TOUCH-SCREEN-COVER-HUAWEI-ASCEND-G8-RIO-L01-BIANCO-FRAME-VETRO/222354142096?hash=item33c556f390:g:0MwAAOSwEzxYXASB',17,7,1,NULL,510,NULL,'2018-08-27 15:42:32',NULL,NULL,NULL),(774,'2018-08-22 14:26:05','2018-08-27 13:46:00','ORDINE 632 Batteria huawey p9\r\nTELECELLULAR CE LA FA CON 35€ IVA INCLUSA. batteria a noi costa 12€\r\n\r\nhttps://www.ebay.it/itm/BATTERIA-PER-HUAWEI-P9-HB366481ECW-3000mAh-ORIGINALE-KIT-SMONTAGGIO/192563242334?_trkparms=aid%3D555017%26algo%3DPL.CASSINI%26ao%3D1%26asc%3D20180221161529%26meid%3Db490c05dd5ba456785c10c8f8e799dc7%26pid%3D100506%26rk%3D1%26rkt%3D1%26%26itm%3D192563242334&_trksid=p2045573.c100506.m3226',17,7,1,NULL,510,NULL,'2018-08-27 15:45:56',NULL,NULL,NULL),(775,'2018-08-23 09:19:40','2018-08-29 08:46:14','Cartuccia nero\nWf-5620',13,3,1,NULL,31,NULL,NULL,NULL,NULL,NULL),(776,'2018-08-23 09:20:47','2018-08-23 09:20:51','Un paio di casse normali da ufficio niente di esoso.\nDa spendere poco.\nDeve riprodurre musica a basso volume in ufficio.',13,2,1,NULL,1063,NULL,NULL,NULL,NULL,NULL),(777,'2018-08-24 07:21:10','2018-08-27 17:24:57','https://www.amazon.it/ZERO81-081-store-COMPATIBILE-Microfibra/dp/B0758F9HPW/ref=sr_1_6?ie=UTF8&qid=1535095038&sr=8-6&keywords=rotomop+ricambio',17,7,1,NULL,509,NULL,'2018-08-27 19:24:14',NULL,NULL,NULL),(778,'2018-08-27 08:36:43','2018-08-28 02:40:33','BATTERIA ASUS U32U (EX MILLONI). EBAY\r\n\r\nhttps://www.ebay.it/itm/VHBW-BATTERIA-notebook-4400mAh-per-Asus-36JC-U32-U32J-U32JC-U32U-U36-U36/172265262363?hash=item281bcf4d1b:g:TMgAAOSwgY9XfNut',17,7,1,NULL,510,NULL,'2018-08-28 04:40:27',NULL,NULL,NULL),(780,'2018-09-03 09:37:27','2018-09-04 22:30:53','https://www.amazon.it/Elephone-Pellicola-AirGlass-Prottetivo-Flessibile/dp/B0744HVHBF/ref=sr_1_8?s=electronics&ie=UTF8&qid=1535967297&sr=1-8&keywords=ELEPHONE+P8+MINI+VETRO+TEMPERATO\r\n\r\nORDINE N. 657 . SE TROVI A MENO MEGLIO.',17,7,1,NULL,509,NULL,'2018-09-05 00:30:48',NULL,NULL,NULL),(781,'2018-09-03 09:49:24','2018-09-04 23:13:58','rip 763. lcd huawey cun-l21 y5 II\r\n\r\nhttps://www.ebay.it/itm/ORIGINALE-DISPLAY-LCD-TOUCH-SCREEN-FRAME-PER-HUAWEI-Y5-II-2-CUN-L21-BIANCO/263845370433?hash=item3d6e68da41:g:rXIAAOSwIOtbXdHt',17,7,1,NULL,509,NULL,'2018-09-05 00:45:29',NULL,NULL,NULL),(783,'2018-09-04 15:19:42','2018-09-05 11:18:03','bATTERIA S5 MINI URGENTE. AMAZON\r\n\r\nhttps://www.amazon.it/BATTERIA-SAMSUNG-originale-EB-BG800per-2100mAh/dp/B014PIQWOA/ref=sr_1_6?ie=UTF8&qid=1536072697&sr=8-6&keywords=BATTERIA+S5+MINI iL PREZZO è BUONO NE PUOI PRENDERE ANCHE 5',17,7,3,NULL,509,NULL,'2018-09-05 13:17:58',NULL,NULL,NULL),(784,'2018-09-04 16:06:47','2018-09-05 11:24:05','LCD TOUCH CON FRAME HUAWEY ASCEND G8 BIANCO\r\n\r\nhttps://www.ebay.it/itm/LCD-TOUCH-SCREEN-DISPLAY-PER-HUAWEI-FRAME-ASCEND-G8-RIO-L01-BIANCO/263911095589?hash=item3d7253bd25:g:4tMAAOSw4WFbipb6',17,7,2,NULL,509,NULL,'2018-09-05 13:24:01',NULL,NULL,NULL),(786,'2018-09-06 13:15:49','2018-09-16 00:07:28','ORDINE 659 \r\nTONER SAMSUNG PRINTER XPRESS BLACK M202 E 207',17,7,1,NULL,63,NULL,'2018-09-16 02:06:28',NULL,NULL,NULL),(787,'2018-09-10 03:46:30','2018-09-10 15:46:36','Switch 5 porte gigabyte',13,2,1,NULL,432,NULL,NULL,NULL,NULL,NULL),(788,'2018-09-11 07:41:23','2018-09-14 04:59:16','https://www.ebay.it/itm/BATTERIA-ORIGINALE-SAMSUNG-SM-G900-EB-BG900BBE-GALAXY-S5-GT-I9600-2800mA-BULK-/283020255944\r\n\r\nORDINE N.665\r\n\r\n',17,7,3,NULL,509,NULL,'2018-09-14 06:59:09',NULL,NULL,NULL),(789,'2018-09-21 08:05:23','2018-09-26 15:46:19','https://www.ebay.it/itm/SONY-ICF-S10MK2-2-Band-AM-FM-emergency-pocket-radio/263291432012?hash=item3d4d646c4c:g:r2oAAOSwaSZZ-bko',17,7,1,NULL,509,NULL,'2018-09-26 17:46:15',NULL,NULL,NULL),(790,'2018-09-24 14:01:09','2018-09-26 13:20:09','https://www.amazon.it/Epson-C13T789240-Cartuccia-Ciano/dp/B00I8EV41E/ref=sr_1_3?ie=UTF8&qid=1537797649&sr=8-3&keywords=epson+t7892',17,7,1,NULL,2,NULL,'2018-09-26 15:20:04',NULL,NULL,NULL),(795,'2018-10-01 07:13:41','2018-10-06 00:46:54','ALimentatore HP Laboatorio.\r\n\r\nhttps://www.ebay.it/itm/HP-240W-PSU-Pro-6000-6005-6200-Elite-8000-8200-8300-power-supply-611481-001/123375343358?hash=item1cb9be56fe:g:XJsAAOSwKCFbn9nE',17,7,2,NULL,510,NULL,'2018-10-06 02:46:50',NULL,NULL,NULL),(796,'2018-10-01 07:37:44','2018-10-06 00:32:10','SERGIO AGNELLI SAMSUNG LCD\r\n\r\nhttps://www.ebay.it/itm/79991-Ecran-Dalle-LCD-led-screen-LTN156AT19-001-Samsung-NP300V5A-NP300E5C-NP355V/362292019075?hash=item545a497f83:g:BucAAOSwZKBZHd16     160€\r\n\r\nhttp://www.schermiportatili.it/samsung-np-300v5a-np300v5a-series-schermo-monitor-156-led-nuovo 200€\r\n\r\nhttps://www.ebay.it/itm/Dalle-Ecran-Samsung-LTN156AT19-001-LTN156AT19-501-LTN156AT19-8-LTN156AT19-T01/322158996847?hash=item4b022c2d6f:g:foMAAOxyXWdQ8qzJ       155€',17,7,1,NULL,510,NULL,'2018-10-06 02:32:05',NULL,NULL,NULL),(797,'2018-10-03 17:04:15','2018-10-03 19:31:32','BATTERIA NOTE 3 Bartolini Andrea',17,7,1,NULL,509,NULL,'2018-10-03 21:31:28',NULL,NULL,NULL),(798,'2018-10-05 07:31:00','2018-10-06 03:07:26','DAVIS OLIANTI 6S PLUS Carrello ricambi-telefonia\r\n\r\nhttps://www.ricambi-telefonia.com/default.asp?cmd=showCart',17,7,2,NULL,510,NULL,'2018-10-06 05:05:56',NULL,NULL,NULL),(799,'2018-10-05 07:40:32','2018-10-05 13:41:54','SOLDINI MARCO. Toner Samsung clx-3185w. \r\nAMAZON \r\nhttps://www.amazon.it/Compatibile-Samsung-CLX-3180-CLX-3185-CLT-K4072S/dp/B015NEJCL0/ref=sr_1_2?ie=UTF8&qid=1538725160&sr=8-2&keywords=Toner+Samsung+clx-3185w',17,7,1,NULL,509,NULL,'2018-10-05 15:41:49',NULL,NULL,NULL),(800,'2018-10-05 07:54:04','2018-10-05 13:38:13','BARBARGLI. Caricabatt wireless. \r\nhttps://www.ebay.it/itm/Genuine-Samsung-Wireless-Charger-Charging-Station-for-Galaxy-S6-S7-Edge-S8-S9-QI/382572415725?hash=item591317caed:g:KEQAAOSwVEBbqUKf',17,7,1,NULL,509,NULL,'2018-10-05 15:38:09',NULL,NULL,NULL),(801,'2018-10-06 08:21:22','2018-10-07 02:07:06','https://www.xinshidai.it/zaltro-vetro-temperato-j2-glass.1.1.2071.gp.9233.uw',17,7,1,NULL,509,NULL,'2018-10-07 04:06:42',NULL,NULL,NULL),(802,'2018-10-06 09:00:07','2018-10-07 02:06:29','https://www.xinshidai.it/galaxy-j2-2018-tpu-clear-samsung-galaxy-j2-2018.1.1.2428.gp.28612.uw',17,7,1,NULL,509,NULL,'2018-10-07 04:06:24',NULL,NULL,NULL),(803,'2018-10-08 08:58:00','2018-10-11 23:34:51','Pellicola Xiami Mi A1. carrello ebay\r\n\r\nPER LUCA\r\nhttps://www.ebay.it/itm/2-x-Pellicola-proteggi-schermo-display-vetro-temperato-per-Xiaomi-Mi-A1-e-Mi-5X/382391152310?_trkparms=aid%3D555017%26algo%3DPL.CASSINI%26ao%3D1%26asc%3D20180221161347%26meid%3Da534df3aff1d40949e95a6b3de3b648e%26pid%3D100505%26rk%3D1%26rkt%3D1%26%26itm%3D382391152310&_trksid=p2045573.c100505.m3226#shpCntId&shqty=1#shId\r\n\r\nManca cover per MARINO. redmi .... 5?',17,7,2,NULL,18,NULL,'2018-10-12 01:34:45',NULL,NULL,NULL),(806,'2018-10-13 14:52:45','2018-10-20 00:23:03','PORTA CELLULARI X VETRINE',17,7,1,NULL,2,NULL,'2018-10-20 02:21:20',NULL,NULL,NULL),(807,'2018-10-15 12:55:28','2018-10-20 00:23:51','rip 877. picinotti. sost lcd acer\r\n\r\nhttps://www.ebay.it/itm/NEW-COMPATIBLE-CHI-MEI-INNOLUX-N156BGE-E32-C1-REV-C1-LAPTOP-SCREEN-15-6-LED-LCD/401325336516?hash=item5d70daa7c4:g:B3sAAOSweW5VLiBv:rk:1:pf:0',17,7,2,NULL,510,NULL,'2018-10-20 02:23:17',NULL,NULL,NULL),(808,'2018-10-15 14:19:15','2018-10-20 00:38:18','ME LO COMPRI BABBO?\r\n\r\nhttps://www.ebay.it/itm/All-in-One-External-USB-Memory-Card-Reader-Adapter-for-Micro-SD-MMC-SDHC-TF-M2-D/283153959442?hash=item41ed4a8a12:g:Cj8AAOSwuzRXcse~',17,7,1,NULL,510,NULL,'2018-10-20 02:37:53',NULL,NULL,NULL),(809,'2018-10-16 08:54:04','2018-10-20 00:39:24','https://www.amazon.it/Cavo-USB-Transformer-Tf101g-Tf700t-Tf300tl/dp/B008G2GBN4/ref=sr_1_5?ie=UTF8&qid=1539679871&sr=8-5&keywords=CAVO+TF101G',17,7,1,NULL,509,NULL,'2018-10-20 02:39:20',NULL,NULL,NULL),(810,'2018-10-16 11:28:32','2018-10-20 00:52:18','https://www.ebay.it/itm/BATTERIA-ORIGINALE-SAMSUNG-EB-BJ710CBE-3300mAh-per-GALAXY-J7-2016-J710-BLISTER/153147701307?hash=item23a850783b:g:DegAAOSwz4Jbe-Wx:rk:1:pf:0',17,7,1,NULL,509,NULL,'2018-10-20 02:52:12',NULL,NULL,NULL),(811,'2018-10-17 09:18:45','2018-11-23 09:53:39','3X https://www.ebay.it/itm/ADESIVI-PRESPAZIATI-STICKERS-VETROFANIE-ORARI-DI-APERTURA-FORMATO-A4/282881208947?hash=item41dd08b273:g:reIAAMXQVD1SKzwE:rk:4:pf:0\r\n\r\n\r\nMandagli questo messaggio:\r\n\r\nORARI DI APERTURA\r\n\r\n9.00    -     13.00\r\n15.30   -      19.30\r\n\r\nDOMENICA CHIUSO\r\n\r\n\r\nColore Nero, immagine da applicare dall\' interno  (speculare) ',17,7,1,NULL,2,NULL,'2018-11-23 10:53:32',NULL,NULL,NULL),(812,'2018-10-17 16:27:11','2018-11-23 09:54:29','https://www.ebay.it/itm/GENUINE-SAMSUNG-GALAXY-S9-S9-PLUS-S8-PLUS-EMPTY-BOX-WITH-OR-WITHOUT-ACCESSORIES/132755005124?hash=item1ee8d09ec4:m:mqiFuxXK0YXJ3i5XbYae9zw:rk:1:pf:0\r\n\r\n\r\n2x BOX S9+ LILAC senza accessori\r\n\r\n2X BOX S9 MIDNIGHT BLACK senza accessori\r\n\r\n\r\nPoi dalla Cina 2x Box Ipad Air\r\n\r\nSERVONO ALTRE SCATOLE DA 10€: 2 IPHONE X 4 IPHONE 8 4 IPHONE 7\r\n\r\nhttps://www.ebay.it/itm/SCATOLA-APPLE-MACBOOK-AIR-13/323504496516?hash=item4b525edf84:g:OZgAAOSwtJBa7Jyd:rk:15:pf:0',17,7,2,NULL,509,NULL,'2018-11-23 10:54:24',NULL,NULL,NULL),(818,'2018-10-24 16:50:09','2018-10-30 13:02:17','VENTOLA MAC NERI\r\niMac Intel 21.5\" EMC 2428 CPU Fan\r\n\r\nhttps://www.ebay.it/itm/iMac-21-5-Zoll-2010-2011-CPU-Lufter-Fan-A1311-EMC-2389-2428-610-0094-610-0029/263966782039?hash=item3d75a57257:g:8lkAAOSwfRdZJu-U:rk:4:pf:0\r\n\r\n',17,7,1,NULL,509,NULL,'2018-10-30 14:02:10',NULL,NULL,NULL),(819,'2018-10-29 17:03:41','2018-10-30 13:26:58','Lenovo tab 7 essential FERRAMENTA 3\r\nCOVER + PELLICOLA (NO VETRO??)\r\nhttps://www.ebay.it/itm/Nero-Eco-Pelle-Custodia-Case-per-Lenovo-Tab3-7-Essential-Smart-Cover-Pellicola/192163653014?hash=item2cbdd8a596:g:H4AAAOSwuzRXc699:rk:1:pf:0\r\n\r\nPELLICOLA VETRO TEMPRATO\r\nhttps://www.ebay.it/itm/AirGlass-PELLICOLA-VETRO-per-Lenovo-Tab-7-Essential-Proteggi-Schermo/192373353354?_trkparms=aid%3D555017%26algo%3DPL.CASSINI%26ao%3D1%26asc%3D20180221161347%26meid%3Ddf61eebf01f04622a7ddf427e7cf55b0%26pid%3D100505%26rk%3D1%26rkt%3D1%26%26itm%3D192373353354&_trksid=p2045573.c100505.m3226',17,7,1,NULL,18,NULL,'2018-10-30 14:26:42',NULL,NULL,NULL),(820,'2018-10-30 09:16:31','2018-10-30 14:40:30','RIP 937 LG G3\r\nLCD FRAME \r\nhttps://www.ebay.it/itm/Per-LG-G3-D850-D851-D855-TOUCH-Digitizer-SCREEN-VETRO-LCD-DISPLAY-Telaio-Gold/382597263327?hash=item591492efdf:g:9EIAAOSw8f9byYi7:rk:6:pf:0\r\n\r\nBATTERIA\r\nhttps://www.ebay.it/itm/BATTERIA-LG-G3-BL53YH-D855-D851-D850-D830-F400-ORIGINALE-NEW/112165115793?hash=item1a1d8fd791:g:y90AAOSwAfVbuOdc:rk:23:pf:0',17,7,1,NULL,510,NULL,'2018-10-30 15:40:23',NULL,NULL,NULL),(821,'2018-10-30 09:41:30','2018-10-30 22:08:54','BONIFICO STAFFA LENOVO\r\n\r\nDal 20/12/2012 la nostra banca d´appoggio, per bonifico SEPA, é :\r\n\r\nNordea Bank Finland Plc\r\nNiederlassung Deutschland\r\nBockenheimer Landstrasse 33\r\n60325 Frankfurt, Germany\r\nIBAN DE59514303006566370001\r\nBIC/SWIFT NDEADEFF\r\nTotale Lordo EUR 82,46\r\n\r\n00-22ACL Base Stand 1 42,59 42,59\r\n Silver. Garanzia: 3 Mesi\r\nOrdine Cliente: STAFFA LENOVO	\r\n1 pz data di consegna approssimativa 12 Giorni	\r\n\r\nGestione ordine e spedizione 1 25,00 25,00\r\n\r\n \r\nTotale Netto EUR\r\n67,59 \r\n22% IVA 14,87\r\nTotale Lordo EUR 82,46\r\n\r\n',17,7,1,NULL,510,NULL,'2018-10-30 23:08:49',NULL,NULL,NULL),(822,'2018-10-30 16:17:45','2018-10-30 22:14:18','https://www.ebay.it/itm/NERO-LG-K4-2017-M160-TOUCH-Digitizer-SCREEN-VETRO-LCD-DISPLAY-Assembly-Frame/222895253385?hash=item33e597a789:g:E60AAOSwyO1atMl0:rk:1:pf:0',17,7,1,NULL,509,NULL,'2018-10-30 23:14:12',NULL,NULL,NULL),(823,'2018-10-31 08:50:19','2018-11-07 17:10:40','SI PROVA A PRENDERE UN PAIO DI QUESTE SKIN PER COPRIRE SCOCCHE?\r\nPER SISTEMARE QUEL 7 256GB\r\n\r\nhttp://www.cosmotech.online/skin-iphone-7 20€\r\n\r\nTotale parziale:	€40,00 IVA inclusa\r\nSpedizione: (SDA Poste Italiane)	€3,30 IVA inclusa\r\nCosto aggiuntivo per la modalità di pagamento:	€3,50\r\nTotale:	€46,80 (2 PEZZI)',17,7,1,NULL,510,NULL,'2018-11-07 18:10:36',NULL,NULL,NULL),(824,'2018-11-05 10:24:25','2018-11-07 17:10:01','Ho messo dei ricambi sul carrello FHR. Account però è con bptech.\r\n\r\nci sarebbero alcuni ricambi da far arrivare che sono quasi finiti\r\nhttps://fhrparts.com/apple/iphone-reservdelar/iphone-6.html',17,7,1,NULL,510,NULL,'2018-11-07 18:09:29',NULL,NULL,NULL),(826,'2018-11-06 09:31:47','2018-11-07 15:10:10','https://www.amazon.it/amFilm-Pellicola-Protettiva-Copertura-Protezione/dp/B075WW69PS/ref=sr_1_3?ie=UTF8&qid=1541496329&sr=8-3&keywords=GOOGLE+PIXEL+2+XL+PELLICOLA',17,7,1,NULL,509,NULL,'2018-11-07 16:10:06',NULL,NULL,NULL),(829,'2018-11-07 11:41:06','2018-11-07 15:08:56','batteria per lg muletto\r\n\r\nhttps://www.ebay.it/itm/Batteria-INTERNA-NUOVA-originale-LG-BL-54SH-2540mAh-per-D410-L90-venduta-in-bulk/262666052224?hash=item3d281de280:g:QrAAAOSwpLNX-jhv:rk:3:pf:0',17,7,1,NULL,510,NULL,'2018-11-07 16:08:51',NULL,NULL,NULL),(836,'2018-11-15 17:55:35','2018-11-16 12:48:59','iphone 7 plus ex mori\r\n\r\nhttps://www.ebay.it/itm/Vetro-fotocamera-iPhone-7-plus-Glass-camera-Lente/223216044549?hash=item33f8b68a05:g:lTIAAOSwS9Bbl9T9:rk:8:pf:0',17,7,1,NULL,510,NULL,'2018-11-16 13:48:56',NULL,NULL,NULL),(837,'2018-11-16 08:38:19','2018-11-16 12:46:59','rip 780 lcd sony vaio Geppetti 60€\r\n\r\nhttps://www.ebay.it/itm/N156BGE-L31-LCD-Display-Schermo-Screen-15-6-HD-1366x768-LED-40pin-udu/351505416777?hash=item51d75b0249:g:E9AAAOSw7mpbRFrH:rk:2:pf:0',17,7,1,NULL,510,NULL,'2018-11-16 13:46:12',NULL,NULL,NULL),(838,'2018-11-21 12:12:45','2018-11-23 09:52:09','https://www.ebay.it/itm/BATTERIA-BATTERY-WIKO-BLOOM-RAINBOW-STAIRWAY-BARRY-JAM-3G-ORIGINAL-AKKU-2000-mAh/292228966379?hash=item440a3427eb:g:7NwAAOSwxvBZotfk:rk:2:pf:0',17,7,1,NULL,509,NULL,'2018-11-23 10:52:05',NULL,NULL,NULL),(839,'2018-11-21 14:26:55','2018-11-23 09:50:03','https://www.ebay.it/itm/Batteria-10-8-11-1V-2200mAh-per-Asus-X551M/362261771633?hash=item54587bf571:g:CKYAAOSw40pbsfa9:rk:3:pf:0\r\n\r\nbatteria asus x551m A31N1319',17,7,1,NULL,432,NULL,'2018-11-23 10:49:58',NULL,NULL,NULL),(842,'2018-11-28 04:48:01','2018-11-30 09:36:44','Venerdì pomeriggio qualcuno deve andare a fargli uno spostamento dati da un pc ad un altro',11,7,1,NULL,410,NULL,NULL,NULL,NULL,NULL),(849,'2018-12-12 16:17:33','2018-12-23 02:02:29','https://www.amazon.it/K10-2018-dellanello-Protettiva-TM/dp/B07DVBMCVQ/ref=sr_1_16?ie=UTF8&qid=1544631257&sr=8-16&keywords=TPU+PELLICOLA+LG+K11',17,7,1,NULL,509,NULL,'2018-12-23 03:02:22',NULL,NULL,NULL),(850,'2018-12-13 15:52:13','2018-12-23 02:02:17','https://www.amazon.it/Bluetooth-ricarica-Auricolare-Microfono-Smartphone/dp/B071D9354S/ref=sr_1_1?ie=UTF8&qid=1544612349&sr=8-1&keywords=cuffie+call+center+bluetooth',17,7,1,NULL,509,NULL,'2018-12-23 03:02:08',NULL,NULL,NULL),(852,'2018-12-14 18:03:08','2018-12-23 02:02:04','batteria ngm e506plus\r\nhttps://www.ebay.it/itm/NGM-BL-93-BL-093-BATTERIA-2000mAh-ORIGINALE-PER-NGM-YOU-COLOR-E505-E506-E507/283272800059?hash=item41f45fe73b:g:0CUAAOSwqRlb9rZf:rk:1:pf:0',17,7,2,NULL,509,NULL,'2018-12-23 03:01:55',NULL,NULL,NULL),(853,'2018-12-17 08:54:12','2019-07-01 09:48:07','arrivata batteria wiko sbagliata. \r\nhttps://www.ebay.it/itm/BATTERIA-BATTERY-WIKO-5222-PER-RAINBOW-JAM-3G-RAINBOW-LITE-4G-BARRY-2000mAh/292711627347?_trkparms=aid%3D222007%26algo%3DSIM.MBE%26ao%3D2%26asc%3D20160908110712%26meid%3D323e6a5ef8ad481a86b42c7fe3ac85fd%26pid%3D100677%26rk%3D3%26rkt%3D11%26sd%3D113389035547%26itm%3D292711627347&_trksid=p2385738.c100677.m4598\r\nquesdta sarebbe quella giusta. ordine maria grazia sassi',17,7,1,NULL,508,NULL,'2018-12-23 03:01:28',NULL,NULL,NULL),(854,'2018-12-21 09:21:34','2018-12-23 02:01:24','ordinare 1x ssd 500',17,7,1,NULL,509,NULL,'2018-12-23 03:01:21',NULL,NULL,NULL),(855,'2018-12-22 10:04:46','2018-12-23 02:01:18','https://www.ebay.it/itm/X-VODAFONE-SMART-N9-LITE-VFD620-SMART-N9-VFD720-CUSTODIA-COVER-PELLICOLA-VETRO/192646087987?hash=item2cda9a0533:m:moxla3Z6tw-vBqZ0CR4dIeA:rk:2:pf:0\r\n\r\ncover + pellicola vfd 720',17,7,1,NULL,509,NULL,'2018-12-23 03:01:13',NULL,NULL,NULL),(856,'2018-12-22 15:00:30','2019-01-06 01:06:19','ordinare samsung a9 blue 355 acquisto',17,7,1,NULL,509,NULL,'2019-01-06 02:06:17',NULL,NULL,NULL),(857,'2018-12-24 15:29:32','2018-12-25 21:03:10','https://www.ebay.it/itm/Handy-Tasche-fur-ZTE-Blade-A506-Schutz-Hulle-Flip-Cover-Wallet-Case-Etui/283073861606?hash=item41e88457e6:g:m3MAAOSw0INbeVrB:rk:9:pf:0',17,7,1,NULL,509,NULL,'2018-12-25 22:02:36',NULL,NULL,NULL),(858,'2018-12-24 17:52:38','2018-12-25 21:03:06','https://www.amazon.it/OnePlus-Impressionante-Meccanica-Durevole-Protezione/dp/B01H3PEWDK/ref=sr_1_3?ie=UTF8&qid=1545673182&sr=8-3&keywords=oneplus+3+cover+pellicola\r\n\r\n\r\nhttps://www.amazon.it/dp/B073WX5T6B/ref=twister_B074DDMS4X?_encoding=UTF8&psc=1',17,7,1,NULL,509,NULL,'2018-12-25 22:02:31',NULL,NULL,NULL),(859,'2018-12-27 16:58:50','2018-12-27 21:06:36','https://www.amazon.it/Pellicola-Protettiva-GOGME-protezione-Resistente/dp/B07772YV46/ref=sr_1_8?ie=UTF8&qid=1545929829&sr=8-8&keywords=MATE+10+LITE+VETRO\r\n\r\nbianco',17,7,1,NULL,509,NULL,'2018-12-27 22:06:33',NULL,NULL,NULL),(860,'2019-01-02 11:05:35','2020-01-08 15:14:57','Attivare fibra 30 Mbit e configurare centralino, hanno problemi a fare le chiamate',18,7,2,'0000-00-00 00:00:00',535,NULL,NULL,NULL,NULL,NULL),(861,'2019-01-02 17:59:21','2019-01-06 01:06:14','Stampante Canon Pixma. Avevo gia provato. sembra tutto ok. c\'è solo da provare cartuccia nero se tutto ok.\r\n\r\nORIGINALE: 24€ \r\nhttps://www.ebay.it/itm/CARTUCCIA-PG-540-BLACK-ORIGINALE-CANON-NERO-PIXMA-MG3550-MG4200-MG3650/322268515455?hash=item4b08b34c7f:g:5u4AAOSw4shX4ipy:rk:18:pf:0\r\n\r\nRIGENERATA: 18€ \r\nhttps://www.ebay.it/itm/PIXMA-MG3650-BK-Cartuccia-Rigenerata-Stampanti-Canon-PG-540-XL-Nero/291781990262?hash=item43ef8fd776:g:CAQAAOSwf-VWYd3c:rk:2:pf:0\r\n\r\nCOMPATIBILE: 15 \r\nhttps://www.ebay.it/itm/Cartuccia-inchiostro-nero-per-Canon-Pixma-MG3150-MG3250-MG4140-MG4150-MG3650/172265107811?hash=item281bccf163:g:3yIAAOSwB4NWz-9j:rk:3:pf:0',17,7,1,NULL,510,NULL,'2019-01-06 02:06:12',NULL,NULL,NULL),(863,'2019-01-03 09:27:45','2019-01-06 01:05:53','Rimasta ultima ssd 240 gb',17,7,2,NULL,510,NULL,'2019-01-06 02:05:50',NULL,NULL,NULL),(864,'2019-01-03 15:17:21','2020-01-09 13:38:51','Cnfcommercio S. Giovanni ti ho mandato una mail per le modifiche da fare al centralino con i dati di accesso',11,7,2,'0000-00-00 00:00:00',535,NULL,NULL,NULL,NULL,NULL),(865,'2019-01-04 04:55:40','2019-01-09 10:12:31','Ciao Francesco, avrei bisogno di intervento per rivedere condivisione rubrica Alessandro; quando è venuto Luca ultima volta aveva sistemato tutto e funzionava tutto. Ma adesso riesco a condividere solo rubrica Gabriele.\n\nMi fai sapere quando siete disponibili?\n\nCiao',11,7,1,NULL,205,NULL,NULL,NULL,NULL,NULL),(866,'2019-01-04 17:25:30','2019-01-06 01:05:47','https://www.amazon.it/Samsung-Galaxy-View-Cover-Black/dp/B079FW5BYH/ref=sr_1_1?ie=UTF8&qid=1546622257&sr=8-1&keywords=COVER%2BORIGINALE%2BS9%2B&th=1\r\n\r\n\r\n\r\nviola',17,7,1,NULL,509,NULL,'2019-01-06 02:05:42',NULL,NULL,NULL),(867,'2019-01-07 08:24:54','2019-01-29 08:08:50','Dal Salimbeni bisogna disinstallare Kaspersky su tutte le macchine compreso il server ed installare Norton invece di kaspersky',11,7,2,'0000-00-00 00:00:00',256,NULL,NULL,NULL,NULL,NULL),(868,'2019-01-07 17:25:01','2020-01-09 13:38:46','Business Log su server 192.168.0.80 per vedere le operazioni sui files degli utenti',11,7,1,'0000-00-00 00:00:00',549,NULL,NULL,NULL,NULL,NULL),(869,'2019-01-08 09:32:02','2020-01-08 15:14:46','ecotrade non escono con le chiamate dal centralino da nessuna linea',11,7,2,'0000-00-00 00:00:00',533,NULL,NULL,NULL,NULL,NULL),(876,'2019-01-15 04:32:51','2019-01-15 16:32:56','Tastiera e mouse usb nuovi e monitor 16:9 aoc economico da 21\" e office 2016 home and business da consegnare entro venerdì',11,2,1,NULL,332,NULL,NULL,NULL,NULL,NULL),(877,'2019-01-15 06:27:46','2019-01-29 08:08:39','Aggiornare chiave kaspersky e pc marco in connessione remota rdp gli chiude la sessione, avevamo messo un tool che permette la connessione di più utenti, forse è saltato.',11,7,1,NULL,263,NULL,NULL,NULL,NULL,NULL),(879,'2019-01-16 17:15:11','2019-02-01 14:58:15','prova ticket dopo modifiche',10,7,1,NULL,2,NULL,NULL,NULL,NULL,NULL),(881,'2019-01-17 08:30:18','2019-12-10 16:28:34','configurare i firewall per lasciar passare oltre a quello che passa ora google maps e tuttocitta sui due firewall di montecatini e monsummano',14,6,2,'0000-00-00 00:00:00',549,NULL,'2019-12-10 17:28:34',NULL,NULL,NULL),(882,'2019-01-17 16:46:49','2019-02-01 14:58:15','prova ticket',10,7,1,'0000-00-00 00:00:00',509,NULL,NULL,1,'Cliente Nome Cognome','prova'),(883,'2019-01-18 11:49:26','2019-01-18 11:49:26','- Snom 710 0004137E906E, interno 71, display rotto, da sostituire\r\n- formazione in loco per impostazione messaggio di segreteria per uffici chiusi ed uso fax virtuale\r\n',14,2,1,NULL,535,NULL,NULL,NULL,'confcommercio firenze',''),(884,'2019-01-22 09:44:37','2019-01-23 15:51:06','https://www.amazon.it/Palo-etichette-resistente-46-50/dp/B00HZM6K82/ref=pd_sbs_107_1?_encoding=UTF8&pd_rd_i=B00HZM6K82&pd_rd_r=f5816100-1e29-11e9-aafa-01af4f390c22&pd_rd_w=97ezd&pd_rd_wg=J3g3N&pf_rd_p=466c5af4-0171-4b17-9b3f-b4036a90f75d&pf_rd_r=M8M4Z21SDC1ZNZJ0Y8SJ&psc=1&refRID=M8M4Z21SDC1ZNZJ0Y8SJ',17,7,1,NULL,2,NULL,'2019-01-23 16:51:01',NULL,'',''),(885,'2019-01-22 10:18:57','2019-01-22 10:18:57','Problemi con i telefoni: la qualità della voce è bassa ed a volte disturbata ed a intermittenza.',14,2,1,NULL,1050,NULL,NULL,NULL,'',''),(886,'2019-01-22 16:15:07','2019-01-23 17:03:13','Schermo dell\r\n\r\nhttps://www.ebay.it/itm/B156HTN03-8-LCD-Display-Schermo-Screen-15-6-1920x1080-FHD-LED-30pin-kvu/372240783088?hash=item56ab4796f0:m:mjsYJ_t-3D9R5iNdrn1I94Q:rk:34:pf:0\r\n\r\n 5€ in più ma arriva in settimana',17,7,1,NULL,510,NULL,'2019-01-23 18:03:09',NULL,'Federica NUMEROUNO',''),(887,'2019-01-23 09:39:02','2019-01-23 09:39:02','Alessio ha chiesto l\'attivazione del backup sul server MONSUMMANO2016.\r\n',14,2,1,NULL,549,NULL,NULL,NULL,'',''),(889,'2019-01-23 10:53:36','2019-01-23 10:53:36','Le deviazioni di chiamata non possono essere disabilitate, quindi la configurazione di questo servizio va protetta tramite password.\r\nInformazioni per preventivo impostazione password per protezione configurazione deviazione di chiamata:\r\n- impostazione password di amministrazione interfaccia web: 5 minuti per configurazione e verifica a telefono;\r\n- impostazione password di amministrazione telefono : 5 minuti per configurazione e verifica a telefono.\r\nConviene impostare la stessa password per l\'interfaccia web e per il telefono, quindi una password composta da soli numeri e non molto lunga, 4 o 5 caratteri, che eventualmente può essere la stessa per tutti i telefoni.\r\n',14,2,1,NULL,535,NULL,NULL,NULL,'',''),(890,'2019-01-24 10:36:28','2019-01-31 14:00:45','5x ADATTATORI TYPE C TO LIGHTNING tipo questi per i supporti anti tacheggio\r\n\r\nhttps://www.amazon.it/adattatore-connettore-portachiavi-G5-G6-V20-Nintendo-interruttore/dp/B074W29ZSX/ref=pd_bxgy_107_img_2?_encoding=UTF8&pd_rd_i=B074W29ZSX&pd_rd_r=78aa6f57-1fc3-11e9-bc01-5d84e75cd9b8&pd_rd_w=76QGQ&pd_rd_wg=o3w0F&pf_rd_p=c1c69839-338e-437e-a7b3-fd970f50c1da&pf_rd_r=WJS88C14Z91RP8GK20NK&psc=1&refRID=WJS88C14Z91RP8GK20NK\r\n\r\n\r\n\r\n',17,7,1,NULL,2,NULL,'2019-01-31 15:00:40',NULL,'',''),(896,'2019-01-30 17:10:12','2019-02-04 17:00:39','Sistemare outlook e cambiare connettore al cavo di rete che tocca male',15,7,1,'0000-00-00 00:00:00',388,NULL,NULL,NULL,'',''),(1142,'2019-12-10 09:17:24','2019-12-10 09:18:20','Chiamare Elettrisista Emiliano per collegamento UPS è dal cliente',14,3,3,'0000-00-00 00:00:00',131,NULL,NULL,NULL,'',''),(1143,'2019-12-10 10:54:32','2019-12-10 10:54:32','prova ',10,3,1,'0000-00-00 00:00:00',2,NULL,NULL,NULL,'',''),(1150,'2019-12-10 11:07:01','2019-12-10 16:17:03','prova ',10,4,1,'0000-00-00 00:00:00',2,'2019-12-10 17:17:03',NULL,NULL,'',''),(1152,'2019-12-10 11:14:27','2019-12-10 16:29:01','prova con mail',10,7,1,'0000-00-00 00:00:00',2,NULL,'2019-12-10 17:16:57',NULL,'',''),(1153,'2019-12-10 11:16:29','2019-12-10 11:16:43','prova mail ',10,4,1,'0000-00-00 00:00:00',2,'2019-12-10 12:16:43',NULL,NULL,'',''),(1154,'2019-12-10 16:13:51','2019-12-10 16:28:38','Richiesto se può spostare server con server accesi o deve spegnere',14,6,1,'0000-00-00 00:00:00',131,NULL,'2019-12-10 17:28:38',NULL,'',''),(1155,'2019-12-10 16:18:59','2019-12-10 16:28:42','Ripreso virus sistema Luca',14,6,1,'0000-00-00 00:00:00',56,NULL,'2019-12-10 17:28:42',NULL,'',''),(1156,'2019-12-10 16:21:00','2019-12-10 16:24:33','prova',10,3,1,'0000-00-00 00:00:00',2,NULL,NULL,NULL,'',''),(1157,'2019-12-10 16:31:33','2019-12-10 16:31:50','Riavviare server IPASOA dopo che Fabio ha modificato qualche cosa...',14,6,1,'0000-00-00 00:00:00',1050,NULL,'2019-12-10 17:31:50',NULL,'',''),(1158,'2019-12-10 16:33:41','2019-12-10 16:33:51','Fabiana: quando chiamano l\'interlocutore non sente. Connettività scarsa !',14,6,1,'0000-00-00 00:00:00',1057,NULL,'2019-12-10 17:33:51',NULL,'',''),(1159,'2019-12-10 16:36:13','2019-12-10 16:41:26','Martina 0575441415\r\n\r\nIn call conference come chiamano un altro numero ?\r\n\r\nCISCO SPA504G\r\n\r\nNon hanno contratto.\r\n\r\nVODAFONE ',14,6,1,'0000-00-00 00:00:00',1098,NULL,'2019-12-10 17:41:26',NULL,'Romana Maceri',''),(1161,'2019-12-11 10:33:15','2019-12-16 09:18:10','Sulla rete dei telefoni devono poter andare solo i telefoni, va fatta la whitelist macadress sul router della linea voip 30mbit\r\n\r\nCambiato filtro navigazione:\r\n- Aggiunto profilo \"solo telefoni\" dove solo i telefoni collegati ora navigano, un eventuale in più va inserito in lista.\r\n- Modificato profilo standard in navigazione \"MAI\"',11,6,1,NULL,535,NULL,'2019-12-16 10:18:10',NULL,'',''),(1179,'2020-01-06 18:07:06','2020-02-18 15:27:48','Bisogna trasferire la linea ADSL idealogy dall\'inidirizzo attuale alla nuova sede Via Calamandrei 249M riferimento Nicola Mancini 3935227629 - Organizare l\'attività con David di Idealogy, appena trasferita la linea bisognerà traslocare gli apparati e riconfigurare il tutto.',11,3,1,'0000-00-00 00:00:00',485,NULL,NULL,NULL,'',''),(1180,'2020-01-07 09:35:22','2020-01-07 13:11:04','Collegare telecamera esterna allo switch POE, assegnargli ip statico in sequenza alle altre e configurarla su milestone, è una femmina sul rack principale bisogna mettere la patch cord, chiamami quando sei li che ti spiego.',11,4,1,'0000-00-00 00:00:00',330,'2020-01-07 14:11:04',NULL,NULL,'',''),(1182,'2020-01-07 05:53:02','2020-01-08 15:14:37','Non stampa la stampante delle etichette dal laboratorio',11,6,1,NULL,330,NULL,NULL,NULL,NULL,NULL),(1183,'2020-01-08 14:42:20','2020-01-13 12:00:51','Installare firewall zywall USG50 e configurarlo in load balancing per le 2 connessioni.\r\n\r\nTi ho preparato il firewall da Corrado, Open Abs ha già 2 connessioni attive ma adesso ne usano una sola, praticamente le metti nelle 2 wan dello zywall e lo configuri che se va giù una va sull\'altra oppure in load balancing\r\n\r\nConfigura il firewall con lo stesso ip del router che hanno adesso, poi cambia ip del router vecchio in classe diversa e collegali entrambi nelle wan, poi configuralo per andare in load balancing su entrambe le connessioni e verifica che funzioni il failover.\r\n\r\nGrazie.',11,4,1,'0000-00-00 00:00:00',205,NULL,NULL,NULL,'',''),(1232,'2020-02-18 15:15:55','2020-02-18 15:16:54','Ha chiamato ha la caldaia rotta non arriva l\'acqua calda i bambini piangono ',11,4,3,'0000-00-00 00:00:00',549,'2020-02-18 16:16:54',NULL,NULL,'',''),(1234,'2020-02-19 11:22:50','2020-02-19 11:22:52','https://www.pixartprinting.it/?elementUri=recupera_pagamento.php&pixkey=cc0e2e3ebcc690f6a54b1ee698b737bd',25,2,1,NULL,1098,NULL,NULL,NULL,'Pixarprinting',''),(1235,'2020-02-19 11:23:51','2020-02-19 11:24:04','https://www.pixartprinting.it/?elementUri=recupera_pagamento.php&pixkey=cc0e2e3ebcc690f6a54b1ee698b737bd',25,2,1,NULL,1098,NULL,NULL,NULL,'Pixarprinting',''),(1236,'2020-02-19 11:25:16','2020-10-30 11:06:39','https://www.pixartprinting.it/?elementUri=recupera_pagamento.php&pixkey=cc0e2e3ebcc690f6a54b1ee698b737bd',25,1,1,NULL,1098,NULL,NULL,NULL,'Pixarprinting',''),(1318,'2020-05-15 08:41:42','2020-05-15 08:41:44','fggsdfgsdfgsdgds',10,3,1,'0000-00-00 00:00:00',478,NULL,NULL,NULL,'','5636'),(1444,'2020-10-23 17:58:19','2020-10-26 09:49:34','il cliente ha 2 numerazioni configurate su cisco spa122 che mandano all\'analogica, il dispositivo sia in entrata che in uscita rifiuta le chiaamate di punto in bianco, funzionava tutto, probabilmente ha digitato qualche codice\r\n\r\naccesso spa122 via web:\r\nadmin\r\n25Agosto2020\r\n\r\nabbiamo aperto un ticket su clouditalia accessi:\r\n\r\nCLOUDITALIA\r\nPassword: zpFCIys8\r\nCodice Utenza: 1040405-0720838\r\nPin assistenza: 523275327\r\n\r\ndicono che il problema è il dispositivo che rifiuta la chiamata, unico problema non ho segnato come accedere al fritzbox quindi devi chiamare il cliente e farti aprire anydek numero telefonico 0575810539 e chiedere di Sandro',11,4,2,'0000-00-00 00:00:00',1163,'2020-10-26 10:49:34',NULL,NULL,'',''),(1556,'2021-12-24 08:51:35','2022-01-15 08:09:14','https://www.amazon.it/SAMSUNG-Cover-G998B-Galaxy-Ultra/dp/B08PPVJ9FK/ref=sr_1_1?__mk_it_IT=%C3%85M%C3%85%C5%BD%C3%95%C3%91&crid=2GNT1T1CRMLVE&keywords=EF-NG998PBEGEW&qid=1640335421&sprefix=ef-ng998pbegew%2Caps%2C670&sr=8-1',17,7,2,NULL,509,NULL,'2022-01-15 09:09:06',1,'IVO PRIMITIVI','406'),(1557,'2021-12-27 16:13:35','2022-01-15 08:09:29','3X  https://www.amazon.it/Magnum-Telefono-Cellulare-Tastiera-Retroilluminata/dp/B0999PN1FH/ref=sr_1_21?crid=2VJT1PRE5WC5F&keywords=brondi%2Bcellulare%2Bper%2Banziani&qid=1640621003&sprefix=BRONDI%2Caps%2C149&sr=8-21&th=1\r\n\r\n\r\n2X https://www.amazon.it/Telefono-Cellulare-Anziani-Funzione-Pantalla/dp/B082W1L9XV/ref=sr_1_17_sspa?crid=2VJT1PRE5WC5F&keywords=brondi+cellulare+per+anziani&qid=1640621003&sprefix=BRONDI%2Caps%2C149&sr=8-17-spons&psc=1&spLa=ZW5jcnlwdGVkUXVhbGlmaWVyPUFNM0w0WE5PWFVSSlgmZW5jcnlwdGVkSWQ9QTA0MTU5MjkzMlc4MERCS0hSMjVQJmVuY3J5cHRlZEFkSWQ9QTA3MDMzNDQzOUdCTFJRSDlVRU5KJndpZGdldE5hbWU9c3BfbXRmJmFjdGlvbj1jbGlja1JlZGlyZWN0JmRvTm90TG9nQ2xpY2s9dHJ1ZQ==',17,7,1,NULL,509,NULL,'2022-01-15 09:09:27',3,'GHIGNONI MARIELLA','410'),(1590,'2022-07-04 07:47:26','2022-07-06 19:03:01','https://www.amazon.it/kwmobile-Custodia-Compatibile-Samsung-Galaxy/dp/B09B9NNMSF/ref=sr_1_5?crid=31VBFPYHN7DK9&keywords=cover+samsung+a22+5g+bianca&qid=1656920654&sprefix=a22+cover+bia%2Caps%2C195&sr=8-5',17,7,1,NULL,509,NULL,'2022-07-06 21:02:57',NULL,'BARABARA COSTANTINI',''),(1591,'2022-07-06 08:14:28','2022-07-06 19:02:59','https://www.amazon.it/Lanhiem-Magnetica-Custodia-Silicone-Portafoglio/dp/B08C779X5X/ref=sr_1_13?crid=3U5S1JLL8UKCJ&keywords=p40+lite+cover+pelle&qid=1657094852&sprefix=p40+lite+cover+pelle%2Caps%2C86&sr=8-13',17,7,1,NULL,509,NULL,'2022-07-06 21:02:56',1,'MARIO MAURIZZI','192'),(1595,'2022-07-08 09:07:43','2022-07-21 06:11:13','https://www.amazon.it/Case-Collection-Samsung-Galaxy-A21s/dp/B089T6YB91/ref=sr_1_3_sspa?crid=1GLJ7N86356FH&keywords=cover%2Ba21s&qid=1657271146&sprefix=cover%2Ba%2B21s%2Caps%2C96&sr=8-3-spons&spLa=ZW5jcnlwdGVkUXVhbGlmaWVyPUExQVQ0SUVXUVJaQjM3JmVuY3J5cHRlZElkPUEwMTc2ODU5M1ZDOTFOMjdIUVlENCZlbmNyeXB0ZWRBZElkPUEwNTcyNDYwMVpKMjEzUkxXNkdaVSZ3aWRnZXROYW1lPXNwX2F0ZiZhY3Rpb249Y2xpY2tSZWRpcmVjdCZkb05vdExvZ0NsaWNrPXRydWU&th=1',17,7,1,NULL,509,NULL,'2022-07-21 08:09:21',NULL,'GIRELLI PIERINO',''),(1600,'2022-07-23 14:48:07','2022-08-16 15:26:27','https://www.amazon.it/ZXFHN-resistente-confortevole-Custodie-Due-Trasparente/dp/B09V4BY1CM/ref=sr_1_10?crid=3H3B7U9CUFF8T&keywords=zte%2Bblade%2Ba72%2B5g%2Bcover%2B6.52&qid=1658587455&sprefix=zte%2Bblade%2Ba72%2B5g%2Bcover%2B6.52%2Caps%2C86&sr=8-10&th=1',17,7,1,NULL,509,NULL,'2022-07-25 11:37:25',1,'BUDINI ELEONORA','210'),(1607,'2022-08-08 17:03:31','2022-08-12 11:34:40','https://www.ebay.it/itm/203132702088?hash=item2f4ba70d88:g:MqsAAOSwQV1ffwVc&amdata=enc%3AAQAHAAAA8MlPcI4OIt12tceH3%2Bohpz6zpgv9ChNbGSV6DbWB0tBVTY%2Bvox5SmsCBqrgdTNYPlkJKV4sl7Ek%2F%2FM%2FWlnrNRS1Fv7DmkeHgsvLPmTBDymDjn9moRkYQCT1kaO%2BL7sj4FLZCBeANf0%2BOGpe%2FAld6dsw7adtaNFfYAKhrn07r%2F6703gzKZk5zC9qhbdIoMlby5xTFSOw0AYHWrHK7FyIgkxDSW9Jwjqvcjz4lJ9u5b1vbNwN8Oglr3MTrfdPLWbYDIBxqRIQIduYmdBj%2BJbLQMDPBjGbmjz5czgndLt3PsAJUSF9f92dWfCmKY8vw896otQ%3D%3D%7Ctkp%3ABFBM1OSt5s9g',17,7,1,NULL,509,NULL,NULL,7,'MECAJ RAZIE','225'),(1608,'2022-08-08 17:06:36','2022-08-12 11:34:40','https://www.amazon.it/Trasparente-Silicone-Protettiva-Temperato-Pellicola/dp/B08DCT44D9/ref=sr_1_5?crid=2U1PKA3EDRKE3&keywords=wiko%2By61%2Bcover&qid=1659621566&sprefix=wiko%2By61%2Bcover%2Caps%2C97&sr=8-5&th=1',17,7,1,NULL,509,NULL,NULL,1,'GIABBANI LAURA','226'),(1609,'2022-08-09 10:27:45','2022-08-12 11:34:40','https://www.amazon.it/ebestStar-Compatibile-Custodia-Protezione-Rotazione/dp/B09L58DPJ7/ref=sr_1_8?crid=X8MKF3KX2H6Z&keywords=s7+fe+cover&qid=1660040295&sprefix=s7+fe+cover%2Caps%2C90&sr=8-8',17,7,1,NULL,509,NULL,NULL,1,'GIANCARLO MARMORINI','228'),(1610,'2022-08-12 10:40:46','2022-08-12 13:54:53','https://www.amazon.it/gp/product/B091FTVM74/ref=ox_sc_act_title_delete_1?smid=A1486UINE7KZIG&psc=1',17,7,1,NULL,509,NULL,'2022-08-12 15:54:50',7,'PIERANGELO GALLORINI','231'),(1663,'2023-03-23 16:56:53','2023-03-23 16:56:53','https://www.amazon.it/Case-Collection-Motorola-Moto-G13/dp/B0BW1W7624/ref=sr_1_5?crid=28CLVGRUIUDT6&keywords=MOTOROLA+G53+COVER&qid=1679590205&sprefix=motorola+g53+cover%2Caps%2C98&sr=8-5',17,3,1,NULL,509,NULL,NULL,1,'PAPERINI UBALDO','97'),(1664,'2023-03-23 17:24:55','2023-03-23 17:24:55','https://www.amazon.it/Xxmbbjy-Motorola-Moto-E32-Anti-Antiurto/dp/B0BGNX232V/ref=sr_1_1_sspa?crid=3SQYKOH5S9FXB&keywords=COVER+MOTOROLA+E32&qid=1679592140&sprefix=cover+motorola+e32%2Caps%2C113&sr=8-1-spons&sp_csd=d2lkZ2V0TmFtZT1zcF9hdGY&psc=1',17,3,1,NULL,509,NULL,NULL,1,'MARZIA DE CIANNI','98');

--
-- Table structure for table `tipocontratto`
--

CREATE TABLE `tipocontratto` (
  `id_tipo` int(11) NOT NULL AUTO_INCREMENT,
  `descrizione` varchar(50) DEFAULT NULL,
  PRIMARY KEY (`id_tipo`)
) ENGINE=InnoDB AUTO_INCREMENT=5 DEFAULT CHARSET=latin1;

--
-- Dumping data for table `tipocontratto`
--

INSERT INTO `tipocontratto` VALUES (0,'Realizzazione'),(1,'Servizi Tecnici'),(2,'Hosting'),(3,'Licenze'),(4,'TLC');

--
-- Table structure for table `urgenza_ticket`
--

CREATE TABLE `urgenza_ticket` (
  `id_urgenza` int(11) NOT NULL AUTO_INCREMENT,
  `descrizione` varchar(50) NOT NULL,
  PRIMARY KEY (`id_urgenza`)
) ENGINE=InnoDB AUTO_INCREMENT=4 DEFAULT CHARSET=latin1;

--
-- Dumping data for table `urgenza_ticket`
--

INSERT INTO `urgenza_ticket` VALUES (1,'normale'),(2,'velocemente'),(3,'urgentissimo');

--
-- Table structure for table `visita`
--

CREATE TABLE `visita` (
  `id_visita` int(11) NOT NULL AUTO_INCREMENT,
  `id_modoerogazione` int(11) DEFAULT NULL,
  `id_leads` smallint(6) DEFAULT NULL,
  `dettaglio_attivita` varchar(100) DEFAULT NULL,
  `attivita` varchar(100) DEFAULT '0',
  `refe_nome` varchar(100) DEFAULT NULL,
  `refe_email` varchar(50) DEFAULT NULL,
  `refe_tel` varchar(15) DEFAULT NULL,
  `note` varchar(400) DEFAULT NULL,
  `data_visita` date DEFAULT NULL,
  `durata` int(11) DEFAULT '0',
  `dataora_inizio` datetime DEFAULT NULL,
  `dataora_fine` datetime DEFAULT NULL,
  `last_update` timestamp NULL DEFAULT CURRENT_TIMESTAMP ON UPDATE CURRENT_TIMESTAMP,
  PRIMARY KEY (`id_visita`),
  KEY `FK_visita_erogazione` (`id_modoerogazione`),
  KEY `FK_visita_leads` (`id_leads`),
  CONSTRAINT `FK_visita_erogazione` FOREIGN KEY (`id_modoerogazione`) REFERENCES `modierogazione` (`id_modo`),
  CONSTRAINT `FK_visita_leads` FOREIGN KEY (`id_leads`) REFERENCES `leads` (`id_leads`)
) ENGINE=InnoDB AUTO_INCREMENT=144 DEFAULT CHARSET=latin1;

--
-- Dumping data for table `visita`
--

INSERT INTO `visita` VALUES (4,6,2,'Azione commerciale su potenziale cliente','Organizzazione Interna','',NULL,NULL,'','2019-06-27',60,'2019-06-27 10:00:00','2019-06-27 11:00:00','2019-06-28 07:38:25'),(5,6,3,'Azione commerciale su potenziale cliente','Organizzazione Interna','',NULL,NULL,'','2019-06-27',60,'2019-06-27 12:00:00','2019-06-27 13:00:00','2019-06-28 07:39:50'),(6,6,4,'Azione commerciale su potenziale cliente','Organizzazione Interna','',NULL,NULL,'','2019-06-27',60,'2019-06-27 15:30:00','2019-06-27 16:30:00','2019-06-28 07:48:47'),(7,6,5,'Azione commerciale su potenziale cliente','Organizzazione Interna','',NULL,NULL,'','2019-06-27',60,'2019-06-27 16:30:00','2019-06-27 17:30:00','2019-06-28 07:44:53'),(8,NULL,7,'Azione commerciale su potenziale cliente','Organizzazione Interna','Bracci Devil',NULL,NULL,'','2019-07-01',60,'2019-07-01 18:00:00','2019-07-01 19:00:00','2019-07-04 07:11:38'),(9,NULL,8,'Azione commerciale su potenziale cliente','Organizzazione Interna','Palazzini Mauro',NULL,NULL,'','2019-02-07',120,'2019-02-07 10:00:00','2019-02-07 12:00:00','2019-07-04 08:28:16'),(10,9,10,'Azione commerciale su potenziale cliente','Organizzazione Interna','PAOLA',NULL,NULL,'','2019-07-02',60,'2019-07-02 10:00:00','2019-07-02 11:00:00','2019-07-04 08:52:14'),(11,NULL,9,'Azione commerciale su potenziale cliente','Organizzazione Interna','Bani Lucia',NULL,NULL,'','2019-07-02',125,'2019-07-02 10:55:00','2019-07-02 13:00:00','2019-07-04 08:56:54'),(12,NULL,11,'Azione commerciale su potenziale cliente','Organizzazione Interna','CACCIAPUOTI ANTONIO',NULL,NULL,'','2019-07-03',60,'2019-07-03 08:00:00','2019-07-03 09:00:00','2019-07-05 08:16:21'),(13,NULL,12,'Azione commerciale su potenziale cliente','Organizzazione Interna','Guido',NULL,NULL,'','2019-07-03',60,'2019-07-03 11:00:00','2019-07-03 12:00:00','2019-07-05 06:48:27'),(14,NULL,13,'Azione commerciale su potenziale cliente','Organizzazione Interna','Alessio',NULL,NULL,'','2019-07-04',0,'2019-07-04 15:00:00','2019-07-04 15:00:00','2019-07-07 10:27:20'),(15,NULL,14,'Azione commerciale su potenziale cliente','Organizzazione Interna','Giancarlo ',NULL,NULL,'','2019-07-04',60,'2019-07-04 16:00:00','2019-07-04 17:00:00','2019-07-07 10:21:21'),(16,NULL,15,'Azione commerciale su potenziale cliente','Organizzazione Interna','LUCIA ',NULL,NULL,'','2019-07-04',60,'2019-07-04 18:00:00','2019-07-04 19:00:00','2019-07-07 10:28:35'),(17,NULL,17,'Azione commerciale su potenziale cliente','Organizzazione Interna','Marco',NULL,NULL,'','2019-07-05',120,'2019-07-05 15:00:00','2019-07-05 17:00:00','2019-07-07 10:44:17'),(18,NULL,18,'Azione commerciale su potenziale cliente','Organizzazione Interna','Franco',NULL,NULL,'','2019-07-05',60,'2019-07-05 18:00:00','2019-07-05 19:00:00','2019-07-07 10:46:42'),(19,NULL,19,'Azione commerciale su potenziale cliente','Organizzazione Interna','Roberto',NULL,NULL,'','2019-07-08',60,'2019-07-08 10:00:00','2019-07-08 11:00:00','2019-07-08 19:23:43'),(20,NULL,20,'Azione commerciale su potenziale cliente','Organizzazione Interna','Giancarlo ',NULL,NULL,'','2019-07-08',60,'2019-07-08 12:00:00','2019-07-08 13:00:00','2019-07-08 19:26:16'),(21,NULL,21,'Azione commerciale su potenziale cliente','Organizzazione Interna','LUIGI',NULL,NULL,'','2019-07-08',120,'2019-07-08 15:00:00','2019-07-08 17:00:00','2019-07-08 19:28:07'),(22,NULL,22,'Azione commerciale su potenziale cliente','Organizzazione Interna','GUIDO',NULL,NULL,'','2019-07-08',60,'2019-07-08 18:00:00','2019-07-08 19:00:00','2019-07-08 19:34:33'),(23,NULL,23,'Azione commerciale su potenziale cliente','Organizzazione Interna','VENTURI',NULL,NULL,'','2019-09-07',60,'2019-09-07 09:00:00','2019-09-07 10:00:00','2019-07-10 18:15:20'),(24,NULL,24,'Azione commerciale su potenziale cliente','Organizzazione Interna','PRIMO',NULL,NULL,'','2019-09-07',120,'2019-09-07 11:00:00','2019-09-07 13:00:00','2019-07-10 18:16:48'),(25,NULL,25,'Azione commerciale su potenziale cliente','Organizzazione Interna','Stefano ',NULL,NULL,'','2019-09-07',120,'2019-09-07 15:00:00','2019-09-07 17:00:00','2019-07-10 18:18:46'),(26,NULL,26,'Azione commerciale su potenziale cliente','Organizzazione Interna','BRACCI DEVIL',NULL,NULL,'Francesco sai anche te di cosa abbiamo parlato','2019-07-09',60,'2019-07-09 18:00:00','2019-07-09 19:00:00','2019-07-10 18:21:12'),(27,NULL,27,'Azione commerciale su potenziale cliente','Organizzazione Interna','Gabriele',NULL,NULL,'','2019-07-10',120,'2019-07-10 09:00:00','2019-07-10 11:00:00','2019-07-10 19:02:20'),(28,NULL,29,'Azione commerciale su potenziale cliente','Organizzazione Interna','Marco',NULL,NULL,'','2019-07-10',60,'2019-07-10 12:00:00','2019-07-10 13:00:00','2019-07-10 19:04:30'),(29,NULL,28,'Azione commerciale su potenziale cliente','Organizzazione Interna','Enzo',NULL,NULL,'Magazzino di CARNE GROSSISTA','2019-07-10',120,'2019-07-10 15:00:00','2019-07-10 17:00:00','2019-07-10 19:13:07'),(30,NULL,34,'Azione commerciale su potenziale cliente','Organizzazione Interna','Giuseppe',NULL,NULL,'Grossista di Edilizia in generale\r\nHa tre sedi\r\nDobbiamo rivederci fine settembre\r\nVisita abbastanza positiva','2019-11-07',60,'2019-11-07 09:00:00','2019-11-07 10:00:00','2019-07-13 06:49:56'),(31,NULL,33,'Azione commerciale su potenziale cliente','Organizzazione Interna','PAOLO',NULL,NULL,'Grossista EDILE IL PIU IMPORTANTE DI GROSSETO\r\nHA UN NEGOZIO ANCHE A SANTA FIORA\r\nSIAMO AMICI DA CIRCA 20 ANNI\r\nINTERESSATO MA DOPO AGOSTO','2019-11-07',120,'2019-11-07 11:00:00','2019-11-07 13:00:00','2019-07-13 06:54:53'),(32,NULL,32,'Azione commerciale su potenziale cliente','Organizzazione Interna','Luca',NULL,NULL,'Grossista di FERRAMENTA  \r\nDEVO RIPASSARE META SETTEMBRE','2019-11-07',120,'2019-11-07 10:00:00','2019-11-07 12:00:00','2019-07-13 06:58:43'),(33,NULL,31,'Azione commerciale su potenziale cliente','Organizzazione Interna','DANIELE',NULL,NULL,'Al momento non è interessato','2019-11-07',0,'2019-11-07 08:58:00','2019-11-07 08:58:00','2019-07-13 07:00:19'),(34,NULL,35,'Azione commerciale su potenziale cliente','Organizzazione Interna','Antonella',NULL,NULL,'INTERESSATA AD UN NUOVO SITO WEB MA NON PRIMA DO FINE SETTEMBRE PRIMI DI OTTOBRE','2019-12-07',60,'2019-12-07 09:00:00','2019-12-07 10:00:00','2019-07-13 07:20:29'),(35,NULL,NULL,'Azione commerciale su potenziale cliente','Organizzazione Interna','',NULL,NULL,'Al momento non necessita di niente.....cmq ci ripasso dopo SETTEMBRE','2019-12-07',60,'2019-12-07 11:00:00','2019-12-07 12:00:00','2019-07-13 07:25:48'),(36,NULL,NULL,'Azione commerciale su potenziale cliente','Organizzazione Interna','',NULL,NULL,'Non INTERESSATA','2019-07-12',60,'2019-07-12 16:00:00','2019-07-12 17:00:00','2019-07-13 07:38:05'),(37,NULL,39,'Azione commerciale su potenziale cliente','Organizzazione Interna','WALTER',NULL,NULL,'PRESENTATO LA NOSTRA AZIENDA\r\nRIPASSARE DOPO AGOSTO','1970-01-01',60,'1970-01-01 01:00:00','1970-01-01 01:00:00','2019-07-16 17:51:34'),(38,NULL,40,'Azione commerciale su potenziale cliente','Organizzazione Interna','Stefano ',NULL,NULL,'DA RIVISITARE A SETTEMBRE\r\nSONO QUELLI CHE HANNO VINTO 5000000 DI € A FIGLINE','1970-01-01',60,'1970-01-01 01:00:00','1970-01-01 01:00:00','2019-07-16 17:56:05'),(39,NULL,41,'Azione commerciale su potenziale cliente','Organizzazione Interna','Marco',NULL,NULL,'Visita positiva\r\nRipassare dopo il 20 Agosto','2019-07-16',60,'2019-07-16 09:00:00','2019-07-16 10:00:00','2019-07-16 19:04:09'),(40,NULL,43,'Azione commerciale su potenziale cliente','Organizzazione Interna','Cristina',NULL,NULL,'Al momento non interessati','2019-07-16',120,'2019-07-16 15:00:00','2019-07-16 17:00:00','2019-07-16 19:07:00'),(41,NULL,44,'Azione commerciale su potenziale cliente','Organizzazione Interna','ELENA',NULL,NULL,'Interessato al sito web\r\nVisitarla a SETTEMBRE\r\nIN AGOSTO È CHIUSA','2019-07-16',0,'2019-07-16 21:07:00','2019-07-16 21:07:00','2019-07-16 19:10:12'),(42,NULL,45,'Azione commerciale su potenziale cliente','Organizzazione Interna','LANDI INDRO',NULL,NULL,'AL MOMENTO NON PENSA DI MODIFICARE I SERVIZI CHE GIA HANNO \r\nCMQ OGNI TANTO DEVO RIPASSARE','2019-07-17',60,'2019-07-17 09:00:00','2019-07-17 10:00:00','2019-07-17 19:12:58'),(43,NULL,46,'Azione commerciale su potenziale cliente','Organizzazione Interna','GUIDELLI MANOLA ',NULL,NULL,'PRESENTATO LA NOSTRA AZIENDA ED I SERVIZI CHE POSSIAMO OFFRIRGLI O MIGLIORARLI\r\nÈ INTERESSATO MA DEVE VALUTARE QUALE SERVIZIO MIGLIORARE','2019-07-17',60,'2019-07-17 11:00:00','2019-07-17 12:00:00','2019-07-17 19:17:11'),(44,NULL,47,'Azione commerciale su potenziale cliente','Organizzazione Interna','GIUSEPPE',NULL,NULL,'Interessato passare fine Agosto','2019-07-17',120,'2019-07-17 15:00:00','2019-07-17 17:00:00','2019-07-17 19:20:25'),(45,NULL,48,'Azione commerciale su potenziale cliente','Organizzazione Interna','Luigi',NULL,NULL,'Passare fine Agosto.... interessato','2019-07-17',60,'2019-07-17 18:00:00','2019-07-17 19:00:00','2019-07-17 19:23:49'),(46,NULL,50,'Azione commerciale su potenziale cliente','Organizzazione Interna','PAOLA',NULL,NULL,'PRESENTATO AZIENDA\r\nPRESO APPUNTAMENTO X I PRIMI DI SETTEMBRE','1970-01-01',60,'1970-01-01 01:00:00','1970-01-01 01:00:00','2019-07-19 11:25:41'),(47,NULL,49,'Azione commerciale su potenziale cliente','Organizzazione Interna','DEBORA ',NULL,NULL,'Presentazione della nostra azienda\r\nAbbiamo approfondito poco perché aveva un appuntamento','1970-01-01',60,'1970-01-01 01:00:00','1970-01-01 01:00:00','2019-07-19 11:28:33'),(48,NULL,52,'Azione commerciale su potenziale cliente','Organizzazione Interna','Failli',NULL,NULL,'Non era presente l\'avvocato, ho parlato con la sua impiegata, ho lasciato la cartella\r\nRIPASSARE','1970-01-01',60,'1970-01-01 01:00:00','1970-01-01 01:00:00','2019-07-19 11:33:10'),(49,NULL,51,'Azione commerciale su potenziale cliente','Organizzazione Interna','STELLA',NULL,NULL,'Interessata ad alcuni servizi....li valuterà dopo le ferie','1970-01-01',60,'1970-01-01 01:00:00','1970-01-01 01:00:00','2019-07-19 11:41:31'),(50,NULL,54,'Azione commerciale su potenziale cliente','Organizzazione Interna','FILIPPO',NULL,NULL,'Dopo Agosto','1970-01-01',60,'1970-01-01 01:00:00','1970-01-01 01:00:00','2019-07-20 11:11:47'),(51,NULL,55,'Azione commerciale su potenziale cliente','Organizzazione Interna','STEFANO',NULL,NULL,'RIVEDERE DOPO LE FERIE','1970-01-01',60,'1970-01-01 01:00:00','1970-01-01 01:00:00','2019-07-20 11:13:43'),(52,NULL,56,'Azione commerciale su potenziale cliente','Organizzazione Interna','Franco',NULL,NULL,'Vuole valutare alcuni prodotti..... ripassare a settembre','1970-01-01',60,'1970-01-01 01:00:00','1970-01-01 01:00:00','2019-07-20 11:17:29'),(53,NULL,53,'Azione commerciale su potenziale cliente','Organizzazione Interna','RACHELE',NULL,NULL,'Interessata ad alcuni servizi.........da valutare fine Agosto','1970-01-01',60,'1970-01-01 01:00:00','1970-01-01 01:00:00','2019-07-20 11:26:40'),(54,NULL,58,'Azione commerciale su potenziale cliente','Organizzazione Interna','MAURIZIO',NULL,NULL,'Dopo Agosto','2019-07-22',60,'2019-07-22 14:00:00','2019-07-22 15:00:00','2019-07-23 08:38:03'),(55,NULL,57,'Azione commerciale su potenziale cliente','Organizzazione Interna','STEFANO',NULL,NULL,'RIPASSARE dopo Agosto','2019-07-22',60,'2019-07-22 16:00:00','2019-07-22 17:00:00','2019-07-23 08:39:33'),(56,NULL,59,'Azione commerciale su potenziale cliente','Organizzazione Interna','Renato',NULL,NULL,'Interessato ma dopo le ferie','2019-07-22',60,'2019-07-22 18:00:00','2019-07-22 19:00:00','2019-07-23 08:41:37'),(58,NULL,60,'Azione commerciale su potenziale cliente','Organizzazione Interna','MIRCO',NULL,NULL,'CLIENTE NECESSITA DI ALCUNI PRODOTTI, NE HO PARLATO CON LA MOGLIE, LEI NE PARLA CON SUO MARITO','2019-09-09',120,'2019-09-09 09:00:00','2019-09-09 11:00:00','2019-09-09 18:27:01'),(59,NULL,62,'Azione commerciale su potenziale cliente','Organizzazione Interna','ANTONIETTA',NULL,NULL,'NE DEVONO PARLARE IN CONSIGLIO','2019-09-09',60,'2019-09-09 12:00:00','2019-09-09 13:00:00','2019-09-09 18:29:34'),(60,NULL,63,'Azione commerciale su potenziale cliente','Organizzazione Interna','Roberto',NULL,NULL,'Interessato ad alcuni prodotti.......mi fanno risposta entro fine mese','2019-09-09',60,'2019-09-09 15:00:00','2019-09-09 16:00:00','2019-09-09 18:31:40'),(61,NULL,61,'Azione commerciale su potenziale cliente','Organizzazione Interna','Luigi',NULL,NULL,'Per ora non necessitano di niente,ma mi hanno detto che al prossimo consiglio valutano anche noi','2019-09-09',120,'2019-09-09 17:00:00','2019-09-09 19:00:00','2019-09-09 18:34:51'),(62,NULL,64,'Azione commerciale su potenziale cliente','Organizzazione Interna','ANTONIO',NULL,NULL,'Da valutare se migliorare alcuni servizi','2019-10-09',60,'2019-10-09 09:00:00','2019-10-09 10:00:00','2019-09-19 05:32:40'),(63,NULL,82,'Azione commerciale su potenziale cliente','Organizzazione Interna','GUIDO',NULL,NULL,'Al momento sono a posto con i servizi','2019-09-10',60,'2019-09-10 11:00:00','2019-09-10 12:00:00','2019-09-19 05:35:22'),(64,NULL,46,'Azione commerciale su potenziale cliente','Organizzazione Interna','GUIDELLI MANOLA ',NULL,NULL,'Devono valutare','2019-09-10',60,'2019-09-10 15:00:00','2019-09-10 16:00:00','2019-09-19 05:37:32'),(65,NULL,69,'Azione commerciale su potenziale cliente','Organizzazione Interna','CLEMENTE',NULL,NULL,'Non interessati','2019-09-10',60,'2019-09-10 17:00:00','2019-09-10 18:00:00','2019-09-19 05:40:48'),(66,NULL,81,'Azione commerciale su potenziale cliente','Organizzazione Interna','PAOLO',NULL,NULL,'Hanno il cugino che lavora x Fastweb','2019-09-11',60,'2019-09-11 10:00:00','2019-09-11 11:00:00','2019-09-19 05:45:44'),(67,NULL,68,'Azione commerciale su potenziale cliente','Organizzazione Interna','AMEDEO',NULL,NULL,'Forse potenzierà la rete wifi','2019-09-11',0,'2019-09-11 08:00:00','2019-09-11 08:00:00','2019-09-19 05:48:46'),(68,NULL,83,'Azione commerciale su potenziale cliente','Organizzazione Interna','Giancarlo ',NULL,NULL,'Devo parlare con il titolare assente perché in Olanda','2019-09-11',60,'2019-09-11 11:00:00','2019-09-11 12:00:00','2019-09-19 05:55:19'),(69,NULL,65,'Azione commerciale su potenziale cliente','Organizzazione Interna','LUCIA',NULL,NULL,'Interessati ','2019-09-12',120,'2019-09-12 09:00:00','2019-09-12 11:00:00','2019-09-19 06:26:04'),(70,NULL,66,'Azione commerciale su potenziale cliente','Organizzazione Interna','BARBARA',NULL,NULL,'Interessati al sito','2019-09-12',60,'2019-09-12 12:00:00','2019-09-12 13:00:00','2019-09-19 06:28:04'),(71,NULL,70,'Azione commerciale su potenziale cliente','Organizzazione Interna','Franco',NULL,NULL,'Interessati ma non prima di fine anno','2019-09-12',60,'2019-09-12 16:00:00','2019-09-12 17:00:00','2019-09-19 06:30:20'),(72,NULL,71,'Azione commerciale su potenziale cliente','Organizzazione Interna','GIULIANO',NULL,NULL,'Valutano se aggiornare il sito web','2019-09-12',60,'2019-09-12 17:00:00','2019-09-12 18:00:00','2019-09-19 06:32:41'),(73,NULL,72,'Azione commerciale su potenziale cliente','Organizzazione Interna','DOTT. CASILLO',NULL,NULL,'Interessati','2019-09-12',60,'2019-09-12 19:00:00','2019-09-12 20:00:00','2019-09-19 06:34:30'),(74,NULL,73,'Azione commerciale su potenziale cliente','Organizzazione Interna','CLAUDIO',NULL,NULL,'Sono stato mattina e pomeriggio da lato perché hanno diversi servizi\r\nBar,lavaggio,cambio gomme, distributore\r\nAmico mio e mi ha detto che faremo qualcosa','2019-09-13',0,'2019-09-13 08:34:00','2019-09-13 08:34:00','2019-09-19 06:38:36'),(75,NULL,74,'Azione commerciale su potenziale cliente','Organizzazione Interna','Enzo',NULL,NULL,'Presentazione dei servizi che possiamo offrire\r\nDa rivisitare','2019-09-16',60,'2019-09-16 09:00:00','2019-09-16 10:00:00','2019-09-19 06:44:49'),(76,NULL,26,'Azione commerciale su potenziale cliente','Organizzazione Interna','BRACCI DEVIL',NULL,NULL,'Già sai tutto','2019-09-16',60,'2019-09-16 11:00:00','2019-09-16 12:00:00','2019-09-19 06:48:51'),(77,NULL,75,'Azione commerciale su potenziale cliente','Organizzazione Interna','MARINO',NULL,NULL,'Chiudono a fine anno','2019-09-16',0,'2019-09-16 15:00:00','2019-09-16 15:00:00','2019-09-19 06:51:53'),(78,NULL,77,'Azione commerciale su potenziale cliente','Organizzazione Interna','PIERLUIGI',NULL,NULL,'Interessati','2019-09-17',120,'2019-09-17 09:00:00','2019-09-17 11:00:00','2019-09-19 06:53:59'),(79,NULL,78,'Azione commerciale su potenziale cliente','Organizzazione Interna','BRUNO',NULL,NULL,'Devo ripassare su appuntamento per parlare con il loro ragioniere','2019-09-17',60,'2019-09-17 12:00:00','2019-09-17 13:00:00','2019-09-19 06:56:52'),(80,NULL,79,'Azione commerciale su potenziale cliente','Organizzazione Interna','FEDERICO',NULL,NULL,'Non interessato','2019-09-17',-900,'2019-09-17 15:00:00','2019-09-17 01:00:00','2019-09-19 07:01:58'),(81,NULL,86,'Azione commerciale su potenziale cliente','Organizzazione Interna','GIAMPAOLO',NULL,NULL,'Lavorano molto fuori Toscana, hanno il loro commercialista','2019-09-17',-1080,'2019-09-17 18:00:00','2019-09-17 01:00:00','2019-09-19 07:07:21'),(82,NULL,84,'Azione commerciale su potenziale cliente','Organizzazione Interna','STAFANIA',NULL,NULL,'Interessata ....amica mia.....mi chiama lei','2019-09-18',60,'2019-09-18 10:00:00','2019-09-18 11:00:00','2019-09-19 07:15:04'),(83,NULL,85,'Azione commerciale su potenziale cliente','Organizzazione Interna','FRANCA',NULL,NULL,'Piccola pelletteria, fanno da soli emettono solo fattura','2019-09-18',60,'2019-09-18 11:00:00','2019-09-18 12:00:00','2019-09-19 07:18:46'),(84,NULL,88,'Azione commerciale su potenziale cliente','Organizzazione Interna','FRANCESCO',NULL,NULL,'Si devono trasferire, conosco Francesco e mi chiama lui','2019-09-18',60,'2019-09-18 16:00:00','2019-09-18 17:00:00','2019-09-19 07:22:56'),(85,NULL,89,'Azione commerciale su potenziale cliente','Organizzazione Interna','Roberto',NULL,NULL,'Li conosco perché ho lavorato da loro quando avevo 16 anni\r\nMi hanno detto che faranno qualcosa con me.....\r\nSarebbero a posto così, ma visto che ci sono io qualcosa fanno','2019-09-18',60,'2019-09-18 18:00:00','2019-09-18 19:00:00','2019-09-19 07:33:36'),(86,NULL,90,'Azione commerciale su potenziale cliente','Organizzazione Interna','ASMAR ',NULL,NULL,'Lavorano per Il CHINI ,X CUI non hanno bisogno perché gli fa tutto lui....','2019-09-19',60,'2019-09-19 08:00:00','2019-09-19 09:00:00','2019-09-19 07:38:37'),(87,NULL,12,'Azione commerciale su potenziale cliente','Organizzazione Interna','GUIDO',NULL,NULL,'Sono ripassato prima di fine anno vuole aggiornare il sito','2019-09-19',60,'2019-09-19 11:00:00','2019-09-19 12:00:00','2019-09-19 20:00:02'),(88,NULL,23,'Azione commerciale su potenziale cliente','Organizzazione Interna','VENTURI',NULL,NULL,'Anche lui sta valutando di aggiornare il sito','2019-09-19',60,'2019-09-19 16:00:00','2019-09-19 17:00:00','2019-09-19 20:01:45'),(89,NULL,11,'Azione commerciale su potenziale cliente','Organizzazione Interna','CRISTINA',NULL,NULL,'Sono ripassato ma era in Ospedale da un\'amica.....gli ho telefonato e mi ha detto di ripassare in settimana nuova','2019-09-19',60,'2019-09-19 18:00:00','2019-09-19 19:00:00','2019-09-19 20:05:29'),(90,NULL,95,'Azione commerciale su potenziale cliente','Organizzazione Interna','ROBERTA',NULL,NULL,'Vorrebbe fare un nuovo sito','2019-09-20',120,'2019-09-20 10:00:00','2019-09-20 12:00:00','2019-09-22 08:21:52'),(91,NULL,96,'Azione commerciale su potenziale cliente','Organizzazione Interna','ANDREA',NULL,NULL,'Al momento valuterà il sito web','2019-09-20',60,'2019-09-20 15:00:00','2019-09-20 16:00:00','2019-09-22 08:24:55'),(92,NULL,97,'Azione commerciale su potenziale cliente','Organizzazione Interna','Luca',NULL,NULL,'Al momento non sono interessati','2019-09-20',60,'2019-09-20 18:00:00','2019-09-20 19:00:00','2019-09-22 08:26:34'),(93,NULL,98,'Azione commerciale su potenziale cliente','Organizzazione Interna','Guglielmo',NULL,NULL,'DESCRIZIONE DEI PRODOTTI E SERVIZI CHE POSSIAMO OFFRIRE\r\nDEVONO VALUTARE ALCUNI PRODOTTI\r\nRIPASSARE','1970-01-01',60,'1970-01-01 01:00:00','1970-01-01 01:00:00','2019-09-25 08:58:25'),(94,NULL,99,'Azione commerciale su potenziale cliente','Organizzazione Interna','STEFANO e GRAZIANO',NULL,NULL,'Proteggerò essere interessati al sito web\r\nDevono parlare con il figlio\r\nHanno 2 SEDI','2019-09-24',120,'2019-09-24 17:00:00','2019-09-24 19:00:00','2019-09-25 09:04:21'),(95,NULL,99,'Azione commerciale su potenziale cliente','Organizzazione Interna','STEFANO',NULL,NULL,'Proteggerò essere interessati al sito web\r\nDevono parlare con il figlio','2019-09-24',60,'2019-09-24 17:00:00','2019-09-24 18:00:00','2019-09-25 09:02:01'),(96,NULL,101,'Azione commerciale su potenziale cliente','Organizzazione Interna','Sabrina',NULL,NULL,'Sito web','2019-09-25',60,'2019-09-25 09:00:00','2019-09-25 10:00:00','2019-09-30 15:44:41'),(97,NULL,102,'Azione commerciale su potenziale cliente','Organizzazione Interna','Marco',NULL,NULL,'Al momento non necessita','2019-09-25',60,'2019-09-25 11:00:00','2019-09-25 12:00:00','2019-09-30 15:48:10'),(98,NULL,103,'Azione commerciale su potenziale cliente','Organizzazione Interna','CRISTINA',NULL,NULL,'Sito web','2019-09-25',180,'2019-09-25 15:00:00','2019-09-25 18:00:00','2019-09-30 15:50:50'),(99,NULL,106,'Azione commerciale su potenziale cliente','Organizzazione Interna','Carmen',NULL,NULL,'Visita positiva x sito web','2019-09-26',60,'2019-09-26 09:00:00','2019-09-26 10:00:00','2019-09-30 18:50:04'),(100,NULL,107,'Azione commerciale su potenziale cliente','Organizzazione Interna','MONICA',NULL,NULL,'Rifaranno il sito entro la fine dell\'anno','2019-09-26',60,'2019-09-26 11:00:00','2019-09-26 12:00:00','2019-10-01 06:27:50'),(101,NULL,109,'Azione commerciale su potenziale cliente','Organizzazione Interna','PAOLO',NULL,NULL,'Sito web, ripassare entro fine anno, conosco bene Paolo','2019-09-26',60,'2019-09-26 16:00:00','2019-09-26 17:00:00','2019-10-01 06:30:57'),(102,NULL,108,'Azione commerciale su potenziale cliente','Organizzazione Interna','FABIO',NULL,NULL,'Per ora non hanno bisogno..... valuterà il sito web','2019-09-26',60,'2019-09-26 18:00:00','2019-09-26 19:00:00','2019-10-01 06:34:24'),(103,NULL,110,'Azione commerciale su potenziale cliente','Organizzazione Interna','PAOLO',NULL,NULL,'Non interessati al momento','2019-09-27',60,'2019-09-27 09:00:00','2019-09-27 10:00:00','2019-10-01 06:58:23'),(104,NULL,113,'Azione commerciale su potenziale cliente','Organizzazione Interna','STEFANO',NULL,NULL,'Amico mio.....mi farà entro l\'anno il sito nuovo','2019-09-27',60,'2019-09-27 11:00:00','2019-09-27 12:00:00','2019-10-01 07:02:47'),(105,NULL,112,'Azione commerciale su potenziale cliente','Organizzazione Interna','Luigi',NULL,NULL,'Interessati ad alcuni prodotti.....devo ripassare a Dicembre','2019-09-27',120,'2019-09-27 16:00:00','2019-09-27 18:00:00','2019-10-01 07:05:45'),(106,NULL,114,'Azione commerciale su potenziale cliente','Organizzazione Interna','ROBERTO',NULL,NULL,'Sito web.....ha giocato con me','2019-09-27',60,'2019-09-27 14:00:00','2019-09-27 15:00:00','2019-10-01 07:13:12'),(107,NULL,115,'Azione commerciale su potenziale cliente','Organizzazione Interna','GIAMPIETRO',NULL,NULL,'Rifaranno il sito','2019-09-30',60,'2019-09-30 10:00:00','2019-09-30 11:00:00','2019-10-01 07:39:32'),(108,NULL,116,'Azione commerciale su potenziale cliente','Organizzazione Interna','PAOLO',NULL,NULL,'Hanno fatto il sito nuovo da poco','2019-09-30',60,'2019-09-30 15:00:00','2019-09-30 16:00:00','2019-10-01 07:39:06'),(109,NULL,23,'Azione commerciale su potenziale cliente','Organizzazione Interna','VENTURI',NULL,NULL,'Al momento non interessati','1970-01-01',60,'1970-01-01 01:00:00','1970-01-01 01:00:00','2019-10-01 07:38:36'),(110,NULL,117,'Azione commerciale su potenziale cliente','Organizzazione Interna','',NULL,NULL,'Visita positiva ','2019-10-01',60,'2019-10-01 09:00:00','2019-10-01 10:00:00','2019-10-01 17:34:15'),(111,NULL,118,'Azione commerciale su potenziale cliente','Organizzazione Interna','Gonnelli',NULL,NULL,'Non interessato','2019-10-01',60,'2019-10-01 11:00:00','2019-10-01 12:00:00','2019-10-01 17:35:20'),(112,NULL,119,'Azione commerciale su potenziale cliente','Organizzazione Interna','',NULL,NULL,'Visita positiva','2019-10-01',60,'2019-10-01 14:00:00','2019-10-01 15:00:00','2019-10-01 17:36:36'),(113,NULL,120,'Azione commerciale su potenziale cliente','Organizzazione Interna','',NULL,NULL,'Non interressato','2019-10-01',60,'2019-10-01 16:00:00','2019-10-01 17:00:00','2019-10-01 17:37:57'),(114,NULL,121,'Azione commerciale su potenziale cliente','Organizzazione Interna','Giovanni',NULL,NULL,'Presentazione della nostra azienda è lasciato Deplian','2019-10-02',60,'2019-10-02 08:00:00','2019-10-02 09:00:00','2019-10-03 06:30:53'),(115,NULL,122,'Azione commerciale su potenziale cliente','Organizzazione Interna','PAOLO',NULL,NULL,'Era fuori x lavoro.....ci siamo visti dove stava lavorando e gli ho lasciato il Catalogo.......amico mio...lo devo richiamare','2019-10-02',60,'2019-10-02 10:00:00','2019-10-02 11:00:00','2019-10-03 06:33:41'),(116,NULL,123,'Azione commerciale su potenziale cliente','Organizzazione Interna','GERMANO',NULL,NULL,'Interessato a fare x anno nuovo un sito web','2019-10-02',60,'2019-10-02 14:00:00','2019-10-02 15:00:00','2019-10-03 06:35:52'),(117,NULL,124,'Azione commerciale su potenziale cliente','Organizzazione Interna','GIUSEPPE',NULL,NULL,'Non interessati','2019-10-02',60,'2019-10-02 16:00:00','2019-10-02 17:00:00','2019-10-03 06:39:31'),(118,NULL,125,'Azione commerciale su potenziale cliente','Organizzazione Interna','LUCIA',NULL,NULL,'Sito web','2019-10-03',60,'2019-10-03 08:00:00','2019-10-03 09:00:00','2019-10-03 06:43:29'),(119,NULL,126,'Azione commerciale su potenziale cliente','Organizzazione Interna','Enzo',NULL,NULL,'Ho lasciato il nostro volantino perché il titolare era assente','2019-10-03',60,'2019-10-03 11:00:00','2019-10-03 12:00:00','2019-10-04 05:10:05'),(120,NULL,128,'Azione commerciale su potenziale cliente','Organizzazione Interna','Paola',NULL,NULL,'Non hanno bisogno di niente','2019-10-03',60,'2019-10-03 14:00:00','2019-10-03 15:00:00','2019-10-04 05:23:43'),(121,NULL,127,'Azione commerciale su potenziale cliente','Organizzazione Interna','LORENZO',NULL,NULL,'È un amico mio, molto interessato ad alcuni servizi e vorrebbe migliorarli per fine anno','2019-10-03',120,'2019-10-03 16:00:00','2019-10-03 18:00:00','2019-10-04 05:27:13'),(122,NULL,129,'Azione commerciale su potenziale cliente','Organizzazione Interna','Dr. Billi',NULL,NULL,'Amico mio rifarà un nuovo sito','2019-10-04',60,'2019-10-04 09:00:00','2019-10-04 10:00:00','2019-10-09 06:01:31'),(123,NULL,130,'Azione commerciale su potenziale cliente','Organizzazione Interna','Marco',NULL,NULL,'Presentazione dei nostri prodotti.......al momento non interessati','2019-04-10',60,'2019-04-10 12:00:00','2019-04-10 13:00:00','2019-10-09 06:03:48'),(124,NULL,131,'Azione commerciale su potenziale cliente','Organizzazione Interna','',NULL,NULL,'Interessato al sito Web','2019-04-10',60,'2019-04-10 15:00:00','2019-04-10 16:00:00','2019-10-09 06:06:16'),(125,NULL,132,'Azione commerciale su potenziale cliente','Organizzazione Interna','Paola',NULL,NULL,'Interessato','2019-10-04',60,'2019-10-04 18:00:00','2019-10-04 19:00:00','2019-10-09 06:08:21'),(126,NULL,16,'Azione commerciale su potenziale cliente','Organizzazione Interna','Enzo',NULL,NULL,'Ripassato, ad anno nuovo gli interessano sito web e foto.......amico mio','2019-10-07',60,'2019-10-07 10:00:00','2019-10-07 11:00:00','2019-10-09 06:17:09'),(127,NULL,11,'Azione commerciale su potenziale cliente','Organizzazione Interna','Cristina',NULL,NULL,'Farà il nuovo sito web.....sono entrato con lei in società','2019-10-10',43,'2019-10-10 08:17:00','2019-10-10 09:00:00','2019-10-14 15:02:19'),(128,NULL,98,'Azione commerciale su potenziale cliente','Organizzazione Interna','Guglielmo',NULL,NULL,'Sito web','2019-10-08',91,'2019-10-08 08:29:00','2019-10-08 10:00:00','2019-10-09 06:31:53'),(129,NULL,138,'Azione commerciale su potenziale cliente','Organizzazione Interna','Meucci Marco',NULL,NULL,'Non interessati','2019-10-08',60,'2019-10-08 11:00:00','2019-10-08 12:00:00','2019-10-09 06:32:59'),(130,NULL,139,'Azione commerciale su potenziale cliente','Organizzazione Interna','Giulio',NULL,NULL,'Non interessati......forse sito web','2019-10-08',60,'2019-10-08 15:00:00','2019-10-08 16:00:00','2019-10-09 06:37:43'),(131,NULL,NULL,'Azione commerciale su potenziale cliente','Organizzazione Interna','',NULL,NULL,'Non interessati','2019-10-08',60,'2019-10-08 17:00:00','2019-10-08 18:00:00','2019-10-09 06:40:15'),(132,NULL,141,'Azione commerciale su potenziale cliente','Organizzazione Interna','FABIO',NULL,NULL,'Interessati ad alcuni prodotti...,.....x fine anno potrebbero farli','2019-10-09',60,'2019-10-09 09:00:00','2019-10-09 10:00:00','2019-10-10 05:22:09'),(133,NULL,142,'Azione commerciale su potenziale cliente','Organizzazione Interna','Luana',NULL,NULL,'Al momento non sanno cosa fare.....forse cambiare il sito web','2019-10-09',60,'2019-10-09 11:00:00','2019-10-09 12:00:00','2019-10-10 05:24:47'),(134,NULL,143,'Azione commerciale su potenziale cliente','Organizzazione Interna','Gabriele',NULL,NULL,'Ho lasciato il catalogo perché mancava GABRIELE','2019-10-10',60,'2019-10-10 15:00:00','2019-10-10 16:00:00','2019-10-14 15:05:35'),(135,NULL,145,'Azione commerciale su potenziale cliente','Organizzazione Interna','MASSIMO',NULL,NULL,'Sito web entro fine anno......erano clienti mia','2019-10-10',60,'2019-10-10 17:00:00','2019-10-10 18:00:00','2019-10-14 15:04:40'),(136,NULL,146,'Azione commerciale su potenziale cliente','Organizzazione Interna','',NULL,NULL,'Interessati','2019-10-11',60,'2019-10-11 09:00:00','2019-10-11 10:00:00','2019-10-14 15:19:37'),(137,NULL,147,'Azione commerciale su potenziale cliente','Organizzazione Interna','',NULL,NULL,'Ripassare entro fine anno','2019-10-11',60,'2019-10-11 11:00:00','2019-10-11 12:00:00','2019-10-14 15:21:57'),(138,NULL,148,'Azione commerciale su potenziale cliente','Organizzazione Interna','',NULL,NULL,'Interessati','2019-10-11',60,'2019-10-11 16:00:00','2019-10-11 17:00:00','2019-10-14 15:23:18'),(139,NULL,149,'Azione commerciale su potenziale cliente','Organizzazione Interna','',NULL,NULL,'Non interessati......ripassare ad anno nuovo','2019-10-11',60,'2019-10-11 19:00:00','2019-10-11 20:00:00','2019-10-14 15:25:15'),(140,NULL,150,'Azione commerciale su potenziale cliente','Organizzazione Interna','',NULL,NULL,'Sito web nuovo a fine anno','1970-01-01',60,'1970-01-01 01:00:00','1970-01-01 01:00:00','2019-10-14 15:35:51'),(141,NULL,151,'Azione commerciale su potenziale cliente','Organizzazione Interna','',NULL,NULL,'Al momento non interessati','2019-10-14',60,'2019-10-14 11:00:00','2019-10-14 12:00:00','2019-10-14 15:37:22'),(142,NULL,152,'Azione commerciale su potenziale cliente','Organizzazione Interna','',NULL,NULL,'Interessato','2019-10-14',60,'2019-10-14 14:00:00','2019-10-14 15:00:00','2019-10-14 15:38:17'),(143,NULL,153,'Azione commerciale su potenziale cliente','Organizzazione Interna','',NULL,NULL,'Interessati x fine anno','2019-10-14',60,'2019-10-14 17:00:00','2019-10-14 18:00:00','2019-10-14 15:41:07');

--
-- Table structure for table `visite_interesse`
--

CREATE TABLE `visite_interesse` (
  `id_visita` int(11) NOT NULL,
  `id_interesse` int(11) NOT NULL,
  PRIMARY KEY (`id_visita`,`id_interesse`),
  KEY `id_leads` (`id_interesse`),
  CONSTRAINT `FK_interessi` FOREIGN KEY (`id_interesse`) REFERENCES `interessi` (`id_interesse`),
  CONSTRAINT `FK_visita` FOREIGN KEY (`id_visita`) REFERENCES `visita` (`id_visita`)
) ENGINE=InnoDB DEFAULT CHARSET=latin1;

--
-- Dumping data for table `visite_interesse`
--

INSERT INTO `visite_interesse` VALUES (5,1),(14,1),(15,1),(16,1),(17,1),(20,1),(21,1),(25,1),(27,1),(31,1),(58,1),(59,1),(62,1),(64,1),(69,1),(79,1),(82,1),(86,1),(31,2),(32,2),(4,3),(11,3),(18,3),(19,3),(21,3),(25,3),(29,3),(30,3),(31,3),(32,3),(44,3),(49,3),(62,3),(4,4),(7,4),(8,4),(9,4),(11,4),(13,4),(14,4),(15,4),(16,4),(19,4),(30,4),(32,4),(38,4),(44,4),(60,4),(76,4),(9,5),(10,5),(12,5),(15,5),(16,5),(17,5),(18,5),(25,5),(27,5),(29,5),(31,5),(32,5),(34,5),(39,5),(41,5),(45,5),(49,5),(53,5),(56,5),(58,5),(59,5),(60,5),(69,5),(70,5),(71,5),(72,5),(73,5),(74,5),(78,5),(79,5),(82,5),(88,5),(90,5),(94,5),(95,5),(96,5),(98,5),(99,5),(101,5),(103,5),(104,5),(105,5),(107,5),(116,5),(118,5),(121,5),(122,5),(125,5),(128,5),(130,5),(132,5),(135,5),(136,5),(138,5),(140,5),(142,5),(143,5),(10,7),(12,7),(91,7),(105,7),(121,7),(132,7),(136,7),(138,7),(142,7),(143,7),(4,8),(12,8),(17,8),(20,8),(5,9),(29,10),(125,10),(9,11),(7,14),(8,14),(49,14),(53,14),(121,14),(6,15),(22,15),(23,15),(24,15),(28,15),(33,15),(35,15),(36,15),(37,15),(40,15),(42,15),(43,15),(46,15),(47,15),(48,15),(50,15),(51,15),(52,15),(54,15),(55,15),(61,15),(63,15),(65,15),(66,15),(67,15),(68,15),(71,15),(74,15),(75,15),(77,15),(78,15),(80,15),(81,15),(82,15),(83,15),(84,15),(85,15),(87,15),(89,15),(91,15),(92,15),(93,15),(94,15),(95,15),(97,15),(98,15),(100,15),(101,15),(102,15),(103,15),(104,15),(105,15),(106,15),(107,15),(108,15),(109,15),(110,15),(111,15),(112,15),(113,15),(114,15),(115,15),(116,15),(117,15),(118,15),(119,15),(120,15),(123,15),(124,15),(126,15),(127,15),(129,15),(130,15),(131,15),(132,15),(133,15),(134,15),(137,15),(138,15),(139,15),(140,15),(141,15),(142,15);


